[INFO] cloning repository https://github.com/quantica1/quantica-miner
[INFO] running `Command { std: "git" "-c" "credential.helper=" "-c" "credential.helper=/workspace/cargo-home/bin/git-credential-null" "clone" "--bare" "https://github.com/quantica1/quantica-miner" "/workspace/cache/git-repos/https%3A%2F%2Fgithub.com%2Fquantica1%2Fquantica-miner", kill_on_drop: false }`
[INFO] [stderr] Cloning into bare repository '/workspace/cache/git-repos/https%3A%2F%2Fgithub.com%2Fquantica1%2Fquantica-miner'...
[INFO] running `Command { std: "git" "rev-parse" "HEAD", kill_on_drop: false }`
[INFO] [stdout] d40e841a15dea51d9c7cc598fc5a65705d06703a
[INFO] checking quantica1/quantica-miner against 5b237c915528dadada3f674b90c7c80368b632be for pr-133502-29
[INFO] running `Command { std: "git" "clone" "/workspace/cache/git-repos/https%3A%2F%2Fgithub.com%2Fquantica1%2Fquantica-miner" "/workspace/builds/worker-6-tc2/source", kill_on_drop: false }`
[INFO] [stderr] Cloning into '/workspace/builds/worker-6-tc2/source'...
[INFO] [stderr] done.
[INFO] started tweaking git repo https://github.com/quantica1/quantica-miner
[INFO] finished tweaking git repo https://github.com/quantica1/quantica-miner
[INFO] tweaked toml for git repo https://github.com/quantica1/quantica-miner written to /workspace/builds/worker-6-tc2/source/Cargo.toml
[INFO] validating manifest of git repo https://github.com/quantica1/quantica-miner on toolchain 5b237c915528dadada3f674b90c7c80368b632be
[INFO] running `Command { std: CARGO_HOME="/workspace/cargo-home" RUSTUP_HOME="/workspace/rustup-home" "/workspace/cargo-home/bin/cargo" "+5b237c915528dadada3f674b90c7c80368b632be" "metadata" "--manifest-path" "Cargo.toml" "--no-deps", kill_on_drop: false }`
[INFO] crate git repo https://github.com/quantica1/quantica-miner already has a lockfile, it will not be regenerated
[INFO] running `Command { std: CARGO_HOME="/workspace/cargo-home" RUSTUP_HOME="/workspace/rustup-home" "/workspace/cargo-home/bin/cargo" "+5b237c915528dadada3f674b90c7c80368b632be" "fetch" "--manifest-path" "Cargo.toml", kill_on_drop: false }`
[INFO] running `Command { std: "docker" "create" "-v" "/var/lib/crater-agent-workspace/builds/worker-6-tc2/source:/opt/rustwide/workdir:ro,Z" "-v" "/var/lib/crater-agent-workspace/builds/worker-6-tc2/target:/opt/rustwide/target:rw,Z" "-v" "/var/lib/crater-agent-workspace/cargo-home:/opt/rustwide/cargo-home:ro,Z" "-v" "/var/lib/crater-agent-workspace/rustup-home:/opt/rustwide/rustup-home:ro,Z" "-m" "1610612736" "--network" "none" "ghcr.io/rust-lang/crates-build-env/linux@sha256:3111399a4047eeb3a02b7a90e478d715f38a8c6669b5c4b49d30a17385265909" "sleep" "infinity", kill_on_drop: false }`
[INFO] [stdout] 5aed6d0a3cdfacb376c90b2373c453c40fe2b1084833ae58e952c56f80c4c66e
[INFO] running `Command { std: "docker" "start" "5aed6d0a3cdfacb376c90b2373c453c40fe2b1084833ae58e952c56f80c4c66e", kill_on_drop: false }`
[INFO] running `Command { std: "docker" "inspect" "5aed6d0a3cdfacb376c90b2373c453c40fe2b1084833ae58e952c56f80c4c66e", kill_on_drop: false }`
[INFO] running `Command { std: "docker" "exec" "-e" "SOURCE_DIR=/opt/rustwide/workdir" "-e" "CARGO_HOME=/opt/rustwide/cargo-home" "-e" "RUSTUP_HOME=/opt/rustwide/rustup-home" "-e" "CARGO_TARGET_DIR=/opt/rustwide/target" "-w" "/opt/rustwide/workdir" "--user" "0:0" "5aed6d0a3cdfacb376c90b2373c453c40fe2b1084833ae58e952c56f80c4c66e" "/opt/rustwide/cargo-home/bin/cargo" "+5b237c915528dadada3f674b90c7c80368b632be" "metadata" "--no-deps" "--format-version=1", kill_on_drop: false }`
[INFO] running `Command { std: "docker" "inspect" "5aed6d0a3cdfacb376c90b2373c453c40fe2b1084833ae58e952c56f80c4c66e", kill_on_drop: false }`
[INFO] running `Command { std: "docker" "exec" "-e" "SOURCE_DIR=/opt/rustwide/workdir" "-e" "CARGO_HOME=/opt/rustwide/cargo-home" "-e" "RUSTUP_HOME=/opt/rustwide/rustup-home" "-e" "CARGO_TARGET_DIR=/opt/rustwide/target" "-e" "CARGO_INCREMENTAL=0" "-e" "RUST_BACKTRACE=full" "-e" "RUSTFLAGS=--cap-lints=forbid" "-e" "RUSTDOCFLAGS=--cap-lints=forbid" "-w" "/opt/rustwide/workdir" "--user" "0:0" "5aed6d0a3cdfacb376c90b2373c453c40fe2b1084833ae58e952c56f80c4c66e" "/opt/rustwide/cargo-home/bin/cargo" "+5b237c915528dadada3f674b90c7c80368b632be" "check" "--frozen" "--all" "--all-targets" "--message-format=json", kill_on_drop: false }`
[INFO] [stderr]    Compiling proc-macro2 v1.0.106
[INFO] [stderr]    Compiling libc v0.2.150
[INFO] [stderr]    Compiling futures-core v0.3.29
[INFO] [stderr]    Compiling either v1.9.0
[INFO] [stderr]    Compiling anyhow v1.0.75
[INFO] [stderr]    Compiling futures-task v0.3.29
[INFO] [stderr]    Compiling futures-util v0.3.29
[INFO] [stderr]     Checking once_cell v1.18.0
[INFO] [stderr]     Checking itoa v1.0.9
[INFO] [stderr]    Compiling rustix v0.38.21
[INFO] [stderr]    Compiling indexmap v1.9.3
[INFO] [stderr]    Compiling bitflags v2.4.1
[INFO] [stderr]    Compiling linux-raw-sys v0.4.10
[INFO] [stderr]     Checking futures-sink v0.3.29
[INFO] [stderr]    Compiling cc v1.2.63
[INFO] [stderr]    Compiling regex-syntax v0.8.2
[INFO] [stderr]    Compiling hashbrown v0.14.2
[INFO] [stderr]    Compiling prettyplease v0.2.15
[INFO] [stderr]     Checking http v0.2.9
[INFO] [stderr]    Compiling itertools v0.11.0
[INFO] [stderr]     Checking tracing-core v0.1.32
[INFO] [stderr]    Compiling bytes v1.5.0
[INFO] [stderr]    Compiling futures-channel v0.3.29
[INFO] [stderr]    Compiling fastrand v2.0.1
[INFO] [stderr]    Compiling async-trait v0.1.74
[INFO] [stderr]     Checking try-lock v0.2.4
[INFO] [stderr]    Compiling home v0.5.5
[INFO] [stderr]    Compiling axum-core v0.3.4
[INFO] [stderr]     Checking want v0.3.1
[INFO] [stderr]    Compiling multimap v0.8.3
[INFO] [stderr]    Compiling serde v1.0.190
[INFO] [stderr]     Checking tower-layer v0.3.2
[INFO] [stderr]     Checking anstyle-parse v0.2.2
[INFO] [stderr]     Checking aho-corasick v1.1.2
[INFO] [stderr]    Compiling axum v0.6.20
[INFO] [stderr]    Compiling num-traits v0.2.17
[INFO] [stderr]     Checking anstyle-query v1.0.0
[INFO] [stderr]     Checking anstyle v1.0.4
[INFO] [stderr]     Checking http-body v0.4.5
[INFO] [stderr]     Checking sync_wrapper v0.1.2
[INFO] [stderr]     Checking percent-encoding v2.3.0
[INFO] [stderr]    Compiling quote v1.0.45
[INFO] [stderr]     Checking num_cpus v1.16.0
[INFO] [stderr]     Checking mio v0.8.9
[INFO] [stderr]     Checking socket2 v0.5.5
[INFO] [stderr]     Checking getrandom v0.2.10
[INFO] [stderr]    Compiling indexmap v2.1.0
[INFO] [stderr]     Checking rand_core v0.6.4
[INFO] [stderr]     Checking socket2 v0.4.10
[INFO] [stderr]    Compiling syn v2.0.117
[INFO] [stderr]    Compiling cmake v0.1.58
[INFO] [stderr]     Checking anstream v0.6.4
[INFO] [stderr]     Checking strsim v0.10.0
[INFO] [stderr]     Checking rand_chacha v0.3.1
[INFO] [stderr]     Checking clap_lex v0.6.0
[INFO] [stderr]     Checking iana-time-zone v0.1.58
[INFO] [stderr]     Checking humantime v2.1.0
[INFO] [stderr]     Checking clap_builder v4.4.7
[INFO] [stderr]     Checking termcolor v1.3.0
[INFO] [stderr]     Checking constant_time_eq v0.3.0
[INFO] [stderr]     Checking rand v0.8.5
[INFO] [stderr]     Checking base64 v0.21.5
[INFO] [stderr]    Compiling regex-automata v0.4.3
[INFO] [stderr]    Compiling petgraph v0.6.4
[INFO] [stderr]    Compiling randomx-rs v1.4.1
[INFO] [stderr]     Checking arrayvec v0.7.4
[INFO] [stderr]     Checking arrayref v0.3.7
[INFO] [stderr]     Checking is-terminal v0.4.9
[INFO] [stderr]     Checking digest v0.10.7
[INFO] [stderr]    Compiling which v4.4.2
[INFO] [stderr]    Compiling tempfile v3.8.1
[INFO] [stderr]     Checking blake2b_simd v1.0.2
[INFO] [stderr]     Checking arc-swap v1.6.0
[INFO] [stderr]     Checking keccak v0.1.4
[INFO] [stderr]     Checking chrono v0.4.31
[INFO] [stderr]     Checking sha3 v0.10.8
[INFO] [stderr] error: could not compile `regex-automata` (lib)
[INFO] [stderr] 
[INFO] [stderr] Caused by:
[INFO] [stderr]   process didn't exit successfully: `/opt/rustwide/rustup-home/toolchains/5b237c915528dadada3f674b90c7c80368b632be/bin/rustc --crate-name regex_automata --edition=2021 /opt/rustwide/cargo-home/registry/src/index.crates.io-1949cf8c6b5b557f/regex-automata-0.4.3/src/lib.rs --error-format=json --json=diagnostic-rendered-ansi,artifacts,future-incompat,unused-externs-silent --crate-type lib --emit=dep-info,metadata,link -Z embed-metadata=no -C embed-bitcode=no --cfg 'feature="alloc"' --cfg 'feature="meta"' --cfg 'feature="nfa-pikevm"' --cfg 'feature="nfa-thompson"' --cfg 'feature="std"' --cfg 'feature="syntax"' --cfg 'feature="unicode-bool"' --check-cfg 'cfg(docsrs,test)' --check-cfg 'cfg(feature, values("alloc", "default", "dfa", "dfa-build", "dfa-onepass", "dfa-search", "hybrid", "internal-instrument", "internal-instrument-pikevm", "logging", "meta", "nfa", "nfa-backtrack", "nfa-pikevm", "nfa-thompson", "perf", "perf-inline", "perf-literal", "perf-literal-multisubstring", "perf-literal-substring", "std", "syntax", "unicode", "unicode-age", "unicode-bool", "unicode-case", "unicode-gencat", "unicode-perl", "unicode-script", "unicode-segment", "unicode-word-boundary"))' -C metadata=f0ba579a9076d6f6 -C extra-filename=-1c39adda6de33c0b --out-dir /opt/rustwide/target/debug/build/regex-automata/1c39adda6de33c0b/out --extern regex_syntax=/opt/rustwide/target/debug/build/regex-syntax/d90a054d3a21af56/out/libregex_syntax-d90a054d3a21af56.rmeta --cap-lints allow --cap-lints=forbid --force-warn=unused_crate_dependencies` (signal: 9, SIGKILL: kill)
[INFO] [stderr] warning: build failed, waiting for other jobs to finish...
[INFO] [stderr] error: could not compile `syn` (lib)
[INFO] [stderr] 
[INFO] [stderr] Caused by:
[INFO] [stderr]   process didn't exit successfully: `/opt/rustwide/rustup-home/toolchains/5b237c915528dadada3f674b90c7c80368b632be/bin/rustc --crate-name syn --edition=2021 /opt/rustwide/cargo-home/registry/src/index.crates.io-1949cf8c6b5b557f/syn-2.0.117/src/lib.rs --error-format=json --json=diagnostic-rendered-ansi,artifacts,future-incompat,unused-externs-silent --crate-type lib --emit=dep-info,metadata,link -Z embed-metadata=no -C embed-bitcode=no --cfg 'feature="clone-impls"' --cfg 'feature="default"' --cfg 'feature="derive"' --cfg 'feature="extra-traits"' --cfg 'feature="full"' --cfg 'feature="parsing"' --cfg 'feature="printing"' --cfg 'feature="proc-macro"' --cfg 'feature="visit-mut"' --check-cfg 'cfg(docsrs,test)' --check-cfg 'cfg(feature, values("clone-impls", "default", "derive", "extra-traits", "fold", "full", "parsing", "printing", "proc-macro", "test", "visit", "visit-mut"))' -C metadata=36e3aa7e0dab600c -C extra-filename=-5d56cc5e4a10b582 --out-dir /opt/rustwide/target/debug/build/syn/5d56cc5e4a10b582/out -L dependency=/opt/rustwide/target/debug/build/proc-macro2/d60a076c229c675e/out -L dependency=/opt/rustwide/target/debug/build/unicode-ident/f2de522ba645d884/out --extern proc_macro2=/opt/rustwide/target/debug/build/proc-macro2/d60a076c229c675e/out/libproc_macro2-d60a076c229c675e.rmeta --extern quote=/opt/rustwide/target/debug/build/quote/4201ad941748fea6/out/libquote-4201ad941748fea6.rmeta --extern unicode_ident=/opt/rustwide/target/debug/build/unicode-ident/f2de522ba645d884/out/libunicode_ident-f2de522ba645d884.rmeta --cap-lints allow --cap-lints=forbid --force-warn=unused_crate_dependencies` (signal: 9, SIGKILL: kill)
[INFO] [stderr] error: could not compile `regex-automata` (lib)
[INFO] [stderr] 
[INFO] [stderr] Caused by:
[INFO] [stderr]   process didn't exit successfully: `/opt/rustwide/rustup-home/toolchains/5b237c915528dadada3f674b90c7c80368b632be/bin/rustc --crate-name regex_automata --edition=2021 /opt/rustwide/cargo-home/registry/src/index.crates.io-1949cf8c6b5b557f/regex-automata-0.4.3/src/lib.rs --error-format=json --json=diagnostic-rendered-ansi,artifacts,future-incompat,unused-externs-silent --crate-type lib --emit=dep-info,metadata -C embed-bitcode=no -C debuginfo=2 --cfg 'feature="alloc"' --cfg 'feature="dfa-onepass"' --cfg 'feature="hybrid"' --cfg 'feature="meta"' --cfg 'feature="nfa-backtrack"' --cfg 'feature="nfa-pikevm"' --cfg 'feature="nfa-thompson"' --cfg 'feature="perf-inline"' --cfg 'feature="perf-literal"' --cfg 'feature="perf-literal-multisubstring"' --cfg 'feature="perf-literal-substring"' --cfg 'feature="std"' --cfg 'feature="syntax"' --check-cfg 'cfg(docsrs,test)' --check-cfg 'cfg(feature, values("alloc", "default", "dfa", "dfa-build", "dfa-onepass", "dfa-search", "hybrid", "internal-instrument", "internal-instrument-pikevm", "logging", "meta", "nfa", "nfa-backtrack", "nfa-pikevm", "nfa-thompson", "perf", "perf-inline", "perf-literal", "perf-literal-multisubstring", "perf-literal-substring", "std", "syntax", "unicode", "unicode-age", "unicode-bool", "unicode-case", "unicode-gencat", "unicode-perl", "unicode-script", "unicode-segment", "unicode-word-boundary"))' -C metadata=2581340b6aeae541 -C extra-filename=-b4e635051992bdd5 --out-dir /opt/rustwide/target/debug/build/regex-automata/b4e635051992bdd5/out -L dependency=/opt/rustwide/target/debug/build/memchr/9ea79bdcc2de081c/out --extern aho_corasick=/opt/rustwide/target/debug/build/aho-corasick/bbee9a9b1fdc4101/out/libaho_corasick-bbee9a9b1fdc4101.rmeta --extern memchr=/opt/rustwide/target/debug/build/memchr/9ea79bdcc2de081c/out/libmemchr-9ea79bdcc2de081c.rmeta --extern regex_syntax=/opt/rustwide/target/debug/build/regex-syntax/7c448851375cc204/out/libregex_syntax-7c448851375cc204.rmeta --cap-lints allow --cap-lints=forbid --force-warn=unused_crate_dependencies` (signal: 9, SIGKILL: kill)
[INFO] [stderr] error: failed to run custom build command for `randomx-rs v1.4.1`
[INFO] [stderr] note: To improve backtraces for build dependencies, set the CARGO_PROFILE_DEV_BUILD_OVERRIDE_DEBUG=true environment variable to enable debug information generation.
[INFO] [stderr] 
[INFO] [stderr] Caused by:
[INFO] [stderr]   process didn't exit successfully: `/opt/rustwide/target/debug/build/randomx-rs/b7cc90a1a745493c/out/build_script_build` (exit status: 101)
[INFO] [stderr]   --- stdout
[INFO] [stderr]   CMAKE_TOOLCHAIN_FILE_x86_64-unknown-linux-gnu = None
[INFO] [stderr]   CMAKE_TOOLCHAIN_FILE_x86_64_unknown_linux_gnu = None
[INFO] [stderr]   HOST_CMAKE_TOOLCHAIN_FILE = None
[INFO] [stderr]   CMAKE_TOOLCHAIN_FILE = None
[INFO] [stderr]   CMAKE_GENERATOR_x86_64-unknown-linux-gnu = None
[INFO] [stderr]   CMAKE_GENERATOR_x86_64_unknown_linux_gnu = None
[INFO] [stderr]   HOST_CMAKE_GENERATOR = None
[INFO] [stderr]   CMAKE_GENERATOR = None
[INFO] [stderr]   CMAKE_PREFIX_PATH_x86_64-unknown-linux-gnu = None
[INFO] [stderr]   CMAKE_PREFIX_PATH_x86_64_unknown_linux_gnu = None
[INFO] [stderr]   HOST_CMAKE_PREFIX_PATH = None
[INFO] [stderr]   CMAKE_PREFIX_PATH = None
[INFO] [stderr]   CMAKE_x86_64-unknown-linux-gnu = None
[INFO] [stderr]   CMAKE_x86_64_unknown_linux_gnu = None
[INFO] [stderr]   HOST_CMAKE = None
[INFO] [stderr]   CMAKE = None
[INFO] [stderr]   -- The C compiler identification is GNU 15.2.0
[INFO] [stderr]   -- The CXX compiler identification is GNU 15.2.0
[INFO] [stderr]   -- Detecting C compiler ABI info
[INFO] [stderr]   -- Detecting C compiler ABI info - done
[INFO] [stderr]   -- Check for working C compiler: /usr/bin/cc - skipped
[INFO] [stderr]   -- Detecting C compile features
[INFO] [stderr]   -- Detecting C compile features - done
[INFO] [stderr]   -- Detecting CXX compiler ABI info
[INFO] [stderr]   -- Detecting CXX compiler ABI info - done
[INFO] [stderr]   -- Check for working CXX compiler: /usr/bin/c++ - skipped
[INFO] [stderr]   -- Detecting CXX compile features
[INFO] [stderr]   -- Detecting CXX compile features - done
[INFO] [stderr]   -- Performing Test _maes_cxx
[INFO] [stderr]   -- Performing Test _maes_cxx - Success
[INFO] [stderr]   -- Setting CXX flag -maes
[INFO] [stderr]   -- Performing Test _maes_c
[INFO] [stderr]   -- Performing Test _maes_c - Success
[INFO] [stderr]   -- Setting C flag -maes
[INFO] [stderr]   -- Performing Test HAVE_SSSE3
[INFO] [stderr]   -- Performing Test HAVE_SSSE3 - Success
[INFO] [stderr]   -- Performing Test HAVE_AVX2
[INFO] [stderr]   -- Performing Test HAVE_AVX2 - Success
[INFO] [stderr]   -- Performing Test CMAKE_HAVE_LIBC_PTHREAD
[INFO] [stderr]   -- Performing Test CMAKE_HAVE_LIBC_PTHREAD - Success
[INFO] [stderr]   -- Found Threads: TRUE
[INFO] [stderr]   -- Performing Test HAVE_CXX_ATOMICS
[INFO] [stderr]   -- Performing Test HAVE_CXX_ATOMICS - Success
[INFO] [stderr]   -- Configuring done (5.4s)
[INFO] [stderr]   -- Generating done (0.0s)
[INFO] [stderr]   -- Build files have been written to: /opt/rustwide/target/debug/build/randomx-rs/b2bf2dc2eac2b441/out/build
[INFO] [stderr]   [  2%] Building C object CMakeFiles/randomx.dir/src/argon2_ssse3.c.o
[INFO] [stderr]   [  5%] Building CXX object CMakeFiles/randomx.dir/src/aes_hash.cpp.o
[INFO] [stderr]   [  8%] Building CXX object CMakeFiles/randomx.dir/src/bytecode_machine.cpp.o
[INFO] [stderr]   [ 11%] Building CXX object CMakeFiles/randomx.dir/src/dataset.cpp.o
[INFO] [stderr]   [ 14%] Building CXX object CMakeFiles/randomx.dir/src/soft_aes.cpp.o
[INFO] [stderr]   [ 17%] Building C object CMakeFiles/randomx.dir/src/argon2_avx2.c.o
[INFO] [stderr]   [ 20%] Building CXX object CMakeFiles/randomx.dir/src/vm_interpreted.cpp.o
[INFO] [stderr]   [ 23%] Building CXX object CMakeFiles/randomx.dir/src/cpu.cpp.o
[INFO] [stderr]   [ 26%] Building C object CMakeFiles/randomx.dir/src/argon2_ref.c.o
[INFO] [stderr]   [ 29%] Building C object CMakeFiles/randomx.dir/src/virtual_memory.c.o
[INFO] [stderr]   [ 32%] Building CXX object CMakeFiles/randomx.dir/src/assembly_generator_x86.cpp.o
[INFO] [stderr]   [ 35%] Building CXX object CMakeFiles/randomx.dir/src/allocator.cpp.o
[INFO] [stderr]   [ 38%] Building CXX object CMakeFiles/randomx.dir/src/instruction.cpp.o
[INFO] [stderr]   [ 41%] Building CXX object CMakeFiles/randomx.dir/src/randomx.cpp.o
[INFO] [stderr]   [ 44%] Building CXX object CMakeFiles/randomx.dir/src/superscalar.cpp.o
[INFO] [stderr]   [ 47%] Building CXX object CMakeFiles/randomx.dir/src/vm_compiled.cpp.o
[INFO] [stderr]   [ 52%] Building C object CMakeFiles/randomx.dir/src/argon2_core.c.o
[INFO] [stderr]   [ 52%] Building CXX object CMakeFiles/randomx.dir/src/vm_interpreted_light.cpp.o
[INFO] [stderr]   [ 55%] Building CXX object CMakeFiles/randomx.dir/src/blake2_generator.cpp.o
[INFO] [stderr]   [ 58%] Building CXX object CMakeFiles/randomx.dir/src/instructions_portable.cpp.o
[INFO] [stderr]   [ 61%] Building C object CMakeFiles/randomx.dir/src/reciprocal.c.o
[INFO] [stderr]   [ 64%] Building CXX object CMakeFiles/randomx.dir/src/vm_compiled_light.cpp.o
[INFO] [stderr]   [ 67%] Building CXX object CMakeFiles/randomx.dir/src/virtual_machine.cpp.o
[INFO] [stderr]   [ 70%] Building C object CMakeFiles/randomx.dir/src/blake2/blake2b.c.o
[INFO] [stderr]   [ 73%] Building C object CMakeFiles/randomx.dir/src/jit_compiler_x86_static.S.o
[INFO] [stderr]   [ 76%] Building CXX object CMakeFiles/randomx.dir/src/jit_compiler_x86.cpp.o
[INFO] [stderr] 
[INFO] [stderr]   --- stderr
[INFO] [stderr]   running: cd "/opt/rustwide/target/debug/build/randomx-rs/b2bf2dc2eac2b441/out/build" && CMAKE_PREFIX_PATH="" LC_ALL="C" "cmake" "/opt/rustwide/cargo-home/registry/src/index.crates.io-1949cf8c6b5b557f/randomx-rs-1.4.1/RandomX" "-B" "/opt/rustwide/target/debug/build/randomx-rs/b2bf2dc2eac2b441/out/build" "-DDARCH=native" "-DCMAKE_INSTALL_PREFIX=/opt/rustwide/target/debug/build/randomx-rs/b2bf2dc2eac2b441/out" "-DCMAKE_C_FLAGS= -ffunction-sections -fdata-sections -fPIC -m64 -w" "-DCMAKE_C_COMPILER=/usr/bin/cc" "-DCMAKE_CXX_FLAGS= -ffunction-sections -fdata-sections -fPIC -m64 -w" "-DCMAKE_CXX_COMPILER=/usr/bin/c++" "-DCMAKE_ASM_FLAGS= -ffunction-sections -fdata-sections -fPIC -m64 -w" "-DCMAKE_ASM_COMPILER=/usr/bin/cc" "-DCMAKE_BUILD_TYPE=Debug"
[INFO] [stderr]   CMake Deprecation Warning at CMakeLists.txt:29 (cmake_minimum_required):
[INFO] [stderr]     Compatibility with CMake < 3.10 will be removed from a future version of
[INFO] [stderr]     CMake.
[INFO] [stderr] 
[INFO] [stderr]     Update the VERSION argument <min> value.  Or, use the <min>...<max> syntax
[INFO] [stderr]     to tell CMake that the project requires at least <min> but has been updated
[INFO] [stderr]     to work with policies introduced by <max> or earlier.
[INFO] [stderr] 
[INFO] [stderr] 
[INFO] [stderr]   CMake Warning:
[INFO] [stderr]     Manually-specified variables were not used by the project:
[INFO] [stderr] 
[INFO] [stderr]       CMAKE_ASM_COMPILER
[INFO] [stderr]       CMAKE_ASM_FLAGS
[INFO] [stderr]       DARCH
[INFO] [stderr] 
[INFO] [stderr] 
[INFO] [stderr]   running: cd "/opt/rustwide/target/debug/build/randomx-rs/b2bf2dc2eac2b441/out/build" && LC_ALL="C" MAKEFLAGS="-j --jobserver-fds=4,5 --jobserver-auth=4,5" "cmake" "--build" "/opt/rustwide/target/debug/build/randomx-rs/b2bf2dc2eac2b441/out/build" "--target" "install" "--config" "Debug"
[INFO] [stderr]   c++: fatal error: Killed signal terminated program cc1plus
[INFO] [stderr]   compilation terminated.
[INFO] [stderr]   gmake[2]: *** [CMakeFiles/randomx.dir/build.make:205: CMakeFiles/randomx.dir/src/vm_interpreted.cpp.o] Error 1
[INFO] [stderr]   gmake[2]: *** Waiting for unfinished jobs....
[INFO] [stderr]   gmake[1]: *** [CMakeFiles/Makefile2:96: CMakeFiles/randomx.dir/all] Error 2
[INFO] [stderr]   gmake: *** [Makefile:136: all] Error 2
[INFO] [stderr] 
[INFO] [stderr]   thread 'main' (910) panicked at /opt/rustwide/cargo-home/registry/src/index.crates.io-1949cf8c6b5b557f/cmake-0.1.58/src/lib.rs:1132:5:
[INFO] [stderr] 
[INFO] [stderr]   command did not execute successfully, got: exit status: 2
[INFO] [stderr] 
[INFO] [stderr]   build script failed, must exit now
[INFO] [stderr]   stack backtrace:
[INFO] [stderr]      0:     0x56d526467571 - std[fba97bcc6c7c281e]::backtrace_rs::backtrace::libunwind::trace
[INFO] [stderr]                                  at /rustc/5b237c915528dadada3f674b90c7c80368b632be/library/std/src/../../backtrace/src/backtrace/libunwind.rs:117:9
[INFO] [stderr]      1:     0x56d526467571 - std[fba97bcc6c7c281e]::backtrace_rs::backtrace::trace_unsynchronized::<std[fba97bcc6c7c281e]::sys::backtrace::_print_fmt::{closure#1}>
[INFO] [stderr]                                  at /rustc/5b237c915528dadada3f674b90c7c80368b632be/library/std/src/../../backtrace/src/backtrace/mod.rs:66:14
[INFO] [stderr]      2:     0x56d526467571 - std[fba97bcc6c7c281e]::sys::backtrace::_print_fmt
[INFO] [stderr]                                  at /rustc/5b237c915528dadada3f674b90c7c80368b632be/library/std/src/sys/backtrace.rs:74:9
[INFO] [stderr]      3:     0x56d526467571 - <<std[fba97bcc6c7c281e]::sys::backtrace::BacktraceLock>::print::DisplayBacktrace as core[cbe985f25e545f7b]::fmt::Display>::fmt
[INFO] [stderr]                                  at /rustc/5b237c915528dadada3f674b90c7c80368b632be/library/std/src/sys/backtrace.rs:44:26
[INFO] [stderr]      4:     0x56d52647b77a - <core[cbe985f25e545f7b]::fmt::rt::Argument>::fmt
[INFO] [stderr]                                  at /rustc/5b237c915528dadada3f674b90c7c80368b632be/library/core/src/fmt/rt.rs:152:76
[INFO] [stderr]      5:     0x56d52647b77a - core[cbe985f25e545f7b]::fmt::write
[INFO] [stderr]      6:     0x56d52646cfcc - core[cbe985f25e545f7b]::io::write::default_write_fmt::<std[fba97bcc6c7c281e]::sys::stdio::unix::Stderr>
[INFO] [stderr]                                  at /rustc/5b237c915528dadada3f674b90c7c80368b632be/library/core/src/io/write.rs:402:11
[INFO] [stderr]      7:     0x56d52646cfcc - <std[fba97bcc6c7c281e]::sys::stdio::unix::Stderr as core[cbe985f25e545f7b]::io::write::Write>::write_fmt
[INFO] [stderr]                                  at /rustc/5b237c915528dadada3f674b90c7c80368b632be/library/core/src/io/write.rs:335:13
[INFO] [stderr]      8:     0x56d526446af6 - <std[fba97bcc6c7c281e]::sys::backtrace::BacktraceLock>::print
[INFO] [stderr]                                  at /rustc/5b237c915528dadada3f674b90c7c80368b632be/library/std/src/sys/backtrace.rs:47:9
[INFO] [stderr]      9:     0x56d526446af6 - std[fba97bcc6c7c281e]::panicking::default_hook::{closure#0}
[INFO] [stderr]                                  at /rustc/5b237c915528dadada3f674b90c7c80368b632be/library/std/src/panicking.rs:289:27
[INFO] [stderr]     10:     0x56d526462291 - std[fba97bcc6c7c281e]::panicking::default_hook
[INFO] [stderr]                                  at /rustc/5b237c915528dadada3f674b90c7c80368b632be/library/std/src/panicking.rs:316:9
[INFO] [stderr]     11:     0x56d52646244b - std[fba97bcc6c7c281e]::panicking::panic_with_hook
[INFO] [stderr]                                  at /rustc/5b237c915528dadada3f674b90c7c80368b632be/library/std/src/panicking.rs:811:13
[INFO] [stderr]     12:     0x56d526446ba2 - std[fba97bcc6c7c281e]::panicking::panic_handler::{closure#0}
[INFO] [stderr]                                  at /rustc/5b237c915528dadada3f674b90c7c80368b632be/library/std/src/panicking.rs:685:13
[INFO] [stderr]     13:     0x56d526440a19 - std[fba97bcc6c7c281e]::sys::backtrace::__rust_end_short_backtrace::<std[fba97bcc6c7c281e]::panicking::panic_handler::{closure#0}, !>
[INFO] [stderr]                                  at /rustc/5b237c915528dadada3f674b90c7c80368b632be/library/std/src/sys/backtrace.rs:182:18
[INFO] [stderr]     14:     0x56d52644738d - __rustc[8b64a3aaf7c035e0]::rust_begin_unwind
[INFO] [stderr]                                  at /rustc/5b237c915528dadada3f674b90c7c80368b632be/library/std/src/panicking.rs:676:5
[INFO] [stderr]     15:     0x56d52647bf6c - core[cbe985f25e545f7b]::panicking::panic_fmt
[INFO] [stderr]                                  at /rustc/5b237c915528dadada3f674b90c7c80368b632be/library/core/src/panicking.rs:80:14
[INFO] [stderr]     16:     0x56d5263d3137 - cmake[bf50d04762cf014b]::fail
[INFO] [stderr]     17:     0x56d5263d2dc3 - cmake[bf50d04762cf014b]::run
[INFO] [stderr]     18:     0x56d5263d8d95 - <cmake[bf50d04762cf014b]::Config>::build
[INFO] [stderr]     19:     0x56d5263c4f0a - build_script_build[dcb1f39295cebcfc]::main
[INFO] [stderr]     20:     0x56d5263c5923 - <fn() as core[cbe985f25e545f7b]::ops::function::FnOnce<()>>::call_once
[INFO] [stderr]     21:     0x56d5263c4d7e - std[fba97bcc6c7c281e]::sys::backtrace::__rust_begin_short_backtrace::<fn(), ()>
[INFO] [stderr]     22:     0x56d5263c4d89 - std[fba97bcc6c7c281e]::rt::lang_start::<()>::{closure#0}
[INFO] [stderr]     23:     0x56d526461598 - <&dyn core[cbe985f25e545f7b]::ops::function::Fn<(), Output = i32> + core[cbe985f25e545f7b]::panic::unwind_safe::RefUnwindSafe + core[cbe985f25e545f7b]::marker::Sync as core[cbe985f25e545f7b]::ops::function::FnOnce<()>>::call_once
[INFO] [stderr]                                  at /rustc/5b237c915528dadada3f674b90c7c80368b632be/library/core/src/ops/function.rs:287:21
[INFO] [stderr]     24:     0x56d526461598 - std[fba97bcc6c7c281e]::panicking::catch_unwind::do_call::<&dyn core[cbe985f25e545f7b]::ops::function::Fn<(), Output = i32> + core[cbe985f25e545f7b]::panic::unwind_safe::RefUnwindSafe + core[cbe985f25e545f7b]::marker::Sync, i32>
[INFO] [stderr]                                  at /rustc/5b237c915528dadada3f674b90c7c80368b632be/library/std/src/panicking.rs:573:43
[INFO] [stderr]     25:     0x56d526461598 - std[fba97bcc6c7c281e]::panicking::catch_unwind::<i32, &dyn core[cbe985f25e545f7b]::ops::function::Fn<(), Output = i32> + core[cbe985f25e545f7b]::panic::unwind_safe::RefUnwindSafe + core[cbe985f25e545f7b]::marker::Sync>
[INFO] [stderr]                                  at /rustc/5b237c915528dadada3f674b90c7c80368b632be/library/std/src/panicking.rs:541:19
[INFO] [stderr]     26:     0x56d526461598 - std[fba97bcc6c7c281e]::panic::catch_unwind::<&dyn core[cbe985f25e545f7b]::ops::function::Fn<(), Output = i32> + core[cbe985f25e545f7b]::panic::unwind_safe::RefUnwindSafe + core[cbe985f25e545f7b]::marker::Sync, i32>
[INFO] [stderr]                                  at /rustc/5b237c915528dadada3f674b90c7c80368b632be/library/std/src/panic.rs:359:14
[INFO] [stderr]     27:     0x56d526461598 - std[fba97bcc6c7c281e]::rt::lang_start_internal::{closure#0}
[INFO] [stderr]                                  at /rustc/5b237c915528dadada3f674b90c7c80368b632be/library/std/src/rt.rs:175:24
[INFO] [stderr]     28:     0x56d526461598 - std[fba97bcc6c7c281e]::panicking::catch_unwind::do_call::<std[fba97bcc6c7c281e]::rt::lang_start_internal::{closure#0}, isize>
[INFO] [stderr]                                  at /rustc/5b237c915528dadada3f674b90c7c80368b632be/library/std/src/panicking.rs:573:43
[INFO] [stderr]     29:     0x56d526461598 - std[fba97bcc6c7c281e]::panicking::catch_unwind::<isize, std[fba97bcc6c7c281e]::rt::lang_start_internal::{closure#0}>
[INFO] [stderr]                                  at /rustc/5b237c915528dadada3f674b90c7c80368b632be/library/std/src/panicking.rs:541:19
[INFO] [stderr]     30:     0x56d526461598 - std[fba97bcc6c7c281e]::panic::catch_unwind::<std[fba97bcc6c7c281e]::rt::lang_start_internal::{closure#0}, isize>
[INFO] [stderr]                                  at /rustc/5b237c915528dadada3f674b90c7c80368b632be/library/std/src/panic.rs:359:14
[INFO] [stderr]     31:     0x56d526461598 - std[fba97bcc6c7c281e]::rt::lang_start_internal
[INFO] [stderr]                                  at /rustc/5b237c915528dadada3f674b90c7c80368b632be/library/std/src/rt.rs:171:5
[INFO] [stderr]     32:     0x56d5263c4d71 - std[fba97bcc6c7c281e]::rt::lang_start::<()>
[INFO] [stderr]     33:     0x56d5263c5995 - main
[INFO] [stderr]     34:     0x7b25998c8601 - <unknown>
[INFO] [stderr]     35:     0x7b25998c8718 - __libc_start_main
[INFO] [stderr]     36:     0x56d5263c3ca5 - _start
[INFO] [stderr]     37:                0x0 - <unknown>
[INFO] running `Command { std: "docker" "inspect" "5aed6d0a3cdfacb376c90b2373c453c40fe2b1084833ae58e952c56f80c4c66e", kill_on_drop: false }`
[INFO] running `Command { std: "docker" "rm" "-f" "5aed6d0a3cdfacb376c90b2373c453c40fe2b1084833ae58e952c56f80c4c66e", kill_on_drop: false }`
[INFO] [stdout] 5aed6d0a3cdfacb376c90b2373c453c40fe2b1084833ae58e952c56f80c4c66e
