[INFO] cloning repository https://github.com/mihaimaganu17/magneti-ui
[INFO] running `Command { std: "git" "-c" "credential.helper=" "-c" "credential.helper=/workspace/cargo-home/bin/git-credential-null" "clone" "--bare" "https://github.com/mihaimaganu17/magneti-ui" "/workspace/cache/git-repos/https%3A%2F%2Fgithub.com%2Fmihaimaganu17%2Fmagneti-ui", kill_on_drop: false }`
[INFO] [stderr] Cloning into bare repository '/workspace/cache/git-repos/https%3A%2F%2Fgithub.com%2Fmihaimaganu17%2Fmagneti-ui'...
[INFO] running `Command { std: "git" "rev-parse" "HEAD", kill_on_drop: false }`
[INFO] [stdout] b96540b12751ccf6173b17818ff806166b6df321
[INFO] checking mihaimaganu17/magneti-ui against 5b237c915528dadada3f674b90c7c80368b632be for pr-133502-29
[INFO] running `Command { std: "git" "clone" "/workspace/cache/git-repos/https%3A%2F%2Fgithub.com%2Fmihaimaganu17%2Fmagneti-ui" "/workspace/builds/worker-0-tc2/source", kill_on_drop: false }`
[INFO] [stderr] Cloning into '/workspace/builds/worker-0-tc2/source'...
[INFO] [stderr] done.
[INFO] started tweaking git repo https://github.com/mihaimaganu17/magneti-ui
[INFO] finished tweaking git repo https://github.com/mihaimaganu17/magneti-ui
[INFO] tweaked toml for git repo https://github.com/mihaimaganu17/magneti-ui written to /workspace/builds/worker-0-tc2/source/Cargo.toml
[INFO] validating manifest of git repo https://github.com/mihaimaganu17/magneti-ui on toolchain 5b237c915528dadada3f674b90c7c80368b632be
[INFO] running `Command { std: CARGO_HOME="/workspace/cargo-home" RUSTUP_HOME="/workspace/rustup-home" "/workspace/cargo-home/bin/cargo" "+5b237c915528dadada3f674b90c7c80368b632be" "metadata" "--manifest-path" "Cargo.toml" "--no-deps", kill_on_drop: false }`
[INFO] crate git repo https://github.com/mihaimaganu17/magneti-ui already has a lockfile, it will not be regenerated
[INFO] running `Command { std: CARGO_HOME="/workspace/cargo-home" RUSTUP_HOME="/workspace/rustup-home" "/workspace/cargo-home/bin/cargo" "+5b237c915528dadada3f674b90c7c80368b632be" "fetch" "--manifest-path" "Cargo.toml", kill_on_drop: false }`
[INFO] [stderr]     Blocking waiting for file lock on package cache
[ERROR] error running command: no output for 300 seconds
[INFO] checking mihaimaganu17/magneti-ui against 5b237c915528dadada3f674b90c7c80368b632be for pr-133502-29
[INFO] running `Command { std: "git" "clone" "/workspace/cache/git-repos/https%3A%2F%2Fgithub.com%2Fmihaimaganu17%2Fmagneti-ui" "/workspace/builds/worker-0-tc2/source", kill_on_drop: false }`
[INFO] [stderr] Cloning into '/workspace/builds/worker-0-tc2/source'...
[INFO] [stderr] done.
[INFO] started tweaking git repo https://github.com/mihaimaganu17/magneti-ui
[INFO] finished tweaking git repo https://github.com/mihaimaganu17/magneti-ui
[INFO] tweaked toml for git repo https://github.com/mihaimaganu17/magneti-ui written to /workspace/builds/worker-0-tc2/source/Cargo.toml
[INFO] validating manifest of git repo https://github.com/mihaimaganu17/magneti-ui on toolchain 5b237c915528dadada3f674b90c7c80368b632be
[INFO] running `Command { std: CARGO_HOME="/workspace/cargo-home" RUSTUP_HOME="/workspace/rustup-home" "/workspace/cargo-home/bin/cargo" "+5b237c915528dadada3f674b90c7c80368b632be" "metadata" "--manifest-path" "Cargo.toml" "--no-deps", kill_on_drop: false }`
[INFO] crate git repo https://github.com/mihaimaganu17/magneti-ui already has a lockfile, it will not be regenerated
[INFO] running `Command { std: CARGO_HOME="/workspace/cargo-home" RUSTUP_HOME="/workspace/rustup-home" "/workspace/cargo-home/bin/cargo" "+5b237c915528dadada3f674b90c7c80368b632be" "fetch" "--manifest-path" "Cargo.toml", kill_on_drop: false }`
[INFO] [stderr]     Blocking waiting for file lock on package cache
[INFO] [stderr]     Blocking waiting for file lock on package cache
[ERROR] error running command: no output for 300 seconds
[INFO] checking mihaimaganu17/magneti-ui against 5b237c915528dadada3f674b90c7c80368b632be for pr-133502-29
[INFO] running `Command { std: "git" "clone" "/workspace/cache/git-repos/https%3A%2F%2Fgithub.com%2Fmihaimaganu17%2Fmagneti-ui" "/workspace/builds/worker-0-tc2/source", kill_on_drop: false }`
[INFO] [stderr] Cloning into '/workspace/builds/worker-0-tc2/source'...
[INFO] [stderr] done.
[INFO] started tweaking git repo https://github.com/mihaimaganu17/magneti-ui
[INFO] finished tweaking git repo https://github.com/mihaimaganu17/magneti-ui
[INFO] tweaked toml for git repo https://github.com/mihaimaganu17/magneti-ui written to /workspace/builds/worker-0-tc2/source/Cargo.toml
[INFO] validating manifest of git repo https://github.com/mihaimaganu17/magneti-ui on toolchain 5b237c915528dadada3f674b90c7c80368b632be
[INFO] running `Command { std: CARGO_HOME="/workspace/cargo-home" RUSTUP_HOME="/workspace/rustup-home" "/workspace/cargo-home/bin/cargo" "+5b237c915528dadada3f674b90c7c80368b632be" "metadata" "--manifest-path" "Cargo.toml" "--no-deps", kill_on_drop: false }`
[INFO] crate git repo https://github.com/mihaimaganu17/magneti-ui already has a lockfile, it will not be regenerated
[INFO] running `Command { std: CARGO_HOME="/workspace/cargo-home" RUSTUP_HOME="/workspace/rustup-home" "/workspace/cargo-home/bin/cargo" "+5b237c915528dadada3f674b90c7c80368b632be" "fetch" "--manifest-path" "Cargo.toml", kill_on_drop: false }`
[INFO] [stderr]     Blocking waiting for file lock on package cache
[INFO] [stderr]     Blocking waiting for file lock on package cache
[ERROR] error running command: no output for 300 seconds
[INFO] checking mihaimaganu17/magneti-ui against 5b237c915528dadada3f674b90c7c80368b632be for pr-133502-29
[INFO] running `Command { std: "git" "clone" "/workspace/cache/git-repos/https%3A%2F%2Fgithub.com%2Fmihaimaganu17%2Fmagneti-ui" "/workspace/builds/worker-0-tc2/source", kill_on_drop: false }`
[INFO] [stderr] Cloning into '/workspace/builds/worker-0-tc2/source'...
[INFO] [stderr] done.
[INFO] started tweaking git repo https://github.com/mihaimaganu17/magneti-ui
[INFO] finished tweaking git repo https://github.com/mihaimaganu17/magneti-ui
[INFO] tweaked toml for git repo https://github.com/mihaimaganu17/magneti-ui written to /workspace/builds/worker-0-tc2/source/Cargo.toml
[INFO] validating manifest of git repo https://github.com/mihaimaganu17/magneti-ui on toolchain 5b237c915528dadada3f674b90c7c80368b632be
[INFO] running `Command { std: CARGO_HOME="/workspace/cargo-home" RUSTUP_HOME="/workspace/rustup-home" "/workspace/cargo-home/bin/cargo" "+5b237c915528dadada3f674b90c7c80368b632be" "metadata" "--manifest-path" "Cargo.toml" "--no-deps", kill_on_drop: false }`
[INFO] crate git repo https://github.com/mihaimaganu17/magneti-ui already has a lockfile, it will not be regenerated
[INFO] running `Command { std: CARGO_HOME="/workspace/cargo-home" RUSTUP_HOME="/workspace/rustup-home" "/workspace/cargo-home/bin/cargo" "+5b237c915528dadada3f674b90c7c80368b632be" "fetch" "--manifest-path" "Cargo.toml", kill_on_drop: false }`
[INFO] [stderr]     Blocking waiting for file lock on package cache
[INFO] [stderr]     Blocking waiting for file lock on package cache
[INFO] running `Command { std: "docker" "create" "-v" "/var/lib/crater-agent-workspace/builds/worker-0-tc2/source:/opt/rustwide/workdir:ro,Z" "-v" "/var/lib/crater-agent-workspace/builds/worker-0-tc2/target:/opt/rustwide/target:rw,Z" "-v" "/var/lib/crater-agent-workspace/cargo-home:/opt/rustwide/cargo-home:ro,Z" "-v" "/var/lib/crater-agent-workspace/rustup-home:/opt/rustwide/rustup-home:ro,Z" "-m" "1610612736" "--network" "none" "ghcr.io/rust-lang/crates-build-env/linux@sha256:3111399a4047eeb3a02b7a90e478d715f38a8c6669b5c4b49d30a17385265909" "sleep" "infinity", kill_on_drop: false }`
[INFO] [stdout] 3639a46579f75f2b2c58d6d13c958ddeadae24949b4d3a42f935c9fca7397ca6
[INFO] running `Command { std: "docker" "start" "3639a46579f75f2b2c58d6d13c958ddeadae24949b4d3a42f935c9fca7397ca6", kill_on_drop: false }`
[INFO] running `Command { std: "docker" "inspect" "3639a46579f75f2b2c58d6d13c958ddeadae24949b4d3a42f935c9fca7397ca6", kill_on_drop: false }`
[INFO] running `Command { std: "docker" "exec" "-e" "SOURCE_DIR=/opt/rustwide/workdir" "-e" "CARGO_HOME=/opt/rustwide/cargo-home" "-e" "RUSTUP_HOME=/opt/rustwide/rustup-home" "-e" "CARGO_TARGET_DIR=/opt/rustwide/target" "-w" "/opt/rustwide/workdir" "--user" "0:0" "3639a46579f75f2b2c58d6d13c958ddeadae24949b4d3a42f935c9fca7397ca6" "/opt/rustwide/cargo-home/bin/cargo" "+5b237c915528dadada3f674b90c7c80368b632be" "metadata" "--no-deps" "--format-version=1", kill_on_drop: false }`
[INFO] running `Command { std: "docker" "inspect" "3639a46579f75f2b2c58d6d13c958ddeadae24949b4d3a42f935c9fca7397ca6", kill_on_drop: false }`
[INFO] running `Command { std: "docker" "exec" "-e" "SOURCE_DIR=/opt/rustwide/workdir" "-e" "CARGO_HOME=/opt/rustwide/cargo-home" "-e" "RUSTUP_HOME=/opt/rustwide/rustup-home" "-e" "CARGO_TARGET_DIR=/opt/rustwide/target" "-e" "CARGO_INCREMENTAL=0" "-e" "RUST_BACKTRACE=full" "-e" "RUSTFLAGS=--cap-lints=forbid" "-e" "RUSTDOCFLAGS=--cap-lints=forbid" "-w" "/opt/rustwide/workdir" "--user" "0:0" "3639a46579f75f2b2c58d6d13c958ddeadae24949b4d3a42f935c9fca7397ca6" "/opt/rustwide/cargo-home/bin/cargo" "+5b237c915528dadada3f674b90c7c80368b632be" "check" "--frozen" "--all" "--all-targets" "--message-format=json", kill_on_drop: false }`
[INFO] [stderr]    Compiling serde_core v1.0.228
[INFO] [stderr]    Compiling zerocopy v0.8.52
[INFO] [stderr]    Compiling wasm-bindgen-shared v0.2.125
[INFO] [stderr]    Compiling bumpalo v3.20.3
[INFO] [stderr]    Compiling quote v1.0.45
[INFO] [stderr]    Compiling wasm-bindgen v0.2.125
[INFO] [stderr]    Compiling slotmap v1.1.1
[INFO] [stderr]    Compiling cc v1.2.64
[INFO] [stderr]     Checking dioxus-core-types v0.7.9
[INFO] [stderr]    Compiling lazy-js-bundle v0.7.9
[INFO] [stderr]     Checking parking_lot v0.12.5
[INFO] [stderr]     Checking memmap2 v0.9.10
[INFO] [stderr]     Checking log v0.4.32
[INFO] [stderr]    Compiling serde_json v1.0.150
[INFO] [stderr]     Checking rustc-hash v2.1.2
[INFO] [stderr]    Compiling num-traits v0.2.19
[INFO] [stderr]     Checking longest-increasing-subsequence v0.1.0
[INFO] [stderr]     Checking sha1 v0.10.6
[INFO] [stderr]    Compiling convert_case v0.8.0
[INFO] [stderr]    Compiling proc-macro2-diagnostics v0.10.1
[INFO] [stderr]     Checking rustls-pki-types v1.14.1
[INFO] [stderr]     Checking getrandom v0.2.17
[INFO] [stderr]    Compiling unicase v2.9.0
[INFO] [stderr]    Compiling syn v2.0.118
[INFO] [stderr]    Compiling rustls v0.23.40
[INFO] [stderr]    Compiling typenum v1.20.1
[INFO] [stderr]    Compiling dioxus-document v0.7.9
[INFO] [stderr]     Checking keyboard-types v0.7.0
[INFO] [stderr]    Compiling const_format_proc_macros v0.2.34
[INFO] [stderr]    Compiling time-macros v0.2.29
[INFO] [stderr]    Compiling serde v1.0.228
[INFO] [stderr]     Checking http-range-header v0.4.2
[INFO] [stderr]     Checking spin v0.9.8
[INFO] [stderr]    Compiling dioxus-interpreter-js v0.7.9
[INFO] [stderr]    Compiling mime_guess v2.0.5
[INFO] [stderr]     Checking webpki-roots v1.0.8
[INFO] [stderr]    Compiling cpufeatures v0.2.17
[INFO] [stderr]     Checking uuid v1.23.3
[INFO] [stderr]     Checking sledgehammer_utils v0.3.1
[INFO] [stderr]    Compiling base16 v0.2.1
[INFO] [stderr]    Compiling slab v0.4.12
[INFO] [stderr]    Compiling dioxus-web v0.7.9
[INFO] [stderr]     Checking charset v0.1.5
[INFO] [stderr]     Checking send_wrapper v0.6.0
[INFO] [stderr]    Compiling xxhash-rust v0.8.15
[INFO] [stderr]     Checking askama_escape v0.13.0
[INFO] [stderr]     Checking content_disposition v0.4.0
[INFO] [stderr]     Checking const-str v0.7.1
[INFO] [stderr]     Checking cfb v0.7.3
[INFO] [stderr]    Compiling phf_shared v0.11.3
[INFO] [stderr]    Compiling rand v0.8.6
[INFO] [stderr]    Compiling dioxus-config-macro v0.7.9
[INFO] [stderr]     Checking dioxus-config-macros v0.7.9
[INFO] [stderr]    Compiling libsqlite3-sys v0.30.1
[INFO] [stderr]    Compiling palette v0.7.6
[INFO] [stderr]    Compiling by_address v1.2.1
[INFO] [stderr]     Checking euclid v0.22.14
[INFO] [stderr]     Checking chrono v0.4.45
[INFO] [stderr]     Checking safe_arch v1.0.0
[INFO] [stderr]     Checking rustls-native-certs v0.8.4
[INFO] [stderr]     Checking approx v0.5.1
[INFO] [stderr]     Checking infer v0.19.0
[INFO] [stderr]    Compiling dioxus-icons v0.1.0
[INFO] [stderr]    Compiling dioxus-primitives v0.0.1 (https://github.com/DioxusLabs/components#02801f27)
[INFO] [stderr]     Checking fast-srgb8 v1.0.0
[INFO] [stderr]     Checking easer v0.3.0
[INFO] [stderr]     Checking num-integer v0.1.46
[INFO] [stderr]     Checking fallible-iterator v0.3.0
[INFO] [stderr]     Checking fallible-streaming-iterator v0.1.9
[INFO] [stderr]    Compiling phf_generator v0.11.3
[INFO] [stderr]     Checking spin_sleep v1.3.3
[INFO] [stderr]     Checking const_format v0.2.36
[INFO] [stderr]     Checking wide v1.5.0
[INFO] [stderr]    Compiling cmake v0.1.58
[INFO] [stderr]    Compiling generic-array v0.14.7
[INFO] [stderr]    Compiling ring v0.17.14
[INFO] [stderr]     Checking time v0.3.49
[INFO] [stderr]    Compiling aws-lc-sys v0.41.0
[INFO] [stderr]    Compiling crypto-common v0.1.7
[INFO] [stderr]    Compiling block-buffer v0.10.4
[INFO] [stderr]    Compiling digest v0.10.7
[INFO] [stderr]    Compiling sha2 v0.10.9
[INFO] [stderr]     Checking serde_path_to_error v0.1.20
[INFO] [stderr]     Checking cookie v0.18.1
[INFO] [stderr]    Compiling synstructure v0.13.2
[INFO] [stderr]    Compiling wasm-bindgen-macro-support v0.2.125
[INFO] [stderr]    Compiling darling_core v0.21.3
[INFO] [stderr]    Compiling macro-string v0.1.4
[INFO] [stderr]    Compiling dioxus-rsx v0.7.9
[INFO] [stderr]    Compiling serde_derive v1.0.228
[INFO] [stderr]    Compiling futures-macro v0.3.32
[INFO] [stderr]    Compiling tracing-attributes v0.1.31
[INFO] [stderr]    Compiling thiserror-impl v2.0.18
[INFO] [stderr]    Compiling zerocopy-derive v0.8.52
[INFO] [stderr]    Compiling zerofrom-derive v0.1.7
[INFO] [stderr]    Compiling tokio-macros v2.7.0
[INFO] [stderr]    Compiling yoke-derive v0.8.2
[INFO] [stderr]    Compiling zerovec-derive v0.11.3
[INFO] [stderr]    Compiling displaydoc v0.2.6
[INFO] [stderr]    Compiling pin-project-internal v1.1.13
[INFO] [stderr]     Checking futures-util v0.3.32
[INFO] [stderr]    Compiling warnings-macro v0.2.0
[INFO] [stderr]    Compiling const-serialize-macro v0.7.2
[INFO] [stderr]    Compiling dioxus-core-macro v0.7.9
[INFO] [stderr]     Checking tracing v0.1.44
[INFO] [stderr]     Checking zerofrom v0.1.8
[INFO] [stderr]    Compiling dioxus-html-internal-macro v0.7.9
[INFO] [stderr]     Checking thiserror v2.0.18
[INFO] [stderr]     Checking generational-box v0.7.9
[INFO] [stderr]    Compiling async-trait v0.1.89
[INFO] [stderr]    Compiling const-serialize-macro v0.8.0-alpha.0
[INFO] [stderr]     Checking yoke v0.8.3
[INFO] [stderr]    Compiling sledgehammer_bindgen_macro v0.6.5
[INFO] [stderr]    Compiling const-serialize v0.7.2
[INFO] [stderr]    Compiling axum-macros v0.5.1
[INFO] [stderr]     Checking zerovec v0.11.6
[INFO] [stderr]     Checking zerotrie v0.2.4
[INFO] [stderr]    Compiling thiserror-impl v1.0.69
[INFO] [stderr]     Checking pin-project v1.1.13
[INFO] [stderr]     Checking warnings v0.2.1
[INFO] [stderr]     Checking tracing-subscriber v0.3.23
[INFO] [stderr]    Compiling async-stream-impl v0.3.6
[INFO] [stderr]    Compiling derive_more-impl v2.1.1
[INFO] [stderr]     Checking tinystr v0.8.3
[INFO] [stderr]     Checking potential_utf v0.1.5
[INFO] [stderr]    Compiling darling_macro v0.21.3
[INFO] [stderr]    Compiling dioxus-router-macro v0.7.9
[INFO] [stderr]     Checking icu_locale_core v2.2.0
[INFO] [stderr]     Checking icu_collections v2.2.0
[INFO] [stderr]    Compiling darling v0.21.3
[INFO] [stderr]    Compiling enumset_derive v0.15.0
[INFO] [stderr]     Checking async-stream v0.3.6
[INFO] [stderr]     Checking tracing-futures v0.2.5
[INFO] [stderr]    Compiling dioxus-stores-macro v0.7.9
[INFO] [stderr]    Compiling dioxus-fullstack-macro v0.7.9
[INFO] [stderr]    Compiling phf_macros v0.11.3
[INFO] [stderr]    Compiling palette_derive v0.7.6
[INFO] [stderr]     Checking icu_provider v2.2.0
[INFO] [stderr]     Checking thiserror v1.0.69
[INFO] [stderr]    Compiling dioxus-attributes v0.1.0 (https://github.com/DioxusLabs/components#02801f27)
[INFO] [stderr]     Checking icu_properties v2.2.0
[INFO] [stderr]     Checking icu_normalizer v2.2.0
[INFO] [stderr] error: could not compile `zerocopy` (lib)
[INFO] [stderr] 
[INFO] [stderr] Caused by:
[INFO] [stderr]   process didn't exit successfully: `/opt/rustwide/rustup-home/toolchains/5b237c915528dadada3f674b90c7c80368b632be/bin/rustc --crate-name zerocopy --edition=2021 /opt/rustwide/cargo-home/registry/src/index.crates.io-1949cf8c6b5b557f/zerocopy-0.8.52/src/lib.rs --error-format=json --json=diagnostic-rendered-ansi,artifacts,future-incompat,unused-externs-silent --crate-type lib --emit=dep-info,metadata -C embed-bitcode=no -C debuginfo=2 --cfg 'feature="derive"' --cfg 'feature="simd"' --cfg 'feature="zerocopy-derive"' --check-cfg 'cfg(docsrs,test)' --check-cfg 'cfg(feature, values("__internal_use_only_features_that_work_on_stable", "alloc", "derive", "float-nightly", "simd", "simd-nightly", "std", "zerocopy-derive"))' -C metadata=216957d4cff3b05f -C extra-filename=-00d17ad0c74a3788 --out-dir /opt/rustwide/target/debug/build/zerocopy/00d17ad0c74a3788/out --extern zerocopy_derive=/opt/rustwide/target/debug/build/zerocopy-derive/391ac1940041fb1d/out/libzerocopy_derive-391ac1940041fb1d.so --cap-lints allow --cap-lints=forbid --force-warn=unused_crate_dependencies --check-cfg 'cfg(no_zerocopy_simd_x86_avx12_1_89_0)' --check-cfg 'cfg(rust, values("1.89.0"))' --check-cfg 'cfg(no_zerocopy_core_error_1_81_0)' --check-cfg 'cfg(rust, values("1.81.0"))' --check-cfg 'cfg(no_zerocopy_diagnostic_on_unimplemented_1_78_0)' --check-cfg 'cfg(rust, values("1.78.0"))' --check-cfg 'cfg(no_zerocopy_generic_bounds_in_const_fn_1_61_0)' --check-cfg 'cfg(rust, values("1.61.0"))' --check-cfg 'cfg(no_zerocopy_target_has_atomics_1_60_0)' --check-cfg 'cfg(rust, values("1.60.0"))' --check-cfg 'cfg(no_zerocopy_aarch64_simd_1_59_0)' --check-cfg 'cfg(rust, values("1.59.0"))' --check-cfg 'cfg(no_zerocopy_aarch64_simd_be_1_87_0)' --check-cfg 'cfg(rust, values("1.87.0"))' --check-cfg 'cfg(no_zerocopy_panic_in_const_and_vec_try_reserve_1_57_0)' --check-cfg 'cfg(rust, values("1.57.0"))' --check-cfg 'cfg(doc_cfg)' --check-cfg 'cfg(kani)' --check-cfg 'cfg(__ZEROCOPY_INTERNAL_USE_ONLY_NIGHTLY_FEATURES_IN_TESTS)' --check-cfg 'cfg(__ZEROCOPY_INTERNAL_USE_ONLY_DEV_MODE)' --check-cfg 'cfg(coverage_nightly)' --check-cfg 'cfg(zerocopy_inline_always)' --check-cfg 'cfg(zerocopy_unstable_ptr)' --check-cfg 'cfg(zerocopy_unstable_linux)' --check-cfg 'cfg(no_fp_fmt_parse)'` (signal: 9, SIGKILL: kill)
[INFO] [stderr] warning: build failed, waiting for other jobs to finish...
[INFO] [stderr] error: could not compile `futures-util` (lib)
[INFO] [stderr] 
[INFO] [stderr] Caused by:
[INFO] [stderr]   process didn't exit successfully: `/opt/rustwide/rustup-home/toolchains/5b237c915528dadada3f674b90c7c80368b632be/bin/rustc --crate-name futures_util --edition=2018 /opt/rustwide/cargo-home/registry/src/index.crates.io-1949cf8c6b5b557f/futures-util-0.3.32/src/lib.rs --error-format=json --json=diagnostic-rendered-ansi,artifacts,future-incompat,unused-externs-silent --crate-type lib --emit=dep-info,metadata -C embed-bitcode=no -C debuginfo=2 --cfg 'feature="alloc"' --cfg 'feature="async-await"' --cfg 'feature="async-await-macro"' --cfg 'feature="channel"' --cfg 'feature="default"' --cfg 'feature="futures-channel"' --cfg 'feature="futures-io"' --cfg 'feature="futures-macro"' --cfg 'feature="futures-sink"' --cfg 'feature="io"' --cfg 'feature="memchr"' --cfg 'feature="sink"' --cfg 'feature="slab"' --cfg 'feature="std"' --check-cfg 'cfg(docsrs,test)' --check-cfg 'cfg(feature, values("alloc", "async-await", "async-await-macro", "bilock", "cfg-target-has-atomic", "channel", "compat", "default", "futures-channel", "futures-io", "futures-macro", "futures-sink", "futures_01", "io", "io-compat", "libc", "memchr", "portable-atomic", "sink", "slab", "spin", "std", "tokio-io", "unstable", "write-all-vectored"))' -C metadata=725dc1de2d266b69 -C extra-filename=-9adb5290c8b1b100 --out-dir /opt/rustwide/target/debug/build/futures-util/9adb5290c8b1b100/out -L dependency=/opt/rustwide/target/debug/build/futures-core/1cd512d543215c04/out -L dependency=/opt/rustwide/target/debug/build/futures-sink/80687936758fa695/out --extern futures_channel=/opt/rustwide/target/debug/build/futures-channel/6351650e09691772/out/libfutures_channel-6351650e09691772.rmeta --extern futures_core=/opt/rustwide/target/debug/build/futures-core/1cd512d543215c04/out/libfutures_core-1cd512d543215c04.rmeta --extern futures_io=/opt/rustwide/target/debug/build/futures-io/8551f65ba49d7852/out/libfutures_io-8551f65ba49d7852.rmeta --extern futures_macro=/opt/rustwide/target/debug/build/futures-macro/e2cb989c85188179/out/libfutures_macro-e2cb989c85188179.so --extern futures_sink=/opt/rustwide/target/debug/build/futures-sink/80687936758fa695/out/libfutures_sink-80687936758fa695.rmeta --extern futures_task=/opt/rustwide/target/debug/build/futures-task/bde3b8216abf23c5/out/libfutures_task-bde3b8216abf23c5.rmeta --extern memchr=/opt/rustwide/target/debug/build/memchr/3ca07533bbd8f674/out/libmemchr-3ca07533bbd8f674.rmeta --extern pin_project_lite=/opt/rustwide/target/debug/build/pin-project-lite/7176d3be2b7ee2e1/out/libpin_project_lite-7176d3be2b7ee2e1.rmeta --extern slab=/opt/rustwide/target/debug/build/slab/101f873bca723251/out/libslab-101f873bca723251.rmeta --cap-lints allow --cap-lints=forbid --force-warn=unused_crate_dependencies` (signal: 9, SIGKILL: kill)
[INFO] [stderr] error: could not compile `wasm-bindgen-macro-support` (lib)
[INFO] [stderr] 
[INFO] [stderr] Caused by:
[INFO] [stderr]   process didn't exit successfully: `/opt/rustwide/rustup-home/toolchains/5b237c915528dadada3f674b90c7c80368b632be/bin/rustc --crate-name wasm_bindgen_macro_support --edition=2021 /opt/rustwide/cargo-home/registry/src/index.crates.io-1949cf8c6b5b557f/wasm-bindgen-macro-support-0.2.125/src/lib.rs --error-format=json --json=diagnostic-rendered-ansi,artifacts,future-incompat,unused-externs-silent --crate-type lib --emit=dep-info,metadata,link -Z embed-metadata=no -C embed-bitcode=no --check-cfg 'cfg(docsrs,test)' --check-cfg 'cfg(feature, values("extra-traits", "strict-macro"))' -C metadata=0a27b975b34d6222 -C extra-filename=-75d9a6ffa3a45130 --out-dir /opt/rustwide/target/debug/build/wasm-bindgen-macro-support/75d9a6ffa3a45130/out -L dependency=/opt/rustwide/target/debug/build/proc-macro2/a2d87d99a0278af7/out -L dependency=/opt/rustwide/target/debug/build/quote/2ea4bb573c4892b3/out -L dependency=/opt/rustwide/target/debug/build/unicode-ident/8c98a1a0e58216a9/out --extern bumpalo=/opt/rustwide/target/debug/build/bumpalo/54ae4329ec4a7e35/out/libbumpalo-54ae4329ec4a7e35.rmeta --extern proc_macro2=/opt/rustwide/target/debug/build/proc-macro2/a2d87d99a0278af7/out/libproc_macro2-a2d87d99a0278af7.rmeta --extern quote=/opt/rustwide/target/debug/build/quote/2ea4bb573c4892b3/out/libquote-2ea4bb573c4892b3.rmeta --extern syn=/opt/rustwide/target/debug/build/syn/1334c7ba51e60d62/out/libsyn-1334c7ba51e60d62.rmeta --extern wasm_bindgen_shared=/opt/rustwide/target/debug/build/wasm-bindgen-shared/3546c0beccf0a819/out/libwasm_bindgen_shared-3546c0beccf0a819.rmeta --cap-lints allow --cap-lints=forbid --force-warn=unused_crate_dependencies` (signal: 9, SIGKILL: kill)
[INFO] running `Command { std: "docker" "inspect" "3639a46579f75f2b2c58d6d13c958ddeadae24949b4d3a42f935c9fca7397ca6", kill_on_drop: false }`
[INFO] running `Command { std: "docker" "rm" "-f" "3639a46579f75f2b2c58d6d13c958ddeadae24949b4d3a42f935c9fca7397ca6", kill_on_drop: false }`
[INFO] [stdout] 3639a46579f75f2b2c58d6d13c958ddeadae24949b4d3a42f935c9fca7397ca6
