[INFO] cloning repository https://github.com/hexqnt/curcat
[INFO] running `Command { std: "git" "-c" "credential.helper=" "-c" "credential.helper=/workspace/cargo-home/bin/git-credential-null" "clone" "--bare" "https://github.com/hexqnt/curcat" "/workspace/cache/git-repos/https%3A%2F%2Fgithub.com%2Fhexqnt%2Fcurcat", kill_on_drop: false }`
[INFO] [stderr] Cloning into bare repository '/workspace/cache/git-repos/https%3A%2F%2Fgithub.com%2Fhexqnt%2Fcurcat'...
[INFO] running `Command { std: "git" "rev-parse" "HEAD", kill_on_drop: false }`
[INFO] [stdout] 75dd0d5579eed548a78f04b16dd311690e48b7b5
[INFO] checking hexqnt/curcat against 5b237c915528dadada3f674b90c7c80368b632be for pr-133502-29
[INFO] running `Command { std: "git" "clone" "/workspace/cache/git-repos/https%3A%2F%2Fgithub.com%2Fhexqnt%2Fcurcat" "/workspace/builds/worker-6-tc2/source", kill_on_drop: false }`
[INFO] [stderr] Cloning into '/workspace/builds/worker-6-tc2/source'...
[INFO] [stderr] done.
[INFO] removed /workspace/builds/worker-6-tc2/source/rust-toolchain.toml
[INFO] started tweaking git repo https://github.com/hexqnt/curcat
[INFO] finished tweaking git repo https://github.com/hexqnt/curcat
[INFO] tweaked toml for git repo https://github.com/hexqnt/curcat written to /workspace/builds/worker-6-tc2/source/Cargo.toml
[INFO] validating manifest of git repo https://github.com/hexqnt/curcat on toolchain 5b237c915528dadada3f674b90c7c80368b632be
[INFO] running `Command { std: CARGO_HOME="/workspace/cargo-home" RUSTUP_HOME="/workspace/rustup-home" "/workspace/cargo-home/bin/cargo" "+5b237c915528dadada3f674b90c7c80368b632be" "metadata" "--manifest-path" "Cargo.toml" "--no-deps", kill_on_drop: false }`
[INFO] crate git repo https://github.com/hexqnt/curcat already has a lockfile, it will not be regenerated
[INFO] running `Command { std: CARGO_HOME="/workspace/cargo-home" RUSTUP_HOME="/workspace/rustup-home" "/workspace/cargo-home/bin/cargo" "+5b237c915528dadada3f674b90c7c80368b632be" "fetch" "--manifest-path" "Cargo.toml", kill_on_drop: false }`
[INFO] [stderr]     Blocking waiting for file lock on package cache
[INFO] [stderr]     Updating crates.io index
[INFO] [stderr]     Blocking waiting for file lock on package cache
[ERROR] error running command: no output for 300 seconds
[INFO] checking hexqnt/curcat against 5b237c915528dadada3f674b90c7c80368b632be for pr-133502-29
[INFO] running `Command { std: "git" "clone" "/workspace/cache/git-repos/https%3A%2F%2Fgithub.com%2Fhexqnt%2Fcurcat" "/workspace/builds/worker-6-tc2/source", kill_on_drop: false }`
[INFO] [stderr] Cloning into '/workspace/builds/worker-6-tc2/source'...
[INFO] [stderr] done.
[INFO] removed /workspace/builds/worker-6-tc2/source/rust-toolchain.toml
[INFO] started tweaking git repo https://github.com/hexqnt/curcat
[INFO] finished tweaking git repo https://github.com/hexqnt/curcat
[INFO] tweaked toml for git repo https://github.com/hexqnt/curcat written to /workspace/builds/worker-6-tc2/source/Cargo.toml
[INFO] validating manifest of git repo https://github.com/hexqnt/curcat on toolchain 5b237c915528dadada3f674b90c7c80368b632be
[INFO] running `Command { std: CARGO_HOME="/workspace/cargo-home" RUSTUP_HOME="/workspace/rustup-home" "/workspace/cargo-home/bin/cargo" "+5b237c915528dadada3f674b90c7c80368b632be" "metadata" "--manifest-path" "Cargo.toml" "--no-deps", kill_on_drop: false }`
[INFO] crate git repo https://github.com/hexqnt/curcat already has a lockfile, it will not be regenerated
[INFO] running `Command { std: CARGO_HOME="/workspace/cargo-home" RUSTUP_HOME="/workspace/rustup-home" "/workspace/cargo-home/bin/cargo" "+5b237c915528dadada3f674b90c7c80368b632be" "fetch" "--manifest-path" "Cargo.toml", kill_on_drop: false }`
[INFO] [stderr]     Blocking waiting for file lock on package cache
[INFO] [stderr]     Blocking waiting for file lock on package cache
[ERROR] error running command: no output for 300 seconds
[INFO] checking hexqnt/curcat against 5b237c915528dadada3f674b90c7c80368b632be for pr-133502-29
[INFO] running `Command { std: "git" "clone" "/workspace/cache/git-repos/https%3A%2F%2Fgithub.com%2Fhexqnt%2Fcurcat" "/workspace/builds/worker-6-tc2/source", kill_on_drop: false }`
[INFO] [stderr] Cloning into '/workspace/builds/worker-6-tc2/source'...
[INFO] [stderr] done.
[INFO] removed /workspace/builds/worker-6-tc2/source/rust-toolchain.toml
[INFO] started tweaking git repo https://github.com/hexqnt/curcat
[INFO] finished tweaking git repo https://github.com/hexqnt/curcat
[INFO] tweaked toml for git repo https://github.com/hexqnt/curcat written to /workspace/builds/worker-6-tc2/source/Cargo.toml
[INFO] validating manifest of git repo https://github.com/hexqnt/curcat on toolchain 5b237c915528dadada3f674b90c7c80368b632be
[INFO] running `Command { std: CARGO_HOME="/workspace/cargo-home" RUSTUP_HOME="/workspace/rustup-home" "/workspace/cargo-home/bin/cargo" "+5b237c915528dadada3f674b90c7c80368b632be" "metadata" "--manifest-path" "Cargo.toml" "--no-deps", kill_on_drop: false }`
[INFO] crate git repo https://github.com/hexqnt/curcat already has a lockfile, it will not be regenerated
[INFO] running `Command { std: CARGO_HOME="/workspace/cargo-home" RUSTUP_HOME="/workspace/rustup-home" "/workspace/cargo-home/bin/cargo" "+5b237c915528dadada3f674b90c7c80368b632be" "fetch" "--manifest-path" "Cargo.toml", kill_on_drop: false }`
[INFO] [stderr]     Blocking waiting for file lock on package cache
[INFO] [stderr]     Blocking waiting for file lock on package cache
[ERROR] error running command: no output for 300 seconds
[INFO] checking hexqnt/curcat against 5b237c915528dadada3f674b90c7c80368b632be for pr-133502-29
[INFO] running `Command { std: "git" "clone" "/workspace/cache/git-repos/https%3A%2F%2Fgithub.com%2Fhexqnt%2Fcurcat" "/workspace/builds/worker-6-tc2/source", kill_on_drop: false }`
[INFO] [stderr] Cloning into '/workspace/builds/worker-6-tc2/source'...
[INFO] [stderr] done.
[INFO] removed /workspace/builds/worker-6-tc2/source/rust-toolchain.toml
[INFO] started tweaking git repo https://github.com/hexqnt/curcat
[INFO] finished tweaking git repo https://github.com/hexqnt/curcat
[INFO] tweaked toml for git repo https://github.com/hexqnt/curcat written to /workspace/builds/worker-6-tc2/source/Cargo.toml
[INFO] validating manifest of git repo https://github.com/hexqnt/curcat on toolchain 5b237c915528dadada3f674b90c7c80368b632be
[INFO] running `Command { std: CARGO_HOME="/workspace/cargo-home" RUSTUP_HOME="/workspace/rustup-home" "/workspace/cargo-home/bin/cargo" "+5b237c915528dadada3f674b90c7c80368b632be" "metadata" "--manifest-path" "Cargo.toml" "--no-deps", kill_on_drop: false }`
[INFO] crate git repo https://github.com/hexqnt/curcat already has a lockfile, it will not be regenerated
[INFO] running `Command { std: CARGO_HOME="/workspace/cargo-home" RUSTUP_HOME="/workspace/rustup-home" "/workspace/cargo-home/bin/cargo" "+5b237c915528dadada3f674b90c7c80368b632be" "fetch" "--manifest-path" "Cargo.toml", kill_on_drop: false }`
[INFO] [stderr]     Blocking waiting for file lock on package cache
[INFO] [stderr]     Blocking waiting for file lock on package cache
[INFO] [stderr]  Downloading crates ...
[INFO] [stderr]   Downloaded egui_kittest v0.36.2
[INFO] [stderr]   Downloaded font-types v0.12.6
[INFO] [stderr]   Downloaded ecolor v0.36.2
[INFO] [stderr]   Downloaded emath v0.36.2
[INFO] [stderr]   Downloaded glifo v0.2.0
[INFO] [stderr]   Downloaded vello_cpu v0.1.0
[INFO] [stderr]   Downloaded epaint v0.36.2
[INFO] [stderr]   Downloaded vello_common v0.1.0
[INFO] [stderr]   Downloaded itertools v0.15.0
[INFO] [stderr]   Downloaded lz4_flex v0.14.0
[INFO] [stderr]   Downloaded twox-hash v2.1.4
[INFO] [stderr]   Downloaded egui_extras v0.36.2
[INFO] [stderr]   Downloaded egui v0.36.2
[INFO] [stderr]   Downloaded epaint_default_fonts v0.36.2
[INFO] [stderr]   Downloaded rust_xlsxwriter v0.99.1
[INFO] [stderr]   Downloaded sysinfo v0.39.6
[INFO] [stderr]   Downloaded egui-file-dialog v0.15.0
[INFO] [stderr]   Downloaded eframe v0.36.2
[INFO] [stderr]   Downloaded egui_glow v0.36.2
[INFO] [stderr]   Downloaded calloop v0.14.5
[INFO] [stderr]   Downloaded egui-winit v0.36.2
[INFO] [stderr]   Downloaded wgpu-naga-bridge v30.0.1
[INFO] [stderr]   Downloaded wgpu-types v30.0.1
[INFO] [stderr]   Downloaded naga-types v30.0.1
[INFO] [stderr]   Downloaded bincode_derive v2.0.1
[INFO] [stderr]   Downloaded virtue v0.0.18
[INFO] [stderr]   Downloaded egui-wgpu v0.36.2
[INFO] [stderr]   Downloaded wgpu v30.0.1
[INFO] [stderr]   Downloaded wgpu-core v30.0.1
[INFO] [stderr]   Downloaded naga v30.0.1
[INFO] [stderr]   Downloaded wgpu-core-deps-windows-linux-android v30.0.1
[INFO] [stderr]   Downloaded wgpu-hal v30.0.1
[INFO] running `Command { std: "docker" "create" "-v" "/var/lib/crater-agent-workspace/builds/worker-6-tc2/source:/opt/rustwide/workdir:ro,Z" "-v" "/var/lib/crater-agent-workspace/builds/worker-6-tc2/target:/opt/rustwide/target:rw,Z" "-v" "/var/lib/crater-agent-workspace/cargo-home:/opt/rustwide/cargo-home:ro,Z" "-v" "/var/lib/crater-agent-workspace/rustup-home:/opt/rustwide/rustup-home:ro,Z" "-m" "1610612736" "--network" "none" "ghcr.io/rust-lang/crates-build-env/linux@sha256:3111399a4047eeb3a02b7a90e478d715f38a8c6669b5c4b49d30a17385265909" "sleep" "infinity", kill_on_drop: false }`
[INFO] [stdout] d91275272845eff743caf78709a074f136d7a44b65b89f580be71cfad119776d
[INFO] running `Command { std: "docker" "start" "d91275272845eff743caf78709a074f136d7a44b65b89f580be71cfad119776d", kill_on_drop: false }`
[INFO] running `Command { std: "docker" "inspect" "d91275272845eff743caf78709a074f136d7a44b65b89f580be71cfad119776d", kill_on_drop: false }`
[INFO] running `Command { std: "docker" "exec" "-e" "SOURCE_DIR=/opt/rustwide/workdir" "-e" "CARGO_HOME=/opt/rustwide/cargo-home" "-e" "RUSTUP_HOME=/opt/rustwide/rustup-home" "-e" "CARGO_TARGET_DIR=/opt/rustwide/target" "-w" "/opt/rustwide/workdir" "--user" "0:0" "d91275272845eff743caf78709a074f136d7a44b65b89f580be71cfad119776d" "/opt/rustwide/cargo-home/bin/cargo" "+5b237c915528dadada3f674b90c7c80368b632be" "metadata" "--no-deps" "--format-version=1", kill_on_drop: false }`
[INFO] running `Command { std: "docker" "inspect" "d91275272845eff743caf78709a074f136d7a44b65b89f580be71cfad119776d", kill_on_drop: false }`
[INFO] running `Command { std: "docker" "exec" "-e" "SOURCE_DIR=/opt/rustwide/workdir" "-e" "CARGO_HOME=/opt/rustwide/cargo-home" "-e" "RUSTUP_HOME=/opt/rustwide/rustup-home" "-e" "CARGO_TARGET_DIR=/opt/rustwide/target" "-e" "CARGO_INCREMENTAL=0" "-e" "RUST_BACKTRACE=full" "-e" "RUSTFLAGS=--cap-lints=forbid" "-e" "RUSTDOCFLAGS=--cap-lints=forbid" "-w" "/opt/rustwide/workdir" "--user" "0:0" "d91275272845eff743caf78709a074f136d7a44b65b89f580be71cfad119776d" "/opt/rustwide/cargo-home/bin/cargo" "+5b237c915528dadada3f674b90c7c80368b632be" "check" "--frozen" "--all" "--all-targets" "--message-format=json", kill_on_drop: false }`
[INFO] [stderr]    Compiling rustix v1.1.5
[INFO] [stderr]    Compiling serde_core v1.0.229
[INFO] [stderr]     Checking libloading v0.8.9
[INFO] [stderr]    Compiling cc v1.6.0
[INFO] [stderr]    Compiling crc32fast v1.5.2
[INFO] [stderr]     Checking miniz_oxide v0.9.1
[INFO] [stderr]     Checking zlib-rs v0.6.8
[INFO] [stderr]    Compiling zerocopy v0.8.59
[INFO] [stderr]    Compiling syn v3.0.6
[INFO] [stderr]    Compiling wayland-scanner v0.31.11
[INFO] [stderr]     Checking hashbrown v0.17.1
[INFO] [stderr]    Compiling zerocopy-derive v0.8.59
[INFO] [stderr]    Compiling ahash v0.8.12
[INFO] [stderr]     Checking euclid v0.22.14
[INFO] [stderr]     Checking getrandom v0.3.4
[INFO] [stderr]     Checking linebender_resource_handle v0.1.1
[INFO] [stderr]    Compiling enumn v0.1.14
[INFO] [stderr]     Checking dlib v0.5.3
[INFO] [stderr]     Checking memmap2 v0.9.11
[INFO] [stderr]    Compiling unicode-general-category v1.1.0
[INFO] [stderr]     Checking wayland-sys v0.31.11
[INFO] [stderr]     Checking fearless_simd v0.4.1
[INFO] [stderr]    Compiling xml-rs v0.8.29
[INFO] [stderr]     Checking tracing-core v0.1.36
[INFO] [stderr]    Compiling thiserror-impl v1.0.69
[INFO] [stderr]    Compiling x11-dl v2.21.0
[INFO] [stderr]     Checking unicode-ident v1.0.26
[INFO] [stderr]     Checking profiling v1.0.18
[INFO] [stderr]     Checking epaint_default_fonts v0.36.2
[INFO] [stderr]     Checking self_cell v1.3.0
[INFO] [stderr]     Checking xcursor v0.3.11
[INFO] [stderr]     Checking itertools v0.15.0
[INFO] [stderr]     Checking weezl v0.1.12
[INFO] [stderr]     Checking siphasher v1.0.4
[INFO] [stderr]     Checking tracing v0.1.44
[INFO] [stderr]     Checking roxmltree v0.20.0
[INFO] [stderr]     Checking quick-error v2.0.1
[INFO] [stderr]     Checking guillotiere v0.7.0
[INFO] [stderr]     Checking zune-core v0.5.3
[INFO] [stderr]     Checking x11rb-protocol v0.13.2
[INFO] [stderr]     Checking zune-jpeg v0.5.15
[INFO] [stderr]    Compiling gl_generator v0.14.0
[INFO] [stderr]    Compiling smithay-client-toolkit v0.19.2
[INFO] [stderr]    Compiling phf_shared v0.11.3
[INFO] [stderr]     Checking gif v0.14.2
[INFO] [stderr]     Checking image-webp v0.2.4
[INFO] [stderr]    Compiling winit v0.30.13
[INFO] [stderr]     Checking flate2 v1.1.10
[INFO] [stderr]     Checking thiserror v1.0.69
[INFO] [stderr]     Checking simplecss v0.2.2
[INFO] [stderr]    Compiling glutin_glx_sys v0.6.1
[INFO] [stderr]    Compiling glutin_egl_sys v0.7.1
[INFO] [stderr]     Checking pxfm v0.1.30
[INFO] [stderr]     Checking xmlwriter v0.1.0
[INFO] [stderr]    Compiling smithay-client-toolkit v0.20.0
[INFO] [stderr]     Checking fax v0.2.7
[INFO] [stderr]     Checking data-url v0.3.2
[INFO] [stderr]     Checking pico-args v0.5.0
[INFO] [stderr]    Compiling slotmap v1.1.1
[INFO] [stderr]    Compiling phf v0.11.3
[INFO] [stderr]    Compiling glutin v0.32.3
[INFO] [stderr]     Checking dpi v0.1.2
[INFO] [stderr]     Checking smol_str v0.2.2
[INFO] [stderr]     Checking png v0.17.16
[INFO] [stderr]    Compiling mime_guess2 v2.3.1
[INFO] [stderr]    Compiling wayland-backend v0.3.17
[INFO] [stderr]     Checking fontconfig-parser v0.5.8
[INFO] [stderr]    Compiling glutin-winit v0.5.0
[INFO] [stderr]     Checking winnow v1.0.4
[INFO] [stderr]     Checking tinyvec v1.13.3
[INFO] [stderr]     Checking imagesize v0.13.0
[INFO] [stderr]     Checking indexmap v2.14.2
[INFO] [stderr]     Checking dirs-sys v0.5.0
[INFO] [stderr]     Checking zopfli v0.8.3
[INFO] [stderr]     Checking roxmltree v0.21.1
[INFO] [stderr]    Compiling enum-map-derive v0.17.0
[INFO] [stderr]    Compiling virtue v0.0.18
[INFO] [stderr]     Checking imagesize v0.15.0
[INFO] [stderr]     Checking toml_parser v1.1.3+spec-1.1.0
[INFO] [stderr]     Checking glow v0.17.0
[INFO] [stderr]     Checking bitflags v2.13.2
[INFO] [stderr]     Checking uuid v1.27.0
[INFO] [stderr]    Compiling serde_derive v1.0.229
[INFO] [stderr]    Compiling bytemuck_derive v1.12.1
[INFO] [stderr]    Compiling thiserror-impl v2.0.21
[INFO] [stderr]     Checking rustix v0.38.44
[INFO] [stderr]     Checking png v0.18.1
[INFO] [stderr]     Checking xkbcommon-dl v0.4.2
[INFO] [stderr]     Checking fontdb v0.24.0
[INFO] [stderr]     Checking serde_spanned v1.1.1
[INFO] [stderr]     Checking toml_datetime v1.1.1+spec-1.1.0
[INFO] [stderr]     Checking toml_writer v1.1.2+spec-1.1.0
[INFO] [stderr]     Checking unicode-bidi v0.3.18
[INFO] [stderr]     Checking unicode-vo v0.1.0
[INFO] [stderr]     Checking toml v1.1.6+spec-1.1.0
[INFO] [stderr]     Checking zip v8.6.0
[INFO] [stderr]    Compiling bincode_derive v2.0.1
[INFO] [stderr]     Checking enum-map v2.7.3
[INFO] [stderr] error: could not compile `fearless_simd` (lib)
[INFO] [stderr] 
[INFO] [stderr] Caused by:
[INFO] [stderr]   process didn't exit successfully: `/opt/rustwide/rustup-home/toolchains/5b237c915528dadada3f674b90c7c80368b632be/bin/rustc --crate-name fearless_simd --edition=2024 /opt/rustwide/cargo-home/registry/src/index.crates.io-1949cf8c6b5b557f/fearless_simd-0.4.1/src/lib.rs --error-format=json --json=diagnostic-rendered-ansi,artifacts,future-incompat,unused-externs-silent --crate-type lib --emit=dep-info,metadata -C embed-bitcode=no -C debuginfo=2 --cfg 'feature="std"' --check-cfg 'cfg(docsrs,test)' --check-cfg 'cfg(feature, values("default", "force_support_fallback", "libm", "safe_wrappers", "std"))' -C metadata=af2154c5da448145 -C extra-filename=-951637d1005b646a --out-dir /opt/rustwide/target/debug/build/fearless_simd/951637d1005b646a/out --cap-lints allow --cap-lints=forbid --force-warn=unused_crate_dependencies` (signal: 9, SIGKILL: kill)
[INFO] [stderr] warning: build failed, waiting for other jobs to finish...
[INFO] running `Command { std: "docker" "inspect" "d91275272845eff743caf78709a074f136d7a44b65b89f580be71cfad119776d", kill_on_drop: false }`
[INFO] running `Command { std: "docker" "rm" "-f" "d91275272845eff743caf78709a074f136d7a44b65b89f580be71cfad119776d", kill_on_drop: false }`
[INFO] [stdout] d91275272845eff743caf78709a074f136d7a44b65b89f580be71cfad119776d
