[INFO] cloning repository https://github.com/Mahaprasad003/TodoRS
[INFO] running `Command { std: "git" "-c" "credential.helper=" "-c" "credential.helper=/workspace/cargo-home/bin/git-credential-null" "clone" "--bare" "https://github.com/Mahaprasad003/TodoRS" "/workspace/cache/git-repos/https%3A%2F%2Fgithub.com%2FMahaprasad003%2FTodoRS", kill_on_drop: false }`
[INFO] [stderr] Cloning into bare repository '/workspace/cache/git-repos/https%3A%2F%2Fgithub.com%2FMahaprasad003%2FTodoRS'...
[INFO] running `Command { std: "git" "rev-parse" "HEAD", kill_on_drop: false }`
[INFO] [stdout] 08e6b8ee85b24d8ff483fb1b2d10d32da886ea23
[INFO] checking Mahaprasad003/TodoRS against 5b237c915528dadada3f674b90c7c80368b632be for pr-133502-29
[INFO] running `Command { std: "git" "clone" "/workspace/cache/git-repos/https%3A%2F%2Fgithub.com%2FMahaprasad003%2FTodoRS" "/workspace/builds/worker-0-tc2/source", kill_on_drop: false }`
[INFO] [stderr] Cloning into '/workspace/builds/worker-0-tc2/source'...
[INFO] [stderr] done.
[INFO] started tweaking git repo https://github.com/Mahaprasad003/TodoRS
[INFO] finished tweaking git repo https://github.com/Mahaprasad003/TodoRS
[INFO] tweaked toml for git repo https://github.com/Mahaprasad003/TodoRS written to /workspace/builds/worker-0-tc2/source/Cargo.toml
[INFO] validating manifest of git repo https://github.com/Mahaprasad003/TodoRS on toolchain 5b237c915528dadada3f674b90c7c80368b632be
[INFO] running `Command { std: CARGO_HOME="/workspace/cargo-home" RUSTUP_HOME="/workspace/rustup-home" "/workspace/cargo-home/bin/cargo" "+5b237c915528dadada3f674b90c7c80368b632be" "metadata" "--manifest-path" "Cargo.toml" "--no-deps", kill_on_drop: false }`
[INFO] crate git repo https://github.com/Mahaprasad003/TodoRS already has a lockfile, it will not be regenerated
[INFO] running `Command { std: CARGO_HOME="/workspace/cargo-home" RUSTUP_HOME="/workspace/rustup-home" "/workspace/cargo-home/bin/cargo" "+5b237c915528dadada3f674b90c7c80368b632be" "fetch" "--manifest-path" "Cargo.toml", kill_on_drop: false }`
[INFO] running `Command { std: "docker" "create" "-v" "/var/lib/crater-agent-workspace/builds/worker-0-tc2/source:/opt/rustwide/workdir:ro,Z" "-v" "/var/lib/crater-agent-workspace/builds/worker-0-tc2/target:/opt/rustwide/target:rw,Z" "-v" "/var/lib/crater-agent-workspace/cargo-home:/opt/rustwide/cargo-home:ro,Z" "-v" "/var/lib/crater-agent-workspace/rustup-home:/opt/rustwide/rustup-home:ro,Z" "-m" "1610612736" "--network" "none" "ghcr.io/rust-lang/crates-build-env/linux@sha256:3111399a4047eeb3a02b7a90e478d715f38a8c6669b5c4b49d30a17385265909" "sleep" "infinity", kill_on_drop: false }`
[INFO] [stdout] f1a2fa7ec030b86786ee13b6612efbecdbcb20032fc3b5bea675c449a93cb087
[INFO] running `Command { std: "docker" "start" "f1a2fa7ec030b86786ee13b6612efbecdbcb20032fc3b5bea675c449a93cb087", kill_on_drop: false }`
[INFO] running `Command { std: "docker" "inspect" "f1a2fa7ec030b86786ee13b6612efbecdbcb20032fc3b5bea675c449a93cb087", kill_on_drop: false }`
[INFO] running `Command { std: "docker" "exec" "-e" "SOURCE_DIR=/opt/rustwide/workdir" "-e" "CARGO_HOME=/opt/rustwide/cargo-home" "-e" "RUSTUP_HOME=/opt/rustwide/rustup-home" "-e" "CARGO_TARGET_DIR=/opt/rustwide/target" "-w" "/opt/rustwide/workdir" "--user" "0:0" "f1a2fa7ec030b86786ee13b6612efbecdbcb20032fc3b5bea675c449a93cb087" "/opt/rustwide/cargo-home/bin/cargo" "+5b237c915528dadada3f674b90c7c80368b632be" "metadata" "--no-deps" "--format-version=1", kill_on_drop: false }`
[INFO] running `Command { std: "docker" "inspect" "f1a2fa7ec030b86786ee13b6612efbecdbcb20032fc3b5bea675c449a93cb087", kill_on_drop: false }`
[INFO] running `Command { std: "docker" "exec" "-e" "SOURCE_DIR=/opt/rustwide/workdir" "-e" "CARGO_HOME=/opt/rustwide/cargo-home" "-e" "RUSTUP_HOME=/opt/rustwide/rustup-home" "-e" "CARGO_TARGET_DIR=/opt/rustwide/target" "-e" "CARGO_INCREMENTAL=0" "-e" "RUST_BACKTRACE=full" "-e" "RUSTFLAGS=--cap-lints=forbid" "-e" "RUSTDOCFLAGS=--cap-lints=forbid" "-w" "/opt/rustwide/workdir" "--user" "0:0" "f1a2fa7ec030b86786ee13b6612efbecdbcb20032fc3b5bea675c449a93cb087" "/opt/rustwide/cargo-home/bin/cargo" "+5b237c915528dadada3f674b90c7c80368b632be" "check" "--frozen" "--all" "--all-targets" "--message-format=json", kill_on_drop: false }`
[INFO] [stderr]    Compiling proc-macro2 v1.0.106
[INFO] [stderr]    Compiling quote v1.0.45
[INFO] [stderr]    Compiling serde_core v1.0.228
[INFO] [stderr]    Compiling cc v1.2.63
[INFO] [stderr]    Compiling num-traits v0.2.19
[INFO] [stderr]     Checking log v0.4.32
[INFO] [stderr]     Checking parking_lot_core v0.9.12
[INFO] [stderr]     Checking memchr v2.8.1
[INFO] [stderr]     Checking parking_lot v0.12.5
[INFO] [stderr]    Compiling serde_json v1.0.150
[INFO] [stderr]    Compiling ahash v0.8.12
[INFO] [stderr]     Checking mio v1.2.1
[INFO] [stderr]     Checking socket2 v0.6.4
[INFO] [stderr]    Compiling litemap v0.8.2
[INFO] [stderr]    Compiling writeable v0.6.3
[INFO] [stderr]     Checking getrandom v0.4.2
[INFO] [stderr]    Compiling rustls v0.21.12
[INFO] [stderr]    Compiling typenum v1.20.1
[INFO] [stderr]     Checking futures-util v0.3.32
[INFO] [stderr]    Compiling syn v2.0.117
[INFO] [stderr]    Compiling getrandom v0.2.17
[INFO] [stderr]    Compiling ring v0.17.14
[INFO] [stderr]    Compiling openssl-sys v0.9.116
[INFO] [stderr]    Compiling icu_properties_data v2.2.0
[INFO] [stderr]    Compiling icu_normalizer_data v2.2.0
[INFO] [stderr]    Compiling zerocopy v0.8.52
[INFO] [stderr]    Compiling getrandom v0.3.4
[INFO] [stderr]    Compiling openssl v0.10.80
[INFO] [stderr]    Compiling generic-array v0.14.7
[INFO] [stderr]     Checking http v0.2.12
[INFO] [stderr]     Checking uuid v1.23.3
[INFO] [stderr]    Compiling crypto-common v0.1.7
[INFO] [stderr]    Compiling block-buffer v0.10.4
[INFO] [stderr]    Compiling form_urlencoded v1.2.2
[INFO] [stderr]    Compiling native-tls v0.2.18
[INFO] [stderr]     Checking rustls-pemfile v1.0.4
[INFO] [stderr]    Compiling nom v7.1.3
[INFO] [stderr]    Compiling digest v0.10.7
[INFO] [stderr]    Compiling tokio v1.52.3
[INFO] [stderr]    Compiling libsqlite3-sys v0.27.0
[INFO] [stderr]    Compiling tracing-core v0.1.36
[INFO] [stderr]     Checking concurrent-queue v2.5.0
[INFO] [stderr]    Compiling unicode_categories v0.1.1
[INFO] [stderr]    Compiling crc-catalog v2.5.0
[INFO] [stderr]    Compiling chrono v0.4.45
[INFO] [stderr]    Compiling synstructure v0.13.2
[INFO] [stderr]    Compiling sqlformat v0.2.6
[INFO] [stderr]    Compiling sct v0.7.1
[INFO] [stderr]    Compiling rustls-webpki v0.101.7
[INFO] [stderr]    Compiling crc v3.4.0
[INFO] [stderr]    Compiling sha2 v0.10.9
[INFO] [stderr]    Compiling zerofrom-derive v0.1.7
[INFO] [stderr]    Compiling yoke-derive v0.8.2
[INFO] [stderr]    Compiling serde_derive v1.0.228
[INFO] [stderr]    Compiling zerovec-derive v0.11.3
[INFO] [stderr]    Compiling displaydoc v0.2.6
[INFO] [stderr]    Compiling tracing-attributes v0.1.31
[INFO] [stderr]     Checking zerofrom v0.1.8
[INFO] [stderr]     Checking yoke v0.8.3
[INFO] [stderr]    Compiling thiserror-impl v1.0.69
[INFO] [stderr]     Checking zerovec v0.11.6
[INFO] [stderr]     Checking tinystr v0.8.3
[INFO] [stderr]    Compiling tokio-macros v2.7.0
[INFO] [stderr]     Checking icu_locale_core v2.2.0
[INFO] [stderr]     Checking potential_utf v0.1.5
[INFO] [stderr]     Checking zerotrie v0.2.4
[INFO] [stderr]     Checking icu_collections v2.2.0
[INFO] [stderr]     Checking tracing v0.1.44
[INFO] [stderr]     Checking icu_provider v2.2.0
[INFO] [stderr]     Checking thiserror v1.0.69
[INFO] [stderr]    Compiling openssl-macros v0.1.1
[INFO] [stderr]     Checking icu_properties v2.2.0
[INFO] [stderr]     Checking icu_normalizer v2.2.0
[INFO] [stderr]    Compiling hashbrown v0.14.5
[INFO] [stderr]     Checking serde v1.0.228
[INFO] [stderr]     Checking either v1.16.0
[INFO] [stderr]    Compiling hashlink v0.8.4
[INFO] [stderr]     Checking idna_adapter v1.2.2
[INFO] [stderr]     Checking idna v1.1.0
[INFO] [stderr]    Compiling tokio-stream v0.1.18
[INFO] [stderr]    Compiling futures-intrusive v0.5.0
[INFO] [stderr]     Checking url v2.5.8
[INFO] [stderr]    Compiling atoi v2.0.0
[INFO] [stderr]     Checking http-body v0.4.6
[INFO] [stderr]     Checking socket2 v0.5.10
[INFO] [stderr]    Compiling event-listener v2.5.3
[INFO] [stderr]    Compiling bitflags v2.13.0
[INFO] [stderr]    Compiling webpki-roots v0.25.4
[INFO] [stderr]    Compiling syn v1.0.109
[INFO] [stderr]    Compiling rustix v1.1.4
[INFO] [stderr]    Compiling futures-executor v0.3.32
[INFO] [stderr]    Compiling unicode-segmentation v1.13.3
[INFO] [stderr]    Compiling sqlx-core v0.7.4
[INFO] [stderr]    Compiling urlencoding v2.1.3
[INFO] [stderr]    Compiling fastrand v2.4.1
[INFO] [stderr]    Compiling heck v0.4.1
[INFO] [stderr]    Compiling tempfile v3.27.0
[INFO] [stderr]     Checking tokio-util v0.7.18
[INFO] [stderr]     Checking tokio-native-tls v0.3.1
[INFO] [stderr]     Checking h2 v0.3.27
[INFO] [stderr]     Checking serde_urlencoded v0.7.1
[INFO] [stderr]    Compiling enumflags2_derive v0.7.12
[INFO] [stderr]     Checking sync_wrapper v0.1.2
[INFO] [stderr]     Checking flume v0.11.1
[INFO] [stderr]     Checking todomrs-core v0.1.0 (/opt/rustwide/workdir/crates/todomrs-core)
[INFO] [stderr]    Compiling zvariant_utils v3.4.0
[INFO] [stderr]     Checking event-listener v5.4.1
[INFO] [stderr]     Checking event-listener-strategy v0.5.4
[INFO] [stderr]    Compiling zvariant_derive v5.12.0
[INFO] [stderr]     Checking linux-raw-sys v0.12.1
[INFO] [stderr]    Compiling enumflags2 v0.7.12
[INFO] [stderr]     Checking winnow v1.0.3
[INFO] [stderr] error: could not compile `h2` (lib)
[INFO] [stderr] 
[INFO] [stderr] Caused by:
[INFO] [stderr]   process didn't exit successfully: `/opt/rustwide/rustup-home/toolchains/5b237c915528dadada3f674b90c7c80368b632be/bin/rustc --crate-name h2 --edition=2018 /opt/rustwide/cargo-home/registry/src/index.crates.io-1949cf8c6b5b557f/h2-0.3.27/src/lib.rs --error-format=json --json=diagnostic-rendered-ansi,artifacts,future-incompat,unused-externs-silent --crate-type lib --emit=dep-info,metadata -C embed-bitcode=no -C debuginfo=2 --check-cfg 'cfg(docsrs,test)' --check-cfg 'cfg(feature, values("stream", "unstable"))' -C metadata=62cdaff682a886a4 -C extra-filename=-93d7f734a9dd9fa7 --out-dir /opt/rustwide/target/debug/build/h2/93d7f734a9dd9fa7/out -L dependency=/opt/rustwide/target/debug/build/bytes/c3c82aecfaa31497/out -L dependency=/opt/rustwide/target/debug/build/cfg-if/190c9021fd162845/out -L dependency=/opt/rustwide/target/debug/build/equivalent/d23b026399a51038/out -L dependency=/opt/rustwide/target/debug/build/errno/0997ff084336fcdf/out -L dependency=/opt/rustwide/target/debug/build/fnv/bf9ae889bab8acee/out -L dependency=/opt/rustwide/target/debug/build/futures-core/1cd512d543215c04/out -L dependency=/opt/rustwide/target/debug/build/futures-io/8551f65ba49d7852/out -L dependency=/opt/rustwide/target/debug/build/futures-sink/80687936758fa695/out -L dependency=/opt/rustwide/target/debug/build/futures-task/bde3b8216abf23c5/out -L dependency=/opt/rustwide/target/debug/build/hashbrown/1ff293044ac6a4a8/out -L dependency=/opt/rustwide/target/debug/build/itoa/488dcf4f13423b18/out -L dependency=/opt/rustwide/target/debug/build/libc/7d2af120e89c619c/out -L dependency=/opt/rustwide/target/debug/build/lock_api/b47e4fe57039b3cf/out -L dependency=/opt/rustwide/target/debug/build/log/a6cca596def26a9d/out -L dependency=/opt/rustwide/target/debug/build/memchr/e644acf4bdfb9529/out -L dependency=/opt/rustwide/target/debug/build/mio/24357868ea6ec5f7/out -L dependency=/opt/rustwide/target/debug/build/once_cell/6f8123b0c2eed634/out -L dependency=/opt/rustwide/target/debug/build/parking_lot/610f803c2ed7e2b1/out -L dependency=/opt/rustwide/target/debug/build/parking_lot_core/ee6b7893fb283ad7/out -L dependency=/opt/rustwide/target/debug/build/pin-project-lite/7176d3be2b7ee2e1/out -L dependency=/opt/rustwide/target/debug/build/scopeguard/e7d227cb308b3799/out -L dependency=/opt/rustwide/target/debug/build/signal-hook-registry/11629a25a8623d3d/out -L dependency=/opt/rustwide/target/debug/build/slab/101f873bca723251/out -L dependency=/opt/rustwide/target/debug/build/smallvec/602659051ed0fdf9/out -L dependency=/opt/rustwide/target/debug/build/socket2/dfdbce0a7bcef759/out -L dependency=/opt/rustwide/target/debug/build/tokio-macros/2e60537a5f4b9dea/out -L dependency=/opt/rustwide/target/debug/build/tokio/dbe470a75b5ba369/out -L dependency=/opt/rustwide/target/debug/build/tracing-attributes/acaa58f4846bcad8/out -L dependency=/opt/rustwide/target/debug/build/tracing-core/3324456f4d23a949/out --extern bytes=/opt/rustwide/target/debug/build/bytes/c3c82aecfaa31497/out/libbytes-c3c82aecfaa31497.rmeta --extern fnv=/opt/rustwide/target/debug/build/fnv/bf9ae889bab8acee/out/libfnv-bf9ae889bab8acee.rmeta --extern futures_core=/opt/rustwide/target/debug/build/futures-core/1cd512d543215c04/out/libfutures_core-1cd512d543215c04.rmeta --extern futures_sink=/opt/rustwide/target/debug/build/futures-sink/80687936758fa695/out/libfutures_sink-80687936758fa695.rmeta --extern futures_util=/opt/rustwide/target/debug/build/futures-util/b61809054bf9900c/out/libfutures_util-b61809054bf9900c.rmeta --extern http=/opt/rustwide/target/debug/build/http/84ff4172e7b4dbee/out/libhttp-84ff4172e7b4dbee.rmeta --extern indexmap=/opt/rustwide/target/debug/build/indexmap/5cd8f496451fc958/out/libindexmap-5cd8f496451fc958.rmeta --extern slab=/opt/rustwide/target/debug/build/slab/101f873bca723251/out/libslab-101f873bca723251.rmeta --extern tokio=/opt/rustwide/target/debug/build/tokio/dbe470a75b5ba369/out/libtokio-dbe470a75b5ba369.rmeta --extern tokio_util=/opt/rustwide/target/debug/build/tokio-util/c6c02b6244827e73/out/libtokio_util-c6c02b6244827e73.rmeta --extern tracing=/opt/rustwide/target/debug/build/tracing/c7b30ee52aca3f69/out/libtracing-c7b30ee52aca3f69.rmeta --cap-lints allow --cap-lints=forbid --force-warn=unused_crate_dependencies` (signal: 9, SIGKILL: kill)
[INFO] [stderr] warning: build failed, waiting for other jobs to finish...
[INFO] [stderr] warning: libsqlite3-sys@0.27.0: cc: fatal error: Killed signal terminated program cc1
[INFO] [stderr] warning: libsqlite3-sys@0.27.0: compilation terminated.
[INFO] [stderr] error: failed to run custom build command for `libsqlite3-sys v0.27.0`
[INFO] [stderr] note: To improve backtraces for build dependencies, set the CARGO_PROFILE_DEV_BUILD_OVERRIDE_DEBUG=true environment variable to enable debug information generation.
[INFO] [stderr] 
[INFO] [stderr] Caused by:
[INFO] [stderr]   process didn't exit successfully: `/opt/rustwide/target/debug/build/libsqlite3-sys/226f19d622ec4b2b/out/build_script_build` (exit status: 1)
[INFO] [stderr]   --- stdout
[INFO] [stderr]   cargo:rerun-if-env-changed=LIBSQLITE3_SYS_USE_PKG_CONFIG
[INFO] [stderr]   cargo:rerun-if-changed=sqlite3/sqlite3.c
[INFO] [stderr]   cargo:rerun-if-changed=sqlite3/wasm32-wasi-vfs.c
[INFO] [stderr]   cargo:rerun-if-env-changed=SQLITE_MAX_VARIABLE_NUMBER
[INFO] [stderr]   cargo:rerun-if-env-changed=SQLITE_MAX_EXPR_DEPTH
[INFO] [stderr]   cargo:rerun-if-env-changed=SQLITE_MAX_COLUMN
[INFO] [stderr]   cargo:rerun-if-env-changed=LIBSQLITE3_FLAGS
[INFO] [stderr]   cargo:rerun-if-env-changed=CC_FORCE_DISABLE
[INFO] [stderr]   CC_FORCE_DISABLE = None
[INFO] [stderr]   cargo:rerun-if-env-changed=CC_x86_64-unknown-linux-gnu
[INFO] [stderr]   CC_x86_64-unknown-linux-gnu = None
[INFO] [stderr]   cargo:rerun-if-env-changed=CC_x86_64_unknown_linux_gnu
[INFO] [stderr]   CC_x86_64_unknown_linux_gnu = None
[INFO] [stderr]   cargo:rerun-if-env-changed=HOST_CC
[INFO] [stderr]   HOST_CC = None
[INFO] [stderr]   cargo:rerun-if-env-changed=CC
[INFO] [stderr]   CC = None
[INFO] [stderr]   cargo:rerun-if-env-changed=CC_ENABLE_DEBUG_OUTPUT
[INFO] [stderr]   cargo:rerun-if-env-changed=CRATE_CC_NO_DEFAULTS
[INFO] [stderr]   CRATE_CC_NO_DEFAULTS = None
[INFO] [stderr]   cargo:rerun-if-env-changed=CFLAGS
[INFO] [stderr]   CFLAGS = None
[INFO] [stderr]   cargo:rerun-if-env-changed=HOST_CFLAGS
[INFO] [stderr]   HOST_CFLAGS = None
[INFO] [stderr]   cargo:rerun-if-env-changed=CFLAGS_x86_64_unknown_linux_gnu
[INFO] [stderr]   CFLAGS_x86_64_unknown_linux_gnu = None
[INFO] [stderr]   cargo:rerun-if-env-changed=CFLAGS_x86_64-unknown-linux-gnu
[INFO] [stderr]   CFLAGS_x86_64-unknown-linux-gnu = None
[INFO] [stderr]   cargo:warning=cc: fatal error: Killed signal terminated program cc1
[INFO] [stderr]   cargo:warning=compilation terminated.
[INFO] [stderr] 
[INFO] [stderr]   --- stderr
[INFO] [stderr] 
[INFO] [stderr] 
[INFO] [stderr]   error occurred in cc-rs: command did not execute successfully (status code exit status: 1): LC_ALL="C" "cc" "-O0" "-ffunction-sections" "-fdata-sections" "-fPIC" "-m64" "-w" "-DSQLITE_CORE" "-DSQLITE_DEFAULT_FOREIGN_KEYS=1" "-DSQLITE_ENABLE_API_ARMOR" "-DSQLITE_ENABLE_COLUMN_METADATA" "-DSQLITE_ENABLE_DBSTAT_VTAB" "-DSQLITE_ENABLE_FTS3" "-DSQLITE_ENABLE_FTS3_PARENTHESIS" "-DSQLITE_ENABLE_FTS5" "-DSQLITE_ENABLE_JSON1" "-DSQLITE_ENABLE_LOAD_EXTENSION=1" "-DSQLITE_ENABLE_MEMORY_MANAGEMENT" "-DSQLITE_ENABLE_RTREE" "-DSQLITE_ENABLE_STAT2" "-DSQLITE_ENABLE_STAT4" "-DSQLITE_SOUNDEX" "-DSQLITE_THREADSAFE=1" "-DSQLITE_USE_URI" "-DHAVE_USLEEP=1" "-D_POSIX_THREAD_SAFE_FUNCTIONS" "-DHAVE_ISNAN" "-DHAVE_LOCALTIME_R" "-DSQLITE_ENABLE_UNLOCK_NOTIFY" "-o" "/opt/rustwide/target/debug/build/libsqlite3-sys/85966135cd409808/out/c877a2978823c39d-sqlite3.o" "-c" "sqlite3/sqlite3.c"
[INFO] [stderr] 
[INFO] [stderr] 
[INFO] [stderr] warning: libsqlite3-sys@0.27.0: cc: fatal error: Killed signal terminated program cc1
[INFO] [stderr] warning: libsqlite3-sys@0.27.0: compilation terminated.
[INFO] [stderr] error: failed to run custom build command for `libsqlite3-sys v0.27.0`
[INFO] [stderr] note: To improve backtraces for build dependencies, set the CARGO_PROFILE_DEV_BUILD_OVERRIDE_DEBUG=true environment variable to enable debug information generation.
[INFO] [stderr] 
[INFO] [stderr] Caused by:
[INFO] [stderr]   process didn't exit successfully: `/opt/rustwide/target/debug/build/libsqlite3-sys/589072ccf28428a8/out/build_script_build` (exit status: 1)
[INFO] [stderr]   --- stdout
[INFO] [stderr]   cargo:rerun-if-env-changed=LIBSQLITE3_SYS_USE_PKG_CONFIG
[INFO] [stderr]   cargo:rerun-if-changed=sqlite3/sqlite3.c
[INFO] [stderr]   cargo:rerun-if-changed=sqlite3/wasm32-wasi-vfs.c
[INFO] [stderr]   cargo:rerun-if-env-changed=SQLITE_MAX_VARIABLE_NUMBER
[INFO] [stderr]   cargo:rerun-if-env-changed=SQLITE_MAX_EXPR_DEPTH
[INFO] [stderr]   cargo:rerun-if-env-changed=SQLITE_MAX_COLUMN
[INFO] [stderr]   cargo:rerun-if-env-changed=LIBSQLITE3_FLAGS
[INFO] [stderr]   cargo:rerun-if-env-changed=CC_FORCE_DISABLE
[INFO] [stderr]   CC_FORCE_DISABLE = None
[INFO] [stderr]   cargo:rerun-if-env-changed=CC_x86_64-unknown-linux-gnu
[INFO] [stderr]   CC_x86_64-unknown-linux-gnu = None
[INFO] [stderr]   cargo:rerun-if-env-changed=CC_x86_64_unknown_linux_gnu
[INFO] [stderr]   CC_x86_64_unknown_linux_gnu = None
[INFO] [stderr]   cargo:rerun-if-env-changed=HOST_CC
[INFO] [stderr]   HOST_CC = None
[INFO] [stderr]   cargo:rerun-if-env-changed=CC
[INFO] [stderr]   CC = None
[INFO] [stderr]   cargo:rerun-if-env-changed=CC_ENABLE_DEBUG_OUTPUT
[INFO] [stderr]   cargo:rerun-if-env-changed=CRATE_CC_NO_DEFAULTS
[INFO] [stderr]   CRATE_CC_NO_DEFAULTS = None
[INFO] [stderr]   cargo:rerun-if-env-changed=CFLAGS
[INFO] [stderr]   CFLAGS = None
[INFO] [stderr]   cargo:rerun-if-env-changed=HOST_CFLAGS
[INFO] [stderr]   HOST_CFLAGS = None
[INFO] [stderr]   cargo:rerun-if-env-changed=CFLAGS_x86_64_unknown_linux_gnu
[INFO] [stderr]   CFLAGS_x86_64_unknown_linux_gnu = None
[INFO] [stderr]   cargo:rerun-if-env-changed=CFLAGS_x86_64-unknown-linux-gnu
[INFO] [stderr]   CFLAGS_x86_64-unknown-linux-gnu = None
[INFO] [stderr]   cargo:warning=cc: fatal error: Killed signal terminated program cc1
[INFO] [stderr]   cargo:warning=compilation terminated.
[INFO] [stderr] 
[INFO] [stderr]   --- stderr
[INFO] [stderr] 
[INFO] [stderr] 
[INFO] [stderr]   error occurred in cc-rs: command did not execute successfully (status code exit status: 1): LC_ALL="C" "cc" "-O0" "-ffunction-sections" "-fdata-sections" "-fPIC" "-g" "-gdwarf-4" "-fno-omit-frame-pointer" "-m64" "-w" "-DSQLITE_CORE" "-DSQLITE_DEFAULT_FOREIGN_KEYS=1" "-DSQLITE_ENABLE_API_ARMOR" "-DSQLITE_ENABLE_COLUMN_METADATA" "-DSQLITE_ENABLE_DBSTAT_VTAB" "-DSQLITE_ENABLE_FTS3" "-DSQLITE_ENABLE_FTS3_PARENTHESIS" "-DSQLITE_ENABLE_FTS5" "-DSQLITE_ENABLE_JSON1" "-DSQLITE_ENABLE_LOAD_EXTENSION=1" "-DSQLITE_ENABLE_MEMORY_MANAGEMENT" "-DSQLITE_ENABLE_RTREE" "-DSQLITE_ENABLE_STAT2" "-DSQLITE_ENABLE_STAT4" "-DSQLITE_SOUNDEX" "-DSQLITE_THREADSAFE=1" "-DSQLITE_USE_URI" "-DHAVE_USLEEP=1" "-D_POSIX_THREAD_SAFE_FUNCTIONS" "-DHAVE_ISNAN" "-DHAVE_LOCALTIME_R" "-DSQLITE_ENABLE_UNLOCK_NOTIFY" "-o" "/opt/rustwide/target/debug/build/libsqlite3-sys/3654fb73eeee91d3/out/c877a2978823c39d-sqlite3.o" "-c" "sqlite3/sqlite3.c"
[INFO] [stderr] 
[INFO] [stderr] 
[INFO] running `Command { std: "docker" "inspect" "f1a2fa7ec030b86786ee13b6612efbecdbcb20032fc3b5bea675c449a93cb087", kill_on_drop: false }`
[INFO] running `Command { std: "docker" "rm" "-f" "f1a2fa7ec030b86786ee13b6612efbecdbcb20032fc3b5bea675c449a93cb087", kill_on_drop: false }`
[INFO] [stdout] f1a2fa7ec030b86786ee13b6612efbecdbcb20032fc3b5bea675c449a93cb087
