[INFO] fetching crate codewandler-flux-channels 0.59.3...
[INFO] checking codewandler-flux-channels-0.59.3 against 012c0bd4d516934012c9a1ecb26e9eb283d2ed75 for pr-133502-29
[INFO] extracting crate codewandler-flux-channels 0.59.3 into /workspace/builds/worker-7-tc1/source
[INFO] started tweaking crates.io crate codewandler-flux-channels 0.59.3
[INFO] removed 0 missing tests
[INFO] finished tweaking crates.io crate codewandler-flux-channels 0.59.3
[INFO] tweaked toml for crates.io crate codewandler-flux-channels 0.59.3 written to /workspace/builds/worker-7-tc1/source/Cargo.toml
[INFO] validating manifest of crates.io crate codewandler-flux-channels 0.59.3 on toolchain 012c0bd4d516934012c9a1ecb26e9eb283d2ed75
[INFO] running `Command { std: CARGO_HOME="/workspace/cargo-home" RUSTUP_HOME="/workspace/rustup-home" "/workspace/cargo-home/bin/cargo" "+012c0bd4d516934012c9a1ecb26e9eb283d2ed75" "metadata" "--manifest-path" "Cargo.toml" "--no-deps", kill_on_drop: false }`
[INFO] crate crates.io crate codewandler-flux-channels 0.59.3 already has a lockfile, it will not be regenerated
[INFO] running `Command { std: CARGO_HOME="/workspace/cargo-home" RUSTUP_HOME="/workspace/rustup-home" "/workspace/cargo-home/bin/cargo" "+012c0bd4d516934012c9a1ecb26e9eb283d2ed75" "fetch" "--manifest-path" "Cargo.toml", kill_on_drop: false }`
[INFO] [stderr]     Updating crates.io index
[INFO] [stderr]  Downloading crates ...
[INFO] [stderr]   Downloaded rvstruct v0.3.2
[INFO] [stderr]   Downloaded tokio-tungstenite v0.30.0
[INFO] [stderr]   Downloaded futures-locks v0.7.1
[INFO] [stderr]   Downloaded slack-morphism v2.24.0
[INFO] [stderr]   Downloaded signal-hook-tokio v0.4.0
[INFO] [stderr]   Downloaded rsb_derive v0.5.1
[INFO] [stderr]   Downloaded cron v0.17.0
[INFO] [stderr]   Downloaded tungstenite v0.30.0
[INFO] [stderr]   Downloaded rvs_derive v0.3.2
[INFO] [stderr]   Downloaded codewandler-flux-core v0.59.3
[INFO] [stderr]   Downloaded codewandler-flux-policy v2.0.0
[INFO] [stderr]   Downloaded codewandler-flux-spec v1.4.0
[INFO] [stderr]   Downloaded scraper v0.25.0
[INFO] [stderr]   Downloaded markup5ever v0.36.1
[INFO] [stderr]   Downloaded codewandler-flux-secret v1.4.0
[INFO] [stderr]   Downloaded selectors v0.33.0
[INFO] [stderr]   Downloaded cssparser v0.36.0
[INFO] [stderr]   Downloaded codewandler-flux-system v0.59.3
[INFO] [stderr]   Downloaded codewandler-flux-web v0.59.3
[INFO] [stderr]   Downloaded html5ever v0.36.1
[INFO] [stderr]   Downloaded codewandler-flux-runtime v0.59.3
[INFO] [stderr]   Downloaded web_atoms v0.2.5
[INFO] [stderr]   Downloaded jsonschema-regex v0.49.2
[INFO] [stderr]   Downloaded codewandler-flux-skill v0.59.3
[INFO] [stderr]   Downloaded codewandler-flux-evidence v1.2.0
[INFO] [stderr]   Downloaded rquickjs v0.12.2
[INFO] [stderr]   Downloaded relative-path v2.0.1
[INFO] [stderr]   Downloaded codewandler-flux-datasource v1.4.0
[INFO] [stderr]   Downloaded codewandler-flux-plugin-protocol v2.0.0
[INFO] [stderr]   Downloaded codewandler-flux-credentials v0.59.3
[INFO] [stderr]   Downloaded ulid v3.0.0
[INFO] [stderr]   Downloaded codewandler-flux-auth v0.59.3
[INFO] [stderr]   Downloaded referencing v0.49.2
[INFO] [stderr]   Downloaded codewandler-flux-config v0.59.3
[INFO] [stderr]   Downloaded codewandler-flux-agent v0.59.3
[INFO] [stderr]   Downloaded codewandler-flux-cognition v0.59.3
[INFO] [stderr]   Downloaded fs-err v3.3.1
[INFO] [stderr]   Downloaded codewandler-flux-provider v0.59.3
[INFO] [stderr]   Downloaded codewandler-flux-a2a v0.59.3
[INFO] [stderr]   Downloaded codewandler-flux-lsp v0.59.3
[INFO] [stderr]   Downloaded codewandler-flux-markdown v0.59.3
[INFO] [stderr]   Downloaded similar v3.1.1
[INFO] [stderr]   Downloaded codewandler-flux-orchestrate v0.59.3
[INFO] [stderr]   Downloaded rquickjs-core v0.12.2
[INFO] [stderr]   Downloaded codewandler-flux-app v0.59.3
[INFO] [stderr]   Downloaded codewandler-flux-events v0.59.3
[INFO] [stderr]   Downloaded codewandler-flux-sdk v0.59.3
[INFO] [stderr]   Downloaded jsonschema v0.49.2
[INFO] [stderr]   Downloaded codewandler-flux-flow v0.59.3
[INFO] [stderr]   Downloaded codewandler-flux-tools v0.59.3
[INFO] [stderr]   Downloaded codewandler-flux-capabilities v0.59.3
[INFO] [stderr]   Downloaded codewandler-flux-lang v0.59.3
[INFO] [stderr]   Downloaded rquickjs-sys v0.12.2
[INFO] [stderr]   Downloaded codewandler-flux-server v0.59.3
[INFO] [stderr]   Downloaded codewandler-flux-plugin v0.59.3
[INFO] [stderr]   Downloaded jsonschema-value v0.49.2
[INFO] running `Command { std: "docker" "create" "-v" "/var/lib/crater-agent-workspace/builds/worker-7-tc1/source:/opt/rustwide/workdir:ro,Z" "-v" "/var/lib/crater-agent-workspace/builds/worker-7-tc1/target:/opt/rustwide/target:rw,Z" "-v" "/var/lib/crater-agent-workspace/cargo-home:/opt/rustwide/cargo-home:ro,Z" "-v" "/var/lib/crater-agent-workspace/rustup-home:/opt/rustwide/rustup-home:ro,Z" "-m" "1610612736" "--network" "none" "ghcr.io/rust-lang/crates-build-env/linux@sha256:3111399a4047eeb3a02b7a90e478d715f38a8c6669b5c4b49d30a17385265909" "sleep" "infinity", kill_on_drop: false }`
[INFO] [stdout] 75d2c39e83a65ba1556e09836e78b5f7b0147f6671627f3c4911652105e214f7
[INFO] running `Command { std: "docker" "start" "75d2c39e83a65ba1556e09836e78b5f7b0147f6671627f3c4911652105e214f7", kill_on_drop: false }`
[INFO] running `Command { std: "docker" "inspect" "75d2c39e83a65ba1556e09836e78b5f7b0147f6671627f3c4911652105e214f7", kill_on_drop: false }`
[INFO] running `Command { std: "docker" "exec" "-e" "SOURCE_DIR=/opt/rustwide/workdir" "-e" "CARGO_HOME=/opt/rustwide/cargo-home" "-e" "RUSTUP_HOME=/opt/rustwide/rustup-home" "-e" "CARGO_TARGET_DIR=/opt/rustwide/target" "-w" "/opt/rustwide/workdir" "--user" "0:0" "75d2c39e83a65ba1556e09836e78b5f7b0147f6671627f3c4911652105e214f7" "/opt/rustwide/cargo-home/bin/cargo" "+012c0bd4d516934012c9a1ecb26e9eb283d2ed75" "metadata" "--no-deps" "--format-version=1", kill_on_drop: false }`
[INFO] running `Command { std: "docker" "inspect" "75d2c39e83a65ba1556e09836e78b5f7b0147f6671627f3c4911652105e214f7", kill_on_drop: false }`
[INFO] running `Command { std: "docker" "exec" "-e" "SOURCE_DIR=/opt/rustwide/workdir" "-e" "CARGO_HOME=/opt/rustwide/cargo-home" "-e" "RUSTUP_HOME=/opt/rustwide/rustup-home" "-e" "CARGO_TARGET_DIR=/opt/rustwide/target" "-e" "CARGO_INCREMENTAL=0" "-e" "RUST_BACKTRACE=full" "-e" "RUSTFLAGS=--cap-lints=forbid" "-e" "RUSTDOCFLAGS=--cap-lints=forbid" "-w" "/opt/rustwide/workdir" "--user" "0:0" "75d2c39e83a65ba1556e09836e78b5f7b0147f6671627f3c4911652105e214f7" "/opt/rustwide/cargo-home/bin/cargo" "+012c0bd4d516934012c9a1ecb26e9eb283d2ed75" "check" "--frozen" "--all" "--all-targets" "--message-format=json", kill_on_drop: false }`
[INFO] [stderr]    Compiling serde_core v1.0.229
[INFO] [stderr]    Compiling serde_json v1.0.151
[INFO] [stderr]     Checking futures-task v0.3.33
[INFO] [stderr]     Checking parking_lot_core v0.9.12
[INFO] [stderr]     Checking hashbrown v0.17.1
[INFO] [stderr]    Compiling ring v0.17.14
[INFO] [stderr]    Compiling aws-lc-rs v1.17.3
[INFO] [stderr]    Compiling aws-lc-sys v0.43.0
[INFO] [stderr]     Checking getrandom v0.2.17
[INFO] [stderr]     Checking yoke v0.8.3
[INFO] [stderr]     Checking cmov v0.5.4
[INFO] [stderr]     Checking crypto-common v0.2.2
[INFO] [stderr]     Checking block-buffer v0.12.1
[INFO] [stderr]    Compiling ref-cast v1.0.26
[INFO] [stderr]    Compiling ref-cast-impl v1.0.26
[INFO] [stderr]     Checking rand v0.10.2
[INFO] [stderr]     Checking futures-util v0.3.33
[INFO] [stderr]     Checking parking_lot v0.12.5
[INFO] [stderr]     Checking data-encoding v2.11.0
[INFO] [stderr]    Compiling serde_derive_internals v0.30.0
[INFO] [stderr]     Checking num-bigint v0.4.8
[INFO] [stderr]     Checking zerovec v0.11.6
[INFO] [stderr]     Checking zerotrie v0.2.4
[INFO] [stderr]     Checking ctutils v0.4.2
[INFO] [stderr]     Checking tokio v1.53.1
[INFO] [stderr]    Compiling phf_shared v0.13.1
[INFO] [stderr]    Compiling ahash v0.8.12
[INFO] [stderr]    Compiling fastrand v2.5.0
[INFO] [stderr]     Checking num-iter v0.1.46
[INFO] [stderr]     Checking webpki-roots v1.0.9
[INFO] [stderr]     Checking toml_parser v1.1.3+spec-1.1.0
[INFO] [stderr]     Checking webpki-roots v0.26.11
[INFO] [stderr]     Checking regex-automata v0.4.16
[INFO] [stderr]    Compiling unicode-general-category v1.1.0
[INFO] [stderr]     Checking toml_writer v1.1.2+spec-1.1.0
[INFO] [stderr]    Compiling phf_generator v0.13.1
[INFO] [stderr]     Checking indexmap v2.14.0
[INFO] [stderr]     Checking bit-vec v0.8.0
[INFO] [stderr]     Checking borrow-or-share v0.2.4
[INFO] [stderr]     Checking unsafe-libyaml-norway v0.2.15
[INFO] [stderr]    Compiling strum_macros v0.28.0
[INFO] [stderr]     Checking bytecount v0.6.9
[INFO] [stderr]     Checking tinystr v0.8.3
[INFO] [stderr]     Checking potential_utf v0.1.5
[INFO] [stderr]     Checking digest v0.11.3
[INFO] [stderr]     Checking bit-set v0.8.0
[INFO] [stderr]     Checking sha1 v0.11.0
[INFO] [stderr]     Checking icu_collections v2.2.0
[INFO] [stderr]     Checking sha2 v0.11.0
[INFO] [stderr]     Checking icu_locale_core v2.2.0
[INFO] [stderr]     Checking micromap v0.3.0
[INFO] [stderr]    Compiling schemars_derive v1.2.2
[INFO] [stderr]     Checking num-cmp v0.1.0
[INFO] [stderr]     Checking num-rational v0.4.2
[INFO] [stderr]     Checking hashbrown v0.14.5
[INFO] [stderr]     Checking uuid-simd v0.8.0
[INFO] [stderr]     Checking jsonschema-regex v0.49.2
[INFO] [stderr]    Compiling libsqlite3-sys v0.37.0
[INFO] [stderr]     Checking countme v3.0.1
[INFO] [stderr]     Checking text-size v1.1.1
[INFO] [stderr]    Compiling phf_codegen v0.13.1
[INFO] [stderr]     Checking hashbrown v0.16.1
[INFO] [stderr]     Checking num v0.4.3
[INFO] [stderr]     Checking fraction v0.15.4
[INFO] [stderr]     Checking icu_provider v2.2.0
[INFO] [stderr]    Compiling phf_macros v0.13.1
[INFO] [stderr]    Compiling rquickjs-sys v0.12.2
[INFO] [stderr]    Compiling rustix v1.1.4
[INFO] [stderr]     Checking icu_properties v2.2.0
[INFO] [stderr]     Checking icu_normalizer v2.2.0
[INFO] [stderr]     Checking rowan v0.16.1
[INFO] [stderr]     Checking hashlink v0.11.1
[INFO] [stderr]    Compiling string_cache_codegen v0.6.1
[INFO] [stderr]     Checking serde v1.0.229
[INFO] [stderr]     Checking futures-executor v0.3.33
[INFO] [stderr]     Checking toml_datetime v1.1.1+spec-1.1.0
[INFO] [stderr]     Checking futures v0.3.33
[INFO] [stderr]     Checking serde_spanned v1.1.1
[INFO] [stderr]     Checking phf v0.13.1
[INFO] [stderr]     Checking ulid v3.0.0
[INFO] [stderr]     Checking toml v1.1.3+spec-1.1.0
[INFO] [stderr]     Checking generic-array v0.14.7
[INFO] [stderr]     Checking simd-adler32 v0.3.10
[INFO] [stderr]     Checking mac v0.1.1
[INFO] [stderr]     Checking regex v1.13.1
[INFO] [stderr]     Checking fancy-regex v0.18.0
[INFO] [stderr]    Compiling web_atoms v0.2.5
[INFO] [stderr]     Checking crc-catalog v2.5.0
[INFO] [stderr]     Checking bumpalo v3.20.3
[INFO] [stderr]     Checking base64 v0.23.0
[INFO] [stderr]     Checking zopfli v0.8.3
[INFO] [stderr]     Checking codewandler-flux-policy v2.0.0
[INFO] [stderr]     Checking serde_urlencoded v0.7.1
[INFO] [stderr]     Checking serde_norway v0.9.42
[INFO] [stderr]     Checking fluent-uri v0.4.1
[INFO] [stderr]     Checking strum v0.28.0
[INFO] [stderr]     Checking email_address v0.2.9
[INFO] [stderr]     Checking codewandler-flux-secret v1.4.0
[INFO] [stderr]     Checking crc v3.4.0
[INFO] [stderr]     Checking flate2 v1.1.9
[INFO] [stderr]     Checking idna_adapter v1.2.2
[INFO] [stderr]     Checking futf v0.1.5
[INFO] [stderr]     Checking string_cache v0.9.0
[INFO] [stderr]     Checking hmac v0.13.0
[INFO] [stderr]     Checking filetime v0.2.29
[INFO] [stderr]     Checking idna v1.1.0
[INFO] [stderr]     Checking similar v3.1.1
[INFO] [stderr]     Checking typed-path v0.12.3
[INFO] [stderr]     Checking dtoa v1.0.11
[INFO] [stderr]     Checking tendril v0.4.3
[INFO] [stderr]     Checking nom v7.1.3
[INFO] [stderr]     Checking dtoa-short v0.3.5
[INFO] [stderr]     Checking url v2.5.8
[INFO] [stderr]     Checking lzma-rs v0.3.0
[INFO] [stderr]     Checking crypto-common v0.1.7
[INFO] [stderr]     Checking codewandler-flux-core v0.59.3
[INFO] [stderr]     Checking schemars v1.2.2
[INFO] [stderr]     Checking codewandler-flux-evidence v1.2.0
[INFO] [stderr]     Checking jsonschema-value v0.49.2
[INFO] [stderr]     Checking referencing v0.49.2
[INFO] [stderr]     Checking codewandler-flux-markdown v0.59.3
[INFO] [stderr]     Checking xattr v1.6.1
[INFO] [stderr]     Checking codewandler-flux-datasource v1.4.0
[INFO] [stderr]     Checking block-buffer v0.10.4
[INFO] [stderr]    Compiling selectors v0.33.0
[INFO] [stderr]     Checking ppv-lite86 v0.2.21
[INFO] [stderr]     Checking tar v0.4.46
[INFO] [stderr]     Checking zip v7.2.0
[INFO] [stderr]     Checking jsonschema v0.49.2
[INFO] [stderr]    Compiling cssparser-macros v0.6.1
[INFO] [stderr]    Compiling derive_more-impl v2.1.1
[INFO] [stderr]     Checking codewandler-flux-skill v0.59.3
[INFO] [stderr]     Checking minisign-verify v0.2.5
[INFO] [stderr]     Checking codewandler-flux-spec v1.4.0
[INFO] [stderr]    Compiling darling_core v0.21.3
[INFO] [stderr]     Checking cssparser v0.36.0
[INFO] [stderr]     Checking rand_chacha v0.9.0
[INFO] [stderr]     Checking digest v0.10.7
[INFO] [stderr]     Checking markup5ever v0.36.1
[INFO] [stderr]    Compiling pin-project-internal v1.1.13
[INFO] [stderr]     Checking servo_arc v0.4.3
[INFO] [stderr]     Checking rustc-hash v2.1.3
[INFO] [stderr]     Checking sha1 v0.10.7
[INFO] [stderr]     Checking getopts v0.2.24
[INFO] [stderr]    Compiling rand v0.8.7
[INFO] [stderr]     Checking html5ever v0.36.1
[INFO] [stderr]     Checking tokio-util v0.7.19
[INFO] [stderr]     Checking tower v0.5.3
[INFO] [stderr]     Checking rand v0.9.5
[INFO] [stderr]     Checking codewandler-flux-config v0.59.3
[INFO] [stderr]     Checking codewandler-flux-lang v0.59.3
[INFO] [stderr]    Compiling phf_shared v0.11.3
[INFO] [stderr]     Checking codewandler-flux-plugin-protocol v2.0.0
[INFO] [stderr]    Compiling signal-hook v0.4.4
[INFO] [stderr]     Checking derive_more v2.1.1
[INFO] [stderr]    Compiling serde_repr v0.1.21
[INFO] [stderr]     Checking eventsource-stream v0.2.3
[INFO] [stderr]    Compiling fs-err v3.3.1
[INFO] [stderr]     Checking h2 v0.4.15
[INFO] [stderr]     Checking tower-http v0.6.11
[INFO] [stderr]     Checking ego-tree v0.10.0
[INFO] [stderr]     Checking lsp-types v0.94.1
[INFO] [stderr]     Checking tungstenite v0.29.0
[INFO] [stderr]     Checking pin-project v1.1.13
[INFO] [stderr]     Checking tower v0.4.13
[INFO] [stderr]    Compiling phf_generator v0.11.3
[INFO] [stderr]     Checking dashmap v5.5.3
[INFO] [stderr]    Compiling auto_impl v1.3.0
[INFO] [stderr]    Compiling tower-lsp-macros v0.9.0
[INFO] [stderr]     Checking chrono v0.4.45
[INFO] [stderr]    Compiling phf_macros v0.11.3
[INFO] [stderr]     Checking arc-swap v1.9.2
[INFO] [stderr]    Compiling rvs_derive v0.3.2
[INFO] [stderr]     Checking tokio-tungstenite v0.29.0
[INFO] [stderr]     Checking axum-core v0.5.6
[INFO] [stderr]     Checking serde_path_to_error v0.1.20
[INFO] [stderr]    Compiling async-stream-impl v0.3.6
[INFO] [stderr]     Checking either v1.17.0
[INFO] [stderr]     Checking phf v0.11.3
[INFO] [stderr]     Checking rvstruct v0.3.2
[INFO] [stderr]     Checking scraper v0.25.0
[INFO] [stderr]     Checking signal-hook-tokio v0.4.0
[INFO] [stderr]    Compiling rsb_derive v0.5.1
[INFO] [stderr]     Checking tokio-stream v0.1.19
[INFO] [stderr]     Checking futures-locks v0.7.1
[INFO] [stderr]    Compiling async-recursion v1.1.1
[INFO] [stderr]     Checking quick-xml v0.41.0
[INFO] [stderr] error: could not compile `jsonschema` (lib)
[INFO] [stderr] 
[INFO] [stderr] Caused by:
[INFO] [stderr]   process didn't exit successfully: `/opt/rustwide/rustup-home/toolchains/012c0bd4d516934012c9a1ecb26e9eb283d2ed75/bin/rustc --crate-name jsonschema --edition=2021 /opt/rustwide/cargo-home/registry/src/index.crates.io-1949cf8c6b5b557f/jsonschema-0.49.2/src/lib.rs --error-format=json --json=diagnostic-rendered-ansi,artifacts,future-incompat,unused-externs-silent --crate-type lib --emit=dep-info,metadata -C embed-bitcode=no -C debuginfo=2 --check-cfg 'cfg(docsrs,test)' --check-cfg 'cfg(feature, values("arbitrary-precision", "conformance", "default", "macros", "magnus", "pyo3", "reqwest", "resolve-async", "resolve-file", "resolve-http", "tls-aws-lc-rs", "tls-ring"))' -C metadata=1da2da940fe56ef8 -C extra-filename=-1861e1f71ad0d2fa --out-dir /opt/rustwide/target/debug/build/jsonschema/1861e1f71ad0d2fa/out -L dependency=/opt/rustwide/target/debug/build/ahash/67358e24a412cf76/out -L dependency=/opt/rustwide/target/debug/build/aho-corasick/d9bdfda2c9a6c11f/out -L dependency=/opt/rustwide/target/debug/build/allocator-api2/34319c28828d46c3/out -L dependency=/opt/rustwide/target/debug/build/bit-set/c8d80f1f131eb3cb/out -L dependency=/opt/rustwide/target/debug/build/bit-vec/9fd05e59115b2ed0/out -L dependency=/opt/rustwide/target/debug/build/borrow-or-share/0a256d5c208b4659/out -L dependency=/opt/rustwide/target/debug/build/bytecount/b11e3614bdd69afa/out -L dependency=/opt/rustwide/target/debug/build/cfg-if/190c9021fd162845/out -L dependency=/opt/rustwide/target/debug/build/displaydoc/e1c50220652ae5de/out -L dependency=/opt/rustwide/target/debug/build/equivalent/d23b026399a51038/out -L dependency=/opt/rustwide/target/debug/build/fluent-uri/26a4cf0cce99861c/out -L dependency=/opt/rustwide/target/debug/build/foldhash/7cc0e6b6b64910e8/out -L dependency=/opt/rustwide/target/debug/build/fraction/96eb443fc92d3a54/out -L dependency=/opt/rustwide/target/debug/build/getrandom/d2aa5e8c4aab2c0f/out -L dependency=/opt/rustwide/target/debug/build/hashbrown/cb5b5912c8d3e150/out -L dependency=/opt/rustwide/target/debug/build/icu_collections/477be0fb8ab3ba5a/out -L dependency=/opt/rustwide/target/debug/build/icu_locale_core/edc94334af791423/out -L dependency=/opt/rustwide/target/debug/build/icu_normalizer/f387ba0debeebf63/out -L dependency=/opt/rustwide/target/debug/build/icu_normalizer_data/9df594966f451c5b/out -L dependency=/opt/rustwide/target/debug/build/icu_properties/5174e8d3258d2b65/out -L dependency=/opt/rustwide/target/debug/build/icu_properties_data/335803bac80265ac/out -L dependency=/opt/rustwide/target/debug/build/icu_provider/d9daf323788b9139/out -L dependency=/opt/rustwide/target/debug/build/idna_adapter/75a919731a0a839c/out -L dependency=/opt/rustwide/target/debug/build/itoa/488dcf4f13423b18/out -L dependency=/opt/rustwide/target/debug/build/lazy_static/cb8ca6aa8c56979f/out -L dependency=/opt/rustwide/target/debug/build/libc/5b122225efee376b/out -L dependency=/opt/rustwide/target/debug/build/litemap/6390bd0b5dbf5657/out -L dependency=/opt/rustwide/target/debug/build/lock_api/b47e4fe57039b3cf/out -L dependency=/opt/rustwide/target/debug/build/memchr/b924193483665774/out -L dependency=/opt/rustwide/target/debug/build/micromap/1e866839ad202f1c/out -L dependency=/opt/rustwide/target/debug/build/num-bigint/b5a5f61c4917565f/out -L dependency=/opt/rustwide/target/debug/build/num-cmp/84c215a799a8eee8/out -L dependency=/opt/rustwide/target/debug/build/num-complex/1ea9734244dcdb6a/out -L dependency=/opt/rustwide/target/debug/build/num-integer/42d76669d1b856a4/out -L dependency=/opt/rustwide/target/debug/build/num-iter/fa8ceb5f09a2c93b/out -L dependency=/opt/rustwide/target/debug/build/num-rational/7050c03457abd421/out -L dependency=/opt/rustwide/target/debug/build/num-traits/89b73ffee7dd0236/out -L dependency=/opt/rustwide/target/debug/build/num/ab368a921c837f57/out -L dependency=/opt/rustwide/target/debug/build/once_cell/6f8123b0c2eed634/out -L dependency=/opt/rustwide/target/debug/build/outref/dc38b173fed6e653/out -L dependency=/opt/rustwide/target/debug/build/parking_lot/fbaaae226cca1d88/out -L dependency=/opt/rustwide/target/debug/build/parking_lot_core/e1a619b48c889fab/out -L dependency=/opt/rustwide/target/debug/build/percent-encoding/f0f3780066f274e0/out -L dependency=/opt/rustwide/target/debug/build/potential_utf/7131db153513f2b6/out -L dependency=/opt/rustwide/target/debug/build/ref-cast-impl/a26b4253522a539b/out -L dependency=/opt/rustwide/target/debug/build/ref-cast/39204b0698638f6d/out -L dependency=/opt/rustwide/target/debug/build/regex-automata/39cd563894bdccdf/out -L dependency=/opt/rustwide/target/debug/build/regex-syntax/aa2c0ef21912879c/out -L dependency=/opt/rustwide/target/debug/build/scopeguard/e7d227cb308b3799/out -L dependency=/opt/rustwide/target/debug/build/serde/cb03b6ca250133e5/out -L dependency=/opt/rustwide/target/debug/build/serde_core/0a1ba5c7e6f8457f/out -L dependency=/opt/rustwide/target/debug/build/serde_derive/e8922fb61883911e/out -L dependency=/opt/rustwide/target/debug/build/serde_json/7554d4eec17d43e2/out -L dependency=/opt/rustwide/target/debug/build/smallvec/3fa8e7f1993d4002/out -L dependency=/opt/rustwide/target/debug/build/stable_deref_trait/546b30ce49ff2d08/out -L dependency=/opt/rustwide/target/debug/build/strum_macros/52f54f251c327202/out -L dependency=/opt/rustwide/target/debug/build/tinystr/f85ed387dfeb2696/out -L dependency=/opt/rustwide/target/debug/build/utf8_iter/88f5a358869389d3/out -L dependency=/opt/rustwide/target/debug/build/vsimd/0a8a956ba92747cc/out -L dependency=/opt/rustwide/target/debug/build/writeable/b7e8e2724ee161de/out -L dependency=/opt/rustwide/target/debug/build/yoke-derive/09d8a5e970f34c46/out -L dependency=/opt/rustwide/target/debug/build/yoke/6925da0e9ec57e8c/out -L dependency=/opt/rustwide/target/debug/build/zerocopy/1086b312cdd6db4c/out -L dependency=/opt/rustwide/target/debug/build/zerofrom-derive/2b366f6106c6e48c/out -L dependency=/opt/rustwide/target/debug/build/zerofrom/bf92bca5ab8b049f/out -L dependency=/opt/rustwide/target/debug/build/zerotrie/39d775ded58d0f93/out -L dependency=/opt/rustwide/target/debug/build/zerovec-derive/91231cbc9ae51bdc/out -L dependency=/opt/rustwide/target/debug/build/zerovec/4ec49632204f75f9/out -L dependency=/opt/rustwide/target/debug/build/zmij/93cb3e10a525d438/out --extern ahash=/opt/rustwide/target/debug/build/ahash/67358e24a412cf76/out/libahash-67358e24a412cf76.rmeta --extern bytecount=/opt/rustwide/target/debug/build/bytecount/b11e3614bdd69afa/out/libbytecount-b11e3614bdd69afa.rmeta --extern data_encoding=/opt/rustwide/target/debug/build/data-encoding/46e23225db2a3cf6/out/libdata_encoding-46e23225db2a3cf6.rmeta --extern email_address=/opt/rustwide/target/debug/build/email_address/2ba45f77712d07d8/out/libemail_address-2ba45f77712d07d8.rmeta --extern fancy_regex=/opt/rustwide/target/debug/build/fancy-regex/b84f3af06ae0515e/out/libfancy_regex-b84f3af06ae0515e.rmeta --extern fraction=/opt/rustwide/target/debug/build/fraction/96eb443fc92d3a54/out/libfraction-96eb443fc92d3a54.rmeta --extern idna=/opt/rustwide/target/debug/build/idna/26f501c14ae8e701/out/libidna-26f501c14ae8e701.rmeta --extern itoa=/opt/rustwide/target/debug/build/itoa/488dcf4f13423b18/out/libitoa-488dcf4f13423b18.rmeta --extern jsonschema_regex=/opt/rustwide/target/debug/build/jsonschema-regex/fd33685796df30fb/out/libjsonschema_regex-fd33685796df30fb.rmeta --extern jsonschema_value=/opt/rustwide/target/debug/build/jsonschema-value/65129027d996d801/out/libjsonschema_value-65129027d996d801.rmeta --extern num_cmp=/opt/rustwide/target/debug/build/num-cmp/84c215a799a8eee8/out/libnum_cmp-84c215a799a8eee8.rmeta --extern num_traits=/opt/rustwide/target/debug/build/num-traits/89b73ffee7dd0236/out/libnum_traits-89b73ffee7dd0236.rmeta --extern percent_encoding=/opt/rustwide/target/debug/build/percent-encoding/f0f3780066f274e0/out/libpercent_encoding-f0f3780066f274e0.rmeta --extern referencing=/opt/rustwide/target/debug/build/referencing/870f416f0de5d04d/out/libreferencing-870f416f0de5d04d.rmeta --extern regex=/opt/rustwide/target/debug/build/regex/0747fea9ce511ac2/out/libregex-0747fea9ce511ac2.rmeta --extern serde=/opt/rustwide/target/debug/build/serde/cb03b6ca250133e5/out/libserde-cb03b6ca250133e5.rmeta --extern serde_json=/opt/rustwide/target/debug/build/serde_json/7554d4eec17d43e2/out/libserde_json-7554d4eec17d43e2.rmeta --extern strum=/opt/rustwide/target/debug/build/strum/340bfd66278fccfc/out/libstrum-340bfd66278fccfc.rmeta --extern unicode_general_category=/opt/rustwide/target/debug/build/unicode-general-category/8c4e45d9c81128cb/out/libunicode_general_category-8c4e45d9c81128cb.rmeta --extern uuid_simd=/opt/rustwide/target/debug/build/uuid-simd/0c2434c41cc2e9ac/out/libuuid_simd-0c2434c41cc2e9ac.rmeta --cap-lints allow --cap-lints=forbid --force-warn=unused_crate_dependencies` (signal: 9, SIGKILL: kill)
[INFO] [stderr] warning: build failed, waiting for other jobs to finish...
[INFO] [stderr] warning: libsqlite3-sys@0.37.0: cc: fatal error: Killed signal terminated program cc1
[INFO] [stderr] warning: libsqlite3-sys@0.37.0: compilation terminated.
[INFO] [stderr] error: failed to run custom build command for `libsqlite3-sys v0.37.0`
[INFO] [stderr] note: To improve backtraces for build dependencies, set the CARGO_PROFILE_DEV_BUILD_OVERRIDE_DEBUG=true environment variable to enable debug information generation.
[INFO] [stderr] 
[INFO] [stderr] Caused by:
[INFO] [stderr]   process didn't exit successfully: `/opt/rustwide/target/debug/build/libsqlite3-sys/51bbceba02bb9e5d/out/build_script_build` (exit status: 1)
[INFO] [stderr]   --- stdout
[INFO] [stderr]   cargo:rerun-if-env-changed=LIBSQLITE3_SYS_USE_PKG_CONFIG
[INFO] [stderr]   cargo:include=/opt/rustwide/cargo-home/registry/src/index.crates.io-1949cf8c6b5b557f/libsqlite3-sys-0.37.0/sqlite3
[INFO] [stderr]   cargo:rerun-if-changed=sqlite3/sqlite3.c
[INFO] [stderr]   cargo:rerun-if-changed=sqlite3/wasm32-wasi-vfs.c
[INFO] [stderr]   cargo:rerun-if-env-changed=SQLITE_MAX_VARIABLE_NUMBER
[INFO] [stderr]   cargo:rerun-if-env-changed=SQLITE_MAX_EXPR_DEPTH
[INFO] [stderr]   cargo:rerun-if-env-changed=SQLITE_MAX_COLUMN
[INFO] [stderr]   cargo:rerun-if-env-changed=LIBSQLITE3_FLAGS
[INFO] [stderr]   cargo:rerun-if-env-changed=CC_FORCE_DISABLE
[INFO] [stderr]   CC_FORCE_DISABLE = None
[INFO] [stderr]   cargo:rerun-if-env-changed=CC_x86_64-unknown-linux-gnu
[INFO] [stderr]   CC_x86_64-unknown-linux-gnu = None
[INFO] [stderr]   cargo:rerun-if-env-changed=CC_x86_64_unknown_linux_gnu
[INFO] [stderr]   CC_x86_64_unknown_linux_gnu = None
[INFO] [stderr]   cargo:rerun-if-env-changed=HOST_CC
[INFO] [stderr]   HOST_CC = None
[INFO] [stderr]   cargo:rerun-if-env-changed=CC
[INFO] [stderr]   CC = None
[INFO] [stderr]   cargo:rerun-if-env-changed=CC_ENABLE_DEBUG_OUTPUT
[INFO] [stderr]   cargo:rerun-if-env-changed=CRATE_CC_NO_DEFAULTS
[INFO] [stderr]   CRATE_CC_NO_DEFAULTS = None
[INFO] [stderr]   cargo:rerun-if-env-changed=CFLAGS
[INFO] [stderr]   CFLAGS = None
[INFO] [stderr]   cargo:rerun-if-env-changed=HOST_CFLAGS
[INFO] [stderr]   HOST_CFLAGS = None
[INFO] [stderr]   cargo:rerun-if-env-changed=CFLAGS_x86_64_unknown_linux_gnu
[INFO] [stderr]   CFLAGS_x86_64_unknown_linux_gnu = None
[INFO] [stderr]   cargo:rerun-if-env-changed=CFLAGS_x86_64-unknown-linux-gnu
[INFO] [stderr]   CFLAGS_x86_64-unknown-linux-gnu = None
[INFO] [stderr]   cargo:warning=cc: fatal error: Killed signal terminated program cc1
[INFO] [stderr]   cargo:warning=compilation terminated.
[INFO] [stderr] 
[INFO] [stderr]   --- stderr
[INFO] [stderr] 
[INFO] [stderr] 
[INFO] [stderr]   error occurred in cc-rs: command did not execute successfully (status code exit status: 1): LC_ALL="C" "cc" "-O0" "-ffunction-sections" "-fdata-sections" "-fPIC" "-g" "-gdwarf-4" "-fno-omit-frame-pointer" "-m64" "-w" "-DSQLITE_CORE" "-DSQLITE_DEFAULT_FOREIGN_KEYS=1" "-DSQLITE_ENABLE_API_ARMOR" "-DSQLITE_ENABLE_COLUMN_METADATA" "-DSQLITE_ENABLE_DBSTAT_VTAB" "-DSQLITE_ENABLE_FTS3" "-DSQLITE_ENABLE_FTS3_PARENTHESIS" "-DSQLITE_ENABLE_FTS5" "-DSQLITE_ENABLE_JSON1" "-DSQLITE_ENABLE_LOAD_EXTENSION=1" "-DSQLITE_ENABLE_MEMORY_MANAGEMENT" "-DSQLITE_ENABLE_RTREE" "-DSQLITE_ENABLE_STAT4" "-DSQLITE_SOUNDEX" "-DSQLITE_THREADSAFE=1" "-DSQLITE_USE_URI" "-DHAVE_USLEEP=1" "-DHAVE_ISNAN" "-D_POSIX_THREAD_SAFE_FUNCTIONS" "-DHAVE_LOCALTIME_R" "-o" "/opt/rustwide/target/debug/build/libsqlite3-sys/85a617f6bfb85421/out/c877a2978823c39d-sqlite3.o" "-c" "sqlite3/sqlite3.c"
[INFO] [stderr] 
[INFO] [stderr] 
[INFO] [stderr] warning: rquickjs-sys@0.12.2: cc: fatal error: Killed signal terminated program cc1
[INFO] [stderr] warning: rquickjs-sys@0.12.2: compilation terminated.
[INFO] [stderr] warning: rquickjs-sys@0.12.2: ToolExecError: command did not execute successfully (status code exit status: 1): LC_ALL="C" "cc" "-O0" "-ffunction-sections" "-fdata-sections" "-fPIC" "-g" "-gdwarf-4" "-fno-omit-frame-pointer" "-m64" "-Wall" "-Wno-implicit-const-int-float-conversion" "-D_GNU_SOURCE" "-o" "/opt/rustwide/target/debug/build/rquickjs-sys/faa8d633d5a4369e/out/14483c039900acd4-quickjs.o" "-c" "/opt/rustwide/target/debug/build/rquickjs-sys/faa8d633d5a4369e/out/quickjs.c"
[INFO] [stderr] error: failed to run custom build command for `rquickjs-sys v0.12.2`
[INFO] [stderr] note: To improve backtraces for build dependencies, set the CARGO_PROFILE_DEV_BUILD_OVERRIDE_DEBUG=true environment variable to enable debug information generation.
[INFO] [stderr] 
[INFO] [stderr] Caused by:
[INFO] [stderr]   process didn't exit successfully: `/opt/rustwide/target/debug/build/rquickjs-sys/10e748e2664f4fa0/out/build_script_build` (exit status: 1)
[INFO] [stderr]   --- stdout
[INFO] [stderr]   cargo:rerun-if-env-changed=CARGO_FEATURE_BINDGEN
[INFO] [stderr]   cargo:rerun-if-env-changed=CARGO_FEATURE_UPDATE_BINDINGS
[INFO] [stderr]   cargo:rerun-if-env-changed=CARGO_FEATURE_DUMP_BYTECODE
[INFO] [stderr]   cargo:rerun-if-env-changed=CARGO_FEATURE_DUMP_GC
[INFO] [stderr]   cargo:rerun-if-env-changed=CARGO_FEATURE_DUMP_GC_FREE
[INFO] [stderr]   cargo:rerun-if-env-changed=CARGO_FEATURE_DUMP_FREE
[INFO] [stderr]   cargo:rerun-if-env-changed=CARGO_FEATURE_DUMP_LEAKS
[INFO] [stderr]   cargo:rerun-if-env-changed=CARGO_FEATURE_DUMP_MEM
[INFO] [stderr]   cargo:rerun-if-env-changed=CARGO_FEATURE_DUMP_OBJECTS
[INFO] [stderr]   cargo:rerun-if-env-changed=CARGO_FEATURE_DUMP_ATOMS
[INFO] [stderr]   cargo:rerun-if-env-changed=CARGO_FEATURE_DUMP_SHAPES
[INFO] [stderr]   cargo:rerun-if-env-changed=CARGO_FEATURE_DUMP_MODULE_RESOLVE
[INFO] [stderr]   cargo:rerun-if-env-changed=CARGO_FEATURE_DUMP_PROMISE
[INFO] [stderr]   cargo:rerun-if-env-changed=CARGO_FEATURE_DUMP_READ_OBJECT
[INFO] [stderr]   cargo:rerun-if-env-changed=CARGO_FEATURE_DISABLE_ASSERTIONS
[INFO] [stderr]   cargo:rerun-if-env-changed=CARGO_CFG_SANITIZE
[INFO] [stderr]   cargo:rerun-if-env-changed=CC_FORCE_DISABLE
[INFO] [stderr]   CC_FORCE_DISABLE = None
[INFO] [stderr]   cargo:rerun-if-env-changed=CC_x86_64-unknown-linux-gnu
[INFO] [stderr]   CC_x86_64-unknown-linux-gnu = None
[INFO] [stderr]   cargo:rerun-if-env-changed=CC_x86_64_unknown_linux_gnu
[INFO] [stderr]   CC_x86_64_unknown_linux_gnu = None
[INFO] [stderr]   cargo:rerun-if-env-changed=HOST_CC
[INFO] [stderr]   HOST_CC = None
[INFO] [stderr]   cargo:rerun-if-env-changed=CC
[INFO] [stderr]   CC = None
[INFO] [stderr]   cargo:rerun-if-env-changed=CC_ENABLE_DEBUG_OUTPUT
[INFO] [stderr]   cargo:rerun-if-env-changed=CRATE_CC_NO_DEFAULTS
[INFO] [stderr]   CRATE_CC_NO_DEFAULTS = None
[INFO] [stderr]   cargo:rerun-if-env-changed=CFLAGS
[INFO] [stderr]   CFLAGS = None
[INFO] [stderr]   cargo:rerun-if-env-changed=HOST_CFLAGS
[INFO] [stderr]   HOST_CFLAGS = None
[INFO] [stderr]   cargo:rerun-if-env-changed=CFLAGS_x86_64_unknown_linux_gnu
[INFO] [stderr]   CFLAGS_x86_64_unknown_linux_gnu = None
[INFO] [stderr]   cargo:rerun-if-env-changed=CFLAGS_x86_64-unknown-linux-gnu
[INFO] [stderr]   CFLAGS_x86_64-unknown-linux-gnu = None
[INFO] [stderr]   cargo:rerun-if-env-changed=CC_ENABLE_DEBUG_OUTPUT
[INFO] [stderr]   cargo:rerun-if-env-changed=CRATE_CC_NO_DEFAULTS
[INFO] [stderr]   CRATE_CC_NO_DEFAULTS = None
[INFO] [stderr]   cargo:rerun-if-env-changed=CFLAGS
[INFO] [stderr]   CFLAGS = None
[INFO] [stderr]   cargo:rerun-if-env-changed=HOST_CFLAGS
[INFO] [stderr]   HOST_CFLAGS = None
[INFO] [stderr]   cargo:rerun-if-env-changed=CFLAGS_x86_64_unknown_linux_gnu
[INFO] [stderr]   CFLAGS_x86_64_unknown_linux_gnu = None
[INFO] [stderr]   cargo:rerun-if-env-changed=CFLAGS_x86_64-unknown-linux-gnu
[INFO] [stderr]   CFLAGS_x86_64-unknown-linux-gnu = None
[INFO] [stderr]   cargo:rerun-if-env-changed=CC_x86_64-unknown-linux-gnu
[INFO] [stderr]   CC_x86_64-unknown-linux-gnu = None
[INFO] [stderr]   cargo:rerun-if-env-changed=CC_x86_64_unknown_linux_gnu
[INFO] [stderr]   CC_x86_64_unknown_linux_gnu = None
[INFO] [stderr]   cargo:rerun-if-env-changed=HOST_CC
[INFO] [stderr]   HOST_CC = None
[INFO] [stderr]   cargo:rerun-if-env-changed=CC
[INFO] [stderr]   CC = None
[INFO] [stderr]   cargo:rerun-if-env-changed=CRATE_CC_NO_DEFAULTS
[INFO] [stderr]   CRATE_CC_NO_DEFAULTS = None
[INFO] [stderr]   cargo:rerun-if-env-changed=CFLAGS
[INFO] [stderr]   CFLAGS = None
[INFO] [stderr]   cargo:rerun-if-env-changed=HOST_CFLAGS
[INFO] [stderr]   HOST_CFLAGS = None
[INFO] [stderr]   cargo:rerun-if-env-changed=CFLAGS_x86_64_unknown_linux_gnu
[INFO] [stderr]   CFLAGS_x86_64_unknown_linux_gnu = None
[INFO] [stderr]   cargo:rerun-if-env-changed=CFLAGS_x86_64-unknown-linux-gnu
[INFO] [stderr]   CFLAGS_x86_64-unknown-linux-gnu = None
[INFO] [stderr]   cargo:rerun-if-env-changed=CC_x86_64-unknown-linux-gnu
[INFO] [stderr]   CC_x86_64-unknown-linux-gnu = None
[INFO] [stderr]   cargo:rerun-if-env-changed=CC_x86_64_unknown_linux_gnu
[INFO] [stderr]   CC_x86_64_unknown_linux_gnu = None
[INFO] [stderr]   cargo:rerun-if-env-changed=HOST_CC
[INFO] [stderr]   HOST_CC = None
[INFO] [stderr]   cargo:rerun-if-env-changed=CC
[INFO] [stderr]   CC = None
[INFO] [stderr]   cargo:rerun-if-env-changed=CRATE_CC_NO_DEFAULTS
[INFO] [stderr]   CRATE_CC_NO_DEFAULTS = None
[INFO] [stderr]   cargo:rerun-if-env-changed=CFLAGS
[INFO] [stderr]   CFLAGS = None
[INFO] [stderr]   cargo:rerun-if-env-changed=HOST_CFLAGS
[INFO] [stderr]   HOST_CFLAGS = None
[INFO] [stderr]   cargo:rerun-if-env-changed=CFLAGS_x86_64_unknown_linux_gnu
[INFO] [stderr]   CFLAGS_x86_64_unknown_linux_gnu = None
[INFO] [stderr]   cargo:rerun-if-env-changed=CFLAGS_x86_64-unknown-linux-gnu
[INFO] [stderr]   CFLAGS_x86_64-unknown-linux-gnu = None
[INFO] [stderr]   cargo:rerun-if-env-changed=CC_x86_64-unknown-linux-gnu
[INFO] [stderr]   CC_x86_64-unknown-linux-gnu = None
[INFO] [stderr]   cargo:rerun-if-env-changed=CC_x86_64_unknown_linux_gnu
[INFO] [stderr]   CC_x86_64_unknown_linux_gnu = None
[INFO] [stderr]   cargo:rerun-if-env-changed=HOST_CC
[INFO] [stderr]   HOST_CC = None
[INFO] [stderr]   cargo:rerun-if-env-changed=CC
[INFO] [stderr]   CC = None
[INFO] [stderr]   cargo:rerun-if-env-changed=CRATE_CC_NO_DEFAULTS
[INFO] [stderr]   CRATE_CC_NO_DEFAULTS = None
[INFO] [stderr]   cargo:rerun-if-env-changed=CFLAGS
[INFO] [stderr]   CFLAGS = None
[INFO] [stderr]   cargo:rerun-if-env-changed=HOST_CFLAGS
[INFO] [stderr]   HOST_CFLAGS = None
[INFO] [stderr]   cargo:rerun-if-env-changed=CFLAGS_x86_64_unknown_linux_gnu
[INFO] [stderr]   CFLAGS_x86_64_unknown_linux_gnu = None
[INFO] [stderr]   cargo:rerun-if-env-changed=CFLAGS_x86_64-unknown-linux-gnu
[INFO] [stderr]   CFLAGS_x86_64-unknown-linux-gnu = None
[INFO] [stderr]   cargo:warning=cc: fatal error: Killed signal terminated program cc1
[INFO] [stderr]   cargo:warning=compilation terminated.
[INFO] [stderr]   exit status: 0
[INFO] [stderr]   exit status: 0
[INFO] [stderr]   exit status: 1
[INFO] [stderr]   cargo:warning=ToolExecError: command did not execute successfully (status code exit status: 1): LC_ALL="C" "cc" "-O0" "-ffunction-sections" "-fdata-sections" "-fPIC" "-g" "-gdwarf-4" "-fno-omit-frame-pointer" "-m64" "-Wall" "-Wno-implicit-const-int-float-conversion" "-D_GNU_SOURCE" "-o" "/opt/rustwide/target/debug/build/rquickjs-sys/faa8d633d5a4369e/out/14483c039900acd4-quickjs.o" "-c" "/opt/rustwide/target/debug/build/rquickjs-sys/faa8d633d5a4369e/out/quickjs.c"
[INFO] [stderr]   exit status: 0
[INFO] [stderr] 
[INFO] [stderr]   --- stderr
[INFO] [stderr] 
[INFO] [stderr] 
[INFO] [stderr]   error occurred in cc-rs: command did not execute successfully (status code exit status: 1): LC_ALL="C" "cc" "-O0" "-ffunction-sections" "-fdata-sections" "-fPIC" "-g" "-gdwarf-4" "-fno-omit-frame-pointer" "-m64" "-Wall" "-Wno-implicit-const-int-float-conversion" "-D_GNU_SOURCE" "-o" "/opt/rustwide/target/debug/build/rquickjs-sys/faa8d633d5a4369e/out/14483c039900acd4-quickjs.o" "-c" "/opt/rustwide/target/debug/build/rquickjs-sys/faa8d633d5a4369e/out/quickjs.c"
[INFO] [stderr] 
[INFO] [stderr] 
[INFO] running `Command { std: "docker" "inspect" "75d2c39e83a65ba1556e09836e78b5f7b0147f6671627f3c4911652105e214f7", kill_on_drop: false }`
[INFO] running `Command { std: "docker" "rm" "-f" "75d2c39e83a65ba1556e09836e78b5f7b0147f6671627f3c4911652105e214f7", kill_on_drop: false }`
[INFO] [stdout] 75d2c39e83a65ba1556e09836e78b5f7b0147f6671627f3c4911652105e214f7
