[INFO] fetching crate ccp-msr 0.17.0...
[INFO] checking ccp-msr-0.17.0 against 012c0bd4d516934012c9a1ecb26e9eb283d2ed75 for pr-133502-29
[INFO] extracting crate ccp-msr 0.17.0 into /workspace/builds/worker-4-tc1/source
[INFO] started tweaking crates.io crate ccp-msr 0.17.0
[INFO] finished tweaking crates.io crate ccp-msr 0.17.0
[INFO] tweaked toml for crates.io crate ccp-msr 0.17.0 written to /workspace/builds/worker-4-tc1/source/Cargo.toml
[INFO] validating manifest of crates.io crate ccp-msr 0.17.0 on toolchain 012c0bd4d516934012c9a1ecb26e9eb283d2ed75
[INFO] running `Command { std: CARGO_HOME="/workspace/cargo-home" RUSTUP_HOME="/workspace/rustup-home" "/workspace/cargo-home/bin/cargo" "+012c0bd4d516934012c9a1ecb26e9eb283d2ed75" "metadata" "--manifest-path" "Cargo.toml" "--no-deps", kill_on_drop: false }`
[INFO] crate crates.io crate ccp-msr 0.17.0 already has a lockfile, it will not be regenerated
[INFO] running `Command { std: CARGO_HOME="/workspace/cargo-home" RUSTUP_HOME="/workspace/rustup-home" "/workspace/cargo-home/bin/cargo" "+012c0bd4d516934012c9a1ecb26e9eb283d2ed75" "fetch" "--manifest-path" "Cargo.toml", kill_on_drop: false }`
[INFO] [stderr]     Updating crates.io index
[INFO] [stderr]  Downloading crates ...
[INFO] [stderr]   Downloaded ccp-shared v0.17.0
[INFO] [stderr]   Downloaded windows-result v0.3.2
[INFO] [stderr]   Downloaded windows-strings v0.4.0
[INFO] [stderr]   Downloaded windows-core v0.61.0
[INFO] [stderr]   Downloaded rustc_version v0.1.7
[INFO] [stderr]   Downloaded newtype_derive v0.1.6
[INFO] [stderr]   Downloaded ccp-config v0.17.0
[INFO] [stderr]   Downloaded config v0.15.11
[INFO] [stderr]   Downloaded cmake v0.1.54
[INFO] [stderr]   Downloaded semver v0.1.20
[INFO] [stderr]   Downloaded ccp-randomx v0.17.0
[INFO] [stderr]   Downloaded cc v1.2.18
[INFO] running `Command { std: "docker" "create" "-v" "/var/lib/crater-agent-workspace/builds/worker-4-tc1/source:/opt/rustwide/workdir:ro,Z" "-v" "/var/lib/crater-agent-workspace/builds/worker-4-tc1/target:/opt/rustwide/target:rw,Z" "-v" "/var/lib/crater-agent-workspace/cargo-home:/opt/rustwide/cargo-home:ro,Z" "-v" "/var/lib/crater-agent-workspace/rustup-home:/opt/rustwide/rustup-home:ro,Z" "-m" "1610612736" "--network" "none" "ghcr.io/rust-lang/crates-build-env/linux@sha256:3111399a4047eeb3a02b7a90e478d715f38a8c6669b5c4b49d30a17385265909" "sleep" "infinity", kill_on_drop: false }`
[INFO] [stdout] a9b4228997b6b603c9f341c47be3c5c8e9228dca64b73e10fceb5de8510536c8
[INFO] running `Command { std: "docker" "start" "a9b4228997b6b603c9f341c47be3c5c8e9228dca64b73e10fceb5de8510536c8", kill_on_drop: false }`
[INFO] running `Command { std: "docker" "inspect" "a9b4228997b6b603c9f341c47be3c5c8e9228dca64b73e10fceb5de8510536c8", kill_on_drop: false }`
[INFO] running `Command { std: "docker" "exec" "-e" "SOURCE_DIR=/opt/rustwide/workdir" "-e" "CARGO_HOME=/opt/rustwide/cargo-home" "-e" "RUSTUP_HOME=/opt/rustwide/rustup-home" "-e" "CARGO_TARGET_DIR=/opt/rustwide/target" "-w" "/opt/rustwide/workdir" "--user" "0:0" "a9b4228997b6b603c9f341c47be3c5c8e9228dca64b73e10fceb5de8510536c8" "/opt/rustwide/cargo-home/bin/cargo" "+012c0bd4d516934012c9a1ecb26e9eb283d2ed75" "metadata" "--no-deps" "--format-version=1", kill_on_drop: false }`
[INFO] running `Command { std: "docker" "inspect" "a9b4228997b6b603c9f341c47be3c5c8e9228dca64b73e10fceb5de8510536c8", kill_on_drop: false }`
[INFO] running `Command { std: "docker" "exec" "-e" "SOURCE_DIR=/opt/rustwide/workdir" "-e" "CARGO_HOME=/opt/rustwide/cargo-home" "-e" "RUSTUP_HOME=/opt/rustwide/rustup-home" "-e" "CARGO_TARGET_DIR=/opt/rustwide/target" "-e" "CARGO_INCREMENTAL=0" "-e" "RUST_BACKTRACE=full" "-e" "RUSTFLAGS=--cap-lints=forbid" "-e" "RUSTDOCFLAGS=--cap-lints=forbid" "-w" "/opt/rustwide/workdir" "--user" "0:0" "a9b4228997b6b603c9f341c47be3c5c8e9228dca64b73e10fceb5de8510536c8" "/opt/rustwide/cargo-home/bin/cargo" "+012c0bd4d516934012c9a1ecb26e9eb283d2ed75" "check" "--frozen" "--all" "--all-targets" "--message-format=json", kill_on_drop: false }`
[INFO] [stderr]    Compiling libc v0.2.171
[INFO] [stderr]    Compiling getrandom v0.3.2
[INFO] [stderr]    Compiling zerocopy v0.8.24
[INFO] [stderr]    Compiling semver v0.1.20
[INFO] [stderr]     Checking bitflags v2.9.0
[INFO] [stderr]     Checking regex-syntax v0.8.5
[INFO] [stderr]    Compiling cc v1.2.18
[INFO] [stderr]     Checking indexmap v2.9.0
[INFO] [stderr]     Checking tracing-core v0.1.33
[INFO] [stderr]     Checking regex-syntax v0.6.29
[INFO] [stderr]     Checking log v0.4.27
[INFO] [stderr]    Compiling cfg_aliases v0.2.1
[INFO] [stderr]     Checking overload v0.1.1
[INFO] [stderr]    Compiling syn v2.0.100
[INFO] [stderr]    Compiling eyre v0.6.12
[INFO] [stderr]     Checking thread_local v1.1.8
[INFO] [stderr]     Checking nu-ansi-term v0.46.0
[INFO] [stderr]    Compiling nix v0.29.0
[INFO] [stderr]     Checking indenter v0.3.3
[INFO] [stderr]     Checking smallvec v1.15.0
[INFO] [stderr]     Checking pathdiff v0.2.3
[INFO] [stderr]     Checking raw-cpuid v11.5.0
[INFO] [stderr]    Compiling rustc_version v0.1.7
[INFO] [stderr]    Compiling newtype_derive v0.1.6
[INFO] [stderr]     Checking tracing-log v0.2.0
[INFO] [stderr]    Compiling cmake v0.1.54
[INFO] [stderr]     Checking regex-automata v0.4.9
[INFO] [stderr]    Compiling ccp-randomx v0.17.0
[INFO] [stderr]     Checking rand_core v0.9.3
[INFO] [stderr]     Checking regex v1.11.1
[INFO] [stderr]     Checking regex-automata v0.1.10
[INFO] [stderr]     Checking ppv-lite86 v0.2.21
[INFO] [stderr]     Checking matchers v0.1.0
[INFO] [stderr]     Checking rand_chacha v0.9.0
[INFO] [stderr]     Checking rand v0.9.0
[INFO] [stderr] error: could not compile `syn` (lib)
[INFO] [stderr] 
[INFO] [stderr] Caused by:
[INFO] [stderr]   process didn't exit successfully: `/opt/rustwide/rustup-home/toolchains/012c0bd4d516934012c9a1ecb26e9eb283d2ed75/bin/rustc --crate-name syn --edition=2021 /opt/rustwide/cargo-home/registry/src/index.crates.io-1949cf8c6b5b557f/syn-2.0.100/src/lib.rs --error-format=json --json=diagnostic-rendered-ansi,artifacts,future-incompat,unused-externs-silent --crate-type lib --emit=dep-info,metadata,link -Z embed-metadata=no -C embed-bitcode=no --cfg 'feature="clone-impls"' --cfg 'feature="default"' --cfg 'feature="derive"' --cfg 'feature="extra-traits"' --cfg 'feature="full"' --cfg 'feature="parsing"' --cfg 'feature="printing"' --cfg 'feature="proc-macro"' --cfg 'feature="visit-mut"' --check-cfg 'cfg(docsrs,test)' --check-cfg 'cfg(feature, values("clone-impls", "default", "derive", "extra-traits", "fold", "full", "parsing", "printing", "proc-macro", "test", "visit", "visit-mut"))' -C metadata=3f401ffdff40561a -C extra-filename=-b3e0a1c4dc66165e --out-dir /opt/rustwide/target/debug/build/syn/b3e0a1c4dc66165e/out -L dependency=/opt/rustwide/target/debug/build/proc-macro2/fc1fd0f4d59463bc/out -L dependency=/opt/rustwide/target/debug/build/unicode-ident/b3925cc8f83e9ac1/out --extern proc_macro2=/opt/rustwide/target/debug/build/proc-macro2/fc1fd0f4d59463bc/out/libproc_macro2-fc1fd0f4d59463bc.rmeta --extern quote=/opt/rustwide/target/debug/build/quote/bc6b090314aa3ed5/out/libquote-bc6b090314aa3ed5.rmeta --extern unicode_ident=/opt/rustwide/target/debug/build/unicode-ident/b3925cc8f83e9ac1/out/libunicode_ident-b3925cc8f83e9ac1.rmeta --cap-lints allow --cap-lints=forbid --force-warn=unused_crate_dependencies` (signal: 9, SIGKILL: kill)
[INFO] [stderr] warning: build failed, waiting for other jobs to finish...
[INFO] [stderr] error: failed to run custom build command for `ccp-randomx v0.17.0`
[INFO] [stderr] note: To improve backtraces for build dependencies, set the CARGO_PROFILE_DEV_BUILD_OVERRIDE_DEBUG=true environment variable to enable debug information generation.
[INFO] [stderr] 
[INFO] [stderr] Caused by:
[INFO] [stderr]   process didn't exit successfully: `/opt/rustwide/target/debug/build/ccp-randomx/813472613088a8fd/out/build_script_build` (exit status: 101)
[INFO] [stderr]   --- stdout
[INFO] [stderr]   CMAKE_TOOLCHAIN_FILE_x86_64-unknown-linux-gnu = None
[INFO] [stderr]   CMAKE_TOOLCHAIN_FILE_x86_64_unknown_linux_gnu = None
[INFO] [stderr]   HOST_CMAKE_TOOLCHAIN_FILE = None
[INFO] [stderr]   CMAKE_TOOLCHAIN_FILE = None
[INFO] [stderr]   CMAKE_GENERATOR_x86_64-unknown-linux-gnu = None
[INFO] [stderr]   CMAKE_GENERATOR_x86_64_unknown_linux_gnu = None
[INFO] [stderr]   HOST_CMAKE_GENERATOR = None
[INFO] [stderr]   CMAKE_GENERATOR = None
[INFO] [stderr]   CMAKE_PREFIX_PATH_x86_64-unknown-linux-gnu = None
[INFO] [stderr]   CMAKE_PREFIX_PATH_x86_64_unknown_linux_gnu = None
[INFO] [stderr]   HOST_CMAKE_PREFIX_PATH = None
[INFO] [stderr]   CMAKE_PREFIX_PATH = None
[INFO] [stderr]   CMAKE_x86_64-unknown-linux-gnu = None
[INFO] [stderr]   CMAKE_x86_64_unknown_linux_gnu = None
[INFO] [stderr]   HOST_CMAKE = None
[INFO] [stderr]   CMAKE = None
[INFO] [stderr]   running: cd "/opt/rustwide/target/debug/build/ccp-randomx/540a4a826cad886f/out/build" && CMAKE_PREFIX_PATH="" LC_ALL="C" "cmake" "/opt/rustwide/cargo-home/registry/src/index.crates.io-1949cf8c6b5b557f/ccp-randomx-0.17.0/randomx" "-DDARCH=native" "-DCMAKE_INSTALL_PREFIX=/opt/rustwide/target/debug/build/ccp-randomx/540a4a826cad886f/out" "-DCMAKE_C_FLAGS= -ffunction-sections -fdata-sections -fPIC -m64" "-DCMAKE_C_COMPILER=/usr/bin/cc" "-DCMAKE_CXX_FLAGS= -ffunction-sections -fdata-sections -fPIC -m64" "-DCMAKE_CXX_COMPILER=/usr/bin/c++" "-DCMAKE_ASM_FLAGS= -ffunction-sections -fdata-sections -fPIC -m64" "-DCMAKE_ASM_COMPILER=/usr/bin/cc" "-DCMAKE_BUILD_TYPE=Debug"
[INFO] [stderr]   -- The C compiler identification is GNU 15.2.0
[INFO] [stderr]   -- The CXX compiler identification is GNU 15.2.0
[INFO] [stderr]   -- Detecting C compiler ABI info
[INFO] [stderr]   -- Detecting C compiler ABI info - done
[INFO] [stderr]   -- Check for working C compiler: /usr/bin/cc - skipped
[INFO] [stderr]   -- Detecting C compile features
[INFO] [stderr]   -- Detecting C compile features - done
[INFO] [stderr]   -- Detecting CXX compiler ABI info
[INFO] [stderr]   -- Detecting CXX compiler ABI info - done
[INFO] [stderr]   -- Check for working CXX compiler: /usr/bin/c++ - skipped
[INFO] [stderr]   -- Detecting CXX compile features
[INFO] [stderr]   -- Detecting CXX compile features - done
[INFO] [stderr]   -- Performing Test _maes_cxx
[INFO] [stderr]   -- Performing Test _maes_cxx - Success
[INFO] [stderr]   -- Setting CXX flag -maes
[INFO] [stderr]   -- Performing Test _maes_c
[INFO] [stderr]   -- Performing Test _maes_c - Success
[INFO] [stderr]   -- Setting C flag -maes
[INFO] [stderr]   -- Performing Test HAVE_SSSE3
[INFO] [stderr]   -- Performing Test HAVE_SSSE3 - Success
[INFO] [stderr]   -- Performing Test HAVE_AVX2
[INFO] [stderr]   -- Performing Test HAVE_AVX2 - Success
[INFO] [stderr]   -- Performing Test CMAKE_HAVE_LIBC_PTHREAD
[INFO] [stderr]   -- Performing Test CMAKE_HAVE_LIBC_PTHREAD - Success
[INFO] [stderr]   -- Found Threads: TRUE
[INFO] [stderr]   -- Performing Test HAVE_CXX_ATOMICS
[INFO] [stderr]   -- Performing Test HAVE_CXX_ATOMICS - Success
[INFO] [stderr]   -- Configuring done (3.5s)
[INFO] [stderr]   -- Generating done (0.0s)
[INFO] [stderr]   -- Build files have been written to: /opt/rustwide/target/debug/build/ccp-randomx/540a4a826cad886f/out/build
[INFO] [stderr]   running: cd "/opt/rustwide/target/debug/build/ccp-randomx/540a4a826cad886f/out/build" && LC_ALL="C" MAKEFLAGS="-j --jobserver-fds=4,5 --jobserver-auth=4,5" "cmake" "--build" "/opt/rustwide/target/debug/build/ccp-randomx/540a4a826cad886f/out/build" "--target" "install" "--config" "Debug"
[INFO] [stderr]   [  2%] Building C object CMakeFiles/randomx.dir/src/argon2_ref.c.o
[INFO] [stderr]   [  5%] Building CXX object CMakeFiles/randomx.dir/src/dataset.cpp.o
[INFO] [stderr]   [  8%] Building CXX object CMakeFiles/randomx.dir/src/soft_aes.cpp.o
[INFO] [stderr]   [ 11%] Building CXX object CMakeFiles/randomx.dir/src/aes_hash.cpp.o
[INFO] [stderr]   [ 14%] Building C object CMakeFiles/randomx.dir/src/virtual_memory.c.o
[INFO] [stderr]   [ 17%] Building CXX object CMakeFiles/randomx.dir/src/vm_interpreted.cpp.o
[INFO] [stderr]   [ 20%] Building C object CMakeFiles/randomx.dir/src/argon2_ssse3.c.o
[INFO] [stderr]   [ 23%] Building CXX object CMakeFiles/randomx.dir/src/cpu.cpp.o
[INFO] [stderr]   [ 26%] Building C object CMakeFiles/randomx.dir/src/argon2_avx2.c.o
[INFO] [stderr]   [ 29%] Building CXX object CMakeFiles/randomx.dir/src/bytecode_machine.cpp.o
[INFO] [stderr]   [ 32%] Building CXX object CMakeFiles/randomx.dir/src/allocator.cpp.o
[INFO] [stderr]   [ 35%] Building CXX object CMakeFiles/randomx.dir/src/instruction.cpp.o
[INFO] [stderr]   [ 38%] Building CXX object CMakeFiles/randomx.dir/src/randomx.cpp.o
[INFO] [stderr]   [ 41%] Building CXX object CMakeFiles/randomx.dir/src/assembly_generator_x86.cpp.o
[INFO] [stderr]   [ 44%] Building CXX object CMakeFiles/randomx.dir/src/superscalar.cpp.o
[INFO] [stderr]   [ 47%] Building CXX object CMakeFiles/randomx.dir/src/vm_compiled.cpp.o
[INFO] [stderr]   [ 50%] Building CXX object CMakeFiles/randomx.dir/src/vm_interpreted_light.cpp.o
[INFO] [stderr]   [ 52%] Building C object CMakeFiles/randomx.dir/src/argon2_core.c.o
[INFO] [stderr]   [ 55%] Building CXX object CMakeFiles/randomx.dir/src/blake2_generator.cpp.o
[INFO] [stderr]   [ 58%] Building CXX object CMakeFiles/randomx.dir/src/instructions_portable.cpp.o
[INFO] [stderr] 
[INFO] [stderr]   --- stderr
[INFO] [stderr]   CMake Deprecation Warning at CMakeLists.txt:29 (cmake_minimum_required):
[INFO] [stderr]     Compatibility with CMake < 3.10 will be removed from a future version of
[INFO] [stderr]     CMake.
[INFO] [stderr] 
[INFO] [stderr]     Update the VERSION argument <min> value.  Or, use the <min>...<max> syntax
[INFO] [stderr]     to tell CMake that the project requires at least <min> but has been updated
[INFO] [stderr]     to work with policies introduced by <max> or earlier.
[INFO] [stderr] 
[INFO] [stderr] 
[INFO] [stderr]   CMake Warning:
[INFO] [stderr]     Manually-specified variables were not used by the project:
[INFO] [stderr] 
[INFO] [stderr]       CMAKE_ASM_COMPILER
[INFO] [stderr]       CMAKE_ASM_FLAGS
[INFO] [stderr]       DARCH
[INFO] [stderr] 
[INFO] [stderr] 
[INFO] [stderr]   c++: fatal error: Killed signal terminated program cc1plus
[INFO] [stderr]   compilation terminated.
[INFO] [stderr]   gmake[2]: *** [CMakeFiles/randomx.dir/build.make:135: CMakeFiles/randomx.dir/src/bytecode_machine.cpp.o] Error 1
[INFO] [stderr]   gmake[2]: *** Waiting for unfinished jobs....
[INFO] [stderr]   gmake[1]: *** [CMakeFiles/Makefile2:96: CMakeFiles/randomx.dir/all] Error 2
[INFO] [stderr]   gmake: *** [Makefile:136: all] Error 2
[INFO] [stderr] 
[INFO] [stderr]   thread 'main' (387) panicked at /opt/rustwide/cargo-home/registry/src/index.crates.io-1949cf8c6b5b557f/cmake-0.1.54/src/lib.rs:1119:5:
[INFO] [stderr] 
[INFO] [stderr]   command did not execute successfully, got: exit status: 2
[INFO] [stderr] 
[INFO] [stderr]   build script failed, must exit now
[INFO] [stderr]   stack backtrace:
[INFO] [stderr]      0:     0x59859f7bca31 - std[155a6aae0adcfdcb]::backtrace_rs::backtrace::libunwind::trace
[INFO] [stderr]                                  at /rustc/012c0bd4d516934012c9a1ecb26e9eb283d2ed75/library/std/src/../../backtrace/src/backtrace/libunwind.rs:117:9
[INFO] [stderr]      1:     0x59859f7bca31 - std[155a6aae0adcfdcb]::backtrace_rs::backtrace::trace_unsynchronized::<std[155a6aae0adcfdcb]::sys::backtrace::_print_fmt::{closure#1}>
[INFO] [stderr]                                  at /rustc/012c0bd4d516934012c9a1ecb26e9eb283d2ed75/library/std/src/../../backtrace/src/backtrace/mod.rs:66:14
[INFO] [stderr]      2:     0x59859f7bca31 - std[155a6aae0adcfdcb]::sys::backtrace::_print_fmt
[INFO] [stderr]                                  at /rustc/012c0bd4d516934012c9a1ecb26e9eb283d2ed75/library/std/src/sys/backtrace.rs:74:9
[INFO] [stderr]      3:     0x59859f7bca31 - <<std[155a6aae0adcfdcb]::sys::backtrace::BacktraceLock>::print::DisplayBacktrace as core[e500cd04234c180b]::fmt::Display>::fmt
[INFO] [stderr]                                  at /rustc/012c0bd4d516934012c9a1ecb26e9eb283d2ed75/library/std/src/sys/backtrace.rs:44:26
[INFO] [stderr]      4:     0x59859f7d0caa - <core[e500cd04234c180b]::fmt::rt::Argument>::fmt
[INFO] [stderr]                                  at /rustc/012c0bd4d516934012c9a1ecb26e9eb283d2ed75/library/core/src/fmt/rt.rs:152:76
[INFO] [stderr]      5:     0x59859f7d0caa - core[e500cd04234c180b]::fmt::write
[INFO] [stderr]      6:     0x59859f7c24fc - core[e500cd04234c180b]::io::write::default_write_fmt::<std[155a6aae0adcfdcb]::sys::stdio::unix::Stderr>
[INFO] [stderr]                                  at /rustc/012c0bd4d516934012c9a1ecb26e9eb283d2ed75/library/core/src/io/write.rs:402:11
[INFO] [stderr]      7:     0x59859f7c24fc - <std[155a6aae0adcfdcb]::sys::stdio::unix::Stderr as core[e500cd04234c180b]::io::write::Write>::write_fmt
[INFO] [stderr]                                  at /rustc/012c0bd4d516934012c9a1ecb26e9eb283d2ed75/library/core/src/io/write.rs:335:13
[INFO] [stderr]      8:     0x59859f79c2a6 - <std[155a6aae0adcfdcb]::sys::backtrace::BacktraceLock>::print
[INFO] [stderr]                                  at /rustc/012c0bd4d516934012c9a1ecb26e9eb283d2ed75/library/std/src/sys/backtrace.rs:47:9
[INFO] [stderr]      9:     0x59859f79c2a6 - std[155a6aae0adcfdcb]::panicking::default_hook::{closure#0}
[INFO] [stderr]                                  at /rustc/012c0bd4d516934012c9a1ecb26e9eb283d2ed75/library/std/src/panicking.rs:289:27
[INFO] [stderr]     10:     0x59859f7b7701 - std[155a6aae0adcfdcb]::panicking::default_hook
[INFO] [stderr]                                  at /rustc/012c0bd4d516934012c9a1ecb26e9eb283d2ed75/library/std/src/panicking.rs:316:9
[INFO] [stderr]     11:     0x59859f7b78bb - std[155a6aae0adcfdcb]::panicking::panic_with_hook
[INFO] [stderr]                                  at /rustc/012c0bd4d516934012c9a1ecb26e9eb283d2ed75/library/std/src/panicking.rs:811:13
[INFO] [stderr]     12:     0x59859f79c352 - std[155a6aae0adcfdcb]::panicking::panic_handler::{closure#0}
[INFO] [stderr]                                  at /rustc/012c0bd4d516934012c9a1ecb26e9eb283d2ed75/library/std/src/panicking.rs:685:13
[INFO] [stderr]     13:     0x59859f794be9 - std[155a6aae0adcfdcb]::sys::backtrace::__rust_end_short_backtrace::<std[155a6aae0adcfdcb]::panicking::panic_handler::{closure#0}, !>
[INFO] [stderr]                                  at /rustc/012c0bd4d516934012c9a1ecb26e9eb283d2ed75/library/std/src/sys/backtrace.rs:182:18
[INFO] [stderr]     14:     0x59859f79cb3d - __rustc[f41e051ab8a6a85d]::rust_begin_unwind
[INFO] [stderr]                                  at /rustc/012c0bd4d516934012c9a1ecb26e9eb283d2ed75/library/std/src/panicking.rs:676:5
[INFO] [stderr]     15:     0x59859f7d149c - core[e500cd04234c180b]::panicking::panic_fmt
[INFO] [stderr]                                  at /rustc/012c0bd4d516934012c9a1ecb26e9eb283d2ed75/library/core/src/panicking.rs:80:14
[INFO] [stderr]     16:     0x59859f72dc17 - cmake[edb24f15cf6e469f]::fail
[INFO] [stderr]     17:     0x59859f72d8a3 - cmake[edb24f15cf6e469f]::run
[INFO] [stderr]     18:     0x59859f7336f4 - <cmake[edb24f15cf6e469f]::Config>::build
[INFO] [stderr]     19:     0x59859f71f581 - build_script_build[46e310f99508abe1]::build_randomx::<&str>
[INFO] [stderr]     20:     0x59859f7207b2 - build_script_build[46e310f99508abe1]::main
[INFO] [stderr]     21:     0x59859f720e53 - <fn() as core[e500cd04234c180b]::ops::function::FnOnce<()>>::call_once
[INFO] [stderr]     22:     0x59859f720576 - std[155a6aae0adcfdcb]::sys::backtrace::__rust_begin_short_backtrace::<fn(), ()>
[INFO] [stderr]     23:     0x59859f720589 - std[155a6aae0adcfdcb]::rt::lang_start::<()>::{closure#0}
[INFO] [stderr]     24:     0x59859f7b6a08 - <&dyn core[e500cd04234c180b]::ops::function::Fn<(), Output = i32> + core[e500cd04234c180b]::marker::Sync + core[e500cd04234c180b]::panic::unwind_safe::RefUnwindSafe as core[e500cd04234c180b]::ops::function::FnOnce<()>>::call_once
[INFO] [stderr]                                  at /rustc/012c0bd4d516934012c9a1ecb26e9eb283d2ed75/library/core/src/ops/function.rs:287:21
[INFO] [stderr]     25:     0x59859f7b6a08 - std[155a6aae0adcfdcb]::panicking::catch_unwind::do_call::<&dyn core[e500cd04234c180b]::ops::function::Fn<(), Output = i32> + core[e500cd04234c180b]::marker::Sync + core[e500cd04234c180b]::panic::unwind_safe::RefUnwindSafe, i32>
[INFO] [stderr]                                  at /rustc/012c0bd4d516934012c9a1ecb26e9eb283d2ed75/library/std/src/panicking.rs:573:43
[INFO] [stderr]     26:     0x59859f7b6a08 - std[155a6aae0adcfdcb]::panicking::catch_unwind::<i32, &dyn core[e500cd04234c180b]::ops::function::Fn<(), Output = i32> + core[e500cd04234c180b]::marker::Sync + core[e500cd04234c180b]::panic::unwind_safe::RefUnwindSafe>
[INFO] [stderr]                                  at /rustc/012c0bd4d516934012c9a1ecb26e9eb283d2ed75/library/std/src/panicking.rs:541:19
[INFO] [stderr]     27:     0x59859f7b6a08 - std[155a6aae0adcfdcb]::panic::catch_unwind::<&dyn core[e500cd04234c180b]::ops::function::Fn<(), Output = i32> + core[e500cd04234c180b]::marker::Sync + core[e500cd04234c180b]::panic::unwind_safe::RefUnwindSafe, i32>
[INFO] [stderr]                                  at /rustc/012c0bd4d516934012c9a1ecb26e9eb283d2ed75/library/std/src/panic.rs:359:14
[INFO] [stderr]     28:     0x59859f7b6a08 - std[155a6aae0adcfdcb]::rt::lang_start_internal::{closure#0}
[INFO] [stderr]                                  at /rustc/012c0bd4d516934012c9a1ecb26e9eb283d2ed75/library/std/src/rt.rs:175:24
[INFO] [stderr]     29:     0x59859f7b6a08 - std[155a6aae0adcfdcb]::panicking::catch_unwind::do_call::<std[155a6aae0adcfdcb]::rt::lang_start_internal::{closure#0}, isize>
[INFO] [stderr]                                  at /rustc/012c0bd4d516934012c9a1ecb26e9eb283d2ed75/library/std/src/panicking.rs:573:43
[INFO] [stderr]     30:     0x59859f7b6a08 - std[155a6aae0adcfdcb]::panicking::catch_unwind::<isize, std[155a6aae0adcfdcb]::rt::lang_start_internal::{closure#0}>
[INFO] [stderr]                                  at /rustc/012c0bd4d516934012c9a1ecb26e9eb283d2ed75/library/std/src/panicking.rs:541:19
[INFO] [stderr]     31:     0x59859f7b6a08 - std[155a6aae0adcfdcb]::panic::catch_unwind::<std[155a6aae0adcfdcb]::rt::lang_start_internal::{closure#0}, isize>
[INFO] [stderr]                                  at /rustc/012c0bd4d516934012c9a1ecb26e9eb283d2ed75/library/std/src/panic.rs:359:14
[INFO] [stderr]     32:     0x59859f7b6a08 - std[155a6aae0adcfdcb]::rt::lang_start_internal
[INFO] [stderr]                                  at /rustc/012c0bd4d516934012c9a1ecb26e9eb283d2ed75/library/std/src/rt.rs:171:5
[INFO] [stderr]     33:     0x59859f720101 - std[155a6aae0adcfdcb]::rt::lang_start::<()>
[INFO] [stderr]     34:     0x59859f720ec5 - main
[INFO] [stderr]     35:     0x719f104e3601 - <unknown>
[INFO] [stderr]     36:     0x719f104e3718 - __libc_start_main
[INFO] [stderr]     37:     0x59859f71f435 - _start
[INFO] [stderr]     38:                0x0 - <unknown>
[INFO] running `Command { std: "docker" "inspect" "a9b4228997b6b603c9f341c47be3c5c8e9228dca64b73e10fceb5de8510536c8", kill_on_drop: false }`
[INFO] running `Command { std: "docker" "rm" "-f" "a9b4228997b6b603c9f341c47be3c5c8e9228dca64b73e10fceb5de8510536c8", kill_on_drop: false }`
[INFO] [stdout] a9b4228997b6b603c9f341c47be3c5c8e9228dca64b73e10fceb5de8510536c8
