[INFO] cloning repository https://github.com/tenderi/krappebot
[INFO] running `Command { std: "git" "-c" "credential.helper=" "-c" "credential.helper=/workspace/cargo-home/bin/git-credential-null" "clone" "--bare" "https://github.com/tenderi/krappebot" "/workspace/cache/git-repos/https%3A%2F%2Fgithub.com%2Ftenderi%2Fkrappebot", kill_on_drop: false }`
[INFO] [stderr] Cloning into bare repository '/workspace/cache/git-repos/https%3A%2F%2Fgithub.com%2Ftenderi%2Fkrappebot'...
[INFO] running `Command { std: "git" "rev-parse" "HEAD", kill_on_drop: false }`
[INFO] [stdout] 2339de4da17afb0b74c0b950f5631ca080a58922
[INFO] checking tenderi/krappebot against 012c0bd4d516934012c9a1ecb26e9eb283d2ed75 for pr-133502-29
[INFO] running `Command { std: "git" "clone" "/workspace/cache/git-repos/https%3A%2F%2Fgithub.com%2Ftenderi%2Fkrappebot" "/workspace/builds/worker-2-tc1/source", kill_on_drop: false }`
[INFO] [stderr] Cloning into '/workspace/builds/worker-2-tc1/source'...
[INFO] [stderr] done.
[INFO] started tweaking git repo https://github.com/tenderi/krappebot
[INFO] finished tweaking git repo https://github.com/tenderi/krappebot
[INFO] tweaked toml for git repo https://github.com/tenderi/krappebot written to /workspace/builds/worker-2-tc1/source/Cargo.toml
[INFO] validating manifest of git repo https://github.com/tenderi/krappebot on toolchain 012c0bd4d516934012c9a1ecb26e9eb283d2ed75
[INFO] running `Command { std: CARGO_HOME="/workspace/cargo-home" RUSTUP_HOME="/workspace/rustup-home" "/workspace/cargo-home/bin/cargo" "+012c0bd4d516934012c9a1ecb26e9eb283d2ed75" "metadata" "--manifest-path" "Cargo.toml" "--no-deps", kill_on_drop: false }`
[INFO] crate git repo https://github.com/tenderi/krappebot already has a lockfile, it will not be regenerated
[INFO] running `Command { std: CARGO_HOME="/workspace/cargo-home" RUSTUP_HOME="/workspace/rustup-home" "/workspace/cargo-home/bin/cargo" "+012c0bd4d516934012c9a1ecb26e9eb283d2ed75" "fetch" "--manifest-path" "Cargo.toml", kill_on_drop: false }`
[INFO] [stderr]     Updating crates.io index
[INFO] [stderr]  Downloading crates ...
[INFO] [stderr]   Downloaded teloxide v0.17.0
[INFO] [stderr]   Downloaded rc-box v1.3.0
[INFO] [stderr]   Downloaded takecell v0.1.2
[INFO] [stderr]   Downloaded teloxide-macros v0.10.0
[INFO] [stderr]   Downloaded erasable v1.3.0
[INFO] [stderr]   Downloaded dptree v0.5.1
[INFO] [stderr]   Downloaded teloxide-core v0.13.0
[INFO] [stderr]   Downloaded aquamarine v0.6.0
[INFO] running `Command { std: "docker" "create" "-v" "/var/lib/crater-agent-workspace/builds/worker-2-tc1/source:/opt/rustwide/workdir:ro,Z" "-v" "/var/lib/crater-agent-workspace/builds/worker-2-tc1/target:/opt/rustwide/target:rw,Z" "-v" "/var/lib/crater-agent-workspace/cargo-home:/opt/rustwide/cargo-home:ro,Z" "-v" "/var/lib/crater-agent-workspace/rustup-home:/opt/rustwide/rustup-home:ro,Z" "-m" "1610612736" "--network" "none" "ghcr.io/rust-lang/crates-build-env/linux@sha256:3111399a4047eeb3a02b7a90e478d715f38a8c6669b5c4b49d30a17385265909" "sleep" "infinity", kill_on_drop: false }`
[INFO] [stdout] b8f31155fc7b2fa6e1ce982759e77ea0d40748b10714965fa48d244221dd1734
[INFO] running `Command { std: "docker" "start" "b8f31155fc7b2fa6e1ce982759e77ea0d40748b10714965fa48d244221dd1734", kill_on_drop: false }`
[INFO] running `Command { std: "docker" "inspect" "b8f31155fc7b2fa6e1ce982759e77ea0d40748b10714965fa48d244221dd1734", kill_on_drop: false }`
[INFO] running `Command { std: "docker" "exec" "-e" "SOURCE_DIR=/opt/rustwide/workdir" "-e" "CARGO_HOME=/opt/rustwide/cargo-home" "-e" "RUSTUP_HOME=/opt/rustwide/rustup-home" "-e" "CARGO_TARGET_DIR=/opt/rustwide/target" "-w" "/opt/rustwide/workdir" "--user" "0:0" "b8f31155fc7b2fa6e1ce982759e77ea0d40748b10714965fa48d244221dd1734" "/opt/rustwide/cargo-home/bin/cargo" "+012c0bd4d516934012c9a1ecb26e9eb283d2ed75" "metadata" "--no-deps" "--format-version=1", kill_on_drop: false }`
[INFO] running `Command { std: "docker" "inspect" "b8f31155fc7b2fa6e1ce982759e77ea0d40748b10714965fa48d244221dd1734", kill_on_drop: false }`
[INFO] running `Command { std: "docker" "exec" "-e" "SOURCE_DIR=/opt/rustwide/workdir" "-e" "CARGO_HOME=/opt/rustwide/cargo-home" "-e" "RUSTUP_HOME=/opt/rustwide/rustup-home" "-e" "CARGO_TARGET_DIR=/opt/rustwide/target" "-e" "CARGO_INCREMENTAL=0" "-e" "RUST_BACKTRACE=full" "-e" "RUSTFLAGS=--cap-lints=forbid" "-e" "RUSTDOCFLAGS=--cap-lints=forbid" "-w" "/opt/rustwide/workdir" "--user" "0:0" "b8f31155fc7b2fa6e1ce982759e77ea0d40748b10714965fa48d244221dd1734" "/opt/rustwide/cargo-home/bin/cargo" "+012c0bd4d516934012c9a1ecb26e9eb283d2ed75" "check" "--frozen" "--all" "--all-targets" "--message-format=json", kill_on_drop: false }`
[INFO] [stderr]    Compiling serde_core v1.0.229
[INFO] [stderr]    Compiling serde v1.0.229
[INFO] [stderr]    Compiling zerofrom v0.1.8
[INFO] [stderr]     Checking futures-channel v0.3.33
[INFO] [stderr]    Compiling memchr v2.8.3
[INFO] [stderr]    Compiling futures-macro v0.3.33
[INFO] [stderr]     Checking tokio v1.53.1
[INFO] [stderr]     Checking futures-io v0.3.33
[INFO] [stderr]    Compiling yoke v0.8.3
[INFO] [stderr]     Checking log v0.4.33
[INFO] [stderr]    Compiling smallvec v1.15.2
[INFO] [stderr]    Compiling ring v0.17.14
[INFO] [stderr]    Compiling zerovec v0.11.6
[INFO] [stderr]    Compiling zerotrie v0.2.4
[INFO] [stderr]    Compiling futures-core v0.3.33
[INFO] [stderr]    Compiling typenum v1.20.1
[INFO] [stderr]     Checking tracing v0.1.44
[INFO] [stderr]     Checking futures-util v0.3.33
[INFO] [stderr]    Compiling object v0.39.1
[INFO] [stderr]    Compiling tinystr v0.8.3
[INFO] [stderr]    Compiling potential_utf v0.1.5
[INFO] [stderr]    Compiling icu_locale_core v2.2.0
[INFO] [stderr]    Compiling icu_collections v2.2.0
[INFO] [stderr]    Compiling futures-sink v0.3.33
[INFO] [stderr]    Compiling rustls v0.23.43
[INFO] [stderr]    Compiling generic-array v0.14.7
[INFO] [stderr]    Compiling icu_provider v2.2.0
[INFO] [stderr]    Compiling crypto-common v0.1.7
[INFO] [stderr]    Compiling icu_normalizer v2.2.0
[INFO] [stderr]    Compiling icu_properties v2.2.0
[INFO] [stderr]    Compiling block-buffer v0.10.4
[INFO] [stderr]     Checking url v2.5.8
[INFO] [stderr]    Compiling parking_lot_core v0.9.12
[INFO] [stderr]    Compiling mio v1.2.2
[INFO] [stderr]    Compiling either v1.17.0
[INFO] [stderr]    Compiling socket2 v0.6.5
[INFO] [stderr]    Compiling foldhash v0.2.0
[INFO] [stderr]    Compiling thiserror v2.0.19
[INFO] [stderr]    Compiling futures-task v0.3.33
[INFO] [stderr]    Compiling bytes v1.12.1
[INFO] [stderr]    Compiling hashbrown v0.16.1
[INFO] [stderr]    Compiling idna_adapter v1.2.2
[INFO] [stderr]    Compiling idna v1.1.0
[INFO] [stderr]    Compiling form_urlencoded v1.2.2
[INFO] [stderr]     Checking futures-executor v0.3.33
[INFO] [stderr]    Compiling parking_lot v0.12.5
[INFO] [stderr]    Compiling digest v0.10.7
[INFO] [stderr]    Compiling libsqlite3-sys v0.30.1
[INFO] [stderr]    Compiling crossbeam-utils v0.8.22
[INFO] [stderr]     Checking rustls-webpki v0.103.13
[INFO] [stderr]     Checking webpki-roots v1.0.9
[INFO] [stderr]    Compiling parking v2.2.1
[INFO] [stderr]    Compiling event-listener v5.4.2
[INFO] [stderr]     Checking tokio-util v0.7.19
[INFO] [stderr]    Compiling crossbeam-queue v0.3.13
[INFO] [stderr]     Checking hyper v1.11.0
[INFO] [stderr]     Checking tokio-stream v0.1.19
[INFO] [stderr]    Compiling mime_guess v2.0.5
[INFO] [stderr]    Compiling sha2 v0.10.9
[INFO] [stderr]    Compiling hashlink v0.11.1
[INFO] [stderr]    Compiling futures-intrusive v0.5.0
[INFO] [stderr]    Compiling ar_archive_writer v0.5.3
[INFO] [stderr]    Compiling spin v0.9.9
[INFO] [stderr]    Compiling num-traits v0.2.19
[INFO] [stderr]    Compiling erasable v1.3.0
[INFO] [stderr]     Checking sync_wrapper v1.0.2
[INFO] [stderr]    Compiling zerocopy v0.8.55
[INFO] [stderr]     Checking ipnet v2.12.1
[INFO] [stderr]    Compiling base64 v0.22.1
[INFO] [stderr]    Compiling psm v0.1.32
[INFO] [stderr]     Checking hyper-util v0.1.20
[INFO] [stderr]     Checking tower v0.5.3
[INFO] [stderr]    Compiling atoi v2.0.0
[INFO] [stderr]    Compiling flume v0.12.0
[INFO] [stderr]    Compiling stacker v0.1.25
[INFO] [stderr]    Compiling pin-project-internal v1.1.13
[INFO] [stderr]     Checking bitflags v2.13.1
[INFO] [stderr]     Checking tower-http v0.6.11
[INFO] [stderr]     Checking serde_urlencoded v0.7.1
[INFO] [stderr]    Compiling serde_json v1.0.151
[INFO] [stderr]     Checking chrono v0.4.45
[INFO] [stderr]     Checking tokio-rustls v0.26.4
[INFO] [stderr]    Compiling derive_more-impl v1.0.0
[INFO] [stderr]     Checking hyper-rustls v0.27.9
[INFO] [stderr]     Checking pin-project v1.1.13
[INFO] [stderr]    Compiling serde_with_macros v3.21.0
[INFO] [stderr]     Checking futures v0.3.33
[INFO] [stderr]    Compiling sqlx-core v0.9.0
[INFO] [stderr]    Compiling thiserror-impl v1.0.69
[INFO] [stderr]    Compiling proc-macro-error-attr2 v2.0.0
[INFO] [stderr]    Compiling include_dir_macros v0.7.4
[INFO] [stderr]     Checking bytemuck v1.25.2
[INFO] [stderr]     Checking regex-syntax v0.8.11
[INFO] [stderr]    Compiling include_dir v0.7.4
[INFO] [stderr]     Checking rgb v0.8.53
[INFO] [stderr]     Checking derive_more v1.0.0
[INFO] [stderr]    Compiling proc-macro-error2 v2.0.1
[INFO] [stderr]     Checking thiserror v1.0.69
[INFO] [stderr]     Checking reqwest v0.12.28
[INFO] [stderr]     Checking serde_with v3.21.0
[INFO] [stderr]     Checking regex-automata v0.4.16
[INFO] [stderr]     Checking rc-box v1.3.0
[INFO] [stderr]     Checking uuid v1.24.0
[INFO] [stderr]    Compiling itertools v0.10.5
[INFO] [stderr] error: could not compile `sqlx-core` (lib)
[INFO] [stderr] 
[INFO] [stderr] Caused by:
[INFO] [stderr]   process didn't exit successfully: `/opt/rustwide/rustup-home/toolchains/012c0bd4d516934012c9a1ecb26e9eb283d2ed75/bin/rustc --crate-name sqlx_core --edition=2021 /opt/rustwide/cargo-home/registry/src/index.crates.io-1949cf8c6b5b557f/sqlx-core-0.9.0/src/lib.rs --error-format=json --json=diagnostic-rendered-ansi,artifacts,future-incompat,unused-externs-silent --crate-type lib --emit=dep-info,metadata -C embed-bitcode=no -C debuginfo=2 --cfg 'feature="_rt-tokio"' --cfg 'feature="crc"' --cfg 'feature="default"' --cfg 'feature="migrate"' --cfg 'feature="offline"' --cfg 'feature="serde"' --cfg 'feature="sha2"' --cfg 'feature="tokio"' --cfg 'feature="tokio-stream"' --check-cfg 'cfg(docsrs,test)' --check-cfg 'cfg(feature, values("_rt-async-global-executor", "_rt-async-io", "_rt-async-std", "_rt-async-task", "_rt-smol", "_rt-tokio", "_tls-native-tls", "_tls-none", "_tls-rustls", "_tls-rustls-aws-lc-rs", "_tls-rustls-ring-native-roots", "_tls-rustls-ring-webpki", "_unstable-doc", "any", "async-fs", "async-global-executor", "async-io", "async-std", "async-task", "bigdecimal", "bit-vec", "bstr", "chrono", "crc", "default", "ipnet", "ipnetwork", "json", "mac_address", "migrate", "native-tls", "offline", "rust_decimal", "rustls", "rustls-native-certs", "serde", "serde_json", "sha2", "smol", "sqlx-toml", "time", "tokio", "tokio-stream", "toml", "uuid", "webpki-roots"))' -C metadata=7736853776417750 -C extra-filename=-f0bb282c1baaefed --out-dir /opt/rustwide/target/debug/build/sqlx-core/f0bb282c1baaefed/out -L dependency=/opt/rustwide/target/debug/build/allocator-api2/34319c28828d46c3/out -L dependency=/opt/rustwide/target/debug/build/block-buffer/0af5b8fc335d25d4/out -L dependency=/opt/rustwide/target/debug/build/bytes/4fbd75942b1503ad/out -L dependency=/opt/rustwide/target/debug/build/cfg-if/190c9021fd162845/out -L dependency=/opt/rustwide/target/debug/build/cpufeatures/1ae956ba346ebd12/out -L dependency=/opt/rustwide/target/debug/build/crc-catalog/e44483d7855e88f0/out -L dependency=/opt/rustwide/target/debug/build/crossbeam-utils/de917fa5281a5b5a/out -L dependency=/opt/rustwide/target/debug/build/crypto-common/a6c35bab965d0c71/out -L dependency=/opt/rustwide/target/debug/build/digest/d9a4cd3c8773850a/out -L dependency=/opt/rustwide/target/debug/build/displaydoc/fa1fbb005519eed4/out -L dependency=/opt/rustwide/target/debug/build/equivalent/d23b026399a51038/out -L dependency=/opt/rustwide/target/debug/build/errno/0f735279c0a5cb88/out -L dependency=/opt/rustwide/target/debug/build/foldhash/7cc0e6b6b64910e8/out -L dependency=/opt/rustwide/target/debug/build/form_urlencoded/a0709cb2f4e6749a/out -L dependency=/opt/rustwide/target/debug/build/futures-channel/dfe92fecf9204724/out -L dependency=/opt/rustwide/target/debug/build/futures-core/66c6c11339e0b249/out -L dependency=/opt/rustwide/target/debug/build/futures-io/ec825954e5f24f03/out -L dependency=/opt/rustwide/target/debug/build/futures-macro/2e0febc4b55f49d2/out -L dependency=/opt/rustwide/target/debug/build/futures-sink/cdd1669e988ddca7/out -L dependency=/opt/rustwide/target/debug/build/futures-task/7018d05962e87907/out -L dependency=/opt/rustwide/target/debug/build/generic-array/ce25ba0e196dbb97/out -L dependency=/opt/rustwide/target/debug/build/hashbrown/0351dbc9c736718e/out -L dependency=/opt/rustwide/target/debug/build/hashbrown/1ff293044ac6a4a8/out -L dependency=/opt/rustwide/target/debug/build/icu_collections/608dbb694e50fb7f/out -L dependency=/opt/rustwide/target/debug/build/icu_locale_core/bd721e0f9a6c4cfa/out -L dependency=/opt/rustwide/target/debug/build/icu_normalizer/695cbba27dbcecbc/out -L dependency=/opt/rustwide/target/debug/build/icu_normalizer_data/9df594966f451c5b/out -L dependency=/opt/rustwide/target/debug/build/icu_properties/0b5be6d49e1dd5cb/out -L dependency=/opt/rustwide/target/debug/build/icu_properties_data/335803bac80265ac/out -L dependency=/opt/rustwide/target/debug/build/icu_provider/e95b9fcfd3f5a98e/out -L dependency=/opt/rustwide/target/debug/build/idna/088915b77cb1eca5/out -L dependency=/opt/rustwide/target/debug/build/idna_adapter/100c910f996c551d/out -L dependency=/opt/rustwide/target/debug/build/libc/5b122225efee376b/out -L dependency=/opt/rustwide/target/debug/build/litemap/6390bd0b5dbf5657/out -L dependency=/opt/rustwide/target/debug/build/lock_api/b47e4fe57039b3cf/out -L dependency=/opt/rustwide/target/debug/build/log/55ad662771f624ae/out -L dependency=/opt/rustwide/target/debug/build/memchr/b924193483665774/out -L dependency=/opt/rustwide/target/debug/build/mio/acbf03d6753a552b/out -L dependency=/opt/rustwide/target/debug/build/once_cell/6f8123b0c2eed634/out -L dependency=/opt/rustwide/target/debug/build/parking/fbbb0e1f7c7ebc3f/out -L dependency=/opt/rustwide/target/debug/build/parking_lot/fbaaae226cca1d88/out -L dependency=/opt/rustwide/target/debug/build/parking_lot_core/e1a619b48c889fab/out -L dependency=/opt/rustwide/target/debug/build/percent-encoding/f0f3780066f274e0/out -L dependency=/opt/rustwide/target/debug/build/pin-project-lite/7176d3be2b7ee2e1/out -L dependency=/opt/rustwide/target/debug/build/potential_utf/b5e9f130d71ab2cb/out -L dependency=/opt/rustwide/target/debug/build/scopeguard/e7d227cb308b3799/out -L dependency=/opt/rustwide/target/debug/build/serde/78b547033c9da3fb/out -L dependency=/opt/rustwide/target/debug/build/serde_core/182ae46cbfb5dc43/out -L dependency=/opt/rustwide/target/debug/build/serde_derive/2de73cf2358e7261/out -L dependency=/opt/rustwide/target/debug/build/signal-hook-registry/e631dbe7df418f4f/out -L dependency=/opt/rustwide/target/debug/build/slab/ae595133c23c4338/out -L dependency=/opt/rustwide/target/debug/build/smallvec/3fa8e7f1993d4002/out -L dependency=/opt/rustwide/target/debug/build/socket2/081bf329e7bc52a9/out -L dependency=/opt/rustwide/target/debug/build/stable_deref_trait/a4bd0afb694af506/out -L dependency=/opt/rustwide/target/debug/build/thiserror-impl/7a535bf0b64924ac/out -L dependency=/opt/rustwide/target/debug/build/tinystr/f04b4f1b8065b65b/out -L dependency=/opt/rustwide/target/debug/build/tokio-macros/f451eeef8a334135/out -L dependency=/opt/rustwide/target/debug/build/tokio/c49efc155eb495c5/out -L dependency=/opt/rustwide/target/debug/build/tracing-attributes/bce7024c6f388e42/out -L dependency=/opt/rustwide/target/debug/build/tracing-core/924ceb6a991dbdfe/out -L dependency=/opt/rustwide/target/debug/build/typenum/4c820b3e2b4e41c0/out -L dependency=/opt/rustwide/target/debug/build/utf8_iter/88f5a358869389d3/out -L dependency=/opt/rustwide/target/debug/build/writeable/b7e8e2724ee161de/out -L dependency=/opt/rustwide/target/debug/build/yoke-derive/09d8a5e970f34c46/out -L dependency=/opt/rustwide/target/debug/build/yoke/efb6b5d684f0fbb9/out -L dependency=/opt/rustwide/target/debug/build/zerofrom-derive/2b366f6106c6e48c/out -L dependency=/opt/rustwide/target/debug/build/zerofrom/bf92bca5ab8b049f/out -L dependency=/opt/rustwide/target/debug/build/zerotrie/e3cbf173e8683e1c/out -L dependency=/opt/rustwide/target/debug/build/zerovec-derive/91231cbc9ae51bdc/out -L dependency=/opt/rustwide/target/debug/build/zerovec/a496ec60248e0f2d/out --extern base64=/opt/rustwide/target/debug/build/base64/d8aec028dea2d277/out/libbase64-d8aec028dea2d277.rmeta --extern bytes=/opt/rustwide/target/debug/build/bytes/4fbd75942b1503ad/out/libbytes-4fbd75942b1503ad.rmeta --extern cfg_if=/opt/rustwide/target/debug/build/cfg-if/190c9021fd162845/out/libcfg_if-190c9021fd162845.rmeta --extern crc=/opt/rustwide/target/debug/build/crc/491683af8c0bf065/out/libcrc-491683af8c0bf065.rmeta --extern crossbeam_queue=/opt/rustwide/target/debug/build/crossbeam-queue/410baf3eb85bd5c7/out/libcrossbeam_queue-410baf3eb85bd5c7.rmeta --extern either=/opt/rustwide/target/debug/build/either/e7ab23023767fb8b/out/libeither-e7ab23023767fb8b.rmeta --extern event_listener=/opt/rustwide/target/debug/build/event-listener/89985501854d033c/out/libevent_listener-89985501854d033c.rmeta --extern futures_core=/opt/rustwide/target/debug/build/futures-core/66c6c11339e0b249/out/libfutures_core-66c6c11339e0b249.rmeta --extern futures_intrusive=/opt/rustwide/target/debug/build/futures-intrusive/c57179a3fd461b4f/out/libfutures_intrusive-c57179a3fd461b4f.rmeta --extern futures_io=/opt/rustwide/target/debug/build/futures-io/ec825954e5f24f03/out/libfutures_io-ec825954e5f24f03.rmeta --extern futures_util=/opt/rustwide/target/debug/build/futures-util/d1ed76208db35371/out/libfutures_util-d1ed76208db35371.rmeta --extern hashbrown=/opt/rustwide/target/debug/build/hashbrown/0351dbc9c736718e/out/libhashbrown-0351dbc9c736718e.rmeta --extern hashlink=/opt/rustwide/target/debug/build/hashlink/4389d15a2c75f812/out/libhashlink-4389d15a2c75f812.rmeta --extern indexmap=/opt/rustwide/target/debug/build/indexmap/5cd8f496451fc958/out/libindexmap-5cd8f496451fc958.rmeta --extern log=/opt/rustwide/target/debug/build/log/55ad662771f624ae/out/liblog-55ad662771f624ae.rmeta --extern memchr=/opt/rustwide/target/debug/build/memchr/b924193483665774/out/libmemchr-b924193483665774.rmeta --extern percent_encoding=/opt/rustwide/target/debug/build/percent-encoding/f0f3780066f274e0/out/libpercent_encoding-f0f3780066f274e0.rmeta --extern serde=/opt/rustwide/target/debug/build/serde/78b547033c9da3fb/out/libserde-78b547033c9da3fb.rmeta --extern sha2=/opt/rustwide/target/debug/build/sha2/f6c87ec69d305e46/out/libsha2-f6c87ec69d305e46.rmeta --extern smallvec=/opt/rustwide/target/debug/build/smallvec/3fa8e7f1993d4002/out/libsmallvec-3fa8e7f1993d4002.rmeta --extern thiserror=/opt/rustwide/target/debug/build/thiserror/1dd653063559982d/out/libthiserror-1dd653063559982d.rmeta --extern tokio=/opt/rustwide/target/debug/build/tokio/c49efc155eb495c5/out/libtokio-c49efc155eb495c5.rmeta --extern tokio_stream=/opt/rustwide/target/debug/build/tokio-stream/d1e75e14123010be/out/libtokio_stream-d1e75e14123010be.rmeta --extern tracing=/opt/rustwide/target/debug/build/tracing/0065815f8d3789ca/out/libtracing-0065815f8d3789ca.rmeta --extern url=/opt/rustwide/target/debug/build/url/225300f292c6d156/out/liburl-225300f292c6d156.rmeta --cap-lints allow --cap-lints=forbid --force-warn=unused_crate_dependencies` (signal: 9, SIGKILL: kill)
[INFO] [stderr] warning: build failed, waiting for other jobs to finish...
[INFO] [stderr] warning: libsqlite3-sys@0.30.1: cc: fatal error: Killed signal terminated program cc1
[INFO] [stderr] warning: libsqlite3-sys@0.30.1: compilation terminated.
[INFO] [stderr] error: failed to run custom build command for `libsqlite3-sys v0.30.1`
[INFO] [stderr] note: To improve backtraces for build dependencies, set the CARGO_PROFILE_DEV_BUILD_OVERRIDE_DEBUG=true environment variable to enable debug information generation.
[INFO] [stderr] 
[INFO] [stderr] Caused by:
[INFO] [stderr]   process didn't exit successfully: `/opt/rustwide/target/debug/build/libsqlite3-sys/99537ced02e4d19c/out/build_script_build` (exit status: 1)
[INFO] [stderr]   --- stdout
[INFO] [stderr]   cargo:rerun-if-env-changed=LIBSQLITE3_SYS_USE_PKG_CONFIG
[INFO] [stderr]   cargo:include=/opt/rustwide/cargo-home/registry/src/index.crates.io-1949cf8c6b5b557f/libsqlite3-sys-0.30.1/sqlite3
[INFO] [stderr]   cargo:rerun-if-changed=sqlite3/sqlite3.c
[INFO] [stderr]   cargo:rerun-if-changed=sqlite3/wasm32-wasi-vfs.c
[INFO] [stderr]   cargo:rerun-if-env-changed=SQLITE_MAX_VARIABLE_NUMBER
[INFO] [stderr]   cargo:rerun-if-env-changed=SQLITE_MAX_EXPR_DEPTH
[INFO] [stderr]   cargo:rerun-if-env-changed=SQLITE_MAX_COLUMN
[INFO] [stderr]   cargo:rerun-if-env-changed=LIBSQLITE3_FLAGS
[INFO] [stderr]   cargo:rerun-if-env-changed=CC_FORCE_DISABLE
[INFO] [stderr]   CC_FORCE_DISABLE = None
[INFO] [stderr]   cargo:rerun-if-env-changed=CC_x86_64-unknown-linux-gnu
[INFO] [stderr]   CC_x86_64-unknown-linux-gnu = None
[INFO] [stderr]   cargo:rerun-if-env-changed=CC_x86_64_unknown_linux_gnu
[INFO] [stderr]   CC_x86_64_unknown_linux_gnu = None
[INFO] [stderr]   cargo:rerun-if-env-changed=HOST_CC
[INFO] [stderr]   HOST_CC = None
[INFO] [stderr]   cargo:rerun-if-env-changed=CC
[INFO] [stderr]   CC = None
[INFO] [stderr]   cargo:rerun-if-env-changed=CC_ENABLE_DEBUG_OUTPUT
[INFO] [stderr]   cargo:rerun-if-env-changed=CRATE_CC_NO_DEFAULTS
[INFO] [stderr]   CRATE_CC_NO_DEFAULTS = None
[INFO] [stderr]   cargo:rerun-if-env-changed=CFLAGS
[INFO] [stderr]   CFLAGS = None
[INFO] [stderr]   cargo:rerun-if-env-changed=HOST_CFLAGS
[INFO] [stderr]   HOST_CFLAGS = None
[INFO] [stderr]   cargo:rerun-if-env-changed=CFLAGS_x86_64_unknown_linux_gnu
[INFO] [stderr]   CFLAGS_x86_64_unknown_linux_gnu = None
[INFO] [stderr]   cargo:rerun-if-env-changed=CFLAGS_x86_64-unknown-linux-gnu
[INFO] [stderr]   CFLAGS_x86_64-unknown-linux-gnu = None
[INFO] [stderr]   cargo:warning=cc: fatal error: Killed signal terminated program cc1
[INFO] [stderr]   cargo:warning=compilation terminated.
[INFO] [stderr] 
[INFO] [stderr]   --- stderr
[INFO] [stderr] 
[INFO] [stderr] 
[INFO] [stderr]   error occurred in cc-rs: command did not execute successfully (status code exit status: 1): LC_ALL="C" "cc" "-O0" "-ffunction-sections" "-fdata-sections" "-fPIC" "-g" "-gdwarf-4" "-fno-omit-frame-pointer" "-m64" "-w" "-DSQLITE_CORE" "-DSQLITE_DEFAULT_FOREIGN_KEYS=1" "-DSQLITE_ENABLE_API_ARMOR" "-DSQLITE_ENABLE_COLUMN_METADATA" "-DSQLITE_ENABLE_DBSTAT_VTAB" "-DSQLITE_ENABLE_FTS3" "-DSQLITE_ENABLE_FTS3_PARENTHESIS" "-DSQLITE_ENABLE_FTS5" "-DSQLITE_ENABLE_JSON1" "-DSQLITE_ENABLE_LOAD_EXTENSION=1" "-DSQLITE_ENABLE_MEMORY_MANAGEMENT" "-DSQLITE_ENABLE_RTREE" "-DSQLITE_ENABLE_STAT4" "-DSQLITE_SOUNDEX" "-DSQLITE_THREADSAFE=1" "-DSQLITE_USE_URI" "-DHAVE_USLEEP=1" "-DHAVE_ISNAN" "-D_POSIX_THREAD_SAFE_FUNCTIONS" "-DHAVE_LOCALTIME_R" "-DSQLITE_ENABLE_UNLOCK_NOTIFY" "-o" "/opt/rustwide/target/debug/build/libsqlite3-sys/77e1f99ecd7a6bfa/out/c877a2978823c39d-sqlite3.o" "-c" "sqlite3/sqlite3.c"
[INFO] [stderr] 
[INFO] [stderr] 
[INFO] [stderr] error: could not compile `sqlx-core` (lib)
[INFO] [stderr] 
[INFO] [stderr] Caused by:
[INFO] [stderr]   process didn't exit successfully: `/opt/rustwide/rustup-home/toolchains/012c0bd4d516934012c9a1ecb26e9eb283d2ed75/bin/rustc --crate-name sqlx_core --edition=2021 /opt/rustwide/cargo-home/registry/src/index.crates.io-1949cf8c6b5b557f/sqlx-core-0.9.0/src/lib.rs --error-format=json --json=diagnostic-rendered-ansi,artifacts,future-incompat,unused-externs-silent --crate-type lib --emit=dep-info,metadata,link -Z embed-metadata=no -C embed-bitcode=no --cfg 'feature="_rt-tokio"' --cfg 'feature="any"' --cfg 'feature="crc"' --cfg 'feature="default"' --cfg 'feature="migrate"' --cfg 'feature="offline"' --cfg 'feature="serde"' --cfg 'feature="sha2"' --cfg 'feature="tokio"' --cfg 'feature="tokio-stream"' --check-cfg 'cfg(docsrs,test)' --check-cfg 'cfg(feature, values("_rt-async-global-executor", "_rt-async-io", "_rt-async-std", "_rt-async-task", "_rt-smol", "_rt-tokio", "_tls-native-tls", "_tls-none", "_tls-rustls", "_tls-rustls-aws-lc-rs", "_tls-rustls-ring-native-roots", "_tls-rustls-ring-webpki", "_unstable-doc", "any", "async-fs", "async-global-executor", "async-io", "async-std", "async-task", "bigdecimal", "bit-vec", "bstr", "chrono", "crc", "default", "ipnet", "ipnetwork", "json", "mac_address", "migrate", "native-tls", "offline", "rust_decimal", "rustls", "rustls-native-certs", "serde", "serde_json", "sha2", "smol", "sqlx-toml", "time", "tokio", "tokio-stream", "toml", "uuid", "webpki-roots"))' -C metadata=baf82244a35b853e -C extra-filename=-aedeae7260e6d219 --out-dir /opt/rustwide/target/debug/build/sqlx-core/aedeae7260e6d219/out -L dependency=/opt/rustwide/target/debug/build/allocator-api2/42b8139a42d2dc4b/out -L dependency=/opt/rustwide/target/debug/build/block-buffer/fa78e6b26116328e/out -L dependency=/opt/rustwide/target/debug/build/bytes/30351472287a0b7c/out -L dependency=/opt/rustwide/target/debug/build/cfg-if/9c7f9eb9639deea5/out -L dependency=/opt/rustwide/target/debug/build/cpufeatures/f3f9f911326b91aa/out -L dependency=/opt/rustwide/target/debug/build/crc-catalog/a1f82b426515e729/out -L dependency=/opt/rustwide/target/debug/build/crossbeam-utils/576c644a82d9748e/out -L dependency=/opt/rustwide/target/debug/build/crypto-common/1131d906d76cb65e/out -L dependency=/opt/rustwide/target/debug/build/digest/1f672f247c89d4ab/out -L dependency=/opt/rustwide/target/debug/build/displaydoc/fa1fbb005519eed4/out -L dependency=/opt/rustwide/target/debug/build/equivalent/1cd2a250f2449a60/out -L dependency=/opt/rustwide/target/debug/build/foldhash/2ef96db4f84fea1f/out -L dependency=/opt/rustwide/target/debug/build/form_urlencoded/98d993fe7ff5ae29/out -L dependency=/opt/rustwide/target/debug/build/futures-core/92e66ed22d184036/out -L dependency=/opt/rustwide/target/debug/build/futures-io/b1aec73af0664927/out -L dependency=/opt/rustwide/target/debug/build/futures-sink/d8f94c8abd6fe84d/out -L dependency=/opt/rustwide/target/debug/build/futures-task/52eccbb2bc20142b/out -L dependency=/opt/rustwide/target/debug/build/generic-array/91078d87d721ec6f/out -L dependency=/opt/rustwide/target/debug/build/hashbrown/114b1a263dfc3527/out -L dependency=/opt/rustwide/target/debug/build/hashbrown/e6a297648138f250/out -L dependency=/opt/rustwide/target/debug/build/icu_collections/df70196b9654fe7b/out -L dependency=/opt/rustwide/target/debug/build/icu_locale_core/44a701fdad27c38c/out -L dependency=/opt/rustwide/target/debug/build/icu_normalizer/842bd38d933fcd90/out -L dependency=/opt/rustwide/target/debug/build/icu_normalizer_data/1b6c8874d99a5eda/out -L dependency=/opt/rustwide/target/debug/build/icu_properties/36c1e8d4d9a0567c/out -L dependency=/opt/rustwide/target/debug/build/icu_properties_data/627524c7c16c6dd3/out -L dependency=/opt/rustwide/target/debug/build/icu_provider/3a7e5078ce933f25/out -L dependency=/opt/rustwide/target/debug/build/idna/e21214176c52c75d/out -L dependency=/opt/rustwide/target/debug/build/idna_adapter/39f807a3407dcd1b/out -L dependency=/opt/rustwide/target/debug/build/libc/957bca8494e3bc36/out -L dependency=/opt/rustwide/target/debug/build/litemap/483f8291379d5ef1/out -L dependency=/opt/rustwide/target/debug/build/lock_api/886e26369390df02/out -L dependency=/opt/rustwide/target/debug/build/log/ea664147fe42076c/out -L dependency=/opt/rustwide/target/debug/build/memchr/eb8ac1f1f77ae379/out -L dependency=/opt/rustwide/target/debug/build/mio/90708ae23790c840/out -L dependency=/opt/rustwide/target/debug/build/once_cell/e7324593321ca94b/out -L dependency=/opt/rustwide/target/debug/build/parking/44d3ea4fa3fa372c/out -L dependency=/opt/rustwide/target/debug/build/parking_lot/7b28034743767f6b/out -L dependency=/opt/rustwide/target/debug/build/parking_lot_core/4ffdcc9b468f3f18/out -L dependency=/opt/rustwide/target/debug/build/percent-encoding/2031134c95a34a69/out -L dependency=/opt/rustwide/target/debug/build/pin-project-lite/c7bca50a9594d885/out -L dependency=/opt/rustwide/target/debug/build/potential_utf/6c296cfbe9ae4c0d/out -L dependency=/opt/rustwide/target/debug/build/scopeguard/22e389c5edc90715/out -L dependency=/opt/rustwide/target/debug/build/serde/66f3aa97d64ce34b/out -L dependency=/opt/rustwide/target/debug/build/serde_core/50b3790ca2ebcc54/out -L dependency=/opt/rustwide/target/debug/build/serde_derive/2de73cf2358e7261/out -L dependency=/opt/rustwide/target/debug/build/slab/f5dcc71be5a0969d/out -L dependency=/opt/rustwide/target/debug/build/smallvec/b7a05017ea0f753d/out -L dependency=/opt/rustwide/target/debug/build/socket2/7b3676e69b8e86f5/out -L dependency=/opt/rustwide/target/debug/build/stable_deref_trait/8e8044a479f43a28/out -L dependency=/opt/rustwide/target/debug/build/thiserror-impl/7a535bf0b64924ac/out -L dependency=/opt/rustwide/target/debug/build/tinystr/f11ee928ad2c0c55/out -L dependency=/opt/rustwide/target/debug/build/tokio/7f0bf76343e6c015/out -L dependency=/opt/rustwide/target/debug/build/tracing-attributes/bce7024c6f388e42/out -L dependency=/opt/rustwide/target/debug/build/tracing-core/34c91c5d3d56f954/out -L dependency=/opt/rustwide/target/debug/build/typenum/1bded92092901d6e/out -L dependency=/opt/rustwide/target/debug/build/utf8_iter/83d48b7642e6f3cb/out -L dependency=/opt/rustwide/target/debug/build/writeable/7d7c037a1a27ba38/out -L dependency=/opt/rustwide/target/debug/build/yoke-derive/09d8a5e970f34c46/out -L dependency=/opt/rustwide/target/debug/build/yoke/38fa584b894837b7/out -L dependency=/opt/rustwide/target/debug/build/zerofrom-derive/2b366f6106c6e48c/out -L dependency=/opt/rustwide/target/debug/build/zerofrom/b89815940d667e0c/out -L dependency=/opt/rustwide/target/debug/build/zerotrie/02e01f3473c3434e/out -L dependency=/opt/rustwide/target/debug/build/zerovec-derive/91231cbc9ae51bdc/out -L dependency=/opt/rustwide/target/debug/build/zerovec/d9ba6d64e228bedf/out --extern base64=/opt/rustwide/target/debug/build/base64/25f5fffb04968a9b/out/libbase64-25f5fffb04968a9b.rmeta --extern bytes=/opt/rustwide/target/debug/build/bytes/30351472287a0b7c/out/libbytes-30351472287a0b7c.rmeta --extern cfg_if=/opt/rustwide/target/debug/build/cfg-if/9c7f9eb9639deea5/out/libcfg_if-9c7f9eb9639deea5.rmeta --extern crc=/opt/rustwide/target/debug/build/crc/895cf4883efef589/out/libcrc-895cf4883efef589.rmeta --extern crossbeam_queue=/opt/rustwide/target/debug/build/crossbeam-queue/7f4b016f4783e799/out/libcrossbeam_queue-7f4b016f4783e799.rmeta --extern either=/opt/rustwide/target/debug/build/either/f0c21d64c9b86a84/out/libeither-f0c21d64c9b86a84.rmeta --extern event_listener=/opt/rustwide/target/debug/build/event-listener/9678cb989a975b1f/out/libevent_listener-9678cb989a975b1f.rmeta --extern futures_core=/opt/rustwide/target/debug/build/futures-core/92e66ed22d184036/out/libfutures_core-92e66ed22d184036.rmeta --extern futures_intrusive=/opt/rustwide/target/debug/build/futures-intrusive/f66dd1384571c3ce/out/libfutures_intrusive-f66dd1384571c3ce.rmeta --extern futures_io=/opt/rustwide/target/debug/build/futures-io/b1aec73af0664927/out/libfutures_io-b1aec73af0664927.rmeta --extern futures_util=/opt/rustwide/target/debug/build/futures-util/fbc6b184d7737c31/out/libfutures_util-fbc6b184d7737c31.rmeta --extern hashbrown=/opt/rustwide/target/debug/build/hashbrown/114b1a263dfc3527/out/libhashbrown-114b1a263dfc3527.rmeta --extern hashlink=/opt/rustwide/target/debug/build/hashlink/1b3269f3411b83a0/out/libhashlink-1b3269f3411b83a0.rmeta --extern indexmap=/opt/rustwide/target/debug/build/indexmap/4fb158964f0af1f0/out/libindexmap-4fb158964f0af1f0.rmeta --extern log=/opt/rustwide/target/debug/build/log/ea664147fe42076c/out/liblog-ea664147fe42076c.rmeta --extern memchr=/opt/rustwide/target/debug/build/memchr/eb8ac1f1f77ae379/out/libmemchr-eb8ac1f1f77ae379.rmeta --extern percent_encoding=/opt/rustwide/target/debug/build/percent-encoding/2031134c95a34a69/out/libpercent_encoding-2031134c95a34a69.rmeta --extern serde=/opt/rustwide/target/debug/build/serde/66f3aa97d64ce34b/out/libserde-66f3aa97d64ce34b.rmeta --extern sha2=/opt/rustwide/target/debug/build/sha2/b5a328b39fca1e04/out/libsha2-b5a328b39fca1e04.rmeta --extern smallvec=/opt/rustwide/target/debug/build/smallvec/b7a05017ea0f753d/out/libsmallvec-b7a05017ea0f753d.rmeta --extern thiserror=/opt/rustwide/target/debug/build/thiserror/15230882e7b23c22/out/libthiserror-15230882e7b23c22.rmeta --extern tokio=/opt/rustwide/target/debug/build/tokio/7f0bf76343e6c015/out/libtokio-7f0bf76343e6c015.rmeta --extern tokio_stream=/opt/rustwide/target/debug/build/tokio-stream/f8ed8df8cbc48a10/out/libtokio_stream-f8ed8df8cbc48a10.rmeta --extern tracing=/opt/rustwide/target/debug/build/tracing/689dd16dea653cdc/out/libtracing-689dd16dea653cdc.rmeta --extern url=/opt/rustwide/target/debug/build/url/778e3008a9b63f8c/out/liburl-778e3008a9b63f8c.rmeta --cap-lints allow --cap-lints=forbid --force-warn=unused_crate_dependencies` (signal: 9, SIGKILL: kill)
[INFO] [stderr] error: could not compile `zerocopy` (lib)
[INFO] [stderr] 
[INFO] [stderr] Caused by:
[INFO] [stderr]   process didn't exit successfully: `/opt/rustwide/rustup-home/toolchains/012c0bd4d516934012c9a1ecb26e9eb283d2ed75/bin/rustc --crate-name zerocopy --edition=2021 /opt/rustwide/cargo-home/registry/src/index.crates.io-1949cf8c6b5b557f/zerocopy-0.8.55/src/lib.rs --error-format=json --json=diagnostic-rendered-ansi,artifacts,future-incompat,unused-externs-silent --crate-type lib --emit=dep-info,metadata -C embed-bitcode=no -C debuginfo=2 --cfg 'feature="simd"' --check-cfg 'cfg(docsrs,test)' --check-cfg 'cfg(feature, values("__internal_use_only_features_that_work_on_stable", "alloc", "derive", "float-nightly", "simd", "simd-nightly", "std", "zerocopy-derive"))' -C metadata=7071d1eb72dd33bd -C extra-filename=-1086b312cdd6db4c --out-dir /opt/rustwide/target/debug/build/zerocopy/1086b312cdd6db4c/out --cap-lints allow --cap-lints=forbid --force-warn=unused_crate_dependencies --check-cfg 'cfg(no_zerocopy_simd_x86_avx12_1_89_0)' --check-cfg 'cfg(rust, values("1.89.0"))' --check-cfg 'cfg(no_zerocopy_core_error_1_81_0)' --check-cfg 'cfg(rust, values("1.81.0"))' --check-cfg 'cfg(no_zerocopy_diagnostic_on_unimplemented_1_78_0)' --check-cfg 'cfg(rust, values("1.78.0"))' --check-cfg 'cfg(no_zerocopy_generic_bounds_in_const_fn_1_61_0)' --check-cfg 'cfg(rust, values("1.61.0"))' --check-cfg 'cfg(no_zerocopy_target_has_atomics_1_60_0)' --check-cfg 'cfg(rust, values("1.60.0"))' --check-cfg 'cfg(no_zerocopy_aarch64_simd_1_59_0)' --check-cfg 'cfg(rust, values("1.59.0"))' --check-cfg 'cfg(no_zerocopy_aarch64_simd_be_1_87_0)' --check-cfg 'cfg(rust, values("1.87.0"))' --check-cfg 'cfg(no_zerocopy_panic_in_const_and_vec_try_reserve_1_57_0)' --check-cfg 'cfg(rust, values("1.57.0"))' --check-cfg 'cfg(doc_cfg)' --check-cfg 'cfg(kani)' --check-cfg 'cfg(__ZEROCOPY_INTERNAL_USE_ONLY_NIGHTLY_FEATURES_IN_TESTS)' --check-cfg 'cfg(__ZEROCOPY_INTERNAL_USE_ONLY_DEV_MODE)' --check-cfg 'cfg(coverage_nightly)' --check-cfg 'cfg(zerocopy_inline_always)' --check-cfg 'cfg(zerocopy_unstable_ptr)' --check-cfg 'cfg(zerocopy_unstable_linux)' --check-cfg 'cfg(no_fp_fmt_parse)'` (signal: 9, SIGKILL: kill)
[INFO] [stderr] warning: libsqlite3-sys@0.30.1: cc: fatal error: Killed signal terminated program cc1
[INFO] [stderr] warning: libsqlite3-sys@0.30.1: compilation terminated.
[INFO] [stderr] error: failed to run custom build command for `libsqlite3-sys v0.30.1`
[INFO] [stderr] note: To improve backtraces for build dependencies, set the CARGO_PROFILE_DEV_BUILD_OVERRIDE_DEBUG=true environment variable to enable debug information generation.
[INFO] [stderr] 
[INFO] [stderr] Caused by:
[INFO] [stderr]   process didn't exit successfully: `/opt/rustwide/target/debug/build/libsqlite3-sys/f14db8b85bf6a76c/out/build_script_build` (exit status: 1)
[INFO] [stderr]   --- stdout
[INFO] [stderr]   cargo:rerun-if-env-changed=LIBSQLITE3_SYS_USE_PKG_CONFIG
[INFO] [stderr]   cargo:include=/opt/rustwide/cargo-home/registry/src/index.crates.io-1949cf8c6b5b557f/libsqlite3-sys-0.30.1/sqlite3
[INFO] [stderr]   cargo:rerun-if-changed=sqlite3/sqlite3.c
[INFO] [stderr]   cargo:rerun-if-changed=sqlite3/wasm32-wasi-vfs.c
[INFO] [stderr]   cargo:rerun-if-env-changed=SQLITE_MAX_VARIABLE_NUMBER
[INFO] [stderr]   cargo:rerun-if-env-changed=SQLITE_MAX_EXPR_DEPTH
[INFO] [stderr]   cargo:rerun-if-env-changed=SQLITE_MAX_COLUMN
[INFO] [stderr]   cargo:rerun-if-env-changed=LIBSQLITE3_FLAGS
[INFO] [stderr]   cargo:rerun-if-env-changed=CC_FORCE_DISABLE
[INFO] [stderr]   CC_FORCE_DISABLE = None
[INFO] [stderr]   cargo:rerun-if-env-changed=CC_x86_64-unknown-linux-gnu
[INFO] [stderr]   CC_x86_64-unknown-linux-gnu = None
[INFO] [stderr]   cargo:rerun-if-env-changed=CC_x86_64_unknown_linux_gnu
[INFO] [stderr]   CC_x86_64_unknown_linux_gnu = None
[INFO] [stderr]   cargo:rerun-if-env-changed=HOST_CC
[INFO] [stderr]   HOST_CC = None
[INFO] [stderr]   cargo:rerun-if-env-changed=CC
[INFO] [stderr]   CC = None
[INFO] [stderr]   cargo:rerun-if-env-changed=CC_ENABLE_DEBUG_OUTPUT
[INFO] [stderr]   cargo:rerun-if-env-changed=CRATE_CC_NO_DEFAULTS
[INFO] [stderr]   CRATE_CC_NO_DEFAULTS = None
[INFO] [stderr]   cargo:rerun-if-env-changed=CFLAGS
[INFO] [stderr]   CFLAGS = None
[INFO] [stderr]   cargo:rerun-if-env-changed=HOST_CFLAGS
[INFO] [stderr]   HOST_CFLAGS = None
[INFO] [stderr]   cargo:rerun-if-env-changed=CFLAGS_x86_64_unknown_linux_gnu
[INFO] [stderr]   CFLAGS_x86_64_unknown_linux_gnu = None
[INFO] [stderr]   cargo:rerun-if-env-changed=CFLAGS_x86_64-unknown-linux-gnu
[INFO] [stderr]   CFLAGS_x86_64-unknown-linux-gnu = None
[INFO] [stderr]   cargo:warning=cc: fatal error: Killed signal terminated program cc1
[INFO] [stderr]   cargo:warning=compilation terminated.
[INFO] [stderr] 
[INFO] [stderr]   --- stderr
[INFO] [stderr] 
[INFO] [stderr] 
[INFO] [stderr]   error occurred in cc-rs: command did not execute successfully (status code exit status: 1): LC_ALL="C" "cc" "-O0" "-ffunction-sections" "-fdata-sections" "-fPIC" "-m64" "-w" "-DSQLITE_CORE" "-DSQLITE_DEFAULT_FOREIGN_KEYS=1" "-DSQLITE_ENABLE_API_ARMOR" "-DSQLITE_ENABLE_COLUMN_METADATA" "-DSQLITE_ENABLE_DBSTAT_VTAB" "-DSQLITE_ENABLE_FTS3" "-DSQLITE_ENABLE_FTS3_PARENTHESIS" "-DSQLITE_ENABLE_FTS5" "-DSQLITE_ENABLE_JSON1" "-DSQLITE_ENABLE_LOAD_EXTENSION=1" "-DSQLITE_ENABLE_MEMORY_MANAGEMENT" "-DSQLITE_ENABLE_RTREE" "-DSQLITE_ENABLE_STAT4" "-DSQLITE_SOUNDEX" "-DSQLITE_THREADSAFE=1" "-DSQLITE_USE_URI" "-DHAVE_USLEEP=1" "-DHAVE_ISNAN" "-D_POSIX_THREAD_SAFE_FUNCTIONS" "-DHAVE_LOCALTIME_R" "-o" "/opt/rustwide/target/debug/build/libsqlite3-sys/1604db2e2ca00d43/out/c877a2978823c39d-sqlite3.o" "-c" "sqlite3/sqlite3.c"
[INFO] [stderr] 
[INFO] [stderr] 
[INFO] running `Command { std: "docker" "inspect" "b8f31155fc7b2fa6e1ce982759e77ea0d40748b10714965fa48d244221dd1734", kill_on_drop: false }`
[INFO] running `Command { std: "docker" "rm" "-f" "b8f31155fc7b2fa6e1ce982759e77ea0d40748b10714965fa48d244221dd1734", kill_on_drop: false }`
[INFO] [stdout] b8f31155fc7b2fa6e1ce982759e77ea0d40748b10714965fa48d244221dd1734
