[INFO] cloning repository https://github.com/arnecdn/kafka-topic-operator
[INFO] running `Command { std: "git" "-c" "credential.helper=" "-c" "credential.helper=/workspace/cargo-home/bin/git-credential-null" "clone" "--bare" "https://github.com/arnecdn/kafka-topic-operator" "/workspace/cache/git-repos/https%3A%2F%2Fgithub.com%2Farnecdn%2Fkafka-topic-operator", kill_on_drop: false }`
[INFO] [stderr] Cloning into bare repository '/workspace/cache/git-repos/https%3A%2F%2Fgithub.com%2Farnecdn%2Fkafka-topic-operator'...
[INFO] running `Command { std: "git" "rev-parse" "HEAD", kill_on_drop: false }`
[INFO] [stdout] 1d3a0b64bbb0a45b96cf030bfa3ce1ca9a3b6331
[INFO] checking arnecdn/kafka-topic-operator against 012c0bd4d516934012c9a1ecb26e9eb283d2ed75 for pr-133502-29
[INFO] running `Command { std: "git" "clone" "/workspace/cache/git-repos/https%3A%2F%2Fgithub.com%2Farnecdn%2Fkafka-topic-operator" "/workspace/builds/worker-1-tc1/source", kill_on_drop: false }`
[INFO] [stderr] Cloning into '/workspace/builds/worker-1-tc1/source'...
[INFO] [stderr] done.
[INFO] started tweaking git repo https://github.com/arnecdn/kafka-topic-operator
[INFO] finished tweaking git repo https://github.com/arnecdn/kafka-topic-operator
[INFO] tweaked toml for git repo https://github.com/arnecdn/kafka-topic-operator written to /workspace/builds/worker-1-tc1/source/Cargo.toml
[INFO] validating manifest of git repo https://github.com/arnecdn/kafka-topic-operator on toolchain 012c0bd4d516934012c9a1ecb26e9eb283d2ed75
[INFO] running `Command { std: CARGO_HOME="/workspace/cargo-home" RUSTUP_HOME="/workspace/rustup-home" "/workspace/cargo-home/bin/cargo" "+012c0bd4d516934012c9a1ecb26e9eb283d2ed75" "metadata" "--manifest-path" "Cargo.toml" "--no-deps", kill_on_drop: false }`
[INFO] crate git repo https://github.com/arnecdn/kafka-topic-operator already has a lockfile, it will not be regenerated
[INFO] running `Command { std: CARGO_HOME="/workspace/cargo-home" RUSTUP_HOME="/workspace/rustup-home" "/workspace/cargo-home/bin/cargo" "+012c0bd4d516934012c9a1ecb26e9eb283d2ed75" "fetch" "--manifest-path" "Cargo.toml", kill_on_drop: false }`
[INFO] [stderr]     Updating git repository `https://github.com/arnecdn/greeting_otel_lib`
[INFO] [stderr]     Updating crates.io index
[INFO] [stderr]  Downloading crates ...
[INFO] [stderr]   Downloaded opentelemetry_sdk v0.30.0
[INFO] [stderr]   Downloaded secrecy v0.10.3
[INFO] [stderr]   Downloaded json-patch v4.0.0
[INFO] [stderr]   Downloaded jsonpath-rust v0.7.5
[INFO] [stderr]   Downloaded rustls-native-certs v0.8.1
[INFO] [stderr]   Downloaded indexmap v2.10.0
[INFO] [stderr]   Downloaded hyper-http-proxy v1.1.0
[INFO] [stderr]   Downloaded kube v1.1.0
[INFO] [stderr]   Downloaded pest_generator v2.8.1
[INFO] [stderr]   Downloaded pest_meta v2.8.1
[INFO] [stderr]   Downloaded redox_syscall v0.5.17
[INFO] [stderr]   Downloaded opentelemetry-otlp v0.30.0
[INFO] [stderr]   Downloaded cc v1.2.31
[INFO] [stderr]   Downloaded kube-client v1.1.0
[INFO] [stderr]   Downloaded kube-core v1.1.0
[INFO] [stderr]   Downloaded pest_derive v2.8.1
[INFO] [stderr]   Downloaded security-framework v3.3.0
[INFO] [stderr]   Downloaded backon v1.5.2
[INFO] [stderr]   Downloaded kube-derive v1.1.0
[INFO] [stderr]   Downloaded serde_json v1.0.142
[INFO] [stderr]   Downloaded pest v2.8.1
[INFO] [stderr]   Downloaded tracing-opentelemetry v0.31.0
[INFO] [stderr]   Downloaded kube-runtime v1.1.0
[INFO] [stderr]   Downloaded opentelemetry-semantic-conventions v0.30.0
[INFO] [stderr]   Downloaded tonic v0.13.1
[INFO] [stderr]   Downloaded winnow v0.7.12
[INFO] [stderr]   Downloaded opentelemetry-http v0.30.0
[INFO] [stderr]   Downloaded opentelemetry-proto v0.30.0
[INFO] [stderr]   Downloaded opentelemetry-appender-tracing v0.30.1
[INFO] [stderr]   Downloaded rdkafka-sys v4.9.0+2.10.0
[INFO] [stderr]   Downloaded rdkafka v0.29.0
[INFO] [stderr]   Downloaded k8s-openapi v0.25.0
[INFO] [stderr]   Downloaded opentelemetry v0.30.0
[INFO] [stderr]   Downloaded io-uring v0.7.9
[INFO] running `Command { std: "docker" "create" "-v" "/var/lib/crater-agent-workspace/builds/worker-1-tc1/source:/opt/rustwide/workdir:ro,Z" "-v" "/var/lib/crater-agent-workspace/builds/worker-1-tc1/target:/opt/rustwide/target:rw,Z" "-v" "/var/lib/crater-agent-workspace/cargo-home:/opt/rustwide/cargo-home:ro,Z" "-v" "/var/lib/crater-agent-workspace/rustup-home:/opt/rustwide/rustup-home:ro,Z" "-m" "1610612736" "--network" "none" "ghcr.io/rust-lang/crates-build-env/linux@sha256:3111399a4047eeb3a02b7a90e478d715f38a8c6669b5c4b49d30a17385265909" "sleep" "infinity", kill_on_drop: false }`
[INFO] [stdout] 9b579b4ec3b81dd155808b53949ce5657da00f6e578c92cad50962c345df3a67
[INFO] running `Command { std: "docker" "start" "9b579b4ec3b81dd155808b53949ce5657da00f6e578c92cad50962c345df3a67", kill_on_drop: false }`
[INFO] running `Command { std: "docker" "inspect" "9b579b4ec3b81dd155808b53949ce5657da00f6e578c92cad50962c345df3a67", kill_on_drop: false }`
[INFO] running `Command { std: "docker" "exec" "-e" "SOURCE_DIR=/opt/rustwide/workdir" "-e" "CARGO_HOME=/opt/rustwide/cargo-home" "-e" "RUSTUP_HOME=/opt/rustwide/rustup-home" "-e" "CARGO_TARGET_DIR=/opt/rustwide/target" "-w" "/opt/rustwide/workdir" "--user" "0:0" "9b579b4ec3b81dd155808b53949ce5657da00f6e578c92cad50962c345df3a67" "/opt/rustwide/cargo-home/bin/cargo" "+012c0bd4d516934012c9a1ecb26e9eb283d2ed75" "metadata" "--no-deps" "--format-version=1", kill_on_drop: false }`
[INFO] running `Command { std: "docker" "inspect" "9b579b4ec3b81dd155808b53949ce5657da00f6e578c92cad50962c345df3a67", kill_on_drop: false }`
[INFO] running `Command { std: "docker" "exec" "-e" "SOURCE_DIR=/opt/rustwide/workdir" "-e" "CARGO_HOME=/opt/rustwide/cargo-home" "-e" "RUSTUP_HOME=/opt/rustwide/rustup-home" "-e" "CARGO_TARGET_DIR=/opt/rustwide/target" "-e" "CARGO_INCREMENTAL=0" "-e" "RUST_BACKTRACE=full" "-e" "RUSTFLAGS=--cap-lints=forbid" "-e" "RUSTDOCFLAGS=--cap-lints=forbid" "-w" "/opt/rustwide/workdir" "--user" "0:0" "9b579b4ec3b81dd155808b53949ce5657da00f6e578c92cad50962c345df3a67" "/opt/rustwide/cargo-home/bin/cargo" "+012c0bd4d516934012c9a1ecb26e9eb283d2ed75" "check" "--frozen" "--all" "--all-targets" "--message-format=json", kill_on_drop: false }`
[INFO] [stderr]    Compiling proc-macro2 v1.0.95
[INFO] [stderr]    Compiling libc v0.2.174
[INFO] [stderr]     Checking memchr v2.7.5
[INFO] [stderr]     Checking once_cell v1.21.3
[INFO] [stderr]     Checking log v0.4.27
[INFO] [stderr]     Checking cfg-if v1.0.1
[INFO] [stderr]    Compiling serde v1.0.219
[INFO] [stderr]     Checking slab v0.4.10
[INFO] [stderr]     Checking smallvec v1.15.1
[INFO] [stderr]     Checking futures-io v0.3.31
[INFO] [stderr]    Compiling thiserror v2.0.12
[INFO] [stderr]     Checking allocator-api2 v0.2.21
[INFO] [stderr]     Checking foldhash v0.1.5
[INFO] [stderr]    Compiling serde_json v1.0.142
[INFO] [stderr]     Checking http v1.3.1
[INFO] [stderr]    Compiling cc v1.2.31
[INFO] [stderr]    Compiling zerocopy v0.8.26
[INFO] [stderr]    Compiling getrandom v0.3.3
[INFO] [stderr]     Checking ipnet v2.11.0
[INFO] [stderr]     Checking tracing-core v0.1.34
[INFO] [stderr]     Checking sync_wrapper v1.0.2
[INFO] [stderr]     Checking litemap v0.8.0
[INFO] [stderr]     Checking writeable v0.6.1
[INFO] [stderr]    Compiling num-traits v0.2.19
[INFO] [stderr]    Compiling icu_properties_data v2.0.1
[INFO] [stderr]    Compiling icu_normalizer_data v2.0.0
[INFO] [stderr]     Checking rustls-pki-types v1.12.0
[INFO] [stderr]     Checking bitflags v2.9.1
[INFO] [stderr]     Checking iri-string v0.7.8
[INFO] [stderr]    Compiling ucd-trie v0.1.7
[INFO] [stderr]    Compiling crossbeam-utils v0.8.21
[INFO] [stderr]    Compiling anyhow v1.0.99
[INFO] [stderr]     Checking hashbrown v0.15.4
[INFO] [stderr]    Compiling rustls v0.23.31
[INFO] [stderr]    Compiling either v1.15.0
[INFO] [stderr]     Checking http-body v1.0.1
[INFO] [stderr]     Checking aho-corasick v1.1.3
[INFO] [stderr]     Checking http-body-util v0.1.3
[INFO] [stderr]    Compiling winnow v0.7.12
[INFO] [stderr]    Compiling toml_datetime v0.6.11
[INFO] [stderr]    Compiling quote v1.0.40
[INFO] [stderr]    Compiling itertools v0.14.0
[INFO] [stderr]    Compiling schemars v0.8.22
[INFO] [stderr]    Compiling k8s-openapi v0.25.0
[INFO] [stderr]    Compiling syn v2.0.104
[INFO] [stderr]     Checking concurrent-queue v2.5.0
[INFO] [stderr]     Checking signal-hook-registry v1.4.6
[INFO] [stderr]     Checking socket2 v0.6.0
[INFO] [stderr]     Checking mio v1.0.4
[INFO] [stderr]     Checking getrandom v0.2.16
[INFO] [stderr]    Compiling lock_api v0.4.13
[INFO] [stderr]     Checking ordered-float v2.10.1
[INFO] [stderr]    Compiling indexmap v2.10.0
[INFO] [stderr]     Checking rand_core v0.9.3
[INFO] [stderr]    Compiling parking_lot_core v0.9.11
[INFO] [stderr]     Checking dyn-clone v1.0.20
[INFO] [stderr]     Checking openssl-probe v0.1.6
[INFO] [stderr]    Compiling rustversion v1.0.21
[INFO] [stderr]    Compiling ahash v0.8.12
[INFO] [stderr]     Checking event-listener v5.4.1
[INFO] [stderr]     Checking rustls-native-certs v0.8.1
[INFO] [stderr]     Checking tracing-log v0.2.0
[INFO] [stderr]     Checking thread_local v1.1.9
[INFO] [stderr]     Checking nu-ansi-term v0.50.1
[INFO] [stderr]     Checking unsafe-libyaml v0.2.11
[INFO] [stderr]    Compiling ring v0.17.14
[INFO] [stderr]    Compiling libz-sys v1.1.22
[INFO] [stderr]     Checking event-listener-strategy v0.5.4
[INFO] [stderr]    Compiling rdkafka-sys v4.9.0+2.10.0
[INFO] [stderr]     Checking secrecy v0.10.3
[INFO] [stderr]     Checking pem v3.0.5
[INFO] [stderr]    Compiling itoa v1.0.15
[INFO] [stderr]     Checking regex-automata v0.4.9
[INFO] [stderr]     Checking fastrand v2.3.0
[INFO] [stderr]    Compiling ryu v1.0.20
[INFO] [stderr]     Checking home v0.5.11
[INFO] [stderr]     Checking parking_lot v0.12.4
[INFO] [stderr]     Checking async-broadcast v0.7.2
[INFO] [stderr]     Checking hostname v0.4.1
[INFO] [stderr]     Checking opentelemetry-semantic-conventions v0.30.0
[INFO] [stderr]     Checking dotenv v0.15.0
[INFO] [stderr]     Checking ppv-lite86 v0.2.21
[INFO] [stderr]    Compiling toml_edit v0.22.27
[INFO] [stderr]     Checking rand_chacha v0.9.0
[INFO] [stderr]     Checking rand v0.9.2
[INFO] [stderr]    Compiling proc-macro-crate v3.3.0
[INFO] [stderr]     Checking matchers v0.2.0
[INFO] [stderr]     Checking regex v1.11.1
[INFO] [stderr]     Checking rustls-webpki v0.103.4
[INFO] [stderr]    Compiling synstructure v0.13.2
[INFO] [stderr]    Compiling serde_derive_internals v0.29.1
[INFO] [stderr]    Compiling darling_core v0.20.11
[INFO] [stderr]    Compiling serde_derive v1.0.219
[INFO] [stderr]    Compiling tokio-macros v2.5.0
[INFO] [stderr]    Compiling tracing-attributes v0.1.30
[INFO] [stderr]    Compiling futures-macro v0.3.31
[INFO] [stderr]    Compiling thiserror-impl v2.0.12
[INFO] [stderr]    Compiling zerofrom-derive v0.1.6
[INFO] [stderr]    Compiling yoke-derive v0.8.0
[INFO] [stderr]     Checking tokio v1.47.1
[INFO] [stderr]     Checking futures-util v0.3.31
[INFO] [stderr]    Compiling zerovec-derive v0.11.1
[INFO] [stderr]     Checking tracing v0.1.41
[INFO] [stderr]    Compiling displaydoc v0.2.5
[INFO] [stderr]     Checking zerofrom v0.1.6
[INFO] [stderr]    Compiling pin-project-internal v1.1.10
[INFO] [stderr]    Compiling pest v2.8.1
[INFO] [stderr]     Checking yoke v0.8.0
[INFO] [stderr]     Checking opentelemetry v0.30.0
[INFO] [stderr]    Compiling thiserror-impl v1.0.69
[INFO] [stderr]    Compiling derive_more-impl v2.0.1
[INFO] [stderr]     Checking zerotrie v0.2.2
[INFO] [stderr]    Compiling async-trait v0.1.89
[INFO] [stderr]    Compiling schemars_derive v0.8.22
[INFO] [stderr]    Compiling prost-derive v0.13.5
[INFO] [stderr]     Checking zerovec v0.11.4
[INFO] [stderr]    Compiling pest_meta v2.8.1
[INFO] [stderr]    Compiling enum-ordinalize-derive v4.3.1
[INFO] [stderr]     Checking tracing-subscriber v0.3.20
[INFO] [stderr]     Checking pin-project v1.1.10
[INFO] [stderr]    Compiling darling_macro v0.20.11
[INFO] [stderr]     Checking derive_more v2.0.1
[INFO] [stderr]    Compiling num_enum_derive v0.7.4
[INFO] [stderr]    Compiling async-stream-impl v0.3.6
[INFO] [stderr]     Checking thiserror v1.0.69
[INFO] [stderr]    Compiling darling v0.20.11
[INFO] [stderr]    Compiling enum-ordinalize v4.3.0
[INFO] [stderr]    Compiling educe v0.6.0
[INFO] [stderr]     Checking async-stream v0.3.6
[INFO] [stderr]     Checking tinystr v0.8.1
[INFO] [stderr]     Checking potential_utf v0.1.3
[INFO] [stderr]     Checking icu_collections v2.0.0
[INFO] [stderr]     Checking icu_locale_core v2.0.0
[INFO] [stderr]     Checking num_enum v0.7.4
[INFO] [stderr]     Checking opentelemetry-appender-tracing v0.30.1
[INFO] [stderr]     Checking prost v0.13.5
[INFO] [stderr]     Checking icu_provider v2.0.0
[INFO] [stderr]     Checking futures-executor v0.3.31
[INFO] [stderr]    Compiling pest_generator v2.8.1
[INFO] [stderr]     Checking futures v0.3.31
[INFO] [stderr]     Checking icu_normalizer v2.0.0
[INFO] [stderr]     Checking icu_properties v2.0.1
[INFO] [stderr]    Compiling pest_derive v2.8.1
[INFO] [stderr]     Checking idna_adapter v1.2.1
[INFO] [stderr]     Checking idna v1.1.0
[INFO] [stderr]     Checking url v2.5.4
[INFO] [stderr]     Checking tokio-util v0.7.16
[INFO] [stderr]     Checking tokio-stream v0.1.17
[INFO] [stderr]     Checking tokio-rustls v0.26.2
[INFO] [stderr]     Checking backon v1.5.2
[INFO] [stderr]     Checking chrono v0.4.41
[INFO] [stderr]     Checking serde_urlencoded v0.7.1
[INFO] [stderr]     Checking serde-value v0.7.0
[INFO] [stderr]     Checking h2 v0.4.12
[INFO] [stderr]     Checking tower v0.5.2
[INFO] [stderr]     Checking serde_yaml v0.9.34+deprecated
[INFO] [stderr]     Checking jsonptr v0.7.1
[INFO] [stderr]     Checking opentelemetry_sdk v0.30.0
[INFO] [stderr]     Checking jsonpath-rust v0.7.5
[INFO] [stderr]    Compiling kube-derive v1.1.0
[INFO] [stderr]     Checking json-patch v4.0.0
[INFO] [stderr]     Checking tower-http v0.6.6
[INFO] [stderr]     Checking tracing-opentelemetry v0.31.0
[INFO] [stderr]     Checking hyper v1.6.0
[INFO] [stderr]     Checking hyper-util v0.1.16
[INFO] [stderr]     Checking hyper-timeout v0.5.2
[INFO] [stderr]     Checking hyper-rustls v0.27.7
[INFO] [stderr]     Checking reqwest v0.12.23
[INFO] [stderr]     Checking tonic v0.13.1
[INFO] [stderr]     Checking opentelemetry-http v0.30.0
[INFO] [stderr]     Checking opentelemetry-proto v0.30.0
[INFO] [stderr]     Checking opentelemetry-otlp v0.30.0
[INFO] [stderr]     Checking greeting_otel v0.30.0 (https://github.com/arnecdn/greeting_otel_lib#e6e7ab7c)
[INFO] [stderr] error: could not compile `k8s-openapi` (lib)
[INFO] [stderr] 
[INFO] [stderr] Caused by:
[INFO] [stderr]   process didn't exit successfully: `/opt/rustwide/rustup-home/toolchains/012c0bd4d516934012c9a1ecb26e9eb283d2ed75/bin/rustc --crate-name k8s_openapi --edition=2021 /opt/rustwide/cargo-home/registry/src/index.crates.io-1949cf8c6b5b557f/k8s-openapi-0.25.0/src/lib.rs --error-format=json --json=diagnostic-rendered-ansi,artifacts,future-incompat,unused-externs-silent --crate-type lib --emit=dep-info,metadata -C embed-bitcode=no -C debuginfo=2 --cfg 'feature="v1_33"' --check-cfg 'cfg(docsrs,test)' --check-cfg 'cfg(feature, values("default", "earliest", "latest", "schemars", "std", "v1_30", "v1_31", "v1_32", "v1_33"))' -C metadata=54f371a31ad9da05 -C extra-filename=-999441111f8fb715 --out-dir /opt/rustwide/target/debug/build/k8s-openapi/999441111f8fb715/out -L dependency=/opt/rustwide/target/debug/build/itoa/aa1c64fbdc4f12a7/out -L dependency=/opt/rustwide/target/debug/build/memchr/2998dc56ed90fbb0/out -L dependency=/opt/rustwide/target/debug/build/num-traits/1c82cdd41ab98e3a/out -L dependency=/opt/rustwide/target/debug/build/ryu/e5cf39b0424d7e5c/out -L dependency=/opt/rustwide/target/debug/build/serde/33da29436eb22cae/out -L dependency=/opt/rustwide/target/debug/build/serde_derive/738b9552d5db5c50/out --extern base64=/opt/rustwide/target/debug/build/base64/d8aec028dea2d277/out/libbase64-d8aec028dea2d277.rmeta --extern chrono=/opt/rustwide/target/debug/build/chrono/325bba2832a4fa33/out/libchrono-325bba2832a4fa33.rmeta --extern serde=/opt/rustwide/target/debug/build/serde/33da29436eb22cae/out/libserde-33da29436eb22cae.rmeta --extern serde_json=/opt/rustwide/target/debug/build/serde_json/77d3f66ae87477f6/out/libserde_json-77d3f66ae87477f6.rmeta --cap-lints allow --cap-lints=forbid --force-warn=unused_crate_dependencies --cfg 'k8s_openapi_enabled_version="1.33"' --check-cfg 'cfg(k8s_openapi_enabled_version, values("1.30", "1.31", "1.32", "1.33"))'` (signal: 9, SIGKILL: kill)
[INFO] [stderr] warning: build failed, waiting for other jobs to finish...
[INFO] [stderr] error: failed to run custom build command for `rdkafka-sys v4.9.0+2.10.0`
[INFO] [stderr] note: To improve backtraces for build dependencies, set the CARGO_PROFILE_DEV_BUILD_OVERRIDE_DEBUG=true environment variable to enable debug information generation.
[INFO] [stderr] 
[INFO] [stderr] Caused by:
[INFO] [stderr]   process didn't exit successfully: `/opt/rustwide/target/debug/build/rdkafka-sys/c282cb87db455653/out/build_script_build` (exit status: 101)
[INFO] [stderr]   --- stdout
[INFO] [stderr]   Cloning librdkafka
[INFO] [stderr]   Configuring librdkafka
[INFO] [stderr]   checking for OS or distribution... ok (ubuntu)
[INFO] [stderr]   checking for C compiler from CC env... failed
[INFO] [stderr]   checking for gcc (by command)... ok
[INFO] [stderr]   checking for C++ compiler from CXX env... failed
[INFO] [stderr]   checking for C++ compiler (g++)... ok
[INFO] [stderr]   checking executable ld... ok
[INFO] [stderr]   checking executable nm... ok
[INFO] [stderr]   checking executable objdump... ok
[INFO] [stderr]   checking executable strip... ok
[INFO] [stderr]   checking executable libtool... ok
[INFO] [stderr]   checking executable ranlib... ok
[INFO] [stderr]   checking for pkgconfig (by command)... ok
[INFO] [stderr]   checking for install (by command)... ok
[INFO] [stderr]   checking for GNU ar... ok
[INFO] [stderr]   checking for PIC (by compile)... ok
[INFO] [stderr]   checking for GNU-compatible linker options... ok
[INFO] [stderr]   checking for GNU linker-script ld flag... ok
[INFO] [stderr]   checking for __atomic_32 (by compile)... ok
[INFO] [stderr]   checking for __atomic_64 (by compile)... ok
[INFO] [stderr]   checking for socket (by compile)... ok
[INFO] [stderr]   parsing version '0x020a00ff'... ok (2.10.0)
[INFO] [stderr]   checking for librt (by pkg-config)... failed
[INFO] [stderr]   checking for librt (by compile)... ok
[INFO] [stderr]   checking for libpthread (by pkg-config)... failed
[INFO] [stderr]   checking for libpthread (by compile)... ok
[INFO] [stderr]   checking for c11threads (by pkg-config)... failed
[INFO] [stderr]   checking for c11threads (by compile)... ok
[INFO] [stderr]   checking for libdl (by pkg-config)... failed
[INFO] [stderr]   checking for libdl (by compile)... ok
[INFO] [stderr]   checking for zlib (by pkg-config)... ok
[INFO] [stderr]   checking for libm (by pkg-config)... failed
[INFO] [stderr]   checking for libm (by compile)... ok
[INFO] [stderr]   checking for syslog (by compile)... ok
[INFO] [stderr]   checking for rapidjson (by compile)... failed (disable)
[INFO] [stderr]   checking for crc32chw (by compile)... ok
[INFO] [stderr]   checking for regex (by compile)... ok
[INFO] [stderr]   checking for rand_r (by compile)... ok
[INFO] [stderr]   checking for strndup (by compile)... ok
[INFO] [stderr]   checking for strlcpy (by compile)... ok
[INFO] [stderr]   checking for strerror_r (by compile)... ok
[INFO] [stderr]   checking for strcasestr (by compile)... ok
[INFO] [stderr]   checking for pthread_setname_gnu (by compile)... ok
[INFO] [stderr]   checking for nm (by env NM)... ok (cached)
[INFO] [stderr]   checking for python3 (by command)... ok
[INFO] [stderr]   checking for getrusage (by compile)... ok
[INFO] [stderr]   Generated Makefile.config
[INFO] [stderr]   Generated config.h
[INFO] [stderr] 
[INFO] [stderr]   Configuration summary:
[INFO] [stderr]     prefix                   /usr/local
[INFO] [stderr]     MKL_DISTRO               ubuntu
[INFO] [stderr]     SOLIB_EXT                .so
[INFO] [stderr]     ARCH                     x86_64
[INFO] [stderr]     CPU                      generic
[INFO] [stderr]     GEN_PKG_CONFIG           y
[INFO] [stderr]     MKL_APP_NAME             librdkafka
[INFO] [stderr]     MKL_APP_DESC_ONELINE     The Apache Kafka C/C++ library
[INFO] [stderr]     CC                       gcc
[INFO] [stderr]     CXX                      g++
[INFO] [stderr]     LD                       ld
[INFO] [stderr]     NM                       nm
[INFO] [stderr]     OBJDUMP                  objdump
[INFO] [stderr]     STRIP                    strip
[INFO] [stderr]     LIBTOOL                  libtool
[INFO] [stderr]     RANLIB                   ranlib
[INFO] [stderr]     CPPFLAGS                 -g -O2 -fPIC -Wall -Wsign-compare -Wfloat-equal -Wpointer-arith -Wcast-align
[INFO] [stderr]     PKG_CONFIG               pkg-config
[INFO] [stderr]     INSTALL                  /usr/bin/install
[INFO] [stderr]     HAS_GNU_AR               y
[INFO] [stderr]     LIB_LDFLAGS              -shared -Wl,-soname,$(LIBFILENAME)
[INFO] [stderr]     LDFLAG_LINKERSCRIPT      -Wl,--version-script=
[INFO] [stderr]     RDKAFKA_VERSION_STR      2.10.0
[INFO] [stderr]     MKL_APP_VERSION          2.10.0
[INFO] [stderr]     LIBS                     -lm -lz -ldl -lpthread -lrt -lpthread -lrt
[INFO] [stderr]     MKL_PKGCONFIG_LIBS_PRIVATE -lm -ldl -lpthread -lrt -lpthread -lrt
[INFO] [stderr]     MKL_PKGCONFIG_REQUIRES_PRIVATE zlib
[INFO] [stderr]     CFLAGS                   
[INFO] [stderr]     MKL_PKGCONFIG_REQUIRES   zlib
[INFO] [stderr]     CXXFLAGS                 -Wno-non-virtual-dtor
[INFO] [stderr]     SYMDUMPER                $(NM) -D
[INFO] [stderr]     MKL_DYNAMIC_LIBS         -lm -lz -ldl -lpthread -lrt -lpthread -lrt
[INFO] [stderr]     exec_prefix              /usr/local
[INFO] [stderr]     bindir                   /usr/local/bin
[INFO] [stderr]     sbindir                  /usr/local/sbin
[INFO] [stderr]     libexecdir               /usr/local/libexec
[INFO] [stderr]     datadir                  /usr/local/share
[INFO] [stderr]     sysconfdir               /usr/local/etc
[INFO] [stderr]     sharedstatedir           /usr/local/com
[INFO] [stderr]     localstatedir            /usr/local/var
[INFO] [stderr]     runstatedir              /usr/local/var/run
[INFO] [stderr]     libdir                   /usr/local/lib
[INFO] [stderr]     includedir               /usr/local/include
[INFO] [stderr]     infodir                  /usr/local/info
[INFO] [stderr]     mandir                   /usr/local/man
[INFO] [stderr]     BUILT_WITH               GCC GXX PKGCONFIG INSTALL GNULD LDS C11THREADS LIBDL PLUGINS ZLIB HDRHISTOGRAM SYSLOG SNAPPY SOCKEM CRC32C_HW
[INFO] [stderr]   Generated config.cache
[INFO] [stderr] 
[INFO] [stderr]   Now type 'make' to build
[INFO] [stderr]   Compiling librdkafka
[INFO] [stderr]   make[1]: Entering directory '/opt/rustwide/target/debug/build/rdkafka-sys/b2476bc697fd0afc/out/src'
[INFO] [stderr]   gcc -MD -MP -g -O2 -fPIC -Wall -Wsign-compare -Wfloat-equal -Wpointer-arith -Wcast-align -I.  -c rdkafka.c -o rdkafka.o
[INFO] [stderr]   gcc -MD -MP -g -O2 -fPIC -Wall -Wsign-compare -Wfloat-equal -Wpointer-arith -Wcast-align -I.  -c rdkafka_broker.c -o rdkafka_broker.o
[INFO] [stderr]   gcc -MD -MP -g -O2 -fPIC -Wall -Wsign-compare -Wfloat-equal -Wpointer-arith -Wcast-align -I.  -c rdkafka_msg.c -o rdkafka_msg.o
[INFO] [stderr]   gcc -MD -MP -g -O2 -fPIC -Wall -Wsign-compare -Wfloat-equal -Wpointer-arith -Wcast-align -I.  -c rdkafka_topic.c -o rdkafka_topic.o
[INFO] [stderr]   gcc -MD -MP -g -O2 -fPIC -Wall -Wsign-compare -Wfloat-equal -Wpointer-arith -Wcast-align -I.  -c rdkafka_conf.c -o rdkafka_conf.o
[INFO] [stderr]   gcc -MD -MP -g -O2 -fPIC -Wall -Wsign-compare -Wfloat-equal -Wpointer-arith -Wcast-align -I.  -c rdkafka_timer.c -o rdkafka_timer.o
[INFO] [stderr]   gcc -MD -MP -g -O2 -fPIC -Wall -Wsign-compare -Wfloat-equal -Wpointer-arith -Wcast-align -I.  -c rdkafka_offset.c -o rdkafka_offset.o
[INFO] [stderr]   gcc -MD -MP -g -O2 -fPIC -Wall -Wsign-compare -Wfloat-equal -Wpointer-arith -Wcast-align -I.  -c rdkafka_transport.c -o rdkafka_transport.o
[INFO] [stderr]   gcc -MD -MP -g -O2 -fPIC -Wall -Wsign-compare -Wfloat-equal -Wpointer-arith -Wcast-align -I.  -c rdkafka_buf.c -o rdkafka_buf.o
[INFO] [stderr]   gcc -MD -MP -g -O2 -fPIC -Wall -Wsign-compare -Wfloat-equal -Wpointer-arith -Wcast-align -I.  -c rdkafka_queue.c -o rdkafka_queue.o
[INFO] [stderr]   gcc -MD -MP -g -O2 -fPIC -Wall -Wsign-compare -Wfloat-equal -Wpointer-arith -Wcast-align -I.  -c rdkafka_op.c -o rdkafka_op.o
[INFO] [stderr]   gcc -MD -MP -g -O2 -fPIC -Wall -Wsign-compare -Wfloat-equal -Wpointer-arith -Wcast-align -I.  -c rdkafka_request.c -o rdkafka_request.o
[INFO] [stderr]   gcc -MD -MP -g -O2 -fPIC -Wall -Wsign-compare -Wfloat-equal -Wpointer-arith -Wcast-align -I.  -c rdkafka_cgrp.c -o rdkafka_cgrp.o
[INFO] [stderr]   gcc -MD -MP -g -O2 -fPIC -Wall -Wsign-compare -Wfloat-equal -Wpointer-arith -Wcast-align -I.  -c rdkafka_pattern.c -o rdkafka_pattern.o
[INFO] [stderr]   gcc -MD -MP -g -O2 -fPIC -Wall -Wsign-compare -Wfloat-equal -Wpointer-arith -Wcast-align -I.  -c rdkafka_partition.c -o rdkafka_partition.o
[INFO] [stderr]   gcc -MD -MP -g -O2 -fPIC -Wall -Wsign-compare -Wfloat-equal -Wpointer-arith -Wcast-align -I.  -c rdkafka_subscription.c -o rdkafka_subscription.o
[INFO] [stderr]   gcc -MD -MP -g -O2 -fPIC -Wall -Wsign-compare -Wfloat-equal -Wpointer-arith -Wcast-align -I.  -c rdkafka_assignment.c -o rdkafka_assignment.o
[INFO] [stderr]   gcc -MD -MP -g -O2 -fPIC -Wall -Wsign-compare -Wfloat-equal -Wpointer-arith -Wcast-align -I.  -c rdkafka_assignor.c -o rdkafka_assignor.o
[INFO] [stderr]   gcc -MD -MP -g -O2 -fPIC -Wall -Wsign-compare -Wfloat-equal -Wpointer-arith -Wcast-align -I.  -c rdkafka_range_assignor.c -o rdkafka_range_assignor.o
[INFO] [stderr]   gcc -MD -MP -g -O2 -fPIC -Wall -Wsign-compare -Wfloat-equal -Wpointer-arith -Wcast-align -I.  -c rdkafka_roundrobin_assignor.c -o rdkafka_roundrobin_assignor.o
[INFO] [stderr]   gcc -MD -MP -g -O2 -fPIC -Wall -Wsign-compare -Wfloat-equal -Wpointer-arith -Wcast-align -I.  -c rdkafka_sticky_assignor.c -o rdkafka_sticky_assignor.o
[INFO] [stderr]   gcc -MD -MP -g -O2 -fPIC -Wall -Wsign-compare -Wfloat-equal -Wpointer-arith -Wcast-align -I.  -c rdkafka_feature.c -o rdkafka_feature.o
[INFO] [stderr]   gcc -MD -MP -g -O2 -fPIC -Wall -Wsign-compare -Wfloat-equal -Wpointer-arith -Wcast-align -I.  -c rdcrc32.c -o rdcrc32.o
[INFO] [stderr]   gcc -MD -MP -g -O2 -fPIC -Wall -Wsign-compare -Wfloat-equal -Wpointer-arith -Wcast-align -I.  -c crc32c.c -o crc32c.o
[INFO] [stderr]   gcc -MD -MP -g -O2 -fPIC -Wall -Wsign-compare -Wfloat-equal -Wpointer-arith -Wcast-align -I.  -c rdmurmur2.c -o rdmurmur2.o
[INFO] [stderr]   gcc -MD -MP -g -O2 -fPIC -Wall -Wsign-compare -Wfloat-equal -Wpointer-arith -Wcast-align -I.  -c rdfnv1a.c -o rdfnv1a.o
[INFO] [stderr]   gcc -MD -MP -g -O2 -fPIC -Wall -Wsign-compare -Wfloat-equal -Wpointer-arith -Wcast-align -I.  -c cJSON.c -o cJSON.o
[INFO] [stderr]   gcc -MD -MP -g -O2 -fPIC -Wall -Wsign-compare -Wfloat-equal -Wpointer-arith -Wcast-align -I.  -c rdaddr.c -o rdaddr.o
[INFO] [stderr]   gcc -MD -MP -g -O2 -fPIC -Wall -Wsign-compare -Wfloat-equal -Wpointer-arith -Wcast-align -I.  -c rdrand.c -o rdrand.o
[INFO] [stderr]   gcc -MD -MP -g -O2 -fPIC -Wall -Wsign-compare -Wfloat-equal -Wpointer-arith -Wcast-align -I.  -c rdlist.c -o rdlist.o
[INFO] [stderr]   gcc -MD -MP -g -O2 -fPIC -Wall -Wsign-compare -Wfloat-equal -Wpointer-arith -Wcast-align -I.  -c tinycthread.c -o tinycthread.o
[INFO] [stderr]   gcc -MD -MP -g -O2 -fPIC -Wall -Wsign-compare -Wfloat-equal -Wpointer-arith -Wcast-align -I.  -c tinycthread_extra.c -o tinycthread_extra.o
[INFO] [stderr]   gcc -MD -MP -g -O2 -fPIC -Wall -Wsign-compare -Wfloat-equal -Wpointer-arith -Wcast-align -I.  -c rdlog.c -o rdlog.o
[INFO] [stderr]   gcc -MD -MP -g -O2 -fPIC -Wall -Wsign-compare -Wfloat-equal -Wpointer-arith -Wcast-align -I.  -c rdstring.c -o rdstring.o
[INFO] [stderr]   gcc -MD -MP -g -O2 -fPIC -Wall -Wsign-compare -Wfloat-equal -Wpointer-arith -Wcast-align -I.  -c rdkafka_event.c -o rdkafka_event.o
[INFO] [stderr]   gcc -MD -MP -g -O2 -fPIC -Wall -Wsign-compare -Wfloat-equal -Wpointer-arith -Wcast-align -I.  -c rdkafka_metadata.c -o rdkafka_metadata.o
[INFO] [stderr]   gcc -MD -MP -g -O2 -fPIC -Wall -Wsign-compare -Wfloat-equal -Wpointer-arith -Wcast-align -I.  -c rdregex.c -o rdregex.o
[INFO] [stderr]   gcc -MD -MP -g -O2 -fPIC -Wall -Wsign-compare -Wfloat-equal -Wpointer-arith -Wcast-align -I.  -c rdports.c -o rdports.o
[INFO] [stderr]   gcc -MD -MP -g -O2 -fPIC -Wall -Wsign-compare -Wfloat-equal -Wpointer-arith -Wcast-align -I.  -c rdkafka_metadata_cache.c -o rdkafka_metadata_cache.o
[INFO] [stderr]   gcc -MD -MP -g -O2 -fPIC -Wall -Wsign-compare -Wfloat-equal -Wpointer-arith -Wcast-align -I.  -c rdavl.c -o rdavl.o
[INFO] [stderr]   gcc -MD -MP -g -O2 -fPIC -Wall -Wsign-compare -Wfloat-equal -Wpointer-arith -Wcast-align -I.  -c rdkafka_sasl.c -o rdkafka_sasl.o
[INFO] [stderr]   gcc -MD -MP -g -O2 -fPIC -Wall -Wsign-compare -Wfloat-equal -Wpointer-arith -Wcast-align -I.  -c rdkafka_sasl_plain.c -o rdkafka_sasl_plain.o
[INFO] [stderr]   gcc -MD -MP -g -O2 -fPIC -Wall -Wsign-compare -Wfloat-equal -Wpointer-arith -Wcast-align -I.  -c rdkafka_interceptor.c -o rdkafka_interceptor.o
[INFO] [stderr]   gcc -MD -MP -g -O2 -fPIC -Wall -Wsign-compare -Wfloat-equal -Wpointer-arith -Wcast-align -I.  -c rdkafka_msgset_writer.c -o rdkafka_msgset_writer.o
[INFO] [stderr]   gcc -MD -MP -g -O2 -fPIC -Wall -Wsign-compare -Wfloat-equal -Wpointer-arith -Wcast-align -I.  -c rdkafka_msgset_reader.c -o rdkafka_msgset_reader.o
[INFO] [stderr]   gcc -MD -MP -g -O2 -fPIC -Wall -Wsign-compare -Wfloat-equal -Wpointer-arith -Wcast-align -I.  -c rdkafka_header.c -o rdkafka_header.o
[INFO] [stderr]   gcc -MD -MP -g -O2 -fPIC -Wall -Wsign-compare -Wfloat-equal -Wpointer-arith -Wcast-align -I.  -c rdkafka_admin.c -o rdkafka_admin.o
[INFO] [stderr]   gcc -MD -MP -g -O2 -fPIC -Wall -Wsign-compare -Wfloat-equal -Wpointer-arith -Wcast-align -I.  -c rdkafka_aux.c -o rdkafka_aux.o
[INFO] [stderr]   gcc -MD -MP -g -O2 -fPIC -Wall -Wsign-compare -Wfloat-equal -Wpointer-arith -Wcast-align -I.  -c rdkafka_background.c -o rdkafka_background.o
[INFO] [stderr]   gcc -MD -MP -g -O2 -fPIC -Wall -Wsign-compare -Wfloat-equal -Wpointer-arith -Wcast-align -I.  -c rdkafka_idempotence.c -o rdkafka_idempotence.o
[INFO] [stderr]   gcc -MD -MP -g -O2 -fPIC -Wall -Wsign-compare -Wfloat-equal -Wpointer-arith -Wcast-align -I.  -c rdkafka_cert.c -o rdkafka_cert.o
[INFO] [stderr]   gcc -MD -MP -g -O2 -fPIC -Wall -Wsign-compare -Wfloat-equal -Wpointer-arith -Wcast-align -I.  -c rdkafka_txnmgr.c -o rdkafka_txnmgr.o
[INFO] [stderr]   gcc -MD -MP -g -O2 -fPIC -Wall -Wsign-compare -Wfloat-equal -Wpointer-arith -Wcast-align -I.  -c rdkafka_coord.c -o rdkafka_coord.o
[INFO] [stderr]   gcc -MD -MP -g -O2 -fPIC -Wall -Wsign-compare -Wfloat-equal -Wpointer-arith -Wcast-align -I.  -c rdbase64.c -o rdbase64.o
[INFO] [stderr]   gcc -MD -MP -g -O2 -fPIC -Wall -Wsign-compare -Wfloat-equal -Wpointer-arith -Wcast-align -I.  -c rdvarint.c -o rdvarint.o
[INFO] [stderr]   gcc -MD -MP -g -O2 -fPIC -Wall -Wsign-compare -Wfloat-equal -Wpointer-arith -Wcast-align -I.  -c rdbuf.c -o rdbuf.o
[INFO] [stderr]   gcc -MD -MP -g -O2 -fPIC -Wall -Wsign-compare -Wfloat-equal -Wpointer-arith -Wcast-align -I.  -c rdmap.c -o rdmap.o
[INFO] [stderr]   gcc -MD -MP -g -O2 -fPIC -Wall -Wsign-compare -Wfloat-equal -Wpointer-arith -Wcast-align -I.  -c rdunittest.c -o rdunittest.o
[INFO] [stderr]   gcc -MD -MP -g -O2 -fPIC -Wall -Wsign-compare -Wfloat-equal -Wpointer-arith -Wcast-align -I.  -c rdkafka_mock.c -o rdkafka_mock.o
[INFO] [stderr]   gcc -MD -MP -g -O2 -fPIC -Wall -Wsign-compare -Wfloat-equal -Wpointer-arith -Wcast-align -I.  -c rdkafka_mock_handlers.c -o rdkafka_mock_handlers.o
[INFO] [stderr]   gcc -MD -MP -g -O2 -fPIC -Wall -Wsign-compare -Wfloat-equal -Wpointer-arith -Wcast-align -I.  -c rdkafka_mock_cgrp.c -o rdkafka_mock_cgrp.o
[INFO] [stderr]   gcc -MD -MP -g -O2 -fPIC -Wall -Wsign-compare -Wfloat-equal -Wpointer-arith -Wcast-align -I.  -c rdkafka_error.c -o rdkafka_error.o
[INFO] [stderr]   gcc -MD -MP -g -O2 -fPIC -Wall -Wsign-compare -Wfloat-equal -Wpointer-arith -Wcast-align -I.  -c rdkafka_fetcher.c -o rdkafka_fetcher.o
[INFO] [stderr]   gcc -MD -MP -g -O2 -fPIC -Wall -Wsign-compare -Wfloat-equal -Wpointer-arith -Wcast-align -I.  -c rdkafka_telemetry.c -o rdkafka_telemetry.o
[INFO] [stderr]   gcc -MD -MP -g -O2 -fPIC -Wall -Wsign-compare -Wfloat-equal -Wpointer-arith -Wcast-align -I.  -c rdkafka_telemetry_encode.c -o rdkafka_telemetry_encode.o
[INFO] [stderr]   gcc -MD -MP -g -O2 -fPIC -Wall -Wsign-compare -Wfloat-equal -Wpointer-arith -Wcast-align -I.  -c rdkafka_telemetry_decode.c -o rdkafka_telemetry_decode.o
[INFO] [stderr]   gcc -MD -MP -g -O2 -fPIC -Wall -Wsign-compare -Wfloat-equal -Wpointer-arith -Wcast-align -I.  -c nanopb/pb_encode.c -o nanopb/pb_encode.o
[INFO] [stderr]   gcc -MD -MP -g -O2 -fPIC -Wall -Wsign-compare -Wfloat-equal -Wpointer-arith -Wcast-align -I.  -c nanopb/pb_decode.c -o nanopb/pb_decode.o
[INFO] [stderr]   gcc -MD -MP -g -O2 -fPIC -Wall -Wsign-compare -Wfloat-equal -Wpointer-arith -Wcast-align -I.  -c nanopb/pb_common.c -o nanopb/pb_common.o
[INFO] [stderr]   gcc -MD -MP -g -O2 -fPIC -Wall -Wsign-compare -Wfloat-equal -Wpointer-arith -Wcast-align -I.  -c opentelemetry/metrics.pb.c -o opentelemetry/metrics.pb.o
[INFO] [stderr]   gcc -MD -MP -g -O2 -fPIC -Wall -Wsign-compare -Wfloat-equal -Wpointer-arith -Wcast-align -I.  -c opentelemetry/common.pb.c -o opentelemetry/common.pb.o
[INFO] [stderr]   gcc -MD -MP -g -O2 -fPIC -Wall -Wsign-compare -Wfloat-equal -Wpointer-arith -Wcast-align -I.  -c opentelemetry/resource.pb.c -o opentelemetry/resource.pb.o
[INFO] [stderr]   gcc -MD -MP -g -O2 -fPIC -Wall -Wsign-compare -Wfloat-equal -Wpointer-arith -Wcast-align -I.  -c snappy.c -o snappy.o
[INFO] [stderr]   gcc -MD -MP -g -O2 -fPIC -Wall -Wsign-compare -Wfloat-equal -Wpointer-arith -Wcast-align -I.  -c rdgz.c -o rdgz.o
[INFO] [stderr]   gcc -MD -MP -g -O2 -fPIC -Wall -Wsign-compare -Wfloat-equal -Wpointer-arith -Wcast-align -I.  -c rdhdrhistogram.c -o rdhdrhistogram.o
[INFO] [stderr]   gcc -MD -MP -g -O2 -fPIC -Wall -Wsign-compare -Wfloat-equal -Wpointer-arith -Wcast-align -I.  -c rdkafka_lz4.c -o rdkafka_lz4.o
[INFO] [stderr]   gcc -MD -MP -g -O2 -fPIC -Wall -Wsign-compare -Wfloat-equal -Wpointer-arith -Wcast-align -I.  -O3 -c rdxxhash.c -o rdxxhash.o
[INFO] [stderr]   gcc -MD -MP -g -O2 -fPIC -Wall -Wsign-compare -Wfloat-equal -Wpointer-arith -Wcast-align -I.  -O3 -c lz4.c -o lz4.o
[INFO] [stderr]   gcc -MD -MP -g -O2 -fPIC -Wall -Wsign-compare -Wfloat-equal -Wpointer-arith -Wcast-align -I.  -O3 -c lz4frame.c -o lz4frame.o
[INFO] [stderr]   gcc -MD -MP -g -O2 -fPIC -Wall -Wsign-compare -Wfloat-equal -Wpointer-arith -Wcast-align -I.  -O3 -c lz4hc.c -o lz4hc.o
[INFO] [stderr]   gcc -MD -MP -g -O2 -fPIC -Wall -Wsign-compare -Wfloat-equal -Wpointer-arith -Wcast-align -I.  -c rddl.c -o rddl.o
[INFO] [stderr]   gcc -MD -MP -g -O2 -fPIC -Wall -Wsign-compare -Wfloat-equal -Wpointer-arith -Wcast-align -I.  -c rdkafka_plugin.c -o rdkafka_plugin.o
[INFO] [stderr]   Generating linker script librdkafka.lds from rdkafka.h rdkafka_mock.h
[INFO] [stderr]   Generating pkg-config file rdkafka.pc
[INFO] [stderr]   Creating shared library librdkafka.so.1
[INFO] [stderr]   gcc  -shared -Wl,-soname,librdkafka.so.1 -Wl,--version-script=librdkafka.lds rdkafka.o rdkafka_broker.o rdkafka_msg.o rdkafka_topic.o rdkafka_conf.o rdkafka_timer.o rdkafka_offset.o rdkafka_transport.o rdkafka_buf.o rdkafka_queue.o rdkafka_op.o rdkafka_request.o rdkafka_cgrp.o rdkafka_pattern.o rdkafka_partition.o rdkafka_subscription.o rdkafka_assignment.o rdkafka_assignor.o rdkafka_range_assignor.o rdkafka_roundrobin_assignor.o rdkafka_sticky_assignor.o rdkafka_feature.o rdcrc32.o crc32c.o rdmurmur2.o rdfnv1a.o cJSON.o rdaddr.o rdrand.o rdlist.o tinycthread.o tinycthread_extra.o rdlog.o rdstring.o rdkafka_event.o rdkafka_metadata.o rdregex.o rdports.o rdkafka_metadata_cache.o rdavl.o rdkafka_sasl.o rdkafka_sasl_plain.o rdkafka_interceptor.o rdkafka_msgset_writer.o rdkafka_msgset_reader.o rdkafka_header.o rdkafka_admin.o rdkafka_aux.o rdkafka_background.o rdkafka_idempotence.o rdkafka_cert.o rdkafka_txnmgr.o rdkafka_coord.o rdbase64.o rdvarint.o rdbuf.o rdmap.o rdunittest.o rdkafka_mock.o rdkafka_mock_handlers.o rdkafka_mock_cgrp.o rdkafka_error.o rdkafka_fetcher.o rdkafka_telemetry.o rdkafka_telemetry_encode.o rdkafka_telemetry_decode.o nanopb/pb_encode.o nanopb/pb_decode.o nanopb/pb_common.o opentelemetry/metrics.pb.o opentelemetry/common.pb.o opentelemetry/resource.pb.o snappy.o rdgz.o rdhdrhistogram.o rdkafka_lz4.o rdxxhash.o lz4.o lz4frame.o lz4hc.o rddl.o rdkafka_plugin.o -o librdkafka.so.1 -lm -lz -ldl -lpthread -lrt -lpthread -lrt
[INFO] [stderr]   Creating static library librdkafka.a
[INFO] [stderr]   ar rcs librdkafka.a rdkafka.o rdkafka_broker.o rdkafka_msg.o rdkafka_topic.o rdkafka_conf.o rdkafka_timer.o rdkafka_offset.o rdkafka_transport.o rdkafka_buf.o rdkafka_queue.o rdkafka_op.o rdkafka_request.o rdkafka_cgrp.o rdkafka_pattern.o rdkafka_partition.o rdkafka_subscription.o rdkafka_assignment.o rdkafka_assignor.o rdkafka_range_assignor.o rdkafka_roundrobin_assignor.o rdkafka_sticky_assignor.o rdkafka_feature.o rdcrc32.o crc32c.o rdmurmur2.o rdfnv1a.o cJSON.o rdaddr.o rdrand.o rdlist.o tinycthread.o tinycthread_extra.o rdlog.o rdstring.o rdkafka_event.o rdkafka_metadata.o rdregex.o rdports.o rdkafka_metadata_cache.o rdavl.o rdkafka_sasl.o rdkafka_sasl_plain.o rdkafka_interceptor.o rdkafka_msgset_writer.o rdkafka_msgset_reader.o rdkafka_header.o rdkafka_admin.o rdkafka_aux.o rdkafka_background.o rdkafka_idempotence.o rdkafka_cert.o rdkafka_txnmgr.o rdkafka_coord.o rdbase64.o rdvarint.o rdbuf.o rdmap.o rdunittest.o rdkafka_mock.o rdkafka_mock_handlers.o rdkafka_mock_cgrp.o rdkafka_error.o rdkafka_fetcher.o rdkafka_telemetry.o rdkafka_telemetry_encode.o rdkafka_telemetry_decode.o nanopb/pb_encode.o nanopb/pb_decode.o nanopb/pb_common.o opentelemetry/metrics.pb.o opentelemetry/common.pb.o opentelemetry/resource.pb.o snappy.o rdgz.o rdhdrhistogram.o rdkafka_lz4.o rdxxhash.o lz4.o lz4frame.o lz4hc.o rddl.o rdkafka_plugin.o
[INFO] [stderr]   cp librdkafka.a librdkafka-dbg.a
[INFO] [stderr]   WARNING: librdkafka-static.a: No static libraries available/enabled for inclusion in self-contained static library librdkafka-static.a: this library will be identical to librdkafka.a
[INFO] [stderr]   WARNING: librdkafka-static.a: The following libraries were not available as static libraries and need to be linked dynamically: -lm -lz -ldl -lpthread -lrt -lpthread -lrt
[INFO] [stderr]   cp librdkafka.a librdkafka-static.a
[INFO] [stderr]   cp librdkafka-dbg.a librdkafka-static-dbg.a
[INFO] [stderr]   cp librdkafka-static.a librdkafka-static-dbg.a
[INFO] [stderr]   Generating pkg-config file rdkafka-static.pc
[INFO] [stderr]   cp librdkafka.so.1 librdkafka-dbg.so.1
[INFO] [stderr]   Creating librdkafka.so symlink
[INFO] [stderr]   rm -f "librdkafka.so" && ln -s "librdkafka.so.1" "librdkafka.so"
[INFO] [stderr]   Checking librdkafka integrity
[INFO] [stderr]   librdkafka.so.1                OK
[INFO] [stderr]   librdkafka.a                   OK
[INFO] [stderr]   Symbol visibility              OK
[INFO] [stderr]   make[1]: Leaving directory '/opt/rustwide/target/debug/build/rdkafka-sys/b2476bc697fd0afc/out/src'
[INFO] [stderr]   make[1]: Entering directory '/opt/rustwide/target/debug/build/rdkafka-sys/b2476bc697fd0afc/out/src-cpp'
[INFO] [stderr]   g++ -MD -MP -g -O2 -fPIC -Wall -Wsign-compare -Wfloat-equal -Wpointer-arith -Wcast-align -Wno-non-virtual-dtor -c RdKafka.cpp -o RdKafka.o
[INFO] [stderr]   g++ -MD -MP -g -O2 -fPIC -Wall -Wsign-compare -Wfloat-equal -Wpointer-arith -Wcast-align -Wno-non-virtual-dtor -c ConfImpl.cpp -o ConfImpl.o
[INFO] [stderr]   g++ -MD -MP -g -O2 -fPIC -Wall -Wsign-compare -Wfloat-equal -Wpointer-arith -Wcast-align -Wno-non-virtual-dtor -c HandleImpl.cpp -o HandleImpl.o
[INFO] [stderr]   g++ -MD -MP -g -O2 -fPIC -Wall -Wsign-compare -Wfloat-equal -Wpointer-arith -Wcast-align -Wno-non-virtual-dtor -c ConsumerImpl.cpp -o ConsumerImpl.o
[INFO] [stderr]   g++ -MD -MP -g -O2 -fPIC -Wall -Wsign-compare -Wfloat-equal -Wpointer-arith -Wcast-align -Wno-non-virtual-dtor -c ProducerImpl.cpp -o ProducerImpl.o
[INFO] [stderr]   g++ -MD -MP -g -O2 -fPIC -Wall -Wsign-compare -Wfloat-equal -Wpointer-arith -Wcast-align -Wno-non-virtual-dtor -c KafkaConsumerImpl.cpp -o KafkaConsumerImpl.o
[INFO] [stderr]   g++ -MD -MP -g -O2 -fPIC -Wall -Wsign-compare -Wfloat-equal -Wpointer-arith -Wcast-align -Wno-non-virtual-dtor -c TopicImpl.cpp -o TopicImpl.o
[INFO] [stderr]   g++ -MD -MP -g -O2 -fPIC -Wall -Wsign-compare -Wfloat-equal -Wpointer-arith -Wcast-align -Wno-non-virtual-dtor -c TopicPartitionImpl.cpp -o TopicPartitionImpl.o
[INFO] [stderr]   g++ -MD -MP -g -O2 -fPIC -Wall -Wsign-compare -Wfloat-equal -Wpointer-arith -Wcast-align -Wno-non-virtual-dtor -c MessageImpl.cpp -o MessageImpl.o
[INFO] [stderr]   g++ -MD -MP -g -O2 -fPIC -Wall -Wsign-compare -Wfloat-equal -Wpointer-arith -Wcast-align -Wno-non-virtual-dtor -c HeadersImpl.cpp -o HeadersImpl.o
[INFO] [stderr]   g++ -MD -MP -g -O2 -fPIC -Wall -Wsign-compare -Wfloat-equal -Wpointer-arith -Wcast-align -Wno-non-virtual-dtor -c QueueImpl.cpp -o QueueImpl.o
[INFO] [stderr]   g++ -MD -MP -g -O2 -fPIC -Wall -Wsign-compare -Wfloat-equal -Wpointer-arith -Wcast-align -Wno-non-virtual-dtor -c MetadataImpl.cpp -o MetadataImpl.o
[INFO] [stderr]   Generating pkg-config file rdkafka++.pc
[INFO] [stderr]   Generating pkg-config file rdkafka++-static.pc
[INFO] [stderr]   make[1]: Leaving directory '/opt/rustwide/target/debug/build/rdkafka-sys/b2476bc697fd0afc/out/src-cpp'
[INFO] [stderr] 
[INFO] [stderr]   --- stderr
[INFO] [stderr]   Building and linking librdkafka statically
[INFO] [stderr]   Running command: "cp -a librdkafka/. /opt/rustwide/target/debug/build/rdkafka-sys/b2476bc697fd0afc/out" in dir: .
[INFO] [stderr]   Running command: "/opt/rustwide/target/debug/build/rdkafka-sys/b2476bc697fd0afc/out/configure --disable-ssl --disable-gssapi --disable-curl --disable-zstd --disable-lz4-ext" in dir: /opt/rustwide/target/debug/build/rdkafka-sys/b2476bc697fd0afc/out
[INFO] [stderr]   Running command: "make libs" in dir: /opt/rustwide/target/debug/build/rdkafka-sys/b2476bc697fd0afc/out
[INFO] [stderr]   rdkafka_aux.c: In function 'rd_kafka_Node_new_from_brokers':
[INFO] [stderr]   rdkafka_aux.c:270:13: warning: initialization discards 'const' qualifier from pointer target type [-Wdiscarded-qualifiers]
[INFO] [stderr]     270 |             bsearch(&key_sorted, brokers_sorted, broker_cnt,
[INFO] [stderr]         |             ^~~~~~~
[INFO] [stderr]   rdkafka_aux.c:275:13: warning: initialization discards 'const' qualifier from pointer target type [-Wdiscarded-qualifiers]
[INFO] [stderr]     275 |             bsearch(&key_internal, brokers_internal, broker_cnt,
[INFO] [stderr]         |             ^~~~~~~
[INFO] [stderr]   rdkafka_mock.c:1604:1: warning: conflicting types for 'rd_kafka_mock_broker_decommission' due to enum/integer mismatch; have 'rd_kafka_resp_err_t(rd_kafka_mock_cluster_t *, int32_t)' {aka 'rd_kafka_resp_err_t(struct rd_kafka_mock_cluster_s *, int)'} [-Wenum-int-mismatch]
[INFO] [stderr]    1604 | rd_kafka_mock_broker_decommission(rd_kafka_mock_cluster_t *mcluster,
[INFO] [stderr]         | ^~~~~~~~~~~~~~~~~~~~~~~~~~~~~~~~~
[INFO] [stderr]   In file included from rdkafka_int.h:121,
[INFO] [stderr]                    from rdkafka_mock.c:35:
[INFO] [stderr]   rdkafka_mock.h:387:1: note: previous declaration of 'rd_kafka_mock_broker_decommission' with type 'int(rd_kafka_mock_cluster_t *, int32_t)' {aka 'int(struct rd_kafka_mock_cluster_s *, int)'}
[INFO] [stderr]     387 | rd_kafka_mock_broker_decommission(rd_kafka_mock_cluster_t *cluster,
[INFO] [stderr]         | ^~~~~~~~~~~~~~~~~~~~~~~~~~~~~~~~~
[INFO] [stderr]   g++: fatal error: Killed signal terminated program cc1plus
[INFO] [stderr]   compilation terminated.
[INFO] [stderr]   make[1]: *** [../mklove/Makefile.base:100: ProducerImpl.o] Error 1
[INFO] [stderr]   make[1]: *** Waiting for unfinished jobs....
[INFO] [stderr]   make: *** [Makefile:27: libs] Error 2
[INFO] [stderr] 
[INFO] [stderr]   thread 'main' (1112) panicked at /opt/rustwide/cargo-home/registry/src/index.crates.io-1949cf8c6b5b557f/rdkafka-sys-4.9.0+2.10.0/build.rs:36:33:
[INFO] [stderr]   Command failed with error code 2
[INFO] [stderr]   stack backtrace:
[INFO] [stderr]      0:     0x555cad1d5ff1 - std[155a6aae0adcfdcb]::backtrace_rs::backtrace::libunwind::trace
[INFO] [stderr]                                  at /rustc/012c0bd4d516934012c9a1ecb26e9eb283d2ed75/library/std/src/../../backtrace/src/backtrace/libunwind.rs:117:9
[INFO] [stderr]      1:     0x555cad1d5ff1 - std[155a6aae0adcfdcb]::backtrace_rs::backtrace::trace_unsynchronized::<std[155a6aae0adcfdcb]::sys::backtrace::_print_fmt::{closure#1}>
[INFO] [stderr]                                  at /rustc/012c0bd4d516934012c9a1ecb26e9eb283d2ed75/library/std/src/../../backtrace/src/backtrace/mod.rs:66:14
[INFO] [stderr]      2:     0x555cad1d5ff1 - std[155a6aae0adcfdcb]::sys::backtrace::_print_fmt
[INFO] [stderr]                                  at /rustc/012c0bd4d516934012c9a1ecb26e9eb283d2ed75/library/std/src/sys/backtrace.rs:74:9
[INFO] [stderr]      3:     0x555cad1d5ff1 - <<std[155a6aae0adcfdcb]::sys::backtrace::BacktraceLock>::print::DisplayBacktrace as core[e500cd04234c180b]::fmt::Display>::fmt
[INFO] [stderr]                                  at /rustc/012c0bd4d516934012c9a1ecb26e9eb283d2ed75/library/std/src/sys/backtrace.rs:44:26
[INFO] [stderr]      4:     0x555cad1e7c6a - <core[e500cd04234c180b]::fmt::rt::Argument>::fmt
[INFO] [stderr]                                  at /rustc/012c0bd4d516934012c9a1ecb26e9eb283d2ed75/library/core/src/fmt/rt.rs:152:76
[INFO] [stderr]      5:     0x555cad1e7c6a - core[e500cd04234c180b]::fmt::write
[INFO] [stderr]      6:     0x555cad1da2ec - core[e500cd04234c180b]::io::write::default_write_fmt::<std[155a6aae0adcfdcb]::sys::stdio::unix::Stderr>
[INFO] [stderr]                                  at /rustc/012c0bd4d516934012c9a1ecb26e9eb283d2ed75/library/core/src/io/write.rs:402:11
[INFO] [stderr]      7:     0x555cad1da2ec - <std[155a6aae0adcfdcb]::sys::stdio::unix::Stderr as core[e500cd04234c180b]::io::write::Write>::write_fmt
[INFO] [stderr]                                  at /rustc/012c0bd4d516934012c9a1ecb26e9eb283d2ed75/library/core/src/io/write.rs:335:13
[INFO] [stderr]      8:     0x555cad1b6de6 - <std[155a6aae0adcfdcb]::sys::backtrace::BacktraceLock>::print
[INFO] [stderr]                                  at /rustc/012c0bd4d516934012c9a1ecb26e9eb283d2ed75/library/std/src/sys/backtrace.rs:47:9
[INFO] [stderr]      9:     0x555cad1b6de6 - std[155a6aae0adcfdcb]::panicking::default_hook::{closure#0}
[INFO] [stderr]                                  at /rustc/012c0bd4d516934012c9a1ecb26e9eb283d2ed75/library/std/src/panicking.rs:289:27
[INFO] [stderr]     10:     0x555cad1d1331 - std[155a6aae0adcfdcb]::panicking::default_hook
[INFO] [stderr]                                  at /rustc/012c0bd4d516934012c9a1ecb26e9eb283d2ed75/library/std/src/panicking.rs:316:9
[INFO] [stderr]     11:     0x555cad1d14eb - std[155a6aae0adcfdcb]::panicking::panic_with_hook
[INFO] [stderr]                                  at /rustc/012c0bd4d516934012c9a1ecb26e9eb283d2ed75/library/std/src/panicking.rs:811:13
[INFO] [stderr]     12:     0x555cad1b6e92 - std[155a6aae0adcfdcb]::panicking::panic_handler::{closure#0}
[INFO] [stderr]                                  at /rustc/012c0bd4d516934012c9a1ecb26e9eb283d2ed75/library/std/src/panicking.rs:685:13
[INFO] [stderr]     13:     0x555cad1af579 - std[155a6aae0adcfdcb]::sys::backtrace::__rust_end_short_backtrace::<std[155a6aae0adcfdcb]::panicking::panic_handler::{closure#0}, !>
[INFO] [stderr]                                  at /rustc/012c0bd4d516934012c9a1ecb26e9eb283d2ed75/library/std/src/sys/backtrace.rs:182:18
[INFO] [stderr]     14:     0x555cad1b771d - __rustc[f41e051ab8a6a85d]::rust_begin_unwind
[INFO] [stderr]                                  at /rustc/012c0bd4d516934012c9a1ecb26e9eb283d2ed75/library/std/src/panicking.rs:676:5
[INFO] [stderr]     15:     0x555cad1e83fc - core[e500cd04234c180b]::panicking::panic_fmt
[INFO] [stderr]                                  at /rustc/012c0bd4d516934012c9a1ecb26e9eb283d2ed75/library/core/src/panicking.rs:80:14
[INFO] [stderr]     16:     0x555cad17eddd - build_script_build[a7e55355ecd03e39]::run_command_or_fail::<&str, &str>
[INFO] [stderr]     17:     0x555cad181db8 - build_script_build[a7e55355ecd03e39]::build_librdkafka
[INFO] [stderr]     18:     0x555cad182276 - build_script_build[a7e55355ecd03e39]::main
[INFO] [stderr]     19:     0x555cad183283 - <fn() as core[e500cd04234c180b]::ops::function::FnOnce<()>>::call_once
[INFO] [stderr]     20:     0x555cad17fe36 - std[155a6aae0adcfdcb]::sys::backtrace::__rust_begin_short_backtrace::<fn(), ()>
[INFO] [stderr]     21:     0x555cad17ffc9 - std[155a6aae0adcfdcb]::rt::lang_start::<()>::{closure#0}
[INFO] [stderr]     22:     0x555cad1d0738 - <&dyn core[e500cd04234c180b]::ops::function::Fn<(), Output = i32> + core[e500cd04234c180b]::marker::Sync + core[e500cd04234c180b]::panic::unwind_safe::RefUnwindSafe as core[e500cd04234c180b]::ops::function::FnOnce<()>>::call_once
[INFO] [stderr]                                  at /rustc/012c0bd4d516934012c9a1ecb26e9eb283d2ed75/library/core/src/ops/function.rs:287:21
[INFO] [stderr]     23:     0x555cad1d0738 - std[155a6aae0adcfdcb]::panicking::catch_unwind::do_call::<&dyn core[e500cd04234c180b]::ops::function::Fn<(), Output = i32> + core[e500cd04234c180b]::marker::Sync + core[e500cd04234c180b]::panic::unwind_safe::RefUnwindSafe, i32>
[INFO] [stderr]                                  at /rustc/012c0bd4d516934012c9a1ecb26e9eb283d2ed75/library/std/src/panicking.rs:573:43
[INFO] [stderr]     24:     0x555cad1d0738 - std[155a6aae0adcfdcb]::panicking::catch_unwind::<i32, &dyn core[e500cd04234c180b]::ops::function::Fn<(), Output = i32> + core[e500cd04234c180b]::marker::Sync + core[e500cd04234c180b]::panic::unwind_safe::RefUnwindSafe>
[INFO] [stderr]                                  at /rustc/012c0bd4d516934012c9a1ecb26e9eb283d2ed75/library/std/src/panicking.rs:541:19
[INFO] [stderr]     25:     0x555cad1d0738 - std[155a6aae0adcfdcb]::panic::catch_unwind::<&dyn core[e500cd04234c180b]::ops::function::Fn<(), Output = i32> + core[e500cd04234c180b]::marker::Sync + core[e500cd04234c180b]::panic::unwind_safe::RefUnwindSafe, i32>
[INFO] [stderr]                                  at /rustc/012c0bd4d516934012c9a1ecb26e9eb283d2ed75/library/std/src/panic.rs:359:14
[INFO] [stderr]     26:     0x555cad1d0738 - std[155a6aae0adcfdcb]::rt::lang_start_internal::{closure#0}
[INFO] [stderr]                                  at /rustc/012c0bd4d516934012c9a1ecb26e9eb283d2ed75/library/std/src/rt.rs:175:24
[INFO] [stderr]     27:     0x555cad1d0738 - std[155a6aae0adcfdcb]::panicking::catch_unwind::do_call::<std[155a6aae0adcfdcb]::rt::lang_start_internal::{closure#0}, isize>
[INFO] [stderr]                                  at /rustc/012c0bd4d516934012c9a1ecb26e9eb283d2ed75/library/std/src/panicking.rs:573:43
[INFO] [stderr]     28:     0x555cad1d0738 - std[155a6aae0adcfdcb]::panicking::catch_unwind::<isize, std[155a6aae0adcfdcb]::rt::lang_start_internal::{closure#0}>
[INFO] [stderr]                                  at /rustc/012c0bd4d516934012c9a1ecb26e9eb283d2ed75/library/std/src/panicking.rs:541:19
[INFO] [stderr]     29:     0x555cad1d0738 - std[155a6aae0adcfdcb]::panic::catch_unwind::<std[155a6aae0adcfdcb]::rt::lang_start_internal::{closure#0}, isize>
[INFO] [stderr]                                  at /rustc/012c0bd4d516934012c9a1ecb26e9eb283d2ed75/library/std/src/panic.rs:359:14
[INFO] [stderr]     30:     0x555cad1d0738 - std[155a6aae0adcfdcb]::rt::lang_start_internal
[INFO] [stderr]                                  at /rustc/012c0bd4d516934012c9a1ecb26e9eb283d2ed75/library/std/src/rt.rs:171:5
[INFO] [stderr]     31:     0x555cad17fb81 - std[155a6aae0adcfdcb]::rt::lang_start::<()>
[INFO] [stderr]     32:     0x555cad1832d5 - main
[INFO] [stderr]     33:     0x7e84fa52e601 - <unknown>
[INFO] [stderr]     34:     0x7e84fa52e718 - __libc_start_main
[INFO] [stderr]     35:     0x555cad17e6a5 - _start
[INFO] [stderr]     36:                0x0 - <unknown>
[INFO] running `Command { std: "docker" "inspect" "9b579b4ec3b81dd155808b53949ce5657da00f6e578c92cad50962c345df3a67", kill_on_drop: false }`
[INFO] running `Command { std: "docker" "rm" "-f" "9b579b4ec3b81dd155808b53949ce5657da00f6e578c92cad50962c345df3a67", kill_on_drop: false }`
[INFO] [stdout] 9b579b4ec3b81dd155808b53949ce5657da00f6e578c92cad50962c345df3a67
