[INFO] fetching crate agentx-adk-rust 2.0.0...
[INFO] checking agentx-adk-rust-2.0.0 against 012c0bd4d516934012c9a1ecb26e9eb283d2ed75 for pr-133502-29
[INFO] extracting crate agentx-adk-rust 2.0.0 into /workspace/builds/worker-2-tc1/source
[INFO] started tweaking crates.io crate agentx-adk-rust 2.0.0
[INFO] removed 0 missing examples
[INFO] removed 0 missing tests
[INFO] finished tweaking crates.io crate agentx-adk-rust 2.0.0
[INFO] tweaked toml for crates.io crate agentx-adk-rust 2.0.0 written to /workspace/builds/worker-2-tc1/source/Cargo.toml
[INFO] validating manifest of crates.io crate agentx-adk-rust 2.0.0 on toolchain 012c0bd4d516934012c9a1ecb26e9eb283d2ed75
[INFO] running `Command { std: CARGO_HOME="/workspace/cargo-home" RUSTUP_HOME="/workspace/rustup-home" "/workspace/cargo-home/bin/cargo" "+012c0bd4d516934012c9a1ecb26e9eb283d2ed75" "metadata" "--manifest-path" "Cargo.toml" "--no-deps", kill_on_drop: false }`
[INFO] crate crates.io crate agentx-adk-rust 2.0.0 already has a lockfile, it will not be regenerated
[INFO] running `Command { std: CARGO_HOME="/workspace/cargo-home" RUSTUP_HOME="/workspace/rustup-home" "/workspace/cargo-home/bin/cargo" "+012c0bd4d516934012c9a1ecb26e9eb283d2ed75" "fetch" "--manifest-path" "Cargo.toml", kill_on_drop: false }`
[INFO] [stderr] warning: `package.homepage` is redundant with `package.repository`
[INFO] [stderr]    --> Cargo.toml:332:12
[INFO] [stderr]     |
[INFO] [stderr] 332 | homepage = "https://github.com/zavora-ai/adk-rust"
[INFO] [stderr]     |            ^^^^^^^^^^^^^^^^^^^^^^^^^^^^^^^^^^^^^^^
[INFO] [stderr] ...
[INFO] [stderr] 337 | repository = "https://github.com/zavora-ai/adk-rust"
[INFO] [stderr]     |              ---------------------------------------
[INFO] [stderr]     |
[INFO] [stderr]     = note: `cargo::redundant_homepage` is set to `warn` by default
[INFO] [stderr] help: consider removing `package.homepage`
[INFO] [stderr] warning: `agentx-adk-rust` (manifest) generated 1 warning
[INFO] [stderr]     Updating crates.io index
[INFO] [stderr]  Downloading crates ...
[INFO] [stderr]   Downloaded darling v0.24.0
[INFO] [stderr]   Downloaded rmcp-macros v3.1.2
[INFO] [stderr]   Downloaded darling_macro v0.24.0
[INFO] [stderr]   Downloaded google-cloud-longrunning v0.21.0
[INFO] [stderr]   Downloaded google-cloud-token v0.1.2
[INFO] [stderr]   Downloaded google-cloud-gax v0.19.2
[INFO] [stderr]   Downloaded sse-stream v0.2.4
[INFO] [stderr]   Downloaded google-cloud-metadata v0.5.1
[INFO] [stderr]   Downloaded prost-derive v0.13.5
[INFO] [stderr]   Downloaded prost v0.13.5
[INFO] [stderr]   Downloaded agentx-adk-rust-macros v2.0.0
[INFO] [stderr]   Downloaded google-cloud-auth v0.17.2
[INFO] [stderr]   Downloaded prost-types v0.13.5
[INFO] [stderr]   Downloaded tokio-retry2 v0.5.8
[INFO] [stderr]   Downloaded openssl-sys v0.9.116
[INFO] [stderr]   Downloaded hyperlocal v0.9.1
[INFO] [stderr]   Downloaded darling_core v0.24.0
[INFO] [stderr]   Downloaded jsonwebtoken v9.3.1
[INFO] [stderr]   Downloaded adk-telemetry v2.0.0
[INFO] [stderr]   Downloaded yup-oauth2 v12.1.2
[INFO] [stderr]   Downloaded hyper-named-pipe v0.1.0
[INFO] [stderr]   Downloaded google-cloud-spanner v0.33.0
[INFO] [stderr]   Downloaded tonic v0.12.3
[INFO] [stderr]   Downloaded bollard-stubs v1.47.1-rc.27.3.1
[INFO] [stderr]   Downloaded agentx-adk-tool v2.0.0
[INFO] [stderr]   Downloaded process-wrap v9.1.0
[INFO] [stderr]   Downloaded tower v0.4.13
[INFO] [stderr]   Downloaded gcp-bigquery-client v0.28.0
[INFO] [stderr]   Downloaded agentx-adk-core v2.0.0
[INFO] [stderr]   Downloaded adk-sandbox v2.0.0
[INFO] [stderr]   Downloaded bollard v0.18.1
[INFO] [stderr]   Downloaded adk-memory v2.0.0
[INFO] [stderr]   Downloaded rmcp v3.1.2
[INFO] [stderr]   Downloaded zlib-rs v0.6.3
[INFO] [stderr]   Downloaded openssl v0.10.80
[INFO] [stderr]   Downloaded adk-core v2.0.0
[INFO] [stderr]   Downloaded redox_syscall v0.8.1
[INFO] [stderr]   Downloaded flagset v0.4.7
[INFO] [stderr]   Downloaded der_derive v0.7.3
[INFO] [stderr]   Downloaded delegate v0.10.0
[INFO] [stderr]   Downloaded typed-builder v0.22.0
[INFO] [stderr]   Downloaded typed-builder-macro v0.22.0
[INFO] [stderr]   Downloaded rustc_version_runtime v0.3.0
[INFO] [stderr]   Downloaded neo4rs v0.8.0
[INFO] [stderr]   Downloaded neo4rs-macros v0.3.0
[INFO] [stderr]   Downloaded chrono-tz-build v0.2.1
[INFO] [stderr]   Downloaded parse-zoneinfo v0.3.1
[INFO] [stderr]   Downloaded macro_magic v0.5.1
[INFO] [stderr]   Downloaded macro_magic_macros v0.5.1
[INFO] [stderr]   Downloaded macro_magic_core v0.5.1
[INFO] [stderr]   Downloaded mongocrypt v0.3.2
[INFO] [stderr]   Downloaded deadpool v0.9.5
[INFO] [stderr]   Downloaded retain_mut v0.1.9
[INFO] [stderr]   Downloaded chrono-tz v0.8.6
[INFO] [stderr]   Downloaded mongodb v3.7.0
[INFO] [stderr]   Downloaded mongodb-internal-macros v3.7.0
[INFO] [stderr]   Downloaded derive-syn-parse v0.2.0
[INFO] [stderr]   Downloaded mongocrypt-sys v0.1.5+1.15.1
[INFO] [stderr]   Downloaded bson v2.15.0
[INFO] [stderr]   Downloaded redis-protocol v6.0.0
[INFO] [stderr]   Downloaded pbkdf2 v0.12.2
[INFO] [stderr]   Downloaded macro_magic_core_macros v0.5.1
[INFO] [stderr]   Downloaded hickory-resolver v0.26.1
[INFO] [stderr]   Downloaded hickory-net v0.26.1
[INFO] [stderr]   Downloaded monty-fs v0.0.19
[INFO] [stderr]   Downloaded ruff_text_size v0.0.3
[INFO] [stderr]   Downloaded ordermap v1.2.0
[INFO] [stderr]   Downloaded derive-where v1.6.1
[INFO] [stderr]   Downloaded speedate v0.17.0
[INFO] [stderr]   Downloaded get-size2 v0.10.1
[INFO] [stderr]   Downloaded manyhow-macros v0.11.4
[INFO] [stderr]   Downloaded get-size-derive2 v0.10.3
[INFO] [stderr]   Downloaded regress v0.10.5
[INFO] [stderr]   Downloaded hickory-proto v0.26.1
[INFO] [stderr]   Downloaded ruff_python_stdlib v0.0.3
[INFO] [stderr]   Downloaded ruff_python_ast v0.0.3
[INFO] [stderr]   Downloaded sptr v0.3.2
[INFO] [stderr]   Downloaded crc16 v0.4.0
[INFO] [stderr]   Downloaded manyhow v0.11.4
[INFO] [stderr]   Downloaded ruff_source_file v0.0.3
[INFO] [stderr]   Downloaded unicode_names2_generator v1.3.0
[INFO] [stderr]   Downloaded adk-code v2.0.0
[INFO] [stderr]   Downloaded yasna v0.6.0
[INFO] [stderr]   Downloaded str0m-aws-lc-rs v0.2.0
[INFO] [stderr]   Downloaded attribute-derive v0.10.5
[INFO] [stderr]   Downloaded google-cloud-wkt v1.5.0
[INFO] [stderr]   Downloaded asn1-rs v0.7.2
[INFO] [stderr]   Downloaded fred v10.1.0
[INFO] [stderr]   Downloaded thin-vec v0.2.18
[INFO] [stderr]   Downloaded livekit-datatrack v0.1.13
[INFO] [stderr]   Downloaded pbjson v0.6.0
[INFO] [stderr]   Downloaded async-attributes v1.1.2
[INFO] [stderr]   Downloaded endian-type v0.2.0
[INFO] [stderr]   Downloaded from_variants_impl v1.0.2
[INFO] [stderr]   Downloaded windowfunctions v0.1.1
[INFO] [stderr]   Downloaded livekit-runtime v0.4.0
[INFO] [stderr]   Downloaded prost-build v0.12.6
[INFO] [stderr]   Downloaded bmrng v0.5.2
[INFO] [stderr]   Downloaded quote-use v0.8.4
[INFO] [stderr]   Downloaded agentx-adk-telemetry v2.0.0
[INFO] [stderr]   Downloaded device-info v0.1.1
[INFO] [stderr]   Downloaded adk-rust-macros v2.0.0
[INFO] [stderr]   Downloaded livekit-common v0.1.1
[INFO] [stderr]   Downloaded typespec_macros v0.1.0
[INFO] [stderr]   Downloaded prost-derive v0.12.6
[INFO] [stderr]   Downloaded from_variants v1.0.2
[INFO] [stderr]   Downloaded os_info v3.15.0
[INFO] [stderr]   Downloaded awp-types v2.0.0
[INFO] [stderr]   Downloaded monty-types v0.0.19
[INFO] [stderr]   Downloaded jiter v0.15.0
[INFO] [stderr]   Downloaded ryu-js v1.0.2
[INFO] [stderr]   Downloaded intrusive-collections v0.9.7
[INFO] [stderr]   Downloaded boa_interner v0.20.0
[INFO] [stderr]   Downloaded rust-embed-impl v8.11.0
[INFO] [stderr]   Downloaded waker-fn v1.2.0
[INFO] [stderr]   Downloaded thirtyfour-macros v0.2.0
[INFO] [stderr]   Downloaded realfft v3.5.0
[INFO] [stderr]   Downloaded pbjson-build v0.6.2
[INFO] [stderr]   Downloaded livekit-net v0.1.2
[INFO] [stderr]   Downloaded async-tungstenite v0.29.1
[INFO] [stderr]   Downloaded typespec v0.2.0
[INFO] [stderr]   Downloaded infer v0.2.3
[INFO] [stderr]   Downloaded transpose v0.2.3
[INFO] [stderr]   Downloaded azure_security_keyvault_secrets v0.1.0
[INFO] [stderr]   Downloaded stringmatch v0.4.0
[INFO] [stderr]   Downloaded monty v0.0.19
[INFO] [stderr]   Downloaded primal-check v0.3.4
[INFO] [stderr]   Downloaded gemm-f64 v0.19.0
[INFO] [stderr]   Downloaded rvs_derive v0.3.2
[INFO] [stderr]   Downloaded google-cloud-iam-v1 v1.10.0
[INFO] [stderr]   Downloaded async-native-tls v0.5.0
[INFO] [stderr]   Downloaded audioadapter v4.0.0
[INFO] [stderr]   Downloaded adk-deploy v2.0.0
[INFO] [stderr]   Downloaded adk-browser v2.0.0
[INFO] [stderr]   Downloaded visibility v0.1.1
[INFO] [stderr]   Downloaded interpolator v0.5.0
[INFO] [stderr]   Downloaded prost v0.12.6
[INFO] [stderr]   Downloaded pbjson-types v0.6.0
[INFO] [stderr]   Downloaded prost-types v0.12.6
[INFO] [stderr]   Downloaded livekit-data-stream v0.1.1
[INFO] [stderr]   Downloaded audiopus v0.3.0-rc.0
[INFO] [stderr]   Downloaded adk-guardrail v2.0.0
[INFO] [stderr]   Downloaded azure_core v0.22.0
[INFO] [stderr]   Downloaded azure_identity v0.1.1
[INFO] [stderr]   Downloaded adk-action v2.0.0
[INFO] [stderr]   Downloaded audio-core v0.2.1
[INFO] [stderr]   Downloaded serde_plain v1.0.2
[INFO] [stderr]   Downloaded dasp_window v0.11.1
[INFO] [stderr]   Downloaded futures-lite v1.13.0
[INFO] [stderr]   Downloaded uuid v0.8.2
[INFO] [stderr]   Downloaded adk-codeact-monty v2.0.0
[INFO] [stderr]   Downloaded secret-service v4.0.0
[INFO] [stderr]   Downloaded adk-awp v2.0.0
[INFO] [stderr]   Downloaded audioadapter-buffers v4.0.0
[INFO] [stderr]   Downloaded float8 v0.5.0
[INFO] [stderr]   Downloaded gemm v0.19.0
[INFO] [stderr]   Downloaded gemm-common v0.19.0
[INFO] [stderr]   Downloaded pulp-wasm-simd-flag v0.1.0
[INFO] [stderr]   Downloaded dyn-stack-macros v0.1.3
[INFO] [stderr]   Downloaded gemm-c32 v0.19.0
[INFO] [stderr]   Downloaded dasp_frame v0.11.0
[INFO] [stderr]   Downloaded dasp_rms v0.11.0
[INFO] [stderr]   Downloaded dasp_ring_buffer v0.11.0
[INFO] [stderr]   Downloaded dasp_peak v0.11.0
[INFO] [stderr]   Downloaded aws-sdk-ssooidc v1.103.0
[INFO] [stderr]   Downloaded adk-devtools v2.0.0
[INFO] [stderr]   Downloaded rtrb v0.3.4
[INFO] [stderr]   Downloaded serde_qs v0.8.5
[INFO] [stderr]   Downloaded azure_core v0.1.1
[INFO] [stderr]   Downloaded croner v3.0.1
[INFO] [stderr]   Downloaded similar v3.1.1
[INFO] [stderr]   Downloaded adk-enterprise v2.0.0
[INFO] [stderr]   Downloaded rand_mt v4.2.2
[INFO] [stderr]   Downloaded sysctl v0.6.0
[INFO] [stderr]   Downloaded dasp_slice v0.11.0
[INFO] [stderr]   Downloaded dasp_signal v0.11.0
[INFO] [stderr]   Downloaded fred-macros v0.1.0
[INFO] [stderr]   Downloaded monty-macros v0.0.19
[INFO] [stderr]   Downloaded boa_macros v0.20.0
[INFO] [stderr]   Downloaded jsonwebtoken v11.0.0
[INFO] [stderr]   Downloaded google-cloud-secretmanager-v1 v1.10.0
[INFO] [stderr]   Downloaded oauth2 v4.4.2
[INFO] [stderr]   Downloaded tokio-cron-scheduler v0.15.1
[INFO] [stderr]   Downloaded adk-computer-use v2.0.0
[INFO] [stderr]   Downloaded adk-cli v2.0.0
[INFO] [stderr]   Downloaded candle-nn v0.9.2
[INFO] [stderr]   Downloaded dyn-stack v0.13.2
[INFO] [stderr]   Downloaded ffi-support v0.4.4
[INFO] [stderr]   Downloaded ruff_python_parser v0.0.3
[INFO] [stderr]   Downloaded aws-runtime v1.7.4
[INFO] [stderr]   Downloaded adk-plugin v2.0.0
[INFO] [stderr]   Downloaded livekit-api v0.6.1
[INFO] [stderr]   Downloaded libwebrtc v0.3.43
[INFO] [stderr]   Downloaded adk-rag v2.0.0
[INFO] [stderr]   Downloaded adk-auth v2.0.0
[INFO] [stderr]   Downloaded adk-managed v2.0.0
[INFO] [stderr]   Downloaded adk-eval v2.0.0
[INFO] [stderr]   Downloaded thirtyfour v0.35.0
[INFO] [stderr]   Downloaded google-cloud-googleapis v0.16.1
[INFO] [stderr]   Downloaded agentx-adk-plugin v2.0.0
[INFO] [stderr]   Downloaded rvstruct v0.3.2
[INFO] [stderr]   Downloaded google-cloud-type v1.5.0
[INFO] [stderr]   Downloaded jsonschema-regex v0.47.0
[INFO] [stderr]   Downloaded sctp-proto v0.8.1
[INFO] [stderr]   Downloaded rustyline v18.0.0
[INFO] [stderr]   Downloaded adk-audio v2.0.0
[INFO] [stderr]   Downloaded zip v7.2.0
[INFO] [stderr]   Downloaded gemm-f32 v0.19.0
[INFO] [stderr]   Downloaded ndarray-npy v0.10.0
[INFO] [stderr]   Downloaded boa_ast v0.20.0
[INFO] [stderr]   Downloaded agentx-adk-session v2.0.0
[INFO] [stderr]   Downloaded aws-smithy-eventstream v0.60.20
[INFO] [stderr]   Downloaded aws-sdk-sso v1.101.0
[INFO] [stderr]   Downloaded async-openai v0.41.1
[INFO] [stderr]   Downloaded agentx-adk-artifact v2.0.0
[INFO] [stderr]   Downloaded agent-client-protocol v2.0.0
[INFO] [stderr]   Downloaded adk-runner v2.0.0
[INFO] [stderr]   Downloaded a2a-protocol-types v0.5.0
[INFO] [stderr]   Downloaded qwen_tts v0.1.1
[INFO] [stderr]   Downloaded py_literal v0.4.0
[INFO] [stderr]   Downloaded unicode_names2 v1.3.0
[INFO] [stderr]   Downloaded jsonschema v0.47.0
[INFO] [stderr]   Downloaded adk-tool v2.0.0
[INFO] [stderr]   Downloaded pulp v0.22.2
[INFO] [stderr]   Downloaded adk-payments v2.0.0
[INFO] [stderr]   Downloaded adk-graph v2.0.0
[INFO] [stderr]   Downloaded livekit v0.8.1
[INFO] [stderr]   Downloaded radix_trie v0.3.0
[INFO] [stderr]   Downloaded candle-core v0.9.2
[INFO] [stderr]   Downloaded adk-model v2.0.0
[INFO] [stderr]   Downloaded zip v6.0.0
[INFO] [stderr]   Downloaded aws-sdk-secretsmanager v1.107.0
[INFO] [stderr]   Downloaded rustfft v6.4.1
[INFO] [stderr]   Downloaded adk-artifact v2.0.0
[INFO] [stderr]   Downloaded google-cloud-gax-internal v0.7.14
[INFO] [stderr]   Downloaded google-cloud-api v1.6.0
[INFO] [stderr]   Downloaded candle-transformers v0.9.2
[INFO] [stderr]   Downloaded quote-use-macros v0.8.4
[INFO] [stderr]   Downloaded google-cloud-gax v1.11.0
[INFO] [stderr]   Downloaded petgraph v0.6.5
[INFO] [stderr]   Downloaded audiopus_sys v0.2.2
[INFO] [stderr]   Downloaded livekit-protocol v0.7.12
[INFO] [stderr]   Downloaded http-types v2.12.0
[INFO] [stderr]   Downloaded adk-gemini v2.0.0
[INFO] [stderr]   Downloaded adk-realtime v2.0.0
[INFO] [stderr]   Downloaded webrtc-sys v0.3.40
[INFO] [stderr]   Downloaded aws-smithy-types v1.4.9
[INFO] [stderr]   Downloaded adk-server v2.0.0
[INFO] [stderr]   Downloaded lzma-rust2 v0.15.8
[INFO] [stderr]   Downloaded agentx-adk-skill v2.0.0
[INFO] [stderr]   Downloaded agentx-adk-runner v2.0.0
[INFO] [stderr]   Downloaded boa_engine v0.20.0
[INFO] [stderr]   Downloaded adk-session v2.0.0
[INFO] [stderr]   Downloaded audioadapter-sample v4.0.0
[INFO] [stderr]   Downloaded async-timer v1.0.0-beta.15
[INFO] [stderr]   Downloaded collection_literals v1.0.3
[INFO] [stderr]   Downloaded fancy-regex v0.18.0
[INFO] [stderr]   Downloaded float8 v0.6.1
[INFO] [stderr]   Downloaded whoami v2.1.3
[INFO] [stderr]   Downloaded google-cloud-longrunning v1.11.0
[INFO] [stderr]   Downloaded google-cloud-aiplatform-v1 v1.12.0
[INFO] [stderr]   Downloaded x509-cert v0.2.5
[INFO] [stderr]   Downloaded adk-anthropic v2.0.0
[INFO] [stderr]   Downloaded rsb_derive v0.5.1
[INFO] [stderr]   Downloaded x509-parser v0.18.1
[INFO] [stderr]   Downloaded attribute-derive-macro v0.10.5
[INFO] [stderr]   Downloaded gemm-f16 v0.19.0
[INFO] [stderr]   Downloaded rubato v4.0.0
[INFO] [stderr]   Downloaded agentx-adk-model v2.0.0
[INFO] [stderr]   Downloaded dasp_interpolate v0.11.0
[INFO] [stderr]   Downloaded rust-embed v8.11.0
[INFO] [stderr]   Downloaded ruff_python_trivia v0.0.3
[INFO] [stderr]   Downloaded aws-sdk-sts v1.106.0
[INFO] [stderr]   Downloaded is-macro v0.3.7
[INFO] [stderr]   Downloaded adk-agent v2.0.0
[INFO] [stderr]   Downloaded gemm-c64 v0.19.0
[INFO] [stderr]   Downloaded aws-sdk-bedrockruntime v1.133.0
[INFO] [stderr]   Downloaded str0m v0.17.0
[INFO] [stderr]   Downloaded dasp_envelope v0.11.0
[INFO] [stderr]   Downloaded boa_gc v0.20.0
[INFO] [stderr]   Downloaded proc-macro-utils v0.10.0
[INFO] [stderr]   Downloaded dimpl v0.4.3
[INFO] [stderr]   Downloaded boa_string v0.20.0
[INFO] [stderr]   Downloaded agent-client-protocol-schema v1.5.0
[INFO] [stderr]   Downloaded boa_profiler v0.20.0
[INFO] [stderr]   Downloaded struct-path v0.2.4
[INFO] [stderr]   Downloaded agent-client-protocol-derive v2.0.0
[INFO] [stderr]   Downloaded referencing v0.47.0
[INFO] [stderr]   Downloaded secret-vault-value v1.0.1
[INFO] [stderr]   Downloaded agentx-adk-agent v2.0.0
[INFO] [stderr]   Downloaded jsonwebtoken v10.4.0
[INFO] [stderr]   Downloaded firestore v0.48.0
[INFO] [stderr]   Downloaded str0m-proto v0.2.0
[INFO] [stderr]   Downloaded google-cloud-lro v1.7.0
[INFO] [stderr]   Downloaded agentx-adk-acp v2.0.0
[INFO] [stderr]   Downloaded boa_parser v0.20.0
[INFO] [stderr]   Downloaded google-cloud-auth v1.12.0
[INFO] [stderr]   Downloaded webrtc-sys-build v0.3.18
[INFO] [stderr]   Downloaded google-cloud-location v1.10.0
[INFO] [stderr]   Downloaded adk-skill v2.0.0
[INFO] [stderr]   Downloaded agentx-adk-gemini v2.0.0
[INFO] [stderr]   Downloaded google-cloud-rpc v1.5.0
[INFO] [stderr]   Downloaded async-openai-macros v0.3.0
[INFO] [stderr]   Downloaded rust-embed-utils v8.11.0
[INFO] [stderr]   Downloaded opentelemetry-semantic-conventions v0.32.0
[INFO] [stderr]   Downloaded typespec_client_core v0.1.0
[INFO] [stderr]   Downloaded dasp v0.11.0
[INFO] [stderr]   Downloaded gcloud-sdk v0.29.0
[INFO] [stderr]   Downloaded espeak-rs-sys v0.1.9
[INFO] [stderr]   Downloaded espeak-rs v0.1.9
[INFO] [stderr]   Downloaded rcgen v0.14.8
[INFO] running `Command { std: "docker" "create" "-v" "/var/lib/crater-agent-workspace/builds/worker-2-tc1/source:/opt/rustwide/workdir:ro,Z" "-v" "/var/lib/crater-agent-workspace/builds/worker-2-tc1/target:/opt/rustwide/target:rw,Z" "-v" "/var/lib/crater-agent-workspace/cargo-home:/opt/rustwide/cargo-home:ro,Z" "-v" "/var/lib/crater-agent-workspace/rustup-home:/opt/rustwide/rustup-home:ro,Z" "-m" "1610612736" "--network" "none" "ghcr.io/rust-lang/crates-build-env/linux@sha256:3111399a4047eeb3a02b7a90e478d715f38a8c6669b5c4b49d30a17385265909" "sleep" "infinity", kill_on_drop: false }`
[INFO] [stdout] 472d0ab65a2e70f3202ea8aba5677f8c78056adcc7a0200a2c744ae47b2c1484
[INFO] running `Command { std: "docker" "start" "472d0ab65a2e70f3202ea8aba5677f8c78056adcc7a0200a2c744ae47b2c1484", kill_on_drop: false }`
[INFO] running `Command { std: "docker" "inspect" "472d0ab65a2e70f3202ea8aba5677f8c78056adcc7a0200a2c744ae47b2c1484", kill_on_drop: false }`
[INFO] running `Command { std: "docker" "exec" "-e" "SOURCE_DIR=/opt/rustwide/workdir" "-e" "CARGO_HOME=/opt/rustwide/cargo-home" "-e" "RUSTUP_HOME=/opt/rustwide/rustup-home" "-e" "CARGO_TARGET_DIR=/opt/rustwide/target" "-w" "/opt/rustwide/workdir" "--user" "0:0" "472d0ab65a2e70f3202ea8aba5677f8c78056adcc7a0200a2c744ae47b2c1484" "/opt/rustwide/cargo-home/bin/cargo" "+012c0bd4d516934012c9a1ecb26e9eb283d2ed75" "metadata" "--no-deps" "--format-version=1", kill_on_drop: false }`
[INFO] running `Command { std: "docker" "inspect" "472d0ab65a2e70f3202ea8aba5677f8c78056adcc7a0200a2c744ae47b2c1484", kill_on_drop: false }`
[INFO] running `Command { std: "docker" "exec" "-e" "SOURCE_DIR=/opt/rustwide/workdir" "-e" "CARGO_HOME=/opt/rustwide/cargo-home" "-e" "RUSTUP_HOME=/opt/rustwide/rustup-home" "-e" "CARGO_TARGET_DIR=/opt/rustwide/target" "-e" "CARGO_INCREMENTAL=0" "-e" "RUST_BACKTRACE=full" "-e" "RUSTFLAGS=--cap-lints=forbid" "-e" "RUSTDOCFLAGS=--cap-lints=forbid" "-w" "/opt/rustwide/workdir" "--user" "0:0" "472d0ab65a2e70f3202ea8aba5677f8c78056adcc7a0200a2c744ae47b2c1484" "/opt/rustwide/cargo-home/bin/cargo" "+012c0bd4d516934012c9a1ecb26e9eb283d2ed75" "check" "--frozen" "--all" "--all-targets" "--message-format=json", kill_on_drop: false }`
[INFO] [stderr] warning: `package.homepage` is redundant with `package.repository`
[INFO] [stderr]    --> Cargo.toml:332:12
[INFO] [stderr]     |
[INFO] [stderr] 332 | homepage = "https://github.com/zavora-ai/adk-rust"
[INFO] [stderr]     |            ^^^^^^^^^^^^^^^^^^^^^^^^^^^^^^^^^^^^^^^
[INFO] [stderr] ...
[INFO] [stderr] 337 | repository = "https://github.com/zavora-ai/adk-rust"
[INFO] [stderr]     |              ---------------------------------------
[INFO] [stderr]     |
[INFO] [stderr]     = note: `cargo::redundant_homepage` is set to `warn` by default
[INFO] [stderr] help: consider removing `package.homepage`
[INFO] [stderr] warning: `agentx-adk-rust` (manifest) generated 1 warning
[INFO] [stderr]     Checking memchr v2.8.1
[INFO] [stderr]     Checking futures-io v0.3.32
[INFO] [stderr]     Checking foldhash v0.2.0
[INFO] [stderr]     Checking errno v0.3.14
[INFO] [stderr]     Checking socket2 v0.6.4
[INFO] [stderr]     Checking mio v1.2.1
[INFO] [stderr]    Compiling serde_json v1.0.150
[INFO] [stderr]    Compiling cc v1.2.63
[INFO] [stderr]     Checking http v1.4.1
[INFO] [stderr]     Checking regex-syntax v0.8.10
[INFO] [stderr]    Compiling futures-macro v0.3.32
[INFO] [stderr]    Compiling zerovec-derive v0.11.3
[INFO] [stderr]    Compiling displaydoc v0.2.6
[INFO] [stderr]    Compiling tokio-macros v2.7.0
[INFO] [stderr]    Compiling zerofrom-derive v0.1.7
[INFO] [stderr]    Compiling yoke-derive v0.8.2
[INFO] [stderr]     Checking serde v1.0.228
[INFO] [stderr]     Checking tracing v0.1.44
[INFO] [stderr]     Checking signal-hook-registry v1.4.8
[INFO] [stderr]     Checking hashbrown v0.17.1
[INFO] [stderr]    Compiling ref-cast v1.0.25
[INFO] [stderr]    Compiling ref-cast-impl v1.0.25
[INFO] [stderr]     Checking num-integer v0.1.46
[INFO] [stderr]    Compiling rustls v0.23.40
[INFO] [stderr]     Checking log v0.4.32
[INFO] [stderr]     Checking uuid v1.23.2
[INFO] [stderr]     Checking aho-corasick v1.1.4
[INFO] [stderr]     Checking chrono v0.4.45
[INFO] [stderr]     Checking tokio v1.52.3
[INFO] [stderr]    Compiling zerocopy v0.8.50
[INFO] [stderr]    Compiling mime_guess v2.0.5
[INFO] [stderr]    Compiling ahash v0.8.12
[INFO] [stderr]     Checking num-bigint v0.4.6
[INFO] [stderr]    Compiling serde_derive_internals v0.29.1
[INFO] [stderr]     Checking rustls-native-certs v0.8.4
[INFO] [stderr]     Checking indexmap v2.14.0
[INFO] [stderr]     Checking futures-util v0.3.32
[INFO] [stderr]     Checking http-body v1.0.1
[INFO] [stderr]     Checking getrandom v0.3.4
[INFO] [stderr]     Checking parking_lot_core v0.9.12
[INFO] [stderr]     Checking tracing-log v0.2.0
[INFO] [stderr]     Checking num-iter v0.1.45
[INFO] [stderr]     Checking num-complex v0.4.6
[INFO] [stderr]     Checking unicase v2.9.0
[INFO] [stderr]    Compiling unicode-general-category v1.1.0
[INFO] [stderr]     Checking borrow-or-share v0.2.4
[INFO] [stderr]     Checking zerofrom v0.1.8
[INFO] [stderr]     Checking bitflags v2.13.0
[INFO] [stderr]     Checking fluent-uri v0.4.1
[INFO] [stderr]     Checking yoke v0.8.3
[INFO] [stderr]     Checking bit-set v0.8.0
[INFO] [stderr]     Checking parking_lot v0.12.5
[INFO] [stderr]     Checking nom v7.1.3
[INFO] [stderr]    Compiling ring v0.17.14
[INFO] [stderr]     Checking zerovec v0.11.6
[INFO] [stderr]     Checking zerotrie v0.2.4
[INFO] [stderr]     Checking deranged v0.5.8
[INFO] [stderr]     Checking serde_urlencoded v0.7.1
[INFO] [stderr]    Compiling schemars_derive v1.2.1
[INFO] [stderr]     Checking http-body-util v0.1.3
[INFO] [stderr]    Compiling snafu-derive v0.8.9
[INFO] [stderr]    Compiling strum_macros v0.28.0
[INFO] [stderr]     Checking encoding_rs v0.8.35
[INFO] [stderr]     Checking vsimd v0.8.0
[INFO] [stderr]     Checking micromap v0.3.0
[INFO] [stderr]     Checking outref v0.5.2
[INFO] [stderr]     Checking email_address v0.2.9
[INFO] [stderr]     Checking regex-automata v0.4.14
[INFO] [stderr]     Checking num-rational v0.4.2
[INFO] [stderr]     Checking jsonschema-regex v0.47.0
[INFO] [stderr]     Checking bytecount v0.6.9
[INFO] [stderr]     Checking num-cmp v0.1.0
[INFO] [stderr]     Checking uuid-simd v0.8.0
[INFO] [stderr]     Checking tinystr v0.8.3
[INFO] [stderr]     Checking potential_utf v0.1.5
[INFO] [stderr]     Checking num v0.4.3
[INFO] [stderr]     Checking icu_collections v2.2.0
[INFO] [stderr]     Checking fraction v0.15.4
[INFO] [stderr]     Checking icu_locale_core v2.2.0
[INFO] [stderr]     Checking time v0.3.47
[INFO] [stderr]     Checking schemars v1.2.1
[INFO] [stderr]     Checking snafu v0.8.9
[INFO] [stderr]     Checking eventsource-stream v0.2.3
[INFO] [stderr]     Checking strum v0.28.0
[INFO] [stderr]     Checking icu_provider v2.2.0
[INFO] [stderr]     Checking icu_properties v2.2.0
[INFO] [stderr]     Checking icu_normalizer v2.2.0
[INFO] [stderr]     Checking futures-executor v0.3.32
[INFO] [stderr]     Checking futures v0.3.32
[INFO] [stderr]     Checking idna_adapter v1.2.2
[INFO] [stderr]     Checking idna v1.1.0
[INFO] [stderr]     Checking matchers v0.2.0
[INFO] [stderr]     Checking regex v1.12.3
[INFO] [stderr]     Checking fancy-regex v0.18.0
[INFO] [stderr]     Checking url v2.5.8
[INFO] [stderr]     Checking tracing-subscriber v0.3.23
[INFO] [stderr]     Checking rustls-webpki v0.103.13
[INFO] [stderr]     Checking tokio-util v0.7.18
[INFO] [stderr]     Checking agentx-adk-core v2.0.0
[INFO] [stderr]     Checking tower v0.5.3
[INFO] [stderr]     Checking referencing v0.47.0
[INFO] [stderr]     Checking tower-http v0.6.11
[INFO] [stderr]     Checking jsonschema v0.47.0
[INFO] [stderr]     Checking h2 v0.4.14
[INFO] [stderr]     Checking adk-telemetry v2.0.0
[INFO] [stderr]     Checking agentx-adk-session v2.0.0
[INFO] [stderr]     Checking agentx-adk-runner v2.0.0
[INFO] [stderr]     Checking tokio-rustls v0.26.4
[INFO] [stderr]     Checking agentx-adk-agent v2.0.0
[INFO] [stderr]     Checking hyper v1.10.1
[INFO] [stderr]     Checking hyper-util v0.1.20
[INFO] [stderr]     Checking hyper-rustls v0.27.9
[INFO] [stderr]     Checking reqwest v0.12.28
[INFO] [stderr]     Checking agentx-adk-gemini v2.0.0
[INFO] [stderr]     Checking agentx-adk-model v2.0.0
[INFO] [stderr]     Checking agentx-adk-rust v2.0.0 (/opt/rustwide/workdir)
[INFO] [stdout] error[E0432]: unresolved import `adk_rust`
[INFO] [stdout]   --> tests/provider_from_env_tests.rs:10:5
[INFO] [stdout]    |
[INFO] [stdout] 10 | use adk_rust::provider_from_env;
[INFO] [stdout]    |     ^^^^^^^^ use of unresolved module or unlinked crate `adk_rust`
[INFO] [stdout]    |
[INFO] [stdout]    = help: if you wanted to use a crate named `adk_rust`, use `cargo add adk_rust` to add it to your `Cargo.toml`
[INFO] [stdout] 
[INFO] [stdout] 
[INFO] [stdout] error[E0433]: cannot find module or crate `adk_rust` in this scope
[INFO] [stdout]  --> examples/performance_0_8_llm_agents.rs:8:5
[INFO] [stdout]   |
[INFO] [stdout] 8 | use adk_rust::prelude::*;
[INFO] [stdout]   |     ^^^^^^^^ use of unresolved module or unlinked crate `adk_rust`
[INFO] [stdout]   |
[INFO] [stdout]   = help: if you wanted to use a crate named `adk_rust`, use `cargo add adk_rust` to add it to your `Cargo.toml`
[INFO] [stdout] 
[INFO] [stdout] 
[INFO] [stdout] For more information about this error, try `rustc --explain E0432`.
[INFO] [stdout] 
[INFO] [stderr] error: could not compile `agentx-adk-rust` (test "provider_from_env_tests") due to 1 previous error
[INFO] [stderr] warning: build failed, waiting for other jobs to finish...
[INFO] [stdout] error[E0433]: cannot find module or crate `adk_rust` in this scope
[INFO] [stdout]  --> examples/performance_0_8_llm_agents.rs:9:5
[INFO] [stdout]   |
[INFO] [stdout] 9 | use adk_rust::session::{CreateRequest, InMemorySessionService, SessionService};
[INFO] [stdout]   |     ^^^^^^^^ use of unresolved module or unlinked crate `adk_rust`
[INFO] [stdout]   |
[INFO] [stdout]   = help: if you wanted to use a crate named `adk_rust`, use `cargo add adk_rust` to add it to your `Cargo.toml`
[INFO] [stdout] 
[INFO] [stdout] 
[INFO] [stdout] error[E0432]: unresolved import `adk_rust`
[INFO] [stdout]  --> examples/performance_0_8_llm_agents.rs:7:5
[INFO] [stdout]   |
[INFO] [stdout] 7 | use adk_rust::GenerateContentConfig;
[INFO] [stdout]   |     ^^^^^^^^ use of unresolved module or unlinked crate `adk_rust`
[INFO] [stdout]   |
[INFO] [stdout]   = help: if you wanted to use a crate named `adk_rust`, use `cargo add adk_rust` to add it to your `Cargo.toml`
[INFO] [stdout] 
[INFO] [stdout] 
[INFO] [stdout] error[E0433]: cannot find module or crate `adk_rust` in this scope
[INFO] [stdout]   --> tests/feature_wiring.rs:14:19
[INFO] [stdout]    |
[INFO] [stdout] 14 |     let content = adk_rust::Content::new("user").with_text("hi");
[INFO] [stdout]    |                   ^^^^^^^^ use of unresolved module or unlinked crate `adk_rust`
[INFO] [stdout]    |
[INFO] [stdout]    = help: if you wanted to use a crate named `adk_rust`, use `cargo add adk_rust` to add it to your `Cargo.toml`
[INFO] [stdout] help: consider importing one of these structs
[INFO] [stdout]    |
[INFO] [stdout] 11 + use adk_core::Content;
[INFO] [stdout]    |
[INFO] [stdout] 11 + use agentx_adk_rust::Content;
[INFO] [stdout]    |
[INFO] [stdout] help: if you import `Content`, refer to it directly
[INFO] [stdout]    |
[INFO] [stdout] 14 -     let content = adk_rust::Content::new("user").with_text("hi");
[INFO] [stdout] 14 +     let content = Content::new("user").with_text("hi");
[INFO] [stdout]    |
[INFO] [stdout] 
[INFO] [stdout] 
[INFO] [stdout] For more information about this error, try `rustc --explain E0433`.
[INFO] [stdout] 
[INFO] [stderr] error: could not compile `agentx-adk-rust` (test "feature_wiring") due to 1 previous error
[INFO] [stdout] error[E0425]: cannot find type `RunConfig` in this scope
[INFO] [stdout]   --> examples/performance_0_8_llm_agents.rs:22:17
[INFO] [stdout]    |
[INFO] [stdout] 22 |     run_config: RunConfig,
[INFO] [stdout]    |                 ^^^^^^^^^ not found in this scope
[INFO] [stdout]    |
[INFO] [stdout] help: consider importing one of these structs
[INFO] [stdout]    |
[INFO] [stdout]  7 + use adk_core::RunConfig;
[INFO] [stdout]    |
[INFO] [stdout]  7 + use agentx_adk_rust::RunConfig;
[INFO] [stdout]    |
[INFO] [stdout] 
[INFO] [stdout] 
[INFO] [stdout] error[E0433]: cannot find type `RunConfig` in this scope
[INFO] [stdout]   --> examples/performance_0_8_llm_agents.rs:35:25
[INFO] [stdout]    |
[INFO] [stdout] 35 |             run_config: RunConfig::default(),
[INFO] [stdout]    |                         ^^^^^^^^^ use of undeclared type `RunConfig`
[INFO] [stdout]    |
[INFO] [stdout] help: consider importing one of these structs
[INFO] [stdout]    |
[INFO] [stdout]  7 + use adk_core::RunConfig;
[INFO] [stdout]    |
[INFO] [stdout]  7 + use agentx_adk_rust::RunConfig;
[INFO] [stdout]    |
[INFO] [stdout] 
[INFO] [stdout] 
[INFO] [stdout] error[E0433]: cannot find type `RunConfig` in this scope
[INFO] [stdout]   --> examples/performance_0_8_llm_agents.rs:43:25
[INFO] [stdout]    |
[INFO] [stdout] 43 |             run_config: RunConfig::default(),
[INFO] [stdout]    |                         ^^^^^^^^^ use of undeclared type `RunConfig`
[INFO] [stdout]    |
[INFO] [stdout] help: consider importing one of these structs
[INFO] [stdout]    |
[INFO] [stdout]  7 + use adk_core::RunConfig;
[INFO] [stdout]    |
[INFO] [stdout]  7 + use agentx_adk_rust::RunConfig;
[INFO] [stdout]    |
[INFO] [stdout] 
[INFO] [stdout] 
[INFO] [stdout] error[E0433]: cannot find type `RunConfig` in this scope
[INFO] [stdout]   --> examples/performance_0_8_llm_agents.rs:51:25
[INFO] [stdout]    |
[INFO] [stdout] 51 |             run_config: RunConfig::default(),
[INFO] [stdout]    |                         ^^^^^^^^^ use of undeclared type `RunConfig`
[INFO] [stdout]    |
[INFO] [stdout] help: consider importing one of these structs
[INFO] [stdout]    |
[INFO] [stdout]  7 + use adk_core::RunConfig;
[INFO] [stdout]    |
[INFO] [stdout]  7 + use agentx_adk_rust::RunConfig;
[INFO] [stdout]    |
[INFO] [stdout] 
[INFO] [stdout] 
[INFO] [stdout] error[E0433]: cannot find type `RunConfig` in this scope
[INFO] [stdout]   --> examples/performance_0_8_llm_agents.rs:59:25
[INFO] [stdout]    |
[INFO] [stdout] 59 |             run_config: RunConfig::default(),
[INFO] [stdout]    |                         ^^^^^^^^^ use of undeclared type `RunConfig`
[INFO] [stdout]    |
[INFO] [stdout] help: consider importing one of these structs
[INFO] [stdout]    |
[INFO] [stdout]  7 + use adk_core::RunConfig;
[INFO] [stdout]    |
[INFO] [stdout]  7 + use agentx_adk_rust::RunConfig;
[INFO] [stdout]    |
[INFO] [stdout] 
[INFO] [stdout] 
[INFO] [stdout] error[E0433]: cannot find type `RunConfig` in this scope
[INFO] [stdout]   --> examples/performance_0_8_llm_agents.rs:67:25
[INFO] [stdout]    |
[INFO] [stdout] 67 |             run_config: RunConfig::default(),
[INFO] [stdout]    |                         ^^^^^^^^^ use of undeclared type `RunConfig`
[INFO] [stdout]    |
[INFO] [stdout] help: consider importing one of these structs
[INFO] [stdout]    |
[INFO] [stdout]  7 + use adk_core::RunConfig;
[INFO] [stdout]    |
[INFO] [stdout]  7 + use agentx_adk_rust::RunConfig;
[INFO] [stdout]    |
[INFO] [stdout] 
[INFO] [stdout] 
[INFO] [stdout] error[E0433]: cannot find type `RunConfig` in this scope
[INFO] [stdout]   --> examples/performance_0_8_llm_agents.rs:75:25
[INFO] [stdout]    |
[INFO] [stdout] 75 |             run_config: RunConfig::default(),
[INFO] [stdout]    |                         ^^^^^^^^^ use of undeclared type `RunConfig`
[INFO] [stdout]    |
[INFO] [stdout] help: consider importing one of these structs
[INFO] [stdout]    |
[INFO] [stdout]  7 + use adk_core::RunConfig;
[INFO] [stdout]    |
[INFO] [stdout]  7 + use agentx_adk_rust::RunConfig;
[INFO] [stdout]    |
[INFO] [stdout] 
[INFO] [stdout] 
[INFO] [stdout] error[E0433]: cannot find type `RunConfig` in this scope
[INFO] [stdout]   --> examples/performance_0_8_llm_agents.rs:83:25
[INFO] [stdout]    |
[INFO] [stdout] 83 |             run_config: RunConfig::default(),
[INFO] [stdout]    |                         ^^^^^^^^^ use of undeclared type `RunConfig`
[INFO] [stdout]    |
[INFO] [stdout] help: consider importing one of these structs
[INFO] [stdout]    |
[INFO] [stdout]  7 + use adk_core::RunConfig;
[INFO] [stdout]    |
[INFO] [stdout]  7 + use agentx_adk_rust::RunConfig;
[INFO] [stdout]    |
[INFO] [stdout] 
[INFO] [stdout] 
[INFO] [stdout] error[E0433]: cannot find type `RunConfig` in this scope
[INFO] [stdout]   --> examples/performance_0_8_llm_agents.rs:91:25
[INFO] [stdout]    |
[INFO] [stdout] 91 |             run_config: RunConfig::default(),
[INFO] [stdout]    |                         ^^^^^^^^^ use of undeclared type `RunConfig`
[INFO] [stdout]    |
[INFO] [stdout] help: consider importing one of these structs
[INFO] [stdout]    |
[INFO] [stdout]  7 + use adk_core::RunConfig;
[INFO] [stdout]    |
[INFO] [stdout]  7 + use agentx_adk_rust::RunConfig;
[INFO] [stdout]    |
[INFO] [stdout] 
[INFO] [stdout] 
[INFO] [stdout] error[E0433]: cannot find type `RunConfig` in this scope
[INFO] [stdout]   --> examples/performance_0_8_llm_agents.rs:99:25
[INFO] [stdout]    |
[INFO] [stdout] 99 |             run_config: RunConfig::builder().history_max_events(Some(12)).build(),
[INFO] [stdout]    |                         ^^^^^^^^^ use of undeclared type `RunConfig`
[INFO] [stdout]    |
[INFO] [stdout] help: consider importing one of these structs
[INFO] [stdout]    |
[INFO] [stdout]  7 + use adk_core::RunConfig;
[INFO] [stdout]    |
[INFO] [stdout]  7 + use agentx_adk_rust::RunConfig;
[INFO] [stdout]    |
[INFO] [stdout] 
[INFO] [stdout] 
[INFO] [stdout] error[E0433]: cannot find type `RunConfig` in this scope
[INFO] [stdout]    --> examples/performance_0_8_llm_agents.rs:107:25
[INFO] [stdout]     |
[INFO] [stdout] 107 |             run_config: RunConfig::builder().trace_payload_max_bytes(256).build(),
[INFO] [stdout]     |                         ^^^^^^^^^ use of undeclared type `RunConfig`
[INFO] [stdout]     |
[INFO] [stdout] help: consider importing one of these structs
[INFO] [stdout]     |
[INFO] [stdout]   7 + use adk_core::RunConfig;
[INFO] [stdout]     |
[INFO] [stdout]   7 + use agentx_adk_rust::RunConfig;
[INFO] [stdout]     |
[INFO] [stdout] 
[INFO] [stdout] 
[INFO] [stdout] error[E0433]: cannot find type `RunConfig` in this scope
[INFO] [stdout]    --> examples/performance_0_8_llm_agents.rs:115:25
[INFO] [stdout]     |
[INFO] [stdout] 115 |             run_config: RunConfig::builder()
[INFO] [stdout]     |                         ^^^^^^^^^ use of undeclared type `RunConfig`
[INFO] [stdout]     |
[INFO] [stdout] help: consider importing one of these structs
[INFO] [stdout]     |
[INFO] [stdout]   7 + use adk_core::RunConfig;
[INFO] [stdout]     |
[INFO] [stdout]   7 + use agentx_adk_rust::RunConfig;
[INFO] [stdout]     |
[INFO] [stdout] 
[INFO] [stdout] 
[INFO] [stdout] error[E0433]: cannot find type `RunConfig` in this scope
[INFO] [stdout]    --> examples/performance_0_8_llm_agents.rs:128:25
[INFO] [stdout]     |
[INFO] [stdout] 128 |             run_config: RunConfig::default(),
[INFO] [stdout]     |                         ^^^^^^^^^ use of undeclared type `RunConfig`
[INFO] [stdout]     |
[INFO] [stdout] help: consider importing one of these structs
[INFO] [stdout]     |
[INFO] [stdout]   7 + use adk_core::RunConfig;
[INFO] [stdout]     |
[INFO] [stdout]   7 + use agentx_adk_rust::RunConfig;
[INFO] [stdout]     |
[INFO] [stdout] 
[INFO] [stdout] 
[INFO] [stdout] error[E0405]: cannot find trait `Llm` in this scope
[INFO] [stdout]    --> examples/performance_0_8_llm_agents.rs:141:49
[INFO] [stdout]     |
[INFO] [stdout] 141 | async fn run_case(case: UseCase, model: Arc<dyn Llm>) -> Result<()> {
[INFO] [stdout]     |                                                 ^^^ not found in this scope
[INFO] [stdout]     |
[INFO] [stdout] help: consider importing one of these traits
[INFO] [stdout]     |
[INFO] [stdout]   7 + use adk_core::Llm;
[INFO] [stdout]     |
[INFO] [stdout]   7 + use agentx_adk_rust::Llm;
[INFO] [stdout]     |
[INFO] [stdout] 
[INFO] [stdout] 
[INFO] [stdout] error[E0433]: cannot find type `LlmAgentBuilder` in this scope
[INFO] [stdout]    --> examples/performance_0_8_llm_agents.rs:143:9
[INFO] [stdout]     |
[INFO] [stdout] 143 |         LlmAgentBuilder::new(case.agent_name)
[INFO] [stdout]     |         ^^^^^^^^^^^^^^^ use of undeclared type `LlmAgentBuilder`
[INFO] [stdout]     |
[INFO] [stdout] help: consider importing one of these structs
[INFO] [stdout]     |
[INFO] [stdout]   7 + use adk_agent::LlmAgentBuilder;
[INFO] [stdout]     |
[INFO] [stdout]   7 + use agentx_adk_rust::prelude::LlmAgentBuilder;
[INFO] [stdout]     |
[INFO] [stdout] 
[INFO] [stdout] 
[INFO] [stdout] error[E0433]: cannot find type `Runner` in this scope
[INFO] [stdout]    --> examples/performance_0_8_llm_agents.rs:172:18
[INFO] [stdout]     |
[INFO] [stdout] 172 |     let runner = Runner::builder()
[INFO] [stdout]     |                  ^^^^^^ use of undeclared type `Runner`
[INFO] [stdout]     |
[INFO] [stdout] help: consider importing one of these structs
[INFO] [stdout]     |
[INFO] [stdout]   7 + use adk_runner::Runner;
[INFO] [stdout]     |
[INFO] [stdout]   7 + use agentx_adk_rust::prelude::Runner;
[INFO] [stdout]     |
[INFO] [stdout] 
[INFO] [stdout] 
[INFO] [stdout] error[E0433]: cannot find type `Content` in this scope
[INFO] [stdout]    --> examples/performance_0_8_llm_agents.rs:180:39
[INFO] [stdout]     |
[INFO] [stdout] 180 |         .run_str("user", &session_id, Content::new("user").with_text(case.user_prompt))
[INFO] [stdout]     |                                       ^^^^^^^ use of undeclared type `Content`
[INFO] [stdout]     |
[INFO] [stdout] help: consider importing one of these structs
[INFO] [stdout]     |
[INFO] [stdout]   7 + use adk_core::Content;
[INFO] [stdout]     |
[INFO] [stdout]   7 + use agentx_adk_rust::Content;
[INFO] [stdout]     |
[INFO] [stdout] 
[INFO] [stdout] 
[INFO] [stdout] error[E0433]: cannot find type `AdkError` in this scope
[INFO] [stdout]    --> examples/performance_0_8_llm_agents.rs:196:20
[INFO] [stdout]     |
[INFO] [stdout] 196 |         return Err(AdkError::agent(format!(
[INFO] [stdout]     |                    ^^^^^^^^ use of undeclared type `AdkError`
[INFO] [stdout]     |
[INFO] [stdout] help: consider importing one of these structs
[INFO] [stdout]     |
[INFO] [stdout]   7 + use adk_core::AdkError;
[INFO] [stdout]     |
[INFO] [stdout]   7 + use agentx_adk_rust::AdkError;
[INFO] [stdout]     |
[INFO] [stdout] 
[INFO] [stdout] 
[INFO] [stdout] error[E0405]: cannot find trait `Llm` in this scope
[INFO] [stdout]    --> examples/performance_0_8_llm_agents.rs:205:44
[INFO] [stdout]     |
[INFO] [stdout] 205 | fn real_model_from_env() -> Result<Arc<dyn Llm>> {
[INFO] [stdout]     |                                            ^^^ not found in this scope
[INFO] [stdout]     |
[INFO] [stdout] help: consider importing one of these traits
[INFO] [stdout]     |
[INFO] [stdout]   7 + use adk_core::Llm;
[INFO] [stdout]     |
[INFO] [stdout]   7 + use agentx_adk_rust::Llm;
[INFO] [stdout]     |
[INFO] [stdout] 
[INFO] [stdout] 
[INFO] [stdout] error[E0433]: cannot find type `GeminiModel` in this scope
[INFO] [stdout]    --> examples/performance_0_8_llm_agents.rs:240:32
[INFO] [stdout]     |
[INFO] [stdout] 240 |             return Ok(Arc::new(GeminiModel::new(
[INFO] [stdout]     |                                ^^^^^^^^^^^ use of undeclared type `GeminiModel`
[INFO] [stdout]     |
[INFO] [stdout] help: consider importing one of these structs
[INFO] [stdout]     |
[INFO] [stdout]   7 + use adk_model::GeminiModel;
[INFO] [stdout]     |
[INFO] [stdout]   7 + use agentx_adk_rust::prelude::GeminiModel;
[INFO] [stdout]     |
[INFO] [stdout] 
[INFO] [stdout] 
[INFO] [stdout] error[E0433]: cannot find type `AdkError` in this scope
[INFO] [stdout]    --> examples/performance_0_8_llm_agents.rs:247:9
[INFO] [stdout]     |
[INFO] [stdout] 247 |     Err(AdkError::config(
[INFO] [stdout]     |         ^^^^^^^^ use of undeclared type `AdkError`
[INFO] [stdout]     |
[INFO] [stdout] help: consider importing one of these structs
[INFO] [stdout]     |
[INFO] [stdout]   7 + use adk_core::AdkError;
[INFO] [stdout]     |
[INFO] [stdout]   7 + use agentx_adk_rust::AdkError;
[INFO] [stdout]     |
[INFO] [stdout] 
[INFO] [stdout] 
[INFO] [stdout] error[E0107]: enum takes 2 generic arguments but 1 generic argument was supplied
[INFO] [stdout]   --> examples/performance_0_8_llm_agents.rs:26:20
[INFO] [stdout]    |
[INFO] [stdout] 26 | async fn main() -> Result<()> {
[INFO] [stdout]    |                    ^^^^^^ -- supplied 1 generic argument
[INFO] [stdout]    |                    |
[INFO] [stdout]    |                    expected 2 generic arguments
[INFO] [stdout]    |
[INFO] [stdout] help: add missing generic argument
[INFO] [stdout]    |
[INFO] [stdout] 26 | async fn main() -> Result<(), E> {
[INFO] [stdout]    |                             +++
[INFO] [stdout] 
[INFO] [stdout] 
[INFO] [stdout] error[E0107]: enum takes 2 generic arguments but 1 generic argument was supplied
[INFO] [stdout]    --> examples/performance_0_8_llm_agents.rs:205:29
[INFO] [stdout]     |
[INFO] [stdout] 205 | fn real_model_from_env() -> Result<Arc<dyn Llm>> {
[INFO] [stdout]     |                             ^^^^^^ ------------ supplied 1 generic argument
[INFO] [stdout]     |                             |
[INFO] [stdout]     |                             expected 2 generic arguments
[INFO] [stdout]     |
[INFO] [stdout] help: add missing generic argument
[INFO] [stdout]     |
[INFO] [stdout] 205 | fn real_model_from_env() -> Result<Arc<dyn Llm>, E> {
[INFO] [stdout]     |                                                +++
[INFO] [stdout] 
[INFO] [stdout] 
[INFO] [stdout] error[E0433]: cannot find module or crate `adk_rust` in this scope
[INFO] [stdout]    --> examples/performance_0_8_llm_agents.rs:116:35
[INFO] [stdout]     |
[INFO] [stdout] 116 |                 .tool_concurrency(adk_rust::ToolConcurrencyConfig {
[INFO] [stdout]     |                                   ^^^^^^^^ use of unresolved module or unlinked crate `adk_rust`
[INFO] [stdout]     |
[INFO] [stdout]     = help: if you wanted to use a crate named `adk_rust`, use `cargo add adk_rust` to add it to your `Cargo.toml`
[INFO] [stdout] 
[INFO] [stdout] 
[INFO] [stdout] Some errors have detailed explanations: E0107, E0405, E0425, E0432, E0433.
[INFO] [stdout] 
[INFO] [stdout] For more information about an error, try `rustc --explain E0107`.
[INFO] [stdout] 
[INFO] [stderr] error: could not compile `agentx-adk-rust` (example "performance_0_8_llm_agents") due to 27 previous errors
[INFO] running `Command { std: "docker" "inspect" "472d0ab65a2e70f3202ea8aba5677f8c78056adcc7a0200a2c744ae47b2c1484", kill_on_drop: false }`
[INFO] running `Command { std: "docker" "rm" "-f" "472d0ab65a2e70f3202ea8aba5677f8c78056adcc7a0200a2c744ae47b2c1484", kill_on_drop: false }`
[INFO] [stdout] 472d0ab65a2e70f3202ea8aba5677f8c78056adcc7a0200a2c744ae47b2c1484
