[INFO] cloning repository https://github.com/yvt/img2ctext
[INFO] running `Command { std: "git" "-c" "credential.helper=" "-c" "credential.helper=/workspace/cargo-home/bin/git-credential-null" "clone" "--bare" "https://github.com/yvt/img2ctext" "/workspace/cache/git-repos/https%3A%2F%2Fgithub.com%2Fyvt%2Fimg2ctext", kill_on_drop: false }`
[INFO] [stderr] Cloning into bare repository '/workspace/cache/git-repos/https%3A%2F%2Fgithub.com%2Fyvt%2Fimg2ctext'...
[INFO] running `Command { std: "git" "rev-parse" "HEAD", kill_on_drop: false }`
[INFO] [stdout] 454a6231f7f9aa25267a66f5ad2928121a1f4823
[INFO] checking yvt/img2ctext against 5b237c915528dadada3f674b90c7c80368b632be for pr-133502-29
[INFO] running `Command { std: "git" "clone" "/workspace/cache/git-repos/https%3A%2F%2Fgithub.com%2Fyvt%2Fimg2ctext" "/workspace/builds/worker-5-tc2/source", kill_on_drop: false }`
[INFO] [stderr] Cloning into '/workspace/builds/worker-5-tc2/source'...
[INFO] [stderr] done.
[INFO] removed /workspace/builds/worker-5-tc2/source/rust-toolchain.toml
[INFO] started tweaking git repo https://github.com/yvt/img2ctext
[INFO] finished tweaking git repo https://github.com/yvt/img2ctext
[INFO] tweaked toml for git repo https://github.com/yvt/img2ctext written to /workspace/builds/worker-5-tc2/source/Cargo.toml
[INFO] validating manifest of git repo https://github.com/yvt/img2ctext on toolchain 5b237c915528dadada3f674b90c7c80368b632be
[INFO] running `Command { std: CARGO_HOME="/workspace/cargo-home" RUSTUP_HOME="/workspace/rustup-home" "/workspace/cargo-home/bin/cargo" "+5b237c915528dadada3f674b90c7c80368b632be" "metadata" "--manifest-path" "Cargo.toml" "--no-deps", kill_on_drop: false }`
[INFO] crate git repo https://github.com/yvt/img2ctext already has a lockfile, it will not be regenerated
[INFO] running `Command { std: CARGO_HOME="/workspace/cargo-home" RUSTUP_HOME="/workspace/rustup-home" "/workspace/cargo-home/bin/cargo" "+5b237c915528dadada3f674b90c7c80368b632be" "fetch" "--manifest-path" "Cargo.toml", kill_on_drop: false }`
[INFO] [stderr]     Blocking waiting for file lock on package cache
[INFO] [stderr]     Updating crates.io index
[INFO] [stderr]     Blocking waiting for file lock on package cache
[ERROR] error running command: no output for 300 seconds
[INFO] checking yvt/img2ctext against 5b237c915528dadada3f674b90c7c80368b632be for pr-133502-29
[INFO] running `Command { std: "git" "clone" "/workspace/cache/git-repos/https%3A%2F%2Fgithub.com%2Fyvt%2Fimg2ctext" "/workspace/builds/worker-5-tc2/source", kill_on_drop: false }`
[INFO] [stderr] Cloning into '/workspace/builds/worker-5-tc2/source'...
[INFO] [stderr] done.
[INFO] removed /workspace/builds/worker-5-tc2/source/rust-toolchain.toml
[INFO] started tweaking git repo https://github.com/yvt/img2ctext
[INFO] finished tweaking git repo https://github.com/yvt/img2ctext
[INFO] tweaked toml for git repo https://github.com/yvt/img2ctext written to /workspace/builds/worker-5-tc2/source/Cargo.toml
[INFO] validating manifest of git repo https://github.com/yvt/img2ctext on toolchain 5b237c915528dadada3f674b90c7c80368b632be
[INFO] running `Command { std: CARGO_HOME="/workspace/cargo-home" RUSTUP_HOME="/workspace/rustup-home" "/workspace/cargo-home/bin/cargo" "+5b237c915528dadada3f674b90c7c80368b632be" "metadata" "--manifest-path" "Cargo.toml" "--no-deps", kill_on_drop: false }`
[INFO] crate git repo https://github.com/yvt/img2ctext already has a lockfile, it will not be regenerated
[INFO] running `Command { std: CARGO_HOME="/workspace/cargo-home" RUSTUP_HOME="/workspace/rustup-home" "/workspace/cargo-home/bin/cargo" "+5b237c915528dadada3f674b90c7c80368b632be" "fetch" "--manifest-path" "Cargo.toml", kill_on_drop: false }`
[INFO] [stderr]     Blocking waiting for file lock on package cache
[INFO] [stderr]     Blocking waiting for file lock on package cache
[INFO] [stderr]  Downloading crates ...
[INFO] [stderr]   Downloaded proc-macro2 v1.0.40
[INFO] [stderr]   Downloaded quote v1.0.20
[INFO] [stderr]   Downloaded fn-formats v0.0.5
[INFO] [stderr]   Downloaded syn v1.0.98
[INFO] [stderr]   Downloaded rgb v0.8.33
[INFO] [stderr]   Downloaded rgb_derivation v0.2.0
[INFO] [stderr]   Downloaded console v0.15.0
[INFO] [stderr]   Downloaded anyhow v1.0.58
[INFO] [stderr]   Downloaded clap_lex v0.2.3
[INFO] [stderr]   Downloaded clap_derive v3.2.6
[INFO] [stderr]   Downloaded az v1.2.0
[INFO] [stderr]   Downloaded clap v3.2.6
[INFO] [stderr]   Downloaded regex v1.5.6
[INFO] [stderr]   Downloaded ndarray v0.15.4
[INFO] [stderr]   Downloaded image v0.24.2
[INFO] [stderr]   Downloaded rug v1.16.0
[INFO] [stderr]   Downloaded regex-syntax v0.6.26
[INFO] [stderr]   Downloaded zerocopy-derive v0.3.1
[INFO] [stderr]   Downloaded srgb v0.3.1
[INFO] [stderr]   Downloaded webp v0.2.2
[INFO] [stderr]   Downloaded libwebp-sys v0.4.2
[INFO] [stderr]   Downloaded gmp-mpfr-sys v1.4.8
[INFO] [stderr]   Downloaded img2text v0.1.1
[INFO] running `Command { std: "docker" "create" "-v" "/var/lib/crater-agent-workspace/builds/worker-5-tc2/source:/opt/rustwide/workdir:ro,Z" "-v" "/var/lib/crater-agent-workspace/builds/worker-5-tc2/target:/opt/rustwide/target:rw,Z" "-v" "/var/lib/crater-agent-workspace/cargo-home:/opt/rustwide/cargo-home:ro,Z" "-v" "/var/lib/crater-agent-workspace/rustup-home:/opt/rustwide/rustup-home:ro,Z" "-m" "1610612736" "--network" "none" "ghcr.io/rust-lang/crates-build-env/linux@sha256:3111399a4047eeb3a02b7a90e478d715f38a8c6669b5c4b49d30a17385265909" "sleep" "infinity", kill_on_drop: false }`
[INFO] [stdout] f0c7dff02391741de896aeafe5a9b82fc126cbc28101c8b760430b8ab265ffc6
[INFO] running `Command { std: "docker" "start" "f0c7dff02391741de896aeafe5a9b82fc126cbc28101c8b760430b8ab265ffc6", kill_on_drop: false }`
[INFO] running `Command { std: "docker" "inspect" "f0c7dff02391741de896aeafe5a9b82fc126cbc28101c8b760430b8ab265ffc6", kill_on_drop: false }`
[INFO] running `Command { std: "docker" "exec" "-e" "SOURCE_DIR=/opt/rustwide/workdir" "-e" "CARGO_HOME=/opt/rustwide/cargo-home" "-e" "RUSTUP_HOME=/opt/rustwide/rustup-home" "-e" "CARGO_TARGET_DIR=/opt/rustwide/target" "-w" "/opt/rustwide/workdir" "--user" "0:0" "f0c7dff02391741de896aeafe5a9b82fc126cbc28101c8b760430b8ab265ffc6" "/opt/rustwide/cargo-home/bin/cargo" "+5b237c915528dadada3f674b90c7c80368b632be" "metadata" "--no-deps" "--format-version=1", kill_on_drop: false }`
[INFO] running `Command { std: "docker" "inspect" "f0c7dff02391741de896aeafe5a9b82fc126cbc28101c8b760430b8ab265ffc6", kill_on_drop: false }`
[INFO] running `Command { std: "docker" "exec" "-e" "SOURCE_DIR=/opt/rustwide/workdir" "-e" "CARGO_HOME=/opt/rustwide/cargo-home" "-e" "RUSTUP_HOME=/opt/rustwide/rustup-home" "-e" "CARGO_TARGET_DIR=/opt/rustwide/target" "-e" "CARGO_INCREMENTAL=0" "-e" "RUST_BACKTRACE=full" "-e" "RUSTFLAGS=--cap-lints=forbid" "-e" "RUSTDOCFLAGS=--cap-lints=forbid" "-w" "/opt/rustwide/workdir" "--user" "0:0" "f0c7dff02391741de896aeafe5a9b82fc126cbc28101c8b760430b8ab265ffc6" "/opt/rustwide/cargo-home/bin/cargo" "+5b237c915528dadada3f674b90c7c80368b632be" "check" "--frozen" "--all" "--all-targets" "--message-format=json", kill_on_drop: false }`
[INFO] [stderr]    Compiling libc v0.2.126
[INFO] [stderr]    Compiling num-traits v0.2.15
[INFO] [stderr]    Compiling proc-macro2 v1.0.40
[INFO] [stderr]    Compiling quote v1.0.20
[INFO] [stderr]    Compiling syn v1.0.98
[INFO] [stderr]    Compiling num-bigint v0.4.3
[INFO] [stderr]    Compiling gmp-mpfr-sys v1.4.8
[INFO] [stderr]    Compiling num-rational v0.4.1
[INFO] [stderr]    Compiling num-iter v0.1.43
[INFO] [stderr]    Compiling az v1.2.0
[INFO] [stderr]     Checking regex-syntax v0.6.26
[INFO] [stderr]    Compiling rug v1.16.0
[INFO] [stderr]     Checking num-integer v0.1.45
[INFO] [stderr]     Checking aho-corasick v0.7.18
[INFO] [stderr]    Compiling indexmap v1.9.1
[INFO] [stderr]    Compiling unicode-xid v0.2.3
[INFO] [stderr]     Checking miniz_oxide v0.5.3
[INFO] [stderr]     Checking deflate v1.0.0
[INFO] [stderr]    Compiling anyhow v1.0.58
[INFO] [stderr]     Checking weezl v0.1.6
[INFO] [stderr]     Checking bytemuck v1.9.1
[INFO] [stderr]     Checking hashbrown v0.12.1
[INFO] [stderr]     Checking matrixmultiply v0.3.2
[INFO] [stderr]     Checking gif v0.11.3
[INFO] [stderr]     Checking clap_lex v0.2.3
[INFO] [stderr]     Checking num-complex v0.4.2
[INFO] [stderr]     Checking unicode-width v0.1.9
[INFO] [stderr]     Checking jpeg-decoder v0.2.6
[INFO] [stderr]     Checking terminal_size v0.1.17
[INFO] [stderr]     Checking atty v0.2.14
[INFO] [stderr]     Checking getrandom v0.2.7
[INFO] [stderr]     Checking rgb v0.8.33
[INFO] [stderr]     Checking fn-formats v0.0.5
[INFO] [stderr]     Checking textwrap v0.15.0
[INFO] [stderr]     Checking rand_core v0.6.3
[INFO] [stderr]     Checking png v0.17.5
[INFO] [stderr]     Checking ndarray v0.15.4
[INFO] [stderr]    Compiling jobserver v0.1.24
[INFO] [stderr]     Checking rand v0.8.5
[INFO] [stderr]    Compiling proc-macro-error-attr v1.0.4
[INFO] [stderr]     Checking regex v1.5.6
[INFO] [stderr]    Compiling cc v1.0.73
[INFO] [stderr]     Checking image v0.24.2
[INFO] [stderr]    Compiling rgb_derivation v0.2.0
[INFO] [stderr]    Compiling img2text v0.1.1
[INFO] [stderr]     Checking env_logger v0.9.0
[INFO] [stderr]     Checking console v0.15.0
[INFO] [stderr]     Checking env_logger v0.8.4
[INFO] [stderr]     Checking quickcheck v1.0.3
[INFO] [stderr]    Compiling libwebp-sys v0.4.2
[INFO] [stderr]    Compiling num v0.4.0
[INFO] [stderr]    Compiling proc-macro-error v1.0.4
[INFO] [stderr]    Compiling synstructure v0.12.6
[INFO] [stderr]     Checking webp v0.2.2
[INFO] [stderr]    Compiling zerocopy-derive v0.3.1
[INFO] [stderr]    Compiling thiserror-impl v1.0.31
[INFO] [stderr]    Compiling clap_derive v3.2.6
[INFO] [stderr]    Compiling quickcheck_macros v1.0.0
[INFO] [stderr]     Checking zerocopy v0.6.1
[INFO] [stderr]     Checking thiserror v1.0.31
[INFO] [stderr]     Checking clap v3.2.6
[INFO] [stderr] error: failed to run custom build command for `gmp-mpfr-sys v1.4.8`
[INFO] [stderr] note: To improve backtraces for build dependencies, set the CARGO_PROFILE_DEV_BUILD_OVERRIDE_DEBUG=true environment variable to enable debug information generation.
[INFO] [stderr] 
[INFO] [stderr] Caused by:
[INFO] [stderr]   process didn't exit successfully: `/opt/rustwide/target/debug/build/gmp-mpfr-sys/5e1f3e94d83bab78/out/build_script_build` (exit status: 101)
[INFO] [stderr]   --- stdout
[INFO] [stderr]   cargo:rerun-if-env-changed=GMP_MPFR_SYS_CACHE
[INFO] [stderr]   $ mkdir -p "/opt/rustwide/target/debug/build/gmp-mpfr-sys/34dbf03d5f5107ce/out/try_extended_key_value_attributes"
[INFO] [stderr]   $ cd "/opt/rustwide/target/debug/build/gmp-mpfr-sys/34dbf03d5f5107ce/out/try_extended_key_value_attributes"
[INFO] [stderr]   $ printf '%s' "// try_ext"... > "/opt/rustwide/target/debug/build/gmp-mpfr-sys/34dbf03d5f5107ce/out/try_extended_key_value_attributes/try_extended_key_value_attributes.rs"
[INFO] [stderr]   $ cd "/opt/rustwide/target/debug/build/gmp-mpfr-sys/34dbf03d5f5107ce/out/try_extended_key_value_attributes" && "/opt/rustwide/rustup-home/toolchains/5b237c915528dadada3f674b90c7c80368b632be/bin/rustc" "try_extended_key_value_attributes.rs" "--emit=dep-info,metadata" >& /dev/null
[INFO] [stderr]   cargo:rustc-cfg=extended_key_value_attributes
[INFO] [stderr]   $ rm -r "/opt/rustwide/target/debug/build/gmp-mpfr-sys/34dbf03d5f5107ce/out/try_extended_key_value_attributes"
[INFO] [stderr]   $ mkdir -p "/opt/rustwide/target/debug/build/gmp-mpfr-sys/34dbf03d5f5107ce/out/try_unsafe_in_unsafe"
[INFO] [stderr]   $ cd "/opt/rustwide/target/debug/build/gmp-mpfr-sys/34dbf03d5f5107ce/out/try_unsafe_in_unsafe"
[INFO] [stderr]   $ printf '%s' "// try_uns"... > "/opt/rustwide/target/debug/build/gmp-mpfr-sys/34dbf03d5f5107ce/out/try_unsafe_in_unsafe/try_unsafe_in_unsafe.rs"
[INFO] [stderr]   $ cd "/opt/rustwide/target/debug/build/gmp-mpfr-sys/34dbf03d5f5107ce/out/try_unsafe_in_unsafe" && "/opt/rustwide/rustup-home/toolchains/5b237c915528dadada3f674b90c7c80368b632be/bin/rustc" "try_unsafe_in_unsafe.rs" "--emit=dep-info,metadata" >& /dev/null
[INFO] [stderr]   cargo:rustc-cfg=unsafe_in_unsafe
[INFO] [stderr]   $ rm -r "/opt/rustwide/target/debug/build/gmp-mpfr-sys/34dbf03d5f5107ce/out/try_unsafe_in_unsafe"
[INFO] [stderr]   $ mkdir -p "/opt/rustwide/target/debug/build/gmp-mpfr-sys/34dbf03d5f5107ce/out/lib"
[INFO] [stderr]   $ mkdir -p "/opt/rustwide/target/debug/build/gmp-mpfr-sys/34dbf03d5f5107ce/out/include"
[INFO] [stderr]   $ mkdir -p "/opt/rustwide/target/debug/build/gmp-mpfr-sys/34dbf03d5f5107ce/out/build"
[INFO] [stderr]   $ ln -s "/opt/rustwide/cargo-home/registry/src/index.crates.io-1949cf8c6b5b557f/gmp-mpfr-sys-1.4.8/gmp-6.2.1-c" "/opt/rustwide/target/debug/build/gmp-mpfr-sys/34dbf03d5f5107ce/out/build/gmp-src"
[INFO] [stderr]   $ mkdir -p "/opt/rustwide/target/debug/build/gmp-mpfr-sys/34dbf03d5f5107ce/out/build/gmp-build"
[INFO] [stderr]   $ cd "/opt/rustwide/target/debug/build/gmp-mpfr-sys/34dbf03d5f5107ce/out/build/gmp-build"
[INFO] [stderr]   $ cd "/opt/rustwide/target/debug/build/gmp-mpfr-sys/34dbf03d5f5107ce/out/build/gmp-build" && "sh" "-c" "../gmp-src/configure --enable-fat --disable-shared --with-pic"
[INFO] [stderr]   checking build system type... zen3-pc-linux-gnu
[INFO] [stderr]   checking host system type... zen3-pc-linux-gnu
[INFO] [stderr]   checking for a BSD-compatible install... /usr/bin/install -c
[INFO] [stderr]   checking whether build environment is sane... yes
[INFO] [stderr]   checking for a thread-safe mkdir -p... ../gmp-src/install-sh -c -d
[INFO] [stderr]   checking for gawk... no
[INFO] [stderr]   checking for mawk... mawk
[INFO] [stderr]   checking whether make sets $(MAKE)... yes
[INFO] [stderr]   checking whether make supports nested variables... yes
[INFO] [stderr]   checking whether to enable maintainer-specific portions of Makefiles... no
[INFO] [stderr]   checking ABI=64
[INFO] [stderr]   checking compiler gcc -O2 -pedantic -fomit-frame-pointer -m64 ... no, long long reliability test 1
[INFO] [stderr]   checking whether cc is gcc... yes
[INFO] [stderr]   checking compiler cc -O2 -pedantic -fomit-frame-pointer -m64 ... no, long long reliability test 1
[INFO] [stderr]   checking ABI=x32
[INFO] [stderr]   checking compiler gcc -O2 -pedantic -fomit-frame-pointer -mx32 ... no, program does not run
[INFO] [stderr]   checking whether cc is gcc... yes
[INFO] [stderr]   checking compiler cc -O2 -pedantic -fomit-frame-pointer -mx32 ... no, program does not run
[INFO] [stderr]   checking ABI=32
[INFO] [stderr]   checking compiler gcc -m32 -O2 -pedantic -fomit-frame-pointer ... no, long long reliability test 1
[INFO] [stderr]   checking compiler gcc -O2 -pedantic -fomit-frame-pointer ... no, long long reliability test 1
[INFO] [stderr]   checking compiler icc -no-gcc ... no
[INFO] [stderr]   checking whether cc is gcc... yes
[INFO] [stderr]   checking compiler cc -m32 -O2 -pedantic -fomit-frame-pointer ... no, long long reliability test 1
[INFO] [stderr]   checking compiler cc -O2 -pedantic -fomit-frame-pointer ... no, long long reliability test 1
[INFO] [stderr] 
[INFO] [stderr]   --- stderr
[INFO] [stderr]   configure: error: could not find a working compiler, see config.log for details
[INFO] [stderr] 
[INFO] [stderr]   thread 'main' (679) panicked at /opt/rustwide/cargo-home/registry/src/index.crates.io-1949cf8c6b5b557f/gmp-mpfr-sys-1.4.8/build.rs:1291:13:
[INFO] [stderr]   Program failed with code 1: cd "/opt/rustwide/target/debug/build/gmp-mpfr-sys/34dbf03d5f5107ce/out/build/gmp-build" && "sh" "-c" "../gmp-src/configure --enable-fat --disable-shared --with-pic"
[INFO] [stderr]   stack backtrace:
[INFO] [stderr]      0:     0x60a88695add1 - std[fba97bcc6c7c281e]::backtrace_rs::backtrace::libunwind::trace
[INFO] [stderr]                                  at /rustc/5b237c915528dadada3f674b90c7c80368b632be/library/std/src/../../backtrace/src/backtrace/libunwind.rs:117:9
[INFO] [stderr]      1:     0x60a88695add1 - std[fba97bcc6c7c281e]::backtrace_rs::backtrace::trace_unsynchronized::<std[fba97bcc6c7c281e]::sys::backtrace::_print_fmt::{closure#1}>
[INFO] [stderr]                                  at /rustc/5b237c915528dadada3f674b90c7c80368b632be/library/std/src/../../backtrace/src/backtrace/mod.rs:66:14
[INFO] [stderr]      2:     0x60a88695add1 - std[fba97bcc6c7c281e]::sys::backtrace::_print_fmt
[INFO] [stderr]                                  at /rustc/5b237c915528dadada3f674b90c7c80368b632be/library/std/src/sys/backtrace.rs:74:9
[INFO] [stderr]      3:     0x60a88695add1 - <<std[fba97bcc6c7c281e]::sys::backtrace::BacktraceLock>::print::DisplayBacktrace as core[cbe985f25e545f7b]::fmt::Display>::fmt
[INFO] [stderr]                                  at /rustc/5b237c915528dadada3f674b90c7c80368b632be/library/std/src/sys/backtrace.rs:44:26
[INFO] [stderr]      4:     0x60a88696dc8a - <core[cbe985f25e545f7b]::fmt::rt::Argument>::fmt
[INFO] [stderr]                                  at /rustc/5b237c915528dadada3f674b90c7c80368b632be/library/core/src/fmt/rt.rs:152:76
[INFO] [stderr]      5:     0x60a88696dc8a - core[cbe985f25e545f7b]::fmt::write
[INFO] [stderr]      6:     0x60a8869600ec - core[cbe985f25e545f7b]::io::write::default_write_fmt::<std[fba97bcc6c7c281e]::sys::stdio::unix::Stderr>
[INFO] [stderr]                                  at /rustc/5b237c915528dadada3f674b90c7c80368b632be/library/core/src/io/write.rs:402:11
[INFO] [stderr]      7:     0x60a8869600ec - <std[fba97bcc6c7c281e]::sys::stdio::unix::Stderr as core[cbe985f25e545f7b]::io::write::Write>::write_fmt
[INFO] [stderr]                                  at /rustc/5b237c915528dadada3f674b90c7c80368b632be/library/core/src/io/write.rs:335:13
[INFO] [stderr]      8:     0x60a88693b786 - <std[fba97bcc6c7c281e]::sys::backtrace::BacktraceLock>::print
[INFO] [stderr]                                  at /rustc/5b237c915528dadada3f674b90c7c80368b632be/library/std/src/sys/backtrace.rs:47:9
[INFO] [stderr]      9:     0x60a88693b786 - std[fba97bcc6c7c281e]::panicking::default_hook::{closure#0}
[INFO] [stderr]                                  at /rustc/5b237c915528dadada3f674b90c7c80368b632be/library/std/src/panicking.rs:289:27
[INFO] [stderr]     10:     0x60a886955461 - std[fba97bcc6c7c281e]::panicking::default_hook
[INFO] [stderr]                                  at /rustc/5b237c915528dadada3f674b90c7c80368b632be/library/std/src/panicking.rs:316:9
[INFO] [stderr]     11:     0x60a88695561b - std[fba97bcc6c7c281e]::panicking::panic_with_hook
[INFO] [stderr]                                  at /rustc/5b237c915528dadada3f674b90c7c80368b632be/library/std/src/panicking.rs:811:13
[INFO] [stderr]     12:     0x60a88693b832 - std[fba97bcc6c7c281e]::panicking::panic_handler::{closure#0}
[INFO] [stderr]                                  at /rustc/5b237c915528dadada3f674b90c7c80368b632be/library/std/src/panicking.rs:685:13
[INFO] [stderr]     13:     0x60a8869356c9 - std[fba97bcc6c7c281e]::sys::backtrace::__rust_end_short_backtrace::<std[fba97bcc6c7c281e]::panicking::panic_handler::{closure#0}, !>
[INFO] [stderr]                                  at /rustc/5b237c915528dadada3f674b90c7c80368b632be/library/std/src/sys/backtrace.rs:182:18
[INFO] [stderr]     14:     0x60a88693c26d - __rustc[8b64a3aaf7c035e0]::rust_begin_unwind
[INFO] [stderr]                                  at /rustc/5b237c915528dadada3f674b90c7c80368b632be/library/std/src/panicking.rs:676:5
[INFO] [stderr]     15:     0x60a88696e3fc - core[cbe985f25e545f7b]::panicking::panic_fmt
[INFO] [stderr]                                  at /rustc/5b237c915528dadada3f674b90c7c80368b632be/library/core/src/panicking.rs:80:14
[INFO] [stderr]     16:     0x60a886913067 - build_script_build[dd6316a5dae7f035]::execute
[INFO] [stderr]     17:     0x60a8869142d8 - build_script_build[dd6316a5dae7f035]::configure
[INFO] [stderr]     18:     0x60a88691349a - build_script_build[dd6316a5dae7f035]::build_gmp
[INFO] [stderr]     19:     0x60a8869081da - build_script_build[dd6316a5dae7f035]::compile_libs
[INFO] [stderr]     20:     0x60a886912bf8 - build_script_build[dd6316a5dae7f035]::main
[INFO] [stderr]     21:     0x60a8869249f3 - <fn() as core[cbe985f25e545f7b]::ops::function::FnOnce<()>>::call_once
[INFO] [stderr]     22:     0x60a886925c16 - std[fba97bcc6c7c281e]::sys::backtrace::__rust_begin_short_backtrace::<fn(), ()>
[INFO] [stderr]     23:     0x60a8869220f9 - std[fba97bcc6c7c281e]::rt::lang_start::<()>::{closure#0}
[INFO] [stderr]     24:     0x60a8869548d8 - <&dyn core[cbe985f25e545f7b]::ops::function::Fn<(), Output = i32> + core[cbe985f25e545f7b]::panic::unwind_safe::RefUnwindSafe + core[cbe985f25e545f7b]::marker::Sync as core[cbe985f25e545f7b]::ops::function::FnOnce<()>>::call_once
[INFO] [stderr]                                  at /rustc/5b237c915528dadada3f674b90c7c80368b632be/library/core/src/ops/function.rs:287:21
[INFO] [stderr]     25:     0x60a8869548d8 - std[fba97bcc6c7c281e]::panicking::catch_unwind::do_call::<&dyn core[cbe985f25e545f7b]::ops::function::Fn<(), Output = i32> + core[cbe985f25e545f7b]::panic::unwind_safe::RefUnwindSafe + core[cbe985f25e545f7b]::marker::Sync, i32>
[INFO] [stderr]                                  at /rustc/5b237c915528dadada3f674b90c7c80368b632be/library/std/src/panicking.rs:573:43
[INFO] [stderr]     26:     0x60a8869548d8 - std[fba97bcc6c7c281e]::panicking::catch_unwind::<i32, &dyn core[cbe985f25e545f7b]::ops::function::Fn<(), Output = i32> + core[cbe985f25e545f7b]::panic::unwind_safe::RefUnwindSafe + core[cbe985f25e545f7b]::marker::Sync>
[INFO] [stderr]                                  at /rustc/5b237c915528dadada3f674b90c7c80368b632be/library/std/src/panicking.rs:541:19
[INFO] [stderr]     27:     0x60a8869548d8 - std[fba97bcc6c7c281e]::panic::catch_unwind::<&dyn core[cbe985f25e545f7b]::ops::function::Fn<(), Output = i32> + core[cbe985f25e545f7b]::panic::unwind_safe::RefUnwindSafe + core[cbe985f25e545f7b]::marker::Sync, i32>
[INFO] [stderr]                                  at /rustc/5b237c915528dadada3f674b90c7c80368b632be/library/std/src/panic.rs:359:14
[INFO] [stderr]     28:     0x60a8869548d8 - std[fba97bcc6c7c281e]::rt::lang_start_internal::{closure#0}
[INFO] [stderr]                                  at /rustc/5b237c915528dadada3f674b90c7c80368b632be/library/std/src/rt.rs:175:24
[INFO] [stderr]     29:     0x60a8869548d8 - std[fba97bcc6c7c281e]::panicking::catch_unwind::do_call::<std[fba97bcc6c7c281e]::rt::lang_start_internal::{closure#0}, isize>
[INFO] [stderr]                                  at /rustc/5b237c915528dadada3f674b90c7c80368b632be/library/std/src/panicking.rs:573:43
[INFO] [stderr]     30:     0x60a8869548d8 - std[fba97bcc6c7c281e]::panicking::catch_unwind::<isize, std[fba97bcc6c7c281e]::rt::lang_start_internal::{closure#0}>
[INFO] [stderr]                                  at /rustc/5b237c915528dadada3f674b90c7c80368b632be/library/std/src/panicking.rs:541:19
[INFO] [stderr]     31:     0x60a8869548d8 - std[fba97bcc6c7c281e]::panic::catch_unwind::<std[fba97bcc6c7c281e]::rt::lang_start_internal::{closure#0}, isize>
[INFO] [stderr]                                  at /rustc/5b237c915528dadada3f674b90c7c80368b632be/library/std/src/panic.rs:359:14
[INFO] [stderr]     32:     0x60a8869548d8 - std[fba97bcc6c7c281e]::rt::lang_start_internal
[INFO] [stderr]                                  at /rustc/5b237c915528dadada3f674b90c7c80368b632be/library/std/src/rt.rs:171:5
[INFO] [stderr]     33:     0x60a886921801 - std[fba97bcc6c7c281e]::rt::lang_start::<()>
[INFO] [stderr]     34:     0x60a886914df5 - main
[INFO] [stderr]     35:     0x704380f48601 - <unknown>
[INFO] [stderr]     36:     0x704380f48718 - __libc_start_main
[INFO] [stderr]     37:     0x60a8869035b5 - _start
[INFO] [stderr]     38:                0x0 - <unknown>
[INFO] [stderr] warning: build failed, waiting for other jobs to finish...
[INFO] running `Command { std: "docker" "inspect" "f0c7dff02391741de896aeafe5a9b82fc126cbc28101c8b760430b8ab265ffc6", kill_on_drop: false }`
[INFO] running `Command { std: "docker" "rm" "-f" "f0c7dff02391741de896aeafe5a9b82fc126cbc28101c8b760430b8ab265ffc6", kill_on_drop: false }`
[INFO] [stdout] f0c7dff02391741de896aeafe5a9b82fc126cbc28101c8b760430b8ab265ffc6
