[INFO] cloning repository https://github.com/xander42280/revme
[INFO] running `Command { std: "git" "-c" "credential.helper=" "-c" "credential.helper=/workspace/cargo-home/bin/git-credential-null" "clone" "--bare" "https://github.com/xander42280/revme" "/workspace/cache/git-repos/https%3A%2F%2Fgithub.com%2Fxander42280%2Frevme", kill_on_drop: false }`
[INFO] [stderr] Cloning into bare repository '/workspace/cache/git-repos/https%3A%2F%2Fgithub.com%2Fxander42280%2Frevme'...
[INFO] running `Command { std: "git" "rev-parse" "HEAD", kill_on_drop: false }`
[INFO] [stdout] c3187b83423a5e3cc351836007d857dc343bee95
[INFO] checking xander42280/revme against 5b237c915528dadada3f674b90c7c80368b632be for pr-133502-29
[INFO] running `Command { std: "git" "clone" "/workspace/cache/git-repos/https%3A%2F%2Fgithub.com%2Fxander42280%2Frevme" "/workspace/builds/worker-7-tc2/source", kill_on_drop: false }`
[INFO] [stderr] Cloning into '/workspace/builds/worker-7-tc2/source'...
[INFO] [stderr] done.
[INFO] removed /workspace/builds/worker-7-tc2/source/rust-toolchain.toml
[INFO] started tweaking git repo https://github.com/xander42280/revme
[INFO] finished tweaking git repo https://github.com/xander42280/revme
[INFO] tweaked toml for git repo https://github.com/xander42280/revme written to /workspace/builds/worker-7-tc2/source/Cargo.toml
[INFO] validating manifest of git repo https://github.com/xander42280/revme on toolchain 5b237c915528dadada3f674b90c7c80368b632be
[INFO] running `Command { std: CARGO_HOME="/workspace/cargo-home" RUSTUP_HOME="/workspace/rustup-home" "/workspace/cargo-home/bin/cargo" "+5b237c915528dadada3f674b90c7c80368b632be" "metadata" "--manifest-path" "Cargo.toml" "--no-deps", kill_on_drop: false }`
[INFO] crate git repo https://github.com/xander42280/revme already has a lockfile, it will not be regenerated
[INFO] running `Command { std: CARGO_HOME="/workspace/cargo-home" RUSTUP_HOME="/workspace/rustup-home" "/workspace/cargo-home/bin/cargo" "+5b237c915528dadada3f674b90c7c80368b632be" "fetch" "--manifest-path" "Cargo.toml", kill_on_drop: false }`
[INFO] [stderr] warning: profiles for the non root package will be ignored, specify profiles at the workspace root:
[INFO] [stderr] package:   /workspace/builds/worker-7-tc2/source/verifier/Cargo.toml
[INFO] [stderr] workspace: /workspace/builds/worker-7-tc2/source/Cargo.toml
[INFO] [stderr]     Blocking waiting for file lock on package cache
[INFO] [stderr]     Updating crates.io index
[INFO] [stderr]     Updating git repository `https://github.com/bluealloy/revm`
[INFO] [stderr]     Updating git repository `https://github.com/zkMIPS/zkm.git`
[INFO] [stderr]     Blocking waiting for file lock on package cache
[ERROR] error running command: no output for 300 seconds
[INFO] checking xander42280/revme against 5b237c915528dadada3f674b90c7c80368b632be for pr-133502-29
[INFO] running `Command { std: "git" "clone" "/workspace/cache/git-repos/https%3A%2F%2Fgithub.com%2Fxander42280%2Frevme" "/workspace/builds/worker-7-tc2/source", kill_on_drop: false }`
[INFO] [stderr] Cloning into '/workspace/builds/worker-7-tc2/source'...
[INFO] [stderr] done.
[INFO] removed /workspace/builds/worker-7-tc2/source/rust-toolchain.toml
[INFO] started tweaking git repo https://github.com/xander42280/revme
[INFO] finished tweaking git repo https://github.com/xander42280/revme
[INFO] tweaked toml for git repo https://github.com/xander42280/revme written to /workspace/builds/worker-7-tc2/source/Cargo.toml
[INFO] validating manifest of git repo https://github.com/xander42280/revme on toolchain 5b237c915528dadada3f674b90c7c80368b632be
[INFO] running `Command { std: CARGO_HOME="/workspace/cargo-home" RUSTUP_HOME="/workspace/rustup-home" "/workspace/cargo-home/bin/cargo" "+5b237c915528dadada3f674b90c7c80368b632be" "metadata" "--manifest-path" "Cargo.toml" "--no-deps", kill_on_drop: false }`
[INFO] crate git repo https://github.com/xander42280/revme already has a lockfile, it will not be regenerated
[INFO] running `Command { std: CARGO_HOME="/workspace/cargo-home" RUSTUP_HOME="/workspace/rustup-home" "/workspace/cargo-home/bin/cargo" "+5b237c915528dadada3f674b90c7c80368b632be" "fetch" "--manifest-path" "Cargo.toml", kill_on_drop: false }`
[INFO] [stderr] warning: profiles for the non root package will be ignored, specify profiles at the workspace root:
[INFO] [stderr] package:   /workspace/builds/worker-7-tc2/source/verifier/Cargo.toml
[INFO] [stderr] workspace: /workspace/builds/worker-7-tc2/source/Cargo.toml
[INFO] [stderr]     Blocking waiting for file lock on package cache
[INFO] [stderr]     Blocking waiting for file lock on package cache
[INFO] [stderr]  Downloading crates ...
[INFO] [stderr]   Downloaded bincode v1.3.3
[INFO] [stderr]   Downloaded serde_derive v1.0.204
[INFO] [stderr]   Downloaded tokio-macros v2.3.0
[INFO] [stderr]   Downloaded quote v1.0.36
[INFO] [stderr]   Downloaded itoa v1.0.11
[INFO] [stderr]   Downloaded zeroize_derive v1.4.2
[INFO] [stderr]   Downloaded thiserror v1.0.62
[INFO] [stderr]   Downloaded byte-slice-cast v1.2.2
[INFO] [stderr]   Downloaded impl-trait-for-tuples v0.2.2
[INFO] [stderr]   Downloaded rustc-demangle v0.1.24
[INFO] [stderr]   Downloaded convert_case v0.4.0
[INFO] [stderr]   Downloaded jobserver v0.1.31
[INFO] [stderr]   Downloaded auto_impl v1.2.0
[INFO] [stderr]   Downloaded rusty-fork v0.3.0
[INFO] [stderr]   Downloaded fixed-hash v0.8.0
[INFO] [stderr]   Downloaded serde v1.0.204
[INFO] [stderr]   Downloaded ryu v1.0.18
[INFO] [stderr]   Downloaded equivalent v1.0.1
[INFO] [stderr]   Downloaded addr2line v0.22.0
[INFO] [stderr]   Downloaded toml_datetime v0.6.6
[INFO] [stderr]   Downloaded fastrlp v0.3.1
[INFO] [stderr]   Downloaded ark-ff-macros v0.4.2
[INFO] [stderr]   Downloaded bytes v1.6.0
[INFO] [stderr]   Downloaded ff v0.13.0
[INFO] [stderr]   Downloaded scale-info v2.11.3
[INFO] [stderr]   Downloaded impl-codec v0.6.0
[INFO] [stderr]   Downloaded paste v1.0.15
[INFO] [stderr]   Downloaded zeroize v1.8.1
[INFO] [stderr]   Downloaded pin-project-lite v0.2.14
[INFO] [stderr]   Downloaded miniz_oxide v0.7.4
[INFO] [stderr]   Downloaded semver v1.0.23
[INFO] [stderr]   Downloaded ark-std v0.4.0
[INFO] [stderr]   Downloaded signal-hook-registry v1.4.2
[INFO] [stderr]   Downloaded cc v1.1.2
[INFO] [stderr]   Downloaded parity-scale-codec-derive v3.6.12
[INFO] [stderr]   Downloaded impl-rlp v0.3.0
[INFO] [stderr]   Downloaded indexmap v2.2.6
[INFO] [stderr]   Downloaded backtrace v0.3.73
[INFO] [stderr]   Downloaded bitflags v2.6.0
[INFO] [stderr]   Downloaded ruint v1.12.3
[INFO] [stderr]   Downloaded ark-ff-asm v0.4.2
[INFO] [stderr]   Downloaded thiserror-impl v1.0.62
[INFO] [stderr]   Downloaded ucd-trie v0.1.6
[INFO] [stderr]   Downloaded tracing-futures v0.2.5
[INFO] [stderr]   Downloaded wait-timeout v0.2.0
[INFO] [stderr]   Downloaded aurora-engine-modexp v1.1.0
[INFO] [stderr]   Downloaded redox_users v0.4.5
[INFO] [stderr]   Downloaded socket2 v0.5.7
[INFO] [stderr]   Downloaded unarray v0.1.4
[INFO] [stderr]   Downloaded fastrand v2.1.0
[INFO] [stderr]   Downloaded rand_xorshift v0.3.0
[INFO] [stderr]   Downloaded toml_edit v0.21.1
[INFO] [stderr]   Downloaded substrate-bn v0.6.0
[INFO] [stderr]   Downloaded glob v0.3.1
[INFO] [stderr]   Downloaded tap v1.0.1
[INFO] [stderr]   Downloaded primitive-types v0.12.2
[INFO] [stderr]   Downloaded arrayvec v0.7.4
[INFO] [stderr]   Downloaded derive_more v0.99.18
[INFO] [stderr]   Downloaded impl-serde v0.4.0
[INFO] [stderr]   Downloaded alloy-rlp-derive v0.3.7
[INFO] [stderr]   Downloaded phf_shared v0.10.0
[INFO] [stderr]   Downloaded rlp v0.5.2
[INFO] [stderr]   Downloaded bit-set v0.5.3
[INFO] [stderr]   Downloaded radium v0.7.0
[INFO] [stderr]   Downloaded scale-info-derive v2.11.3
[INFO] [stderr]   Downloaded proc-macro-crate v3.1.0
[INFO] [stderr]   Downloaded pairing v0.23.0
[INFO] [stderr]   Downloaded rlp-derive v0.1.0
[INFO] [stderr]   Downloaded autocfg v1.3.0
[INFO] [stderr]   Downloaded pest v2.7.11
[INFO] [stderr]   Downloaded tungstenite v0.20.1
[INFO] [stderr]   Downloaded uint v0.9.5
[INFO] [stderr]   Downloaded gloo-timers v0.2.6
[INFO] [stderr]   Downloaded cargo_metadata v0.18.1
[INFO] [stderr]   Downloaded ruint-macro v1.2.1
[INFO] [stderr]   Downloaded errno v0.3.9
[INFO] [stderr]   Downloaded rustc_version v0.3.3
[INFO] [stderr]   Downloaded zip v0.6.6
[INFO] [stderr]   Downloaded inout v0.1.3
[INFO] [stderr]   Downloaded alloy-rlp v0.3.7
[INFO] [stderr]   Downloaded spin v0.9.8
[INFO] [stderr]   Downloaded ark-serialize v0.4.2
[INFO] [stderr]   Downloaded wyz v0.5.1
[INFO] [stderr]   Downloaded enumn v0.1.13
[INFO] [stderr]   Downloaded itertools v0.10.5
[INFO] [stderr]   Downloaded bzip2 v0.4.4
[INFO] [stderr]   Downloaded funty v2.0.0
[INFO] [stderr]   Downloaded ark-ff v0.4.2
[INFO] [stderr]   Downloaded derivative v2.2.0
[INFO] [stderr]   Downloaded ripemd v0.1.3
[INFO] [stderr]   Downloaded bit-vec v0.6.3
[INFO] [stderr]   Downloaded system-configuration-sys v0.5.0
[INFO] [stderr]   Downloaded instant v0.1.13
[INFO] [stderr]   Downloaded fs2 v0.4.3
[INFO] [stderr]   Downloaded dirs v5.0.1
[INFO] [stderr]   Downloaded new_debug_unreachable v1.0.6
[INFO] [stderr]   Downloaded crossbeam-deque v0.8.5
[INFO] [stderr]   Downloaded dunce v1.0.4
[INFO] [stderr]   Downloaded coins-core v0.8.7
[INFO] [stderr]   Downloaded serde_json v1.0.120
[INFO] [stderr]   Downloaded serde_yaml v0.9.34+deprecated
[INFO] [stderr]   Downloaded num-bigint v0.4.6
[INFO] [stderr]   Downloaded either v1.13.0
[INFO] [stderr]   Downloaded ark-ff v0.3.0
[INFO] [stderr]   Downloaded semver v0.11.0
[INFO] [stderr]   Downloaded ark-ff-macros v0.3.0
[INFO] [stderr]   Downloaded num v0.4.3
[INFO] [stderr]   Downloaded simple_asn1 v0.6.2
[INFO] [stderr]   Downloaded phf v0.11.2
[INFO] [stderr]   Downloaded lock_api v0.4.12
[INFO] [stderr]   Downloaded ethers-contract-derive v2.0.14
[INFO] [stderr]   Downloaded unsafe-libyaml v0.2.11
[INFO] [stderr]   Downloaded alloy-primitives v0.7.7
[INFO] [stderr]   Downloaded parity-scale-codec v3.6.12
[INFO] [stderr]   Downloaded term v0.7.0
[INFO] [stderr]   Downloaded fxhash v0.2.1
[INFO] [stderr]   Downloaded ethers v2.0.14
[INFO] [stderr]   Downloaded ethers-etherscan v2.0.14
[INFO] [stderr]   Downloaded ethers-contract v2.0.14
[INFO] [stderr]   Downloaded libm v0.2.8
[INFO] [stderr]   Downloaded hashbrown v0.14.3
[INFO] [stderr]   Downloaded allocator-api2 v0.2.18
[INFO] [stderr]   Downloaded winnow v0.5.40
[INFO] [stderr]   Downloaded ark-std v0.3.0
[INFO] [stderr]   Downloaded keccak-asm v0.1.1
[INFO] [stderr]   Downloaded send_wrapper v0.6.0
[INFO] [stderr]   Downloaded async_io_stream v0.3.3
[INFO] [stderr]   Downloaded ethbloom v0.13.0
[INFO] [stderr]   Downloaded plain_hasher v0.2.3
[INFO] [stderr]   Downloaded ethers-middleware v2.0.14
[INFO] [stderr]   Downloaded syn v2.0.71
[INFO] [stderr]   Downloaded ark-serialize v0.3.0
[INFO] [stderr]   Downloaded secp256k1 v0.29.0
[INFO] [stderr]   Downloaded semver-parser v0.10.2
[INFO] [stderr]   Downloaded cipher v0.4.4
[INFO] [stderr]   Downloaded rayon-core v1.12.1
[INFO] [stderr]   Downloaded utf-8 v0.7.6
[INFO] [stderr]   Downloaded open-fastrlp v0.1.4
[INFO] [stderr]   Downloaded coins-bip39 v0.8.7
[INFO] [stderr]   Downloaded libredox v0.1.3
[INFO] [stderr]   Downloaded bech32 v0.9.1
[INFO] [stderr]   Downloaded is-terminal v0.4.12
[INFO] [stderr]   Downloaded parking_lot_core v0.9.10
[INFO] [stderr]   Downloaded ark-ff-asm v0.3.0
[INFO] [stderr]   Downloaded send_wrapper v0.4.0
[INFO] [stderr]   Downloaded strum v0.26.3
[INFO] [stderr]   Downloaded dirs-sys v0.4.1
[INFO] [stderr]   Downloaded itertools v0.11.0
[INFO] [stderr]   Downloaded ethers-contract-abigen v2.0.14
[INFO] [stderr]   Downloaded humantime v2.1.0
[INFO] [stderr]   Downloaded gimli v0.29.0
[INFO] [stderr]   Downloaded proptest v1.5.0
[INFO] [stderr]   Downloaded alloy-serde v0.1.4
[INFO] [stderr]   Downloaded object v0.36.1
[INFO] [stderr]   Downloaded num-rational v0.4.2
[INFO] [stderr]   Downloaded redox_syscall v0.5.2
[INFO] [stderr]   Downloaded bitvec v1.0.1
[INFO] [stderr]   Downloaded syn v1.0.109
[INFO] [stderr]   Downloaded ws_stream_wasm v0.7.4
[INFO] [stderr]   Downloaded pharos v0.5.3
[INFO] [stderr]   Downloaded tokio-tungstenite v0.20.1
[INFO] [stderr]   Downloaded time-macros v0.2.18
[INFO] [stderr]   Downloaded crossbeam-utils v0.8.20
[INFO] [stderr]   Downloaded siphasher v0.3.11
[INFO] [stderr]   Downloaded lalrpop-util v0.20.2
[INFO] [stderr]   Downloaded dirs-next v2.0.0
[INFO] [stderr]   Downloaded md-5 v0.10.6
[INFO] [stderr]   Downloaded scrypt v0.10.0
[INFO] [stderr]   Downloaded hex-literal v0.4.1
[INFO] [stderr]   Downloaded num-iter v0.1.45
[INFO] [stderr]   Downloaded httparse v1.9.4
[INFO] [stderr]   Downloaded pem v1.1.1
[INFO] [stderr]   Downloaded unicode-xid v0.2.4
[INFO] [stderr]   Downloaded winapi-util v0.1.8
[INFO] [stderr]   Downloaded phf_macros v0.11.2
[INFO] [stderr]   Downloaded ethereum-types v0.14.1
[INFO] [stderr]   Downloaded phf_generator v0.11.2
[INFO] [stderr]   Downloaded system-configuration v0.5.1
[INFO] [stderr]   Downloaded ethers-addressbook v2.0.14
[INFO] [stderr]   Downloaded keccak v0.1.5
[INFO] [stderr]   Downloaded cargo-platform v0.1.8
[INFO] [stderr]   Downloaded triehash v0.8.4
[INFO] [stderr]   Downloaded pbkdf2 v0.11.0
[INFO] [stderr]   Downloaded option-ext v0.2.0
[INFO] [stderr]   Downloaded phf_shared v0.11.2
[INFO] [stderr]   Downloaded password-hash v0.4.2
[INFO] [stderr]   Downloaded fixedbitset v0.4.2
[INFO] [stderr]   Downloaded futures-locks v0.7.1
[INFO] [stderr]   Downloaded serde_spanned v0.6.6
[INFO] [stderr]   Downloaded base64ct v1.6.0
[INFO] [stderr]   Downloaded ascii-canvas v3.0.0
[INFO] [stderr]   Downloaded path-slash v0.2.1
[INFO] [stderr]   Downloaded eth-keystore v0.5.0
[INFO] [stderr]   Downloaded blst v0.3.12
[INFO] [stderr]   Downloaded dirs-sys-next v0.1.2
[INFO] [stderr]   Downloaded parking_lot v0.12.3
[INFO] [stderr]   Downloaded zstd-safe v5.0.2+zstd.1.5.2
[INFO] [stderr]   Downloaded salsa20 v0.10.2
[INFO] [stderr]   Downloaded data-encoding v2.6.0
[INFO] [stderr]   Downloaded async-trait v0.1.81
[INFO] [stderr]   Downloaded yansi v0.5.1
[INFO] [stderr]   Downloaded const-hex v1.12.0
[INFO] [stderr]   Downloaded num-complex v0.4.6
[INFO] [stderr]   Downloaded log v0.4.22
[INFO] [stderr]   Downloaded home v0.5.9
[INFO] [stderr]   Downloaded precomputed-hash v0.1.1
[INFO] [stderr]   Downloaded pbkdf2 v0.12.2
[INFO] [stderr]   Downloaded enr v0.10.0
[INFO] [stderr]   Downloaded zstd v0.11.2+zstd.1.5.2
[INFO] [stderr]   Downloaded ena v0.14.3
[INFO] [stderr]   Downloaded ethers-signers v2.0.14
[INFO] [stderr]   Downloaded crossbeam-epoch v0.9.18
[INFO] [stderr]   Downloaded indenter v0.3.3
[INFO] [stderr]   Downloaded futures-timer v3.0.3
[INFO] [stderr]   Downloaded open-fastrlp-derive v0.1.1
[INFO] [stderr]   Downloaded num_enum v0.7.2
[INFO] [stderr]   Downloaded num_enum_derive v0.7.2
[INFO] [stderr]   Downloaded svm-rs v0.3.5
[INFO] [stderr]   Downloaded bs58 v0.5.1
[INFO] [stderr]   Downloaded rustix v0.38.34
[INFO] [stderr]   Downloaded tinyvec v1.8.0
[INFO] [stderr]   Downloaded jsonwebtoken v8.3.0
[INFO] [stderr]   Downloaded strum_macros v0.26.4
[INFO] [stderr]   Downloaded encode_unicode v0.3.6
[INFO] [stderr]   Downloaded ctr v0.9.2
[INFO] [stderr]   Downloaded coins-bip32 v0.8.7
[INFO] [stderr]   Downloaded toml v0.8.14
[INFO] [stderr]   Downloaded eyre v0.6.12
[INFO] [stderr]   Downloaded env_logger v0.10.2
[INFO] [stderr]   Downloaded termcolor v1.4.1
[INFO] [stderr]   Downloaded anyhow v1.0.86
[INFO] [stderr]   Downloaded rustversion v1.0.17
[INFO] [stderr]   Downloaded ethabi v18.0.0
[INFO] [stderr]   Downloaded camino v1.1.7
[INFO] [stderr]   Downloaded indicatif v0.17.8
[INFO] [stderr]   Downloaded console v0.15.8
[INFO] [stderr]   Downloaded string_cache v0.8.7
[INFO] [stderr]   Downloaded prettyplease v0.2.20
[INFO] [stderr]   Downloaded k256 v0.13.3
[INFO] [stderr]   Downloaded der v0.7.9
[INFO] [stderr]   Downloaded flate2 v1.0.30
[INFO] [stderr]   Downloaded aes v0.8.4
[INFO] [stderr]   Downloaded solang-parser v0.3.3
[INFO] [stderr]   Downloaded rayon v1.10.0
[INFO] [stderr]   Downloaded ethers-providers v2.0.14
[INFO] [stderr]   Downloaded url v2.5.2
[INFO] [stderr]   Downloaded lalrpop v0.20.2
[INFO] [stderr]   Downloaded bls12_381 v0.8.0
[INFO] [stderr]   Downloaded toml_edit v0.22.15
[INFO] [stderr]   Downloaded tokio-util v0.7.11
[INFO] [stderr]   Downloaded tokio v1.38.0
[INFO] [stderr]   Downloaded time v0.3.36
[INFO] [stderr]   Downloaded reqwest v0.11.27
[INFO] [stderr]   Downloaded kzg-rs v0.1.0
[INFO] [stderr]   Downloaded portable-atomic v1.6.0
[INFO] [stderr]   Downloaded winnow v0.6.13
[INFO] [stderr]   Downloaded libc v0.2.155
[INFO] [stderr]   Downloaded hyper v0.14.30
[INFO] [stderr]   Downloaded h2 v0.3.26
[INFO] [stderr]   Downloaded ethers-core v2.0.14
[INFO] [stderr]   Downloaded ethers-solc v2.0.14
[INFO] [stderr]   Downloaded chrono v0.4.38
[INFO] [stderr]   Downloaded regex v1.10.5
[INFO] [stderr]   Downloaded webpki-roots v0.25.4
[INFO] [stderr]   Downloaded petgraph v0.6.5
[INFO] [stderr]   Downloaded bzip2-sys v0.1.11+1.0.8
[INFO] [stderr]   Downloaded c-kzg v1.0.2
[INFO] [stderr]   Downloaded linux-raw-sys v0.4.14
[INFO] [stderr]   Downloaded secp256k1-sys v0.10.0
[INFO] [stderr]   Downloaded sha3-asm v0.1.1
[INFO] [stderr]   Downloaded alloy-eips v0.1.4
[INFO] [stderr]   Downloaded unicode-width v0.1.13
[INFO] [stderr]   Downloaded hashers v1.0.1
[INFO] [stderr]   Downloaded zstd-sys v2.0.12+zstd.1.5.6
[INFO] [stderr]   Downloaded sha3 v0.10.8
[INFO] [stderr]   Downloaded encoding_rs v0.8.34
[INFO] [stderr]   Downloaded ring v0.17.8
[INFO] [stderr]   Downloaded ring v0.16.20
[INFO] running `Command { std: "docker" "create" "-v" "/var/lib/crater-agent-workspace/builds/worker-7-tc2/source:/opt/rustwide/workdir:ro,Z" "-v" "/var/lib/crater-agent-workspace/builds/worker-7-tc2/target:/opt/rustwide/target:rw,Z" "-v" "/var/lib/crater-agent-workspace/cargo-home:/opt/rustwide/cargo-home:ro,Z" "-v" "/var/lib/crater-agent-workspace/rustup-home:/opt/rustwide/rustup-home:ro,Z" "-m" "1610612736" "--network" "none" "ghcr.io/rust-lang/crates-build-env/linux@sha256:3111399a4047eeb3a02b7a90e478d715f38a8c6669b5c4b49d30a17385265909" "sleep" "infinity", kill_on_drop: false }`
[INFO] [stdout] 4f1683bd2f7cd420e19c2db68b3bd3cf6284aebd7a18e4671bee8f5cacddde0b
[INFO] running `Command { std: "docker" "start" "4f1683bd2f7cd420e19c2db68b3bd3cf6284aebd7a18e4671bee8f5cacddde0b", kill_on_drop: false }`
[INFO] running `Command { std: "docker" "inspect" "4f1683bd2f7cd420e19c2db68b3bd3cf6284aebd7a18e4671bee8f5cacddde0b", kill_on_drop: false }`
[INFO] running `Command { std: "docker" "exec" "-e" "SOURCE_DIR=/opt/rustwide/workdir" "-e" "CARGO_HOME=/opt/rustwide/cargo-home" "-e" "RUSTUP_HOME=/opt/rustwide/rustup-home" "-e" "CARGO_TARGET_DIR=/opt/rustwide/target" "-w" "/opt/rustwide/workdir" "--user" "0:0" "4f1683bd2f7cd420e19c2db68b3bd3cf6284aebd7a18e4671bee8f5cacddde0b" "/opt/rustwide/cargo-home/bin/cargo" "+5b237c915528dadada3f674b90c7c80368b632be" "metadata" "--no-deps" "--format-version=1", kill_on_drop: false }`
[INFO] running `Command { std: "docker" "inspect" "4f1683bd2f7cd420e19c2db68b3bd3cf6284aebd7a18e4671bee8f5cacddde0b", kill_on_drop: false }`
[INFO] running `Command { std: "docker" "exec" "-e" "SOURCE_DIR=/opt/rustwide/workdir" "-e" "CARGO_HOME=/opt/rustwide/cargo-home" "-e" "RUSTUP_HOME=/opt/rustwide/rustup-home" "-e" "CARGO_TARGET_DIR=/opt/rustwide/target" "-e" "CARGO_INCREMENTAL=0" "-e" "RUST_BACKTRACE=full" "-e" "RUSTFLAGS=--cap-lints=forbid" "-e" "RUSTDOCFLAGS=--cap-lints=forbid" "-w" "/opt/rustwide/workdir" "--user" "0:0" "4f1683bd2f7cd420e19c2db68b3bd3cf6284aebd7a18e4671bee8f5cacddde0b" "/opt/rustwide/cargo-home/bin/cargo" "+5b237c915528dadada3f674b90c7c80368b632be" "check" "--frozen" "--all" "--all-targets" "--message-format=json", kill_on_drop: false }`
[INFO] [stderr] warning: profiles for the non root package will be ignored, specify profiles at the workspace root:
[INFO] [stderr] package:   /opt/rustwide/workdir/verifier/Cargo.toml
[INFO] [stderr] workspace: /opt/rustwide/workdir/Cargo.toml
[INFO] [stderr]    Compiling proc-macro2 v1.0.86
[INFO] [stderr]    Compiling unicode-ident v1.0.12
[INFO] [stderr]    Compiling version_check v0.9.4
[INFO] [stderr]    Compiling serde v1.0.204
[INFO] [stderr]    Compiling typenum v1.17.0
[INFO] [stderr]    Compiling libc v0.2.155
[INFO] [stderr]     Checking zeroize v1.8.1
[INFO] [stderr]     Checking subtle v2.6.1
[INFO] [stderr]     Checking const-oid v0.9.6
[INFO] [stderr]    Compiling syn v1.0.109
[INFO] [stderr]    Compiling autocfg v1.3.0
[INFO] [stderr]    Compiling hashbrown v0.14.3
[INFO] [stderr]    Compiling equivalent v1.0.1
[INFO] [stderr]     Checking once_cell v1.19.0
[INFO] [stderr]    Compiling crunchy v0.2.2
[INFO] [stderr]    Compiling winnow v0.5.40
[INFO] [stderr]     Checking itoa v1.0.11
[INFO] [stderr]    Compiling convert_case v0.4.0
[INFO] [stderr]     Checking cpufeatures v0.2.12
[INFO] [stderr]    Compiling tiny-keccak v2.0.2
[INFO] [stderr]     Checking zerocopy v0.7.35
[INFO] [stderr]    Compiling generic-array v0.14.7
[INFO] [stderr]    Compiling ahash v0.8.11
[INFO] [stderr]    Compiling thiserror v1.0.62
[INFO] [stderr]     Checking allocator-api2 v0.2.18
[INFO] [stderr]     Checking ppv-lite86 v0.2.17
[INFO] [stderr]     Checking arrayvec v0.7.4
[INFO] [stderr]     Checking der v0.7.9
[INFO] [stderr]    Compiling num-traits v0.2.19
[INFO] [stderr]     Checking byteorder v1.5.0
[INFO] [stderr]     Checking spin v0.9.8
[INFO] [stderr]     Checking base16ct v0.2.0
[INFO] [stderr]    Compiling quote v1.0.36
[INFO] [stderr]    Compiling cfg-if v1.0.0
[INFO] [stderr]     Checking ryu v1.0.18
[INFO] [stderr]     Checking rustc-hex v2.1.0
[INFO] [stderr]    Compiling serde_json v1.0.120
[INFO] [stderr]    Compiling indexmap v2.2.6
[INFO] [stderr]    Compiling cc v1.1.2
[INFO] [stderr]    Compiling syn v2.0.71
[INFO] [stderr]     Checking pin-project-lite v0.2.14
[INFO] [stderr]     Checking byte-slice-cast v1.2.2
[INFO] [stderr]    Compiling rustix v0.38.34
[INFO] [stderr]    Compiling camino v1.1.7
[INFO] [stderr]    Compiling semver v1.0.23
[INFO] [stderr]    Compiling rustversion v1.0.17
[INFO] [stderr]     Checking futures-core v0.3.30
[INFO] [stderr]     Checking static_assertions v1.1.0
[INFO] [stderr]     Checking keccak v0.1.5
[INFO] [stderr]     Checking memchr v2.7.4
[INFO] [stderr]    Compiling heck v0.5.0
[INFO] [stderr]     Checking untrusted v0.9.0
[INFO] [stderr]     Checking regex-syntax v0.8.4
[INFO] [stderr]    Compiling slab v0.4.9
[INFO] [stderr]     Checking getrandom v0.2.15
[INFO] [stderr]     Checking socket2 v0.5.7
[INFO] [stderr]     Checking spki v0.7.3
[INFO] [stderr]     Checking num_cpus v1.16.0
[INFO] [stderr]     Checking rand_core v0.6.4
[INFO] [stderr]     Checking mio v0.8.11
[INFO] [stderr]     Checking signal-hook-registry v1.4.2
[INFO] [stderr]     Checking base64 v0.21.7
[INFO] [stderr]     Checking aho-corasick v1.1.3
[INFO] [stderr]     Checking fnv v1.0.7
[INFO] [stderr]     Checking pkcs8 v0.10.2
[INFO] [stderr]    Compiling wasm-bindgen-shared v0.2.92
[INFO] [stderr]     Checking rand_chacha v0.3.1
[INFO] [stderr]     Checking ff v0.13.0
[INFO] [stderr]    Compiling ring v0.17.8
[INFO] [stderr]     Checking group v0.13.0
[INFO] [stderr]     Checking log v0.4.22
[INFO] [stderr]     Checking rand v0.8.5
[INFO] [stderr]     Checking num-integer v0.1.46
[INFO] [stderr]     Checking tracing-core v0.1.32
[INFO] [stderr]    Compiling rustls v0.21.12
[INFO] [stderr]     Checking futures-task v0.3.30
[INFO] [stderr]     Checking futures-sink v0.3.30
[INFO] [stderr]     Checking tinyvec_macros v0.1.1
[INFO] [stderr]    Compiling httparse v1.9.4
[INFO] [stderr]     Checking tinyvec v1.8.0
[INFO] [stderr]     Checking futures-channel v0.3.30
[INFO] [stderr]     Checking pin-utils v0.1.0
[INFO] [stderr]     Checking percent-encoding v2.3.1
[INFO] [stderr]     Checking linux-raw-sys v0.4.14
[INFO] [stderr]    Compiling bumpalo v3.16.0
[INFO] [stderr]     Checking form_urlencoded v1.2.1
[INFO] [stderr]     Checking num-bigint v0.4.6
[INFO] [stderr]     Checking lazy_static v1.5.0
[INFO] [stderr]     Checking fastrand v2.1.0
[INFO] [stderr]    Compiling radium v0.7.0
[INFO] [stderr]     Checking unicode-bidi v0.3.15
[INFO] [stderr]     Checking chrono v0.4.38
[INFO] [stderr]     Checking unicode-normalization v0.1.23
[INFO] [stderr]     Checking fixed-hash v0.8.0
[INFO] [stderr]    Compiling crypto-common v0.1.6
[INFO] [stderr]    Compiling block-buffer v0.10.4
[INFO] [stderr]    Compiling wasm-bindgen v0.2.92
[INFO] [stderr]     Checking tap v1.0.1
[INFO] [stderr]     Checking unicode-xid v0.2.4
[INFO] [stderr]    Compiling digest v0.10.7
[INFO] [stderr]     Checking regex-automata v0.4.7
[INFO] [stderr]     Checking crypto-bigint v0.5.5
[INFO] [stderr]     Checking sec1 v0.7.3
[INFO] [stderr]     Checking try-lock v0.2.5
[INFO] [stderr]     Checking want v0.3.1
[INFO] [stderr]     Checking wyz v0.5.1
[INFO] [stderr]     Checking idna v0.5.0
[INFO] [stderr]     Checking powerfmt v0.2.0
[INFO] [stderr]     Checking funty v2.0.0
[INFO] [stderr]     Checking httpdate v1.0.3
[INFO] [stderr]    Compiling time-core v0.1.2
[INFO] [stderr]     Checking sha2 v0.10.8
[INFO] [stderr]     Checking hmac v0.12.1
[INFO] [stderr]     Checking signature v2.2.0
[INFO] [stderr]     Checking sha3 v0.10.8
[INFO] [stderr]    Compiling num-conv v0.1.0
[INFO] [stderr]     Checking rfc6979 v0.4.0
[INFO] [stderr]     Checking tower-service v0.3.2
[INFO] [stderr]     Checking url v2.5.2
[INFO] [stderr]    Compiling time-macros v0.2.18
[INFO] [stderr]     Checking deranged v0.3.11
[INFO] [stderr]     Checking ripemd v0.1.3
[INFO] [stderr]    Compiling ring v0.16.20
[INFO] [stderr]    Compiling ruint-macro v1.2.1
[INFO] [stderr]     Checking webpki-roots v0.25.4
[INFO] [stderr]     Checking sha1 v0.10.6
[INFO] [stderr]     Checking rustls-pemfile v1.0.4
[INFO] [stderr]     Checking encoding_rs v0.8.34
[INFO] [stderr]     Checking spin v0.5.2
[INFO] [stderr]     Checking untrusted v0.7.1
[INFO] [stderr]     Checking mime v0.3.17
[INFO] [stderr]     Checking utf-8 v0.7.6
[INFO] [stderr]     Checking data-encoding v2.6.0
[INFO] [stderr]     Checking base64 v0.13.1
[INFO] [stderr]     Checking hex-literal v0.4.1
[INFO] [stderr]     Checking sync_wrapper v0.1.2
[INFO] [stderr]     Checking ipnet v2.9.0
[INFO] [stderr]     Checking pem v1.1.1
[INFO] [stderr]     Checking fxhash v0.2.1
[INFO] [stderr]     Checking send_wrapper v0.4.0
[INFO] [stderr]     Checking hashers v1.0.1
[INFO] [stderr]     Checking elliptic-curve v0.13.8
[INFO] [stderr]     Checking time v0.3.36
[INFO] [stderr]     Checking inout v0.1.3
[INFO] [stderr]     Checking instant v0.1.13
[INFO] [stderr]    Compiling eyre v0.6.12
[INFO] [stderr]     Checking ecdsa v0.16.9
[INFO] [stderr]    Compiling prettyplease v0.2.20
[INFO] [stderr]     Checking regex v1.10.5
[INFO] [stderr]     Checking cipher v0.4.4
[INFO] [stderr]    Compiling wasm-bindgen-backend v0.2.92
[INFO] [stderr]     Checking num-rational v0.4.2
[INFO] [stderr]     Checking num-iter v0.1.45
[INFO] [stderr]     Checking num-complex v0.4.6
[INFO] [stderr]     Checking k256 v0.13.3
[INFO] [stderr]    Compiling bitflags v2.6.0
[INFO] [stderr]     Checking dyn-clone v1.0.17
[INFO] [stderr]    Compiling winnow v0.6.13
[INFO] [stderr]     Checking bs58 v0.5.1
[INFO] [stderr]     Checking substrate-bn v0.6.0
[INFO] [stderr]     Checking num v0.4.3
[INFO] [stderr]    Compiling indenter v0.3.3
[INFO] [stderr]    Compiling same-file v1.0.6
[INFO] [stderr]     Checking bech32 v0.9.1
[INFO] [stderr]    Compiling walkdir v2.5.0
[INFO] [stderr]     Checking salsa20 v0.10.2
[INFO] [stderr]    Compiling wasm-bindgen-macro-support v0.2.92
[INFO] [stderr]     Checking pbkdf2 v0.11.0
[INFO] [stderr]    Compiling dunce v1.0.4
[INFO] [stderr]     Checking rustls-webpki v0.101.7
[INFO] [stderr]     Checking sct v0.7.1
[INFO] [stderr]     Checking scrypt v0.10.0
[INFO] [stderr]     Checking ctr v0.9.2
[INFO] [stderr]     Checking aes v0.8.4
[INFO] [stderr]     Checking Inflector v0.11.4
[INFO] [stderr]     Checking pbkdf2 v0.12.2
[INFO] [stderr]    Compiling impl-trait-for-tuples v0.2.2
[INFO] [stderr]    Compiling rlp-derive v0.1.0
[INFO] [stderr]    Compiling portable-atomic v1.6.0
[INFO] [stderr]    Compiling libm v0.2.8
[INFO] [stderr]    Compiling serde_derive v1.0.204
[INFO] [stderr]    Compiling derive_more v0.99.18
[INFO] [stderr]    Compiling thiserror-impl v1.0.62
[INFO] [stderr]    Compiling auto_impl v1.2.0
[INFO] [stderr]    Compiling strum_macros v0.26.4
[INFO] [stderr]    Compiling tokio-macros v2.3.0
[INFO] [stderr]    Compiling tracing-attributes v0.1.27
[INFO] [stderr]    Compiling futures-macro v0.3.30
[INFO] [stderr]    Compiling alloy-rlp-derive v0.3.7
[INFO] [stderr]    Compiling wasm-bindgen-macro v0.2.92
[INFO] [stderr]    Compiling pin-project-internal v1.1.5
[INFO] [stderr]    Compiling async-trait v0.1.81
[INFO] [stderr]    Compiling enumn v0.1.13
[INFO] [stderr]    Compiling tempfile v3.10.1
[INFO] [stderr]     Checking futures-locks v0.7.1
[INFO] [stderr]     Checking unicode-width v0.1.13
[INFO] [stderr]    Compiling anyhow v1.0.86
[INFO] [stderr]     Checking futures-util v0.3.30
[INFO] [stderr]     Checking console v0.15.8
[INFO] [stderr]     Checking is-terminal v0.4.12
[INFO] [stderr]     Checking hash-db v0.15.2
[INFO] [stderr]     Checking termcolor v1.4.1
[INFO] [stderr]     Checking js-sys v0.3.69
[INFO] [stderr]     Checking simple_asn1 v0.6.2
[INFO] [stderr]     Checking humantime v2.1.0
[INFO] [stderr]     Checking number_prefix v0.4.0
[INFO] [stderr]     Checking plain_hasher v0.2.3
[INFO] [stderr]     Checking env_logger v0.10.2
[INFO] [stderr]     Checking indicatif v0.17.8
[INFO] [stderr]     Checking pin-project v1.1.5
[INFO] [stderr]     Checking tracing v0.1.40
[INFO] [stderr]     Checking strum v0.26.3
[INFO] [stderr]     Checking gloo-timers v0.2.6
[INFO] [stderr]     Checking futures-timer v3.0.3
[INFO] [stderr]     Checking tracing-futures v0.2.5
[INFO] [stderr]     Checking bytes v1.6.0
[INFO] [stderr]     Checking hex v0.4.3
[INFO] [stderr]     Checking impl-serde v0.4.0
[INFO] [stderr]     Checking cargo-platform v0.1.8
[INFO] [stderr]     Checking bitvec v1.0.1
[INFO] [stderr]     Checking serde_urlencoded v0.7.1
[INFO] [stderr]     Checking toml_datetime v0.6.6
[INFO] [stderr]     Checking serde_spanned v0.6.6
[INFO] [stderr]     Checking uuid v0.8.2
[INFO] [stderr]     Checking bincode v1.3.3
[INFO] [stderr]     Checking const-hex v1.12.0
[INFO] [stderr]     Checking uint v0.9.5
[INFO] [stderr]    Compiling toml_edit v0.21.1
[INFO] [stderr]     Checking aurora-engine-modexp v1.1.0
[INFO] [stderr]     Checking coins-core v0.8.7
[INFO] [stderr]    Compiling toml_edit v0.22.15
[INFO] [stderr]     Checking rlp v0.5.2
[INFO] [stderr]     Checking http v0.2.12
[INFO] [stderr]     Checking tokio v1.38.0
[INFO] [stderr]     Checking alloy-rlp v0.3.7
[INFO] [stderr]     Checking zkm-precompiles v0.1.0 (https://github.com/zkMIPS/zkm.git?branch=main#42dac222)
[INFO] [stderr]     Checking coins-bip32 v0.8.7
[INFO] [stderr]     Checking zkm-runtime v0.1.0 (https://github.com/zkMIPS/zkm.git?branch=main#42dac222)
[INFO] [stderr]     Checking impl-rlp v0.3.0
[INFO] [stderr]     Checking enr v0.10.0
[INFO] [stderr]     Checking triehash v0.8.4
[INFO] [stderr]     Checking ruint v1.12.3
[INFO] [stderr]    Compiling open-fastrlp-derive v0.1.1
[INFO] [stderr]     Checking http-body v0.4.6
[INFO] [stderr]     Checking tungstenite v0.20.1
[INFO] [stderr]    Compiling cargo_metadata v0.18.1
[INFO] [stderr]     Checking alloy-primitives v0.7.7
[INFO] [stderr]     Checking jsonwebtoken v8.3.0
[INFO] [stderr]     Checking eth-keystore v0.5.0
[INFO] [stderr]    Compiling proc-macro-crate v3.1.0
[INFO] [stderr]     Checking coins-bip39 v0.8.7
[INFO] [stderr]     Checking alloy-serde v0.1.4
[INFO] [stderr]     Checking alloy-eips v0.1.4
[INFO] [stderr]    Compiling parity-scale-codec-derive v3.6.12
[INFO] [stderr]    Compiling scale-info-derive v2.11.3
[INFO] [stderr]    Compiling num_enum_derive v0.7.2
[INFO] [stderr]     Checking toml v0.8.14
[INFO] [stderr]     Checking revm-primitives v6.0.0 (https://github.com/bluealloy/revm?branch=main#c2e356d5)
[INFO] [stderr]     Checking num_enum v0.7.2
[INFO] [stderr]     Checking parity-scale-codec v3.6.12
[INFO] [stderr]     Checking revm-interpreter v7.0.0 (https://github.com/bluealloy/revm?branch=main#c2e356d5)
[INFO] [stderr]     Checking revm-precompile v9.0.0 (https://github.com/bluealloy/revm?branch=main#c2e356d5)
[INFO] [stderr]     Checking tokio-util v0.7.11
[INFO] [stderr]     Checking tokio-rustls v0.24.1
[INFO] [stderr]     Checking scale-info v2.11.3
[INFO] [stderr]     Checking impl-codec v0.6.0
[INFO] [stderr]     Checking tokio-tungstenite v0.20.1
[INFO] [stderr]     Checking h2 v0.3.26
[INFO] [stderr]     Checking ethbloom v0.13.0
[INFO] [stderr]     Checking primitive-types v0.12.2
[INFO] [stderr]     Checking ethereum-types v0.14.1
[INFO] [stderr]     Checking open-fastrlp v0.1.4
[INFO] [stderr]     Checking ethabi v18.0.0
[INFO] [stderr]     Checking ethers-core v2.0.14
[INFO] [stderr]     Checking hyper v0.14.30
[INFO] [stderr]     Checking hyper-rustls v0.24.2
[INFO] [stderr]     Checking reqwest v0.11.27
[INFO] [stderr]     Checking ethers-providers v2.0.14
[INFO] [stderr]     Checking ethers-contract-abigen v2.0.14
[INFO] [stderr]     Checking ethers-etherscan v2.0.14
[INFO] [stderr]     Checking ethers-signers v2.0.14
[INFO] [stderr]     Checking ethers-addressbook v2.0.14
[INFO] [stderr]    Compiling ethers-contract-derive v2.0.14
[INFO] [stderr]     Checking revm v11.0.0 (https://github.com/bluealloy/revm?branch=main#c2e356d5)
[INFO] [stderr]     Checking ethers-contract v2.0.14
[INFO] [stderr]     Checking models v0.1.0 (/opt/rustwide/workdir/models)
[INFO] [stdout] error: cannot find macro `println` in this scope
[INFO] [stdout]    --> models/src/lib.rs:148:9
[INFO] [stdout]     |
[INFO] [stdout] 148 |         println!("out:{out:?}");
[INFO] [stdout]     |         ^^^^^^^
[INFO] [stdout] 
[INFO] [stdout] 
[INFO] [stdout] error: cannot find macro `println` in this scope
[INFO] [stdout]    --> models/src/lib.rs:170:9
[INFO] [stdout]     |
[INFO] [stdout] 170 |         println!("out:{out:?}");
[INFO] [stdout]     |         ^^^^^^^
[INFO] [stdout] 
[INFO] [stdout] 
[INFO] [stderr]     Checking evm v0.1.0 (/opt/rustwide/workdir/verifier)
[INFO] [stderr] error: could not compile `models` (lib test) due to 2 previous errors
[INFO] [stderr] warning: build failed, waiting for other jobs to finish...
[INFO] [stdout] error[E0557]: feature has been removed
[INFO] [stdout]  --> verifier/src/main.rs:3:24
[INFO] [stdout]   |
[INFO] [stdout] 3 | #![feature(lang_items, start)]
[INFO] [stdout]   |                        ^^^^^ feature has been removed
[INFO] [stdout]   |
[INFO] [stdout]   = note: removed in 1.86.0; see <https://github.com/rust-lang/rust/pull/134299> for more information
[INFO] [stdout]   = note: not portable enough and never RFC'd
[INFO] [stdout] 
[INFO] [stdout] 
[INFO] [stdout] error[E0557]: feature has been removed
[INFO] [stdout]  --> verifier/src/main.rs:3:24
[INFO] [stdout]   |
[INFO] [stdout] 3 | #![feature(lang_items, start)]
[INFO] [stdout]   |                        ^^^^^ feature has been removed
[INFO] [stdout]   |
[INFO] [stdout]   = note: removed in 1.86.0; see <https://github.com/rust-lang/rust/pull/134299> for more information
[INFO] [stdout]   = note: not portable enough and never RFC'd
[INFO] [stdout] 
[INFO] [stdout] 
[INFO] [stdout] error: cannot find attribute `start` in this scope
[INFO] [stdout]   --> verifier/src/main.rs:59:3
[INFO] [stdout]    |
[INFO] [stdout] 59 | #[start]
[INFO] [stdout]    |   ^^^^^
[INFO] [stdout] 
[INFO] [stdout] 
[INFO] [stdout] error: cannot find attribute `start` in this scope
[INFO] [stdout]   --> verifier/src/main.rs:59:3
[INFO] [stdout]    |
[INFO] [stdout] 59 | #[start]
[INFO] [stdout]    |   ^^^^^
[INFO] [stdout] 
[INFO] [stdout] 
[INFO] [stdout] error: cannot define multiple global allocators
[INFO] [stdout]   --> verifier/src/main.rs:57:1
[INFO] [stdout]    |
[INFO] [stdout] 29 | zkm_runtime::entrypoint!(main);
[INFO] [stdout]    | ------------------------------ previous global allocator defined here
[INFO] [stdout] ...
[INFO] [stdout] 56 | #[global_allocator]
[INFO] [stdout]    | ------------------- in this attribute macro expansion
[INFO] [stdout] 57 | static GLOBAL_ALLOCATOR: Allocator = Allocator;
[INFO] [stdout]    | ^^^^^^^^^^^^^^^^^^^^^^^^^^^^^^^^^^^^^^^^^^^^^^^ cannot define a new global allocator
[INFO] [stdout] 
[INFO] [stdout] 
[INFO] [stdout] error: the `#[alloc_error_handler]` in this crate conflicts with allocation error handler in: std
[INFO] [stdout] 
[INFO] [stdout] 
[INFO] [stdout] error: cannot define multiple global allocators
[INFO] [stdout]   --> verifier/src/main.rs:57:1
[INFO] [stdout]    |
[INFO] [stdout] 29 | zkm_runtime::entrypoint!(main);
[INFO] [stdout]    | ------------------------------ previous global allocator defined here
[INFO] [stdout] ...
[INFO] [stdout] 56 | #[global_allocator]
[INFO] [stdout]    | ------------------- in this attribute macro expansion
[INFO] [stdout] 57 | static GLOBAL_ALLOCATOR: Allocator = Allocator;
[INFO] [stdout]    | ^^^^^^^^^^^^^^^^^^^^^^^^^^^^^^^^^^^^^^^^^^^^^^^ cannot define a new global allocator
[INFO] [stdout] 
[INFO] [stdout] 
[INFO] [stdout] error: the `#[alloc_error_handler]` in this crate conflicts with allocation error handler in: std
[INFO] [stdout] 
[INFO] [stdout] 
[INFO] [stdout] warning: the feature `lang_items` is internal to the compiler or standard library
[INFO] [stdout]  --> verifier/src/main.rs:3:12
[INFO] [stdout]   |
[INFO] [stdout] 3 | #![feature(lang_items, start)]
[INFO] [stdout]   |            ^^^^^^^^^^
[INFO] [stdout]   |
[INFO] [stdout]   = note: using it is strongly discouraged
[INFO] [stdout]   = note: `#[warn(internal_features)]` on by default
[INFO] [stdout] 
[INFO] [stdout] 
[INFO] [stdout] warning: the feature `lang_items` is internal to the compiler or standard library
[INFO] [stdout]  --> verifier/src/main.rs:3:12
[INFO] [stdout]   |
[INFO] [stdout] 3 | #![feature(lang_items, start)]
[INFO] [stdout]   |            ^^^^^^^^^^
[INFO] [stdout]   |
[INFO] [stdout]   = note: using it is strongly discouraged
[INFO] [stdout]   = note: `#[warn(internal_features)]` on by default
[INFO] [stdout] 
[INFO] [stdout] 
[INFO] [stdout] warning: unused imports: `U256` and `interpreter::CreateScheme`
[INFO] [stdout]  --> verifier/src/main.rs:6:5
[INFO] [stdout]   |
[INFO] [stdout] 6 |     interpreter::CreateScheme,
[INFO] [stdout]   |     ^^^^^^^^^^^^^^^^^^^^^^^^^
[INFO] [stdout] 7 |     primitives::{calc_excess_blob_gas, keccak256, Bytecode, Env, SpecId, TransactTo, TxKind, U256, B256, Address},
[INFO] [stdout]   |                                                                                              ^^^^
[INFO] [stdout]   |
[INFO] [stdout]   = note: `#[warn(unused_imports)]` (part of `#[warn(unused)]`) on by default
[INFO] [stdout] 
[INFO] [stdout] 
[INFO] [stdout] warning: unused imports: `U256` and `interpreter::CreateScheme`
[INFO] [stdout]  --> verifier/src/main.rs:6:5
[INFO] [stdout]   |
[INFO] [stdout] 6 |     interpreter::CreateScheme,
[INFO] [stdout]   |     ^^^^^^^^^^^^^^^^^^^^^^^^^
[INFO] [stdout] 7 |     primitives::{calc_excess_blob_gas, keccak256, Bytecode, Env, SpecId, TransactTo, TxKind, U256, B256, Address},
[INFO] [stdout]   |                                                                                              ^^^^
[INFO] [stdout]   |
[INFO] [stdout]   = note: `#[warn(unused_imports)]` (part of `#[warn(unused)]`) on by default
[INFO] [stdout] 
[INFO] [stdout] 
[INFO] [stdout] warning: unused import: `alloc::collections::BTreeMap`
[INFO] [stdout]   --> verifier/src/main.rs:22:5
[INFO] [stdout]    |
[INFO] [stdout] 22 | use alloc::collections::BTreeMap;
[INFO] [stdout]    |     ^^^^^^^^^^^^^^^^^^^^^^^^^^^^
[INFO] [stdout] 
[INFO] [stdout] 
[INFO] [stdout] warning: unused import: `alloc::collections::BTreeMap`
[INFO] [stdout]   --> verifier/src/main.rs:22:5
[INFO] [stdout]    |
[INFO] [stdout] 22 | use alloc::collections::BTreeMap;
[INFO] [stdout]    |     ^^^^^^^^^^^^^^^^^^^^^^^^^^^^
[INFO] [stdout] 
[INFO] [stdout] 
[INFO] [stdout] error[E0152]: found duplicate lang item `panic_impl`
[INFO] [stdout]   --> verifier/src/main.rs:32:1
[INFO] [stdout]    |
[INFO] [stdout] 32 | / fn panic(_panic: &PanicInfo<'_>) -> ! {
[INFO] [stdout] 33 | |     loop {}
[INFO] [stdout] 34 | | }
[INFO] [stdout]    | |_^
[INFO] [stdout]    |
[INFO] [stdout]    = note: the lang item is first defined in crate `std` (which `test` depends on)
[INFO] [stdout]    = note: first definition in `std` loaded from /opt/rustwide/rustup-home/toolchains/5b237c915528dadada3f674b90c7c80368b632be/lib/rustlib/x86_64-unknown-linux-gnu/lib/libstd-20a66e70cfa492f6.rmeta
[INFO] [stdout]    = note: second definition in the local crate (`evm`)
[INFO] [stdout] 
[INFO] [stdout] 
[INFO] [stdout] error[E0152]: found duplicate lang item `panic_impl`
[INFO] [stdout]   --> verifier/src/main.rs:32:1
[INFO] [stdout]    |
[INFO] [stdout] 32 | / fn panic(_panic: &PanicInfo<'_>) -> ! {
[INFO] [stdout] 33 | |     loop {}
[INFO] [stdout] 34 | | }
[INFO] [stdout]    | |_^
[INFO] [stdout]    |
[INFO] [stdout]    = note: the lang item is first defined in crate `std` (which `revm` depends on)
[INFO] [stdout]    = note: first definition in `std` loaded from /opt/rustwide/rustup-home/toolchains/5b237c915528dadada3f674b90c7c80368b632be/lib/rustlib/x86_64-unknown-linux-gnu/lib/libstd-20a66e70cfa492f6.rmeta
[INFO] [stdout]    = note: second definition in the local crate (`evm`)
[INFO] [stdout] 
[INFO] [stdout] 
[INFO] [stdout] Some errors have detailed explanations: E0152, E0557.
[INFO] [stdout] 
[INFO] [stdout] Some errors have detailed explanations: E0152, E0557.
[INFO] [stdout] 
[INFO] [stdout] For more information about an error, try `rustc --explain E0152`.
[INFO] [stdout] 
[INFO] [stdout] For more information about an error, try `rustc --explain E0152`.
[INFO] [stdout] 
[INFO] [stderr] error: could not compile `evm` (bin "evm" test) due to 5 previous errors; 3 warnings emitted
[INFO] [stderr] error: could not compile `evm` (bin "evm") due to 5 previous errors; 3 warnings emitted
[INFO] running `Command { std: "docker" "inspect" "4f1683bd2f7cd420e19c2db68b3bd3cf6284aebd7a18e4671bee8f5cacddde0b", kill_on_drop: false }`
[INFO] running `Command { std: "docker" "rm" "-f" "4f1683bd2f7cd420e19c2db68b3bd3cf6284aebd7a18e4671bee8f5cacddde0b", kill_on_drop: false }`
[INFO] [stdout] 4f1683bd2f7cd420e19c2db68b3bd3cf6284aebd7a18e4671bee8f5cacddde0b
