[INFO] cloning repository https://github.com/wedkarz02/flatline
[INFO] running `Command { std: "git" "-c" "credential.helper=" "-c" "credential.helper=/workspace/cargo-home/bin/git-credential-null" "clone" "--bare" "https://github.com/wedkarz02/flatline" "/workspace/cache/git-repos/https%3A%2F%2Fgithub.com%2Fwedkarz02%2Fflatline", kill_on_drop: false }`
[INFO] [stderr] Cloning into bare repository '/workspace/cache/git-repos/https%3A%2F%2Fgithub.com%2Fwedkarz02%2Fflatline'...
[INFO] running `Command { std: "git" "rev-parse" "HEAD", kill_on_drop: false }`
[INFO] [stdout] e2f6aa4161132164da7f2cc23091c2a9eaf68818
[INFO] checking wedkarz02/flatline/e2f6aa4161132164da7f2cc23091c2a9eaf68818 against 012c0bd4d516934012c9a1ecb26e9eb283d2ed75 for pr-133502-29
[INFO] running `Command { std: "git" "clone" "/workspace/cache/git-repos/https%3A%2F%2Fgithub.com%2Fwedkarz02%2Fflatline" "/workspace/builds/worker-2-tc1/source", kill_on_drop: false }`
[INFO] [stderr] Cloning into '/workspace/builds/worker-2-tc1/source'...
[INFO] [stderr] done.
[INFO] removed /workspace/builds/worker-2-tc1/source/.cargo/config.toml
[INFO] started tweaking git repo https://github.com/wedkarz02/flatline
[INFO] finished tweaking git repo https://github.com/wedkarz02/flatline
[INFO] tweaked toml for git repo https://github.com/wedkarz02/flatline written to /workspace/builds/worker-2-tc1/source/Cargo.toml
[INFO] validating manifest of git repo https://github.com/wedkarz02/flatline on toolchain 012c0bd4d516934012c9a1ecb26e9eb283d2ed75
[INFO] running `Command { std: CARGO_HOME="/workspace/cargo-home" RUSTUP_HOME="/workspace/rustup-home" "/workspace/cargo-home/bin/cargo" "+012c0bd4d516934012c9a1ecb26e9eb283d2ed75" "metadata" "--manifest-path" "Cargo.toml" "--no-deps", kill_on_drop: false }`
[INFO] crate git repo https://github.com/wedkarz02/flatline already has a lockfile, it will not be regenerated
[INFO] running `Command { std: CARGO_HOME="/workspace/cargo-home" RUSTUP_HOME="/workspace/rustup-home" "/workspace/cargo-home/bin/cargo" "+012c0bd4d516934012c9a1ecb26e9eb283d2ed75" "fetch" "--manifest-path" "Cargo.toml", kill_on_drop: false }`
[INFO] [stderr]  Downloading crates ...
[INFO] [stderr]   Downloaded valuable-derive v0.1.1
[INFO] [stderr]   Downloaded valuable-serde v0.1.1
[INFO] [stderr]   Downloaded redis v0.32.4
[INFO] running `Command { std: "docker" "create" "-v" "/var/lib/crater-agent-workspace/builds/worker-2-tc1/source:/opt/rustwide/workdir:ro,Z" "-v" "/var/lib/crater-agent-workspace/builds/worker-2-tc1/target:/opt/rustwide/target:rw,Z" "-v" "/var/lib/crater-agent-workspace/cargo-home:/opt/rustwide/cargo-home:ro,Z" "-v" "/var/lib/crater-agent-workspace/rustup-home:/opt/rustwide/rustup-home:ro,Z" "-m" "1610612736" "--network" "none" "ghcr.io/rust-lang/crates-build-env/linux@sha256:3111399a4047eeb3a02b7a90e478d715f38a8c6669b5c4b49d30a17385265909" "sleep" "infinity", kill_on_drop: false }`
[INFO] [stdout] be09e754a67798846d5c720e08c05407ba4b882aba7c6ebcb67245e86360551b
[INFO] running `Command { std: "docker" "start" "be09e754a67798846d5c720e08c05407ba4b882aba7c6ebcb67245e86360551b", kill_on_drop: false }`
[INFO] running `Command { std: "docker" "inspect" "be09e754a67798846d5c720e08c05407ba4b882aba7c6ebcb67245e86360551b", kill_on_drop: false }`
[INFO] running `Command { std: "docker" "exec" "-e" "SOURCE_DIR=/opt/rustwide/workdir" "-e" "CARGO_HOME=/opt/rustwide/cargo-home" "-e" "RUSTUP_HOME=/opt/rustwide/rustup-home" "-e" "CARGO_TARGET_DIR=/opt/rustwide/target" "-w" "/opt/rustwide/workdir" "--user" "0:0" "be09e754a67798846d5c720e08c05407ba4b882aba7c6ebcb67245e86360551b" "/opt/rustwide/cargo-home/bin/cargo" "+012c0bd4d516934012c9a1ecb26e9eb283d2ed75" "metadata" "--no-deps" "--format-version=1", kill_on_drop: false }`
[INFO] running `Command { std: "docker" "inspect" "be09e754a67798846d5c720e08c05407ba4b882aba7c6ebcb67245e86360551b", kill_on_drop: false }`
[INFO] running `Command { std: "docker" "exec" "-e" "SOURCE_DIR=/opt/rustwide/workdir" "-e" "CARGO_HOME=/opt/rustwide/cargo-home" "-e" "RUSTUP_HOME=/opt/rustwide/rustup-home" "-e" "CARGO_TARGET_DIR=/opt/rustwide/target" "-e" "CARGO_INCREMENTAL=0" "-e" "RUST_BACKTRACE=full" "-e" "RUSTFLAGS=--cap-lints=forbid" "-e" "RUSTDOCFLAGS=--cap-lints=forbid" "-w" "/opt/rustwide/workdir" "--user" "0:0" "be09e754a67798846d5c720e08c05407ba4b882aba7c6ebcb67245e86360551b" "/opt/rustwide/cargo-home/bin/cargo" "+012c0bd4d516934012c9a1ecb26e9eb283d2ed75" "check" "--frozen" "--all" "--all-targets" "--message-format=json", kill_on_drop: false }`
[INFO] [stderr]    Compiling syn v2.0.104
[INFO] [stderr]    Compiling libc v0.2.174
[INFO] [stderr]    Compiling serde_json v1.0.140
[INFO] [stderr]     Checking tracing-core v0.1.34
[INFO] [stderr]    Compiling generic-array v0.14.7
[INFO] [stderr]    Compiling rustls v0.23.28
[INFO] [stderr]     Checking crypto-common v0.1.6
[INFO] [stderr]    Compiling zeroize v1.8.1
[INFO] [stderr]    Compiling ring v0.17.14
[INFO] [stderr]    Compiling icu_properties_data v2.0.1
[INFO] [stderr]     Checking futures-util v0.3.31
[INFO] [stderr]    Compiling hashbrown v0.15.4
[INFO] [stderr]    Compiling lock_api v0.4.13
[INFO] [stderr]    Compiling zerocopy v0.8.26
[INFO] [stderr]    Compiling percent-encoding v2.3.1
[INFO] [stderr]     Checking digest v0.10.7
[INFO] [stderr]    Compiling memchr v2.7.5
[INFO] [stderr]    Compiling tinyvec v1.9.0
[INFO] [stderr]    Compiling form_urlencoded v1.2.1
[INFO] [stderr]    Compiling time-core v0.1.4
[INFO] [stderr]    Compiling rustls-pki-types v1.12.0
[INFO] [stderr]    Compiling slab v0.4.10
[INFO] [stderr]    Compiling iana-time-zone v0.1.63
[INFO] [stderr]    Compiling chrono v0.4.41
[INFO] [stderr]    Compiling crc v3.3.0
[INFO] [stderr]    Compiling time-macros v0.2.22
[INFO] [stderr]    Compiling getrandom v0.2.16
[INFO] [stderr]    Compiling block-buffer v0.10.4
[INFO] [stderr]    Compiling mio v1.0.4
[INFO] [stderr]    Compiling socket2 v0.5.10
[INFO] [stderr]    Compiling webpki-roots v1.0.1
[INFO] [stderr]    Compiling event-listener v5.4.0
[INFO] [stderr]    Compiling unicode-normalization v0.1.24
[INFO] [stderr]    Compiling webpki-roots v0.26.11
[INFO] [stderr]    Compiling rand_core v0.6.4
[INFO] [stderr]     Checking deranged v0.4.0
[INFO] [stderr]    Compiling unicode-properties v0.1.3
[INFO] [stderr]    Compiling hmac v0.12.1
[INFO] [stderr]    Compiling sha2 v0.10.9
[INFO] [stderr]    Compiling indexmap v2.10.0
[INFO] [stderr]    Compiling hashlink v0.10.0
[INFO] [stderr]    Compiling uuid v1.17.0
[INFO] [stderr]    Compiling tokio v1.45.1
[INFO] [stderr]    Compiling stringprep v0.1.5
[INFO] [stderr]    Compiling hkdf v0.12.4
[INFO] [stderr]    Compiling md-5 v0.10.6
[INFO] [stderr]     Checking getrandom v0.3.3
[INFO] [stderr]    Compiling home v0.5.11
[INFO] [stderr]    Compiling whoami v1.6.0
[INFO] [stderr]     Checking num-bigint v0.4.6
[INFO] [stderr]     Checking rand v0.8.5
[INFO] [stderr]     Checking time v0.3.41
[INFO] [stderr]     Checking tracing-log v0.2.0
[INFO] [stderr]     Checking http-body-util v0.1.3
[INFO] [stderr]    Compiling ppv-lite86 v0.2.21
[INFO] [stderr]     Checking atoi v2.0.0
[INFO] [stderr]    Compiling valuable v0.1.1
[INFO] [stderr]     Checking password-hash v0.5.0
[INFO] [stderr]     Checking dirs-sys v0.5.0
[INFO] [stderr]     Checking pem v3.0.5
[INFO] [stderr]     Checking blake2 v0.10.6
[INFO] [stderr]     Checking socket2 v0.6.0
[INFO] [stderr]     Checking dirs v6.0.0
[INFO] [stderr]     Checking anyhow v1.0.98
[INFO] [stderr]    Compiling rand_chacha v0.3.1
[INFO] [stderr]     Checking argon2 v0.5.3
[INFO] [stderr]    Compiling rustls-webpki v0.103.3
[INFO] [stderr]    Compiling synstructure v0.13.2
[INFO] [stderr]    Compiling serde_derive v1.0.219
[INFO] [stderr]    Compiling zerofrom-derive v0.1.6
[INFO] [stderr]    Compiling yoke-derive v0.8.0
[INFO] [stderr]    Compiling zerovec-derive v0.11.1
[INFO] [stderr]    Compiling displaydoc v0.2.5
[INFO] [stderr]    Compiling tracing-attributes v0.1.30
[INFO] [stderr]    Compiling tokio-macros v2.5.0
[INFO] [stderr]    Compiling thiserror-impl v2.0.12
[INFO] [stderr]    Compiling thiserror-impl v1.0.69
[INFO] [stderr]    Compiling clap_derive v4.5.40
[INFO] [stderr]    Compiling axum-macros v0.5.0
[INFO] [stderr]    Compiling valuable-derive v0.1.1
[INFO] [stderr]    Compiling async-trait v0.1.88
[INFO] [stderr]     Checking tracing v0.1.41
[INFO] [stderr]     Checking thiserror v1.0.69
[INFO] [stderr]    Compiling zerofrom v0.1.6
[INFO] [stderr]     Checking axum-core v0.5.2
[INFO] [stderr]     Checking tower-http v0.6.6
[INFO] [stderr]    Compiling yoke v0.8.0
[INFO] [stderr]     Checking thiserror v2.0.12
[INFO] [stderr]     Checking simple_asn1 v0.6.3
[INFO] [stderr]    Compiling zerovec v0.11.2
[INFO] [stderr]    Compiling zerotrie v0.2.2
[INFO] [stderr]    Compiling tokio-stream v0.1.17
[INFO] [stderr]     Checking clap v4.5.40
[INFO] [stderr]    Compiling tinystr v0.8.1
[INFO] [stderr]    Compiling potential_utf v0.1.2
[INFO] [stderr]    Compiling icu_collections v2.0.0
[INFO] [stderr]    Compiling icu_locale_core v2.0.0
[INFO] [stderr]    Compiling icu_provider v2.0.0
[INFO] [stderr]     Checking serde v1.0.219
[INFO] [stderr]    Compiling icu_properties v2.0.1
[INFO] [stderr]     Checking smallvec v1.15.1
[INFO] [stderr]     Checking either v1.15.0
[INFO] [stderr]     Checking tracing-serde v0.2.0
[INFO] [stderr]     Checking serde_urlencoded v0.7.1
[INFO] [stderr]     Checking serde_path_to_error v0.1.17
[INFO] [stderr]     Checking parking_lot_core v0.9.11
[INFO] [stderr]     Checking icu_normalizer v2.0.0
[INFO] [stderr]     Checking parking_lot v0.12.4
[INFO] [stderr]     Checking idna_adapter v1.2.1
[INFO] [stderr]     Checking futures-intrusive v0.5.0
[INFO] [stderr]     Checking idna v1.0.3
[INFO] [stderr]     Checking url v2.5.4
[INFO] [stderr]     Checking tracing-subscriber v0.3.19
[INFO] [stderr]     Checking jsonwebtoken v9.3.1
[INFO] [stderr]    Compiling sqlx-core v0.8.6
[INFO] [stderr]     Checking tracing-appender v0.2.3
[INFO] [stderr]     Checking hyper v1.6.0
[INFO] [stderr]     Checking tokio-util v0.7.15
[INFO] [stderr]     Checking tower v0.5.2
[INFO] [stderr]    Compiling sqlx-postgres v0.8.6
[INFO] [stderr]     Checking combine v4.6.7
[INFO] [stderr]     Checking hyper-util v0.1.14
[INFO] [stderr]     Checking axum v0.8.4
[INFO] [stderr]    Compiling sqlx-macros-core v0.8.6
[INFO] [stderr]     Checking redis v0.32.4
[INFO] [stderr]    Compiling sqlx-macros v0.8.6
[INFO] [stderr]     Checking sqlx v0.8.6
[INFO] [stderr]     Checking flatline v0.1.0 (/opt/rustwide/workdir)
[INFO] [stdout] error[E0277]: the trait bound `&valuable::Value<'_>: CoerceUnsized<&dyn tracing::Value>` is not satisfied in `valuable::Value<'_>`
[INFO] [stdout]    --> src/main.rs:212:5
[INFO] [stdout]     |
[INFO] [stdout] 212 | /     tracing::info!(
[INFO] [stdout] 213 | |         config = config.redacted().as_value(),
[INFO] [stdout] 214 | |         "Configuration loaded"
[INFO] [stdout] 215 | |     );
[INFO] [stdout]     | |_____^ within `valuable::Value<'_>`, the trait `tracing::Value` is not implemented for `valuable::Value<'_>`
[INFO] [stdout]     |
[INFO] [stdout]     = help: the following other types implement trait `tracing::Value`:
[INFO] [stdout]               &'a T
[INFO] [stdout]               &'a mut T
[INFO] [stdout]               (dyn std::error::Error + 'static)
[INFO] [stdout]               (dyn std::error::Error + Send + 'static)
[INFO] [stdout]               (dyn std::error::Error + Send + Sync + 'static)
[INFO] [stdout]               (dyn std::error::Error + Sync + 'static)
[INFO] [stdout]               Arguments<'_>
[INFO] [stdout]               Box<T>
[INFO] [stdout]             and 35 others
[INFO] [stdout] note: required because it appears within the type `valuable::Value<'_>`
[INFO] [stdout]    --> /opt/rustwide/cargo-home/registry/src/index.crates.io-1949cf8c6b5b557f/valuable-0.1.1/src/value.rs:62:18
[INFO] [stdout]     |
[INFO] [stdout]  62 |           pub enum Value<'a> {
[INFO] [stdout]     |                    ^^^^^
[INFO] [stdout] ...
[INFO] [stdout] 114 | / value! {
[INFO] [stdout] 115 | |     /// A Rust `bool` value
[INFO] [stdout] 116 | |     ///
[INFO] [stdout] 117 | |     /// # Examples
[INFO] [stdout] ...   |
[INFO] [stdout] 406 | |     Tuplable(&'a dyn Tuplable),
[INFO] [stdout] 407 | | }
[INFO] [stdout]     | |_- in this macro invocation
[INFO] [stdout]     = note: required for `&valuable::Value<'_>` to implement `CoerceUnsized<&dyn tracing::Value>`
[INFO] [stdout]     = note: required for the cast from `&valuable::Value<'_>` to `&dyn tracing::Value`
[INFO] [stdout]     = note: this error originates in the macro `$crate::valueset` which comes from the expansion of the macro `value` (in Nightly builds, run with -Z macro-backtrace for more info)
[INFO] [stdout] 
[INFO] [stdout] 
[INFO] [stdout] error[E0277]: the trait bound `&valuable::Value<'_>: CoerceUnsized<&dyn tracing::Value>` is not satisfied in `valuable::Value<'_>`
[INFO] [stdout]    --> src/main.rs:212:5
[INFO] [stdout]     |
[INFO] [stdout] 212 | /     tracing::info!(
[INFO] [stdout] 213 | |         config = config.redacted().as_value(),
[INFO] [stdout] 214 | |         "Configuration loaded"
[INFO] [stdout] 215 | |     );
[INFO] [stdout]     | |_____^ within `valuable::Value<'_>`, the trait `tracing::Value` is not implemented for `valuable::Value<'_>`
[INFO] [stdout]     |
[INFO] [stdout]     = help: the following other types implement trait `tracing::Value`:
[INFO] [stdout]               &'a T
[INFO] [stdout]               &'a mut T
[INFO] [stdout]               (dyn std::error::Error + 'static)
[INFO] [stdout]               (dyn std::error::Error + Send + 'static)
[INFO] [stdout]               (dyn std::error::Error + Send + Sync + 'static)
[INFO] [stdout]               (dyn std::error::Error + Sync + 'static)
[INFO] [stdout]               Arguments<'_>
[INFO] [stdout]               Box<T>
[INFO] [stdout]             and 35 others
[INFO] [stdout] note: required because it appears within the type `valuable::Value<'_>`
[INFO] [stdout]    --> /opt/rustwide/cargo-home/registry/src/index.crates.io-1949cf8c6b5b557f/valuable-0.1.1/src/value.rs:62:18
[INFO] [stdout]     |
[INFO] [stdout]  62 |           pub enum Value<'a> {
[INFO] [stdout]     |                    ^^^^^
[INFO] [stdout] ...
[INFO] [stdout] 114 | / value! {
[INFO] [stdout] 115 | |     /// A Rust `bool` value
[INFO] [stdout] 116 | |     ///
[INFO] [stdout] 117 | |     /// # Examples
[INFO] [stdout] ...   |
[INFO] [stdout] 406 | |     Tuplable(&'a dyn Tuplable),
[INFO] [stdout] 407 | | }
[INFO] [stdout]     | |_- in this macro invocation
[INFO] [stdout]     = note: required for `&valuable::Value<'_>` to implement `CoerceUnsized<&dyn tracing::Value>`
[INFO] [stdout]     = note: required for the cast from `&valuable::Value<'_>` to `&dyn tracing::Value`
[INFO] [stdout]     = note: this error originates in the macro `$crate::valueset` which comes from the expansion of the macro `value` (in Nightly builds, run with -Z macro-backtrace for more info)
[INFO] [stdout] 
[INFO] [stdout] 
[INFO] [stdout] error[E0277]: the trait bound `&valuable::Value<'_>: CoerceUnsized<&dyn tracing::Value>` is not satisfied in `valuable::Value<'_>`
[INFO] [stdout]    --> src/main.rs:212:5
[INFO] [stdout]     |
[INFO] [stdout] 212 | /     tracing::info!(
[INFO] [stdout] 213 | |         config = config.redacted().as_value(),
[INFO] [stdout] 214 | |         "Configuration loaded"
[INFO] [stdout] 215 | |     );
[INFO] [stdout]     | |_____^ within `valuable::Value<'_>`, the trait `tracing::Value` is not implemented for `valuable::Value<'_>`
[INFO] [stdout]     |
[INFO] [stdout]     = help: the following other types implement trait `tracing::Value`:
[INFO] [stdout]               &'a T
[INFO] [stdout]               &'a mut T
[INFO] [stdout]               (dyn std::error::Error + 'static)
[INFO] [stdout]               (dyn std::error::Error + Send + 'static)
[INFO] [stdout]               (dyn std::error::Error + Send + Sync + 'static)
[INFO] [stdout]               (dyn std::error::Error + Sync + 'static)
[INFO] [stdout]               Arguments<'_>
[INFO] [stdout]               Box<T>
[INFO] [stdout]             and 35 others
[INFO] [stdout] note: required because it appears within the type `valuable::Value<'_>`
[INFO] [stdout]    --> /opt/rustwide/cargo-home/registry/src/index.crates.io-1949cf8c6b5b557f/valuable-0.1.1/src/value.rs:62:18
[INFO] [stdout]     |
[INFO] [stdout]  62 |           pub enum Value<'a> {
[INFO] [stdout]     |                    ^^^^^
[INFO] [stdout] ...
[INFO] [stdout] 114 | / value! {
[INFO] [stdout] 115 | |     /// A Rust `bool` value
[INFO] [stdout] 116 | |     ///
[INFO] [stdout] 117 | |     /// # Examples
[INFO] [stdout] ...   |
[INFO] [stdout] 406 | |     Tuplable(&'a dyn Tuplable),
[INFO] [stdout] 407 | | }
[INFO] [stdout]     | |_- in this macro invocation
[INFO] [stdout]     = note: required for `&valuable::Value<'_>` to implement `CoerceUnsized<&dyn tracing::Value>`
[INFO] [stdout]     = note: required for the cast from `&valuable::Value<'_>` to `&dyn tracing::Value`
[INFO] [stdout]     = note: this error originates in the macro `$crate::valueset` which comes from the expansion of the macro `value` (in Nightly builds, run with -Z macro-backtrace for more info)
[INFO] [stdout] 
[INFO] [stdout] 
[INFO] [stdout] error[E0277]: the trait bound `&valuable::Value<'_>: CoerceUnsized<&dyn tracing::Value>` is not satisfied in `valuable::Value<'_>`
[INFO] [stdout]    --> src/main.rs:212:5
[INFO] [stdout]     |
[INFO] [stdout] 212 | /     tracing::info!(
[INFO] [stdout] 213 | |         config = config.redacted().as_value(),
[INFO] [stdout] 214 | |         "Configuration loaded"
[INFO] [stdout] 215 | |     );
[INFO] [stdout]     | |_____^ within `valuable::Value<'_>`, the trait `tracing::Value` is not implemented for `valuable::Value<'_>`
[INFO] [stdout]     |
[INFO] [stdout]     = help: the following other types implement trait `tracing::Value`:
[INFO] [stdout]               &'a T
[INFO] [stdout]               &'a mut T
[INFO] [stdout]               (dyn std::error::Error + 'static)
[INFO] [stdout]               (dyn std::error::Error + Send + 'static)
[INFO] [stdout]               (dyn std::error::Error + Send + Sync + 'static)
[INFO] [stdout]               (dyn std::error::Error + Sync + 'static)
[INFO] [stdout]               Arguments<'_>
[INFO] [stdout]               Box<T>
[INFO] [stdout]             and 35 others
[INFO] [stdout] note: required because it appears within the type `valuable::Value<'_>`
[INFO] [stdout]    --> /opt/rustwide/cargo-home/registry/src/index.crates.io-1949cf8c6b5b557f/valuable-0.1.1/src/value.rs:62:18
[INFO] [stdout]     |
[INFO] [stdout]  62 |           pub enum Value<'a> {
[INFO] [stdout]     |                    ^^^^^
[INFO] [stdout] ...
[INFO] [stdout] 114 | / value! {
[INFO] [stdout] 115 | |     /// A Rust `bool` value
[INFO] [stdout] 116 | |     ///
[INFO] [stdout] 117 | |     /// # Examples
[INFO] [stdout] ...   |
[INFO] [stdout] 406 | |     Tuplable(&'a dyn Tuplable),
[INFO] [stdout] 407 | | }
[INFO] [stdout]     | |_- in this macro invocation
[INFO] [stdout]     = note: required for `&valuable::Value<'_>` to implement `CoerceUnsized<&dyn tracing::Value>`
[INFO] [stdout]     = note: required for the cast from `&valuable::Value<'_>` to `&dyn tracing::Value`
[INFO] [stdout]     = note: this error originates in the macro `$crate::valueset` which comes from the expansion of the macro `value` (in Nightly builds, run with -Z macro-backtrace for more info)
[INFO] [stdout] 
[INFO] [stdout] 
[INFO] [stdout] For more information about this error, try `rustc --explain E0277`.
[INFO] [stdout] 
[INFO] [stdout] For more information about this error, try `rustc --explain E0277`.
[INFO] [stdout] 
[INFO] [stderr] error: could not compile `flatline` (bin "flatline") due to 2 previous errors
[INFO] [stderr] warning: build failed, waiting for other jobs to finish...
[INFO] [stderr] error: could not compile `flatline` (bin "flatline" test) due to 2 previous errors
[INFO] running `Command { std: "docker" "inspect" "be09e754a67798846d5c720e08c05407ba4b882aba7c6ebcb67245e86360551b", kill_on_drop: false }`
[INFO] running `Command { std: "docker" "rm" "-f" "be09e754a67798846d5c720e08c05407ba4b882aba7c6ebcb67245e86360551b", kill_on_drop: false }`
[INFO] [stdout] be09e754a67798846d5c720e08c05407ba4b882aba7c6ebcb67245e86360551b
