[INFO] cloning repository https://github.com/tushar434434/codecrafters-shell-rust
[INFO] running `Command { std: "git" "-c" "credential.helper=" "-c" "credential.helper=/workspace/cargo-home/bin/git-credential-null" "clone" "--bare" "https://github.com/tushar434434/codecrafters-shell-rust" "/workspace/cache/git-repos/https%3A%2F%2Fgithub.com%2Ftushar434434%2Fcodecrafters-shell-rust", kill_on_drop: false }`
[INFO] [stderr] Cloning into bare repository '/workspace/cache/git-repos/https%3A%2F%2Fgithub.com%2Ftushar434434%2Fcodecrafters-shell-rust'...
[INFO] running `Command { std: "git" "rev-parse" "HEAD", kill_on_drop: false }`
[INFO] [stdout] b60c7631c7fb9e4a6efbd0259006906bb2fba6cc
[INFO] checking tushar434434/codecrafters-shell-rust against 5b237c915528dadada3f674b90c7c80368b632be for pr-133502-29
[INFO] running `Command { std: "git" "clone" "/workspace/cache/git-repos/https%3A%2F%2Fgithub.com%2Ftushar434434%2Fcodecrafters-shell-rust" "/workspace/builds/worker-7-tc2/source", kill_on_drop: false }`
[INFO] [stderr] Cloning into '/workspace/builds/worker-7-tc2/source'...
[INFO] [stderr] done.
[INFO] started tweaking git repo https://github.com/tushar434434/codecrafters-shell-rust
[INFO] finished tweaking git repo https://github.com/tushar434434/codecrafters-shell-rust
[INFO] tweaked toml for git repo https://github.com/tushar434434/codecrafters-shell-rust written to /workspace/builds/worker-7-tc2/source/Cargo.toml
[INFO] validating manifest of git repo https://github.com/tushar434434/codecrafters-shell-rust on toolchain 5b237c915528dadada3f674b90c7c80368b632be
[INFO] running `Command { std: CARGO_HOME="/workspace/cargo-home" RUSTUP_HOME="/workspace/rustup-home" "/workspace/cargo-home/bin/cargo" "+5b237c915528dadada3f674b90c7c80368b632be" "metadata" "--manifest-path" "Cargo.toml" "--no-deps", kill_on_drop: false }`
[INFO] crate git repo https://github.com/tushar434434/codecrafters-shell-rust already has a lockfile, it will not be regenerated
[INFO] running `Command { std: CARGO_HOME="/workspace/cargo-home" RUSTUP_HOME="/workspace/rustup-home" "/workspace/cargo-home/bin/cargo" "+5b237c915528dadada3f674b90c7c80368b632be" "fetch" "--manifest-path" "Cargo.toml", kill_on_drop: false }`
[INFO] [stderr]     Blocking waiting for file lock on package cache
[INFO] [stderr]     Blocking waiting for file lock on package cache
[ERROR] error running command: no output for 300 seconds
[INFO] checking tushar434434/codecrafters-shell-rust against 5b237c915528dadada3f674b90c7c80368b632be for pr-133502-29
[INFO] running `Command { std: "git" "clone" "/workspace/cache/git-repos/https%3A%2F%2Fgithub.com%2Ftushar434434%2Fcodecrafters-shell-rust" "/workspace/builds/worker-7-tc2/source", kill_on_drop: false }`
[INFO] [stderr] Cloning into '/workspace/builds/worker-7-tc2/source'...
[INFO] [stderr] done.
[INFO] started tweaking git repo https://github.com/tushar434434/codecrafters-shell-rust
[INFO] finished tweaking git repo https://github.com/tushar434434/codecrafters-shell-rust
[INFO] tweaked toml for git repo https://github.com/tushar434434/codecrafters-shell-rust written to /workspace/builds/worker-7-tc2/source/Cargo.toml
[INFO] validating manifest of git repo https://github.com/tushar434434/codecrafters-shell-rust on toolchain 5b237c915528dadada3f674b90c7c80368b632be
[INFO] running `Command { std: CARGO_HOME="/workspace/cargo-home" RUSTUP_HOME="/workspace/rustup-home" "/workspace/cargo-home/bin/cargo" "+5b237c915528dadada3f674b90c7c80368b632be" "metadata" "--manifest-path" "Cargo.toml" "--no-deps", kill_on_drop: false }`
[INFO] crate git repo https://github.com/tushar434434/codecrafters-shell-rust already has a lockfile, it will not be regenerated
[INFO] running `Command { std: CARGO_HOME="/workspace/cargo-home" RUSTUP_HOME="/workspace/rustup-home" "/workspace/cargo-home/bin/cargo" "+5b237c915528dadada3f674b90c7c80368b632be" "fetch" "--manifest-path" "Cargo.toml", kill_on_drop: false }`
[INFO] [stderr]     Blocking waiting for file lock on package cache
[INFO] [stderr]     Blocking waiting for file lock on package cache
[INFO] [stderr]  Downloading crates ...
[INFO] [stderr]   Downloaded rustyline v14.0.0
[INFO] [stderr]   Downloaded bytes v1.7.1
[INFO] [stderr]   Downloaded syn v2.0.75
[INFO] running `Command { std: "docker" "create" "-v" "/var/lib/crater-agent-workspace/builds/worker-7-tc2/source:/opt/rustwide/workdir:ro,Z" "-v" "/var/lib/crater-agent-workspace/builds/worker-7-tc2/target:/opt/rustwide/target:rw,Z" "-v" "/var/lib/crater-agent-workspace/cargo-home:/opt/rustwide/cargo-home:ro,Z" "-v" "/var/lib/crater-agent-workspace/rustup-home:/opt/rustwide/rustup-home:ro,Z" "-m" "1610612736" "--network" "none" "ghcr.io/rust-lang/crates-build-env/linux@sha256:3111399a4047eeb3a02b7a90e478d715f38a8c6669b5c4b49d30a17385265909" "sleep" "infinity", kill_on_drop: false }`
[INFO] [stdout] 5b7f7085b63e7763fb0643cd34cab4d8ae894c59885262808d822733634e0d25
[INFO] running `Command { std: "docker" "start" "5b7f7085b63e7763fb0643cd34cab4d8ae894c59885262808d822733634e0d25", kill_on_drop: false }`
[INFO] running `Command { std: "docker" "inspect" "5b7f7085b63e7763fb0643cd34cab4d8ae894c59885262808d822733634e0d25", kill_on_drop: false }`
[INFO] running `Command { std: "docker" "exec" "-e" "SOURCE_DIR=/opt/rustwide/workdir" "-e" "CARGO_HOME=/opt/rustwide/cargo-home" "-e" "RUSTUP_HOME=/opt/rustwide/rustup-home" "-e" "CARGO_TARGET_DIR=/opt/rustwide/target" "-w" "/opt/rustwide/workdir" "--user" "0:0" "5b7f7085b63e7763fb0643cd34cab4d8ae894c59885262808d822733634e0d25" "/opt/rustwide/cargo-home/bin/cargo" "+5b237c915528dadada3f674b90c7c80368b632be" "metadata" "--no-deps" "--format-version=1", kill_on_drop: false }`
[INFO] running `Command { std: "docker" "inspect" "5b7f7085b63e7763fb0643cd34cab4d8ae894c59885262808d822733634e0d25", kill_on_drop: false }`
[INFO] running `Command { std: "docker" "exec" "-e" "SOURCE_DIR=/opt/rustwide/workdir" "-e" "CARGO_HOME=/opt/rustwide/cargo-home" "-e" "RUSTUP_HOME=/opt/rustwide/rustup-home" "-e" "CARGO_TARGET_DIR=/opt/rustwide/target" "-e" "CARGO_INCREMENTAL=0" "-e" "RUST_BACKTRACE=full" "-e" "RUSTFLAGS=--cap-lints=forbid" "-e" "RUSTDOCFLAGS=--cap-lints=forbid" "-w" "/opt/rustwide/workdir" "--user" "0:0" "5b7f7085b63e7763fb0643cd34cab4d8ae894c59885262808d822733634e0d25" "/opt/rustwide/cargo-home/bin/cargo" "+5b237c915528dadada3f674b90c7c80368b632be" "check" "--frozen" "--all" "--all-targets" "--message-format=json", kill_on_drop: false }`
[INFO] [stderr]    Compiling libc v0.2.186
[INFO] [stderr]    Compiling cfg_aliases v0.1.1
[INFO] [stderr]     Checking smallvec v1.15.2
[INFO] [stderr]    Compiling anyhow v1.0.86
[INFO] [stderr]     Checking home v0.5.12
[INFO] [stderr]     Checking log v0.4.32
[INFO] [stderr]     Checking memchr v2.8.2
[INFO] [stderr]     Checking bytes v1.7.1
[INFO] [stderr]    Compiling syn v2.0.75
[INFO] [stderr]     Checking fd-lock v4.0.4
[INFO] [stderr]    Compiling nix v0.28.0
[INFO] [stderr]     Checking nibble_vec v0.1.0
[INFO] [stderr]     Checking radix_trie v0.2.1
[INFO] [stderr]    Compiling thiserror-impl v1.0.63
[INFO] [stderr]     Checking thiserror v1.0.63
[INFO] [stderr]     Checking rustyline v14.0.0
[INFO] [stderr]     Checking codecrafters-shell v0.1.0 (/opt/rustwide/workdir)
[INFO] [stdout] error[E0425]: cannot find value `pos` in this scope
[INFO] [stdout]    --> src/main.rs:530:16
[INFO] [stdout]     |
[INFO] [stdout] 530 |     return Ok((pos, Vec::new()));
[INFO] [stdout]     |                ^^^ not found in this scope
[INFO] [stdout] 
[INFO] [stdout] 
[INFO] [stdout] error[E0425]: cannot find value `pos` in this scope
[INFO] [stdout]    --> src/main.rs:530:16
[INFO] [stdout]     |
[INFO] [stdout] 530 |     return Ok((pos, Vec::new()));
[INFO] [stdout]     |                ^^^ not found in this scope
[INFO] [stdout] 
[INFO] [stdout] 
[INFO] [stdout] For more information about this error, try `rustc --explain E0425`.
[INFO] [stdout] 
[INFO] [stderr] error: could not compile `codecrafters-shell` (bin "codecrafters-shell" test) due to 1 previous error
[INFO] [stderr] warning: build failed, waiting for other jobs to finish...
[INFO] [stdout] For more information about this error, try `rustc --explain E0425`.
[INFO] [stdout] 
[INFO] [stderr] error: could not compile `codecrafters-shell` (bin "codecrafters-shell") due to 1 previous error
[INFO] [stderr] warning: unused dependency `anyhow`
[INFO] [stderr]  --> Cargo.toml:2:1
[INFO] [stderr]   |
[INFO] [stderr] 2 | anyhow = "1.0.68"
[INFO] [stderr]   | ^^^^^^^^^^^^^^^^^
[INFO] [stderr]   |
[INFO] [stderr]   = note: `cargo::unused_dependencies` is set to `warn` by default
[INFO] [stderr] help: consider removing the dependency on `anyhow`
[INFO] [stderr] warning: unused dependency `bytes`
[INFO] [stderr]  --> Cargo.toml:3:1
[INFO] [stderr]   |
[INFO] [stderr] 3 | bytes = "1.3.0"
[INFO] [stderr]   | ^^^^^^^^^^^^^^^
[INFO] [stderr]   |
[INFO] [stderr] help: consider removing the dependency on `bytes`
[INFO] [stderr] warning: unused dependency `thiserror`
[INFO] [stderr]  --> Cargo.toml:6:1
[INFO] [stderr]   |
[INFO] [stderr] 6 | thiserror = "1.0.38"
[INFO] [stderr]   | ^^^^^^^^^^^^^^^^^^^^
[INFO] [stderr]   |
[INFO] [stderr] help: consider removing the dependency on `thiserror`
[INFO] [stderr] warning: `codecrafters-shell` (manifest) generated 3 warnings
[INFO] running `Command { std: "docker" "inspect" "5b7f7085b63e7763fb0643cd34cab4d8ae894c59885262808d822733634e0d25", kill_on_drop: false }`
[INFO] running `Command { std: "docker" "rm" "-f" "5b7f7085b63e7763fb0643cd34cab4d8ae894c59885262808d822733634e0d25", kill_on_drop: false }`
[INFO] [stdout] 5b7f7085b63e7763fb0643cd34cab4d8ae894c59885262808d822733634e0d25
