[INFO] cloning repository https://github.com/terraprompt/harmony-protocol
[INFO] running `Command { std: "git" "-c" "credential.helper=" "-c" "credential.helper=/workspace/cargo-home/bin/git-credential-null" "clone" "--bare" "https://github.com/terraprompt/harmony-protocol" "/workspace/cache/git-repos/https%3A%2F%2Fgithub.com%2Fterraprompt%2Fharmony-protocol", kill_on_drop: false }`
[INFO] [stderr] Cloning into bare repository '/workspace/cache/git-repos/https%3A%2F%2Fgithub.com%2Fterraprompt%2Fharmony-protocol'...
[INFO] running `Command { std: "git" "rev-parse" "HEAD", kill_on_drop: false }`
[INFO] [stdout] ead9f81fe921835ed1aed04e78e8fb59da484c8f
[INFO] checking terraprompt/harmony-protocol/ead9f81fe921835ed1aed04e78e8fb59da484c8f against 012c0bd4d516934012c9a1ecb26e9eb283d2ed75 for pr-133502-29
[INFO] running `Command { std: "git" "clone" "/workspace/cache/git-repos/https%3A%2F%2Fgithub.com%2Fterraprompt%2Fharmony-protocol" "/workspace/builds/worker-4-tc1/source", kill_on_drop: false }`
[INFO] [stderr] Cloning into '/workspace/builds/worker-4-tc1/source'...
[INFO] [stderr] done.
[INFO] started tweaking git repo https://github.com/terraprompt/harmony-protocol
[INFO] finished tweaking git repo https://github.com/terraprompt/harmony-protocol
[INFO] tweaked toml for git repo https://github.com/terraprompt/harmony-protocol written to /workspace/builds/worker-4-tc1/source/Cargo.toml
[INFO] validating manifest of git repo https://github.com/terraprompt/harmony-protocol on toolchain 012c0bd4d516934012c9a1ecb26e9eb283d2ed75
[INFO] running `Command { std: CARGO_HOME="/workspace/cargo-home" RUSTUP_HOME="/workspace/rustup-home" "/workspace/cargo-home/bin/cargo" "+012c0bd4d516934012c9a1ecb26e9eb283d2ed75" "metadata" "--manifest-path" "Cargo.toml" "--no-deps", kill_on_drop: false }`
[INFO] crate git repo https://github.com/terraprompt/harmony-protocol already has a lockfile, it will not be regenerated
[INFO] running `Command { std: CARGO_HOME="/workspace/cargo-home" RUSTUP_HOME="/workspace/rustup-home" "/workspace/cargo-home/bin/cargo" "+012c0bd4d516934012c9a1ecb26e9eb283d2ed75" "fetch" "--manifest-path" "Cargo.toml", kill_on_drop: false }`
[INFO] [stderr]     Updating crates.io index
[INFO] [stderr]  Downloading crates ...
[INFO] [stderr]   Downloaded schemars v1.0.4
[INFO] [stderr]   Downloaded serde_with_macros v3.14.1
[INFO] [stderr]   Downloaded serde_with v3.14.1
[INFO] [stderr]   Downloaded tokio-rustls v0.26.3
[INFO] [stderr]   Downloaded pyo3-macros-backend v0.25.1
[INFO] [stderr]   Downloaded pyo3-macros v0.25.1
[INFO] [stderr]   Downloaded pythonize v0.25.0
[INFO] [stderr]   Downloaded pyo3-build-config v0.25.1
[INFO] [stderr]   Downloaded pyo3-ffi v0.25.1
[INFO] [stderr]   Downloaded pyo3 v0.25.1
[INFO] running `Command { std: "docker" "create" "-v" "/var/lib/crater-agent-workspace/builds/worker-4-tc1/source:/opt/rustwide/workdir:ro,Z" "-v" "/var/lib/crater-agent-workspace/builds/worker-4-tc1/target:/opt/rustwide/target:rw,Z" "-v" "/var/lib/crater-agent-workspace/cargo-home:/opt/rustwide/cargo-home:ro,Z" "-v" "/var/lib/crater-agent-workspace/rustup-home:/opt/rustwide/rustup-home:ro,Z" "-m" "1610612736" "--network" "none" "ghcr.io/rust-lang/crates-build-env/linux@sha256:3111399a4047eeb3a02b7a90e478d715f38a8c6669b5c4b49d30a17385265909" "sleep" "infinity", kill_on_drop: false }`
[INFO] [stdout] ff687ea1e2fb1a13bdbdcc6670b579c5cc6adee024d611ad1ead2256b3be72ca
[INFO] running `Command { std: "docker" "start" "ff687ea1e2fb1a13bdbdcc6670b579c5cc6adee024d611ad1ead2256b3be72ca", kill_on_drop: false }`
[INFO] running `Command { std: "docker" "inspect" "ff687ea1e2fb1a13bdbdcc6670b579c5cc6adee024d611ad1ead2256b3be72ca", kill_on_drop: false }`
[INFO] running `Command { std: "docker" "exec" "-e" "SOURCE_DIR=/opt/rustwide/workdir" "-e" "CARGO_HOME=/opt/rustwide/cargo-home" "-e" "RUSTUP_HOME=/opt/rustwide/rustup-home" "-e" "CARGO_TARGET_DIR=/opt/rustwide/target" "-w" "/opt/rustwide/workdir" "--user" "0:0" "ff687ea1e2fb1a13bdbdcc6670b579c5cc6adee024d611ad1ead2256b3be72ca" "/opt/rustwide/cargo-home/bin/cargo" "+012c0bd4d516934012c9a1ecb26e9eb283d2ed75" "metadata" "--no-deps" "--format-version=1", kill_on_drop: false }`
[INFO] running `Command { std: "docker" "inspect" "ff687ea1e2fb1a13bdbdcc6670b579c5cc6adee024d611ad1ead2256b3be72ca", kill_on_drop: false }`
[INFO] running `Command { std: "docker" "exec" "-e" "SOURCE_DIR=/opt/rustwide/workdir" "-e" "CARGO_HOME=/opt/rustwide/cargo-home" "-e" "RUSTUP_HOME=/opt/rustwide/rustup-home" "-e" "CARGO_TARGET_DIR=/opt/rustwide/target" "-e" "CARGO_INCREMENTAL=0" "-e" "RUST_BACKTRACE=full" "-e" "RUSTFLAGS=--cap-lints=forbid" "-e" "RUSTDOCFLAGS=--cap-lints=forbid" "-w" "/opt/rustwide/workdir" "--user" "0:0" "ff687ea1e2fb1a13bdbdcc6670b579c5cc6adee024d611ad1ead2256b3be72ca" "/opt/rustwide/cargo-home/bin/cargo" "+012c0bd4d516934012c9a1ecb26e9eb283d2ed75" "check" "--frozen" "--all" "--all-targets" "--message-format=json", kill_on_drop: false }`
[INFO] [stderr]    Compiling unicode-ident v1.0.19
[INFO] [stderr]    Compiling libc v0.2.176
[INFO] [stderr]    Compiling serde_core v1.0.226
[INFO] [stderr]    Compiling find-msvc-tools v0.1.2
[INFO] [stderr]    Compiling serde v1.0.226
[INFO] [stderr]     Checking futures-io v0.3.31
[INFO] [stderr]     Checking hashbrown v0.16.0
[INFO] [stderr]    Compiling serde_json v1.0.145
[INFO] [stderr]     Checking regex-automata v0.4.10
[INFO] [stderr]    Compiling mime_guess v2.0.5
[INFO] [stderr]     Checking sync_wrapper v1.0.2
[INFO] [stderr]     Checking half v2.6.0
[INFO] [stderr]    Compiling anyhow v1.0.100
[INFO] [stderr]     Checking bit-vec v0.6.3
[INFO] [stderr]    Compiling proc-macro2 v1.0.101
[INFO] [stderr]     Checking iri-string v0.7.8
[INFO] [stderr]     Checking bitflags v2.9.4
[INFO] [stderr]     Checking clap_builder v4.5.48
[INFO] [stderr]     Checking log v0.4.28
[INFO] [stderr]     Checking sha1 v0.10.6
[INFO] [stderr]    Compiling cc v1.2.38
[INFO] [stderr]     Checking bit-set v0.5.3
[INFO] [stderr]     Checking diff v0.1.13
[INFO] [stderr]     Checking pretty_assertions v1.4.1
[INFO] [stderr]     Checking ciborium-ll v0.2.2
[INFO] [stderr]    Compiling quote v1.0.40
[INFO] [stderr]     Checking indexmap v2.11.4
[INFO] [stderr]    Compiling syn v2.0.106
[INFO] [stderr]     Checking mio v1.0.4
[INFO] [stderr]     Checking socket2 v0.6.0
[INFO] [stderr]     Checking getrandom v0.2.16
[INFO] [stderr]     Checking is-terminal v0.4.16
[INFO] [stderr]     Checking tokio v1.47.1
[INFO] [stderr]    Compiling ring v0.17.14
[INFO] [stderr]     Checking clap v4.5.48
[INFO] [stderr]     Checking regex v1.11.2
[INFO] [stderr]     Checking fancy-regex v0.13.0
[INFO] [stderr]     Checking bstr v1.12.0
[INFO] [stderr]    Compiling rustls v0.23.32
[INFO] [stderr]    Compiling synstructure v0.13.2
[INFO] [stderr]    Compiling darling_core v0.21.3
[INFO] [stderr]    Compiling zerovec-derive v0.11.1
[INFO] [stderr]    Compiling displaydoc v0.2.5
[INFO] [stderr]    Compiling futures-macro v0.3.31
[INFO] [stderr]    Compiling serde_derive v1.0.226
[INFO] [stderr]    Compiling thiserror-impl v2.0.16
[INFO] [stderr]    Compiling zerofrom-derive v0.1.6
[INFO] [stderr]    Compiling yoke-derive v0.8.0
[INFO] [stderr]     Checking hyper v1.7.0
[INFO] [stderr]     Checking tokio-util v0.7.16
[INFO] [stderr]     Checking futures-util v0.3.31
[INFO] [stderr]     Checking zerofrom v0.1.6
[INFO] [stderr]     Checking rustls-webpki v0.103.6
[INFO] [stderr]     Checking yoke v0.8.0
[INFO] [stderr]     Checking zerovec v0.11.4
[INFO] [stderr]     Checking zerotrie v0.2.2
[INFO] [stderr]     Checking thiserror v2.0.16
[INFO] [stderr]     Checking tinystr v0.8.1
[INFO] [stderr]     Checking potential_utf v0.1.3
[INFO] [stderr]    Compiling darling_macro v0.21.3
[INFO] [stderr]     Checking icu_collections v2.0.0
[INFO] [stderr]     Checking icu_locale_core v2.0.0
[INFO] [stderr]    Compiling darling v0.21.3
[INFO] [stderr]    Compiling serde_with_macros v3.14.1
[INFO] [stderr]     Checking icu_provider v2.0.0
[INFO] [stderr]     Checking icu_properties v2.0.1
[INFO] [stderr]     Checking icu_normalizer v2.0.0
[INFO] [stderr]     Checking serde_urlencoded v0.7.1
[INFO] [stderr]     Checking ciborium v0.2.2
[INFO] [stderr]     Checking serde_with v3.14.1
[INFO] [stderr]     Checking tinytemplate v1.2.1
[INFO] [stderr]     Checking hyper-util v0.1.17
[INFO] [stderr]     Checking tower v0.5.2
[INFO] [stderr]     Checking futures-executor v0.3.31
[INFO] [stderr]     Checking idna_adapter v1.2.1
[INFO] [stderr]     Checking criterion v0.5.1
[INFO] [stderr]     Checking futures v0.3.31
[INFO] [stderr]     Checking idna v1.1.0
[INFO] [stderr]     Checking url v2.5.7
[INFO] [stderr]     Checking tower-http v0.6.6
[INFO] [stderr]     Checking tokio-rustls v0.26.3
[INFO] [stderr]     Checking hyper-rustls v0.27.7
[INFO] [stderr]     Checking reqwest v0.12.23
[INFO] [stderr]     Checking harmony-protocol v0.1.0 (/opt/rustwide/workdir)
[INFO] [stdout] warning: field `sorted_token_bytes` is never read
[INFO] [stdout]    --> src/tiktoken.rs:113:5
[INFO] [stdout]     |
[INFO] [stdout] 106 | pub struct CoreBPE {
[INFO] [stdout]     |            ------- field in this struct
[INFO] [stdout] ...
[INFO] [stdout] 113 |     sorted_token_bytes: Vec<Vec<u8>>,
[INFO] [stdout]     |     ^^^^^^^^^^^^^^^^^^
[INFO] [stdout]     |
[INFO] [stdout]     = note: `CoreBPE` has a derived impl for the trait `Clone`, but this is intentionally ignored during dead code analysis
[INFO] [stdout]     = note: `#[warn(dead_code)]` (part of `#[warn(unused)]`) on by default
[INFO] [stdout] 
[INFO] [stdout] 
[INFO] [stdout] warning: field `sorted_token_bytes` is never read
[INFO] [stdout]    --> src/tiktoken.rs:113:5
[INFO] [stdout]     |
[INFO] [stdout] 106 | pub struct CoreBPE {
[INFO] [stdout]     |            ------- field in this struct
[INFO] [stdout] ...
[INFO] [stdout] 113 |     sorted_token_bytes: Vec<Vec<u8>>,
[INFO] [stdout]     |     ^^^^^^^^^^^^^^^^^^
[INFO] [stdout]     |
[INFO] [stdout]     = note: `CoreBPE` has a derived impl for the trait `Clone`, but this is intentionally ignored during dead code analysis
[INFO] [stdout]     = note: `#[warn(dead_code)]` (part of `#[warn(unused)]`) on by default
[INFO] [stdout] 
[INFO] [stdout] 
[INFO] [stdout] error[E0433]: cannot find module or crate `harmony_response` in this scope
[INFO] [stdout]   --> examples/basic_usage.rs:13:5
[INFO] [stdout]    |
[INFO] [stdout] 13 | use harmony_response::{
[INFO] [stdout]    |     ^^^^^^^^^^^^^^^^ use of unresolved module or unlinked crate `harmony_response`
[INFO] [stdout]    |
[INFO] [stdout]    = help: if you wanted to use a crate named `harmony_response`, use `cargo add harmony_response` to add it to your `Cargo.toml`
[INFO] [stdout] 
[INFO] [stdout] 
[INFO] [stdout] error[E0433]: cannot find module or crate `harmony_response` in this scope
[INFO] [stdout]  --> tests/integration_test.rs:1:5
[INFO] [stdout]   |
[INFO] [stdout] 1 | use harmony_response::{
[INFO] [stdout]   |     ^^^^^^^^^^^^^^^^ use of unresolved module or unlinked crate `harmony_response`
[INFO] [stdout]   |
[INFO] [stdout]   = help: if you wanted to use a crate named `harmony_response`, use `cargo add harmony_response` to add it to your `Cargo.toml`
[INFO] [stdout] 
[INFO] [stdout] 
[INFO] [stdout] error[E0433]: cannot find module or crate `harmony_response` in this scope
[INFO] [stdout]   --> examples/channel_management.rs:13:5
[INFO] [stdout]    |
[INFO] [stdout] 13 | use harmony_response::{
[INFO] [stdout]    |     ^^^^^^^^^^^^^^^^ use of unresolved module or unlinked crate `harmony_response`
[INFO] [stdout]    |
[INFO] [stdout]    = help: if you wanted to use a crate named `harmony_response`, use `cargo add harmony_response` to add it to your `Cargo.toml`
[INFO] [stdout] 
[INFO] [stdout] 
[INFO] [stdout] error[E0433]: cannot find module or crate `harmony_response` in this scope
[INFO] [stdout]   --> examples/tool_integration.rs:14:5
[INFO] [stdout]    |
[INFO] [stdout] 14 | use harmony_response::{
[INFO] [stdout]    |     ^^^^^^^^^^^^^^^^ use of unresolved module or unlinked crate `harmony_response`
[INFO] [stdout]    |
[INFO] [stdout]    = help: if you wanted to use a crate named `harmony_response`, use `cargo add harmony_response` to add it to your `Cargo.toml`
[INFO] [stdout] 
[INFO] [stdout] 
[INFO] [stdout] error[E0433]: cannot find module or crate `harmony_response` in this scope
[INFO] [stdout]  --> benches/benchmarks.rs:2:5
[INFO] [stdout]   |
[INFO] [stdout] 2 | use harmony_response::{
[INFO] [stdout]   |     ^^^^^^^^^^^^^^^^ use of unresolved module or unlinked crate `harmony_response`
[INFO] [stdout]   |
[INFO] [stdout]   = help: if you wanted to use a crate named `harmony_response`, use `cargo add harmony_response` to add it to your `Cargo.toml`
[INFO] [stdout] 
[INFO] [stdout] 
[INFO] [stdout] error[E0432]: unresolved import `harmony_response`
[INFO] [stdout]  --> tests/integration_test.rs:1:5
[INFO] [stdout]   |
[INFO] [stdout] 1 | use harmony_response::{
[INFO] [stdout]   |     ^^^^^^^^^^^^^^^^ use of unresolved module or unlinked crate `harmony_response`
[INFO] [stdout]   |
[INFO] [stdout]   = help: if you wanted to use a crate named `harmony_response`, use `cargo add harmony_response` to add it to your `Cargo.toml`
[INFO] [stdout] 
[INFO] [stdout] 
[INFO] [stdout] error[E0432]: unresolved import `harmony_response`
[INFO] [stdout]   --> examples/channel_management.rs:13:5
[INFO] [stdout]    |
[INFO] [stdout] 13 | use harmony_response::{
[INFO] [stdout]    |     ^^^^^^^^^^^^^^^^ use of unresolved module or unlinked crate `harmony_response`
[INFO] [stdout]    |
[INFO] [stdout]    = help: if you wanted to use a crate named `harmony_response`, use `cargo add harmony_response` to add it to your `Cargo.toml`
[INFO] [stdout] 
[INFO] [stdout] 
[INFO] [stdout] error[E0432]: unresolved import `harmony_response`
[INFO] [stdout]   --> examples/basic_usage.rs:13:5
[INFO] [stdout]    |
[INFO] [stdout] 13 | use harmony_response::{
[INFO] [stdout]    |     ^^^^^^^^^^^^^^^^ use of unresolved module or unlinked crate `harmony_response`
[INFO] [stdout]    |
[INFO] [stdout]    = help: if you wanted to use a crate named `harmony_response`, use `cargo add harmony_response` to add it to your `Cargo.toml`
[INFO] [stdout] 
[INFO] [stdout] 
[INFO] [stdout] error[E0433]: cannot find module or crate `harmony_response` in this scope
[INFO] [stdout]   --> examples/streaming_parser.rs:13:5
[INFO] [stdout]    |
[INFO] [stdout] 13 | use harmony_response::{
[INFO] [stdout]    |     ^^^^^^^^^^^^^^^^ use of unresolved module or unlinked crate `harmony_response`
[INFO] [stdout]    |
[INFO] [stdout]    = help: if you wanted to use a crate named `harmony_response`, use `cargo add harmony_response` to add it to your `Cargo.toml`
[INFO] [stdout] 
[INFO] [stdout] 
[INFO] [stdout] error[E0432]: unresolved import `harmony_response`
[INFO] [stdout]  --> benches/benchmarks.rs:2:5
[INFO] [stdout]   |
[INFO] [stdout] 2 | use harmony_response::{
[INFO] [stdout]   |     ^^^^^^^^^^^^^^^^ use of unresolved module or unlinked crate `harmony_response`
[INFO] [stdout]   |
[INFO] [stdout]   = help: if you wanted to use a crate named `harmony_response`, use `cargo add harmony_response` to add it to your `Cargo.toml`
[INFO] [stdout] 
[INFO] [stdout] 
[INFO] [stdout] error[E0432]: unresolved import `harmony_response`
[INFO] [stdout]   --> examples/tool_integration.rs:14:5
[INFO] [stdout]    |
[INFO] [stdout] 14 | use harmony_response::{
[INFO] [stdout]    |     ^^^^^^^^^^^^^^^^ use of unresolved module or unlinked crate `harmony_response`
[INFO] [stdout]    |
[INFO] [stdout]    = help: if you wanted to use a crate named `harmony_response`, use `cargo add harmony_response` to add it to your `Cargo.toml`
[INFO] [stdout] 
[INFO] [stdout] 
[INFO] [stdout] Some errors have detailed explanations: E0432, E0433.
[INFO] [stdout] 
[INFO] [stderr] error: could not compile `harmony-protocol` (test "integration_test") due to 2 previous errors
[INFO] [stdout] For more information about an error, try `rustc --explain E0432`.
[INFO] [stdout] 
[INFO] [stderr] warning: build failed, waiting for other jobs to finish...
[INFO] [stdout] Some errors have detailed explanations: E0432, E0433.
[INFO] [stdout] 
[INFO] [stderr] error: could not compile `harmony-protocol` (example "tool_integration") due to 2 previous errors
[INFO] [stdout] For more information about an error, try `rustc --explain E0432`.
[INFO] [stdout] 
[INFO] [stdout] Some errors have detailed explanations: E0432, E0433.
[INFO] [stdout] 
[INFO] [stdout] For more information about an error, try `rustc --explain E0432`.
[INFO] [stdout] 
[INFO] [stdout] error[E0432]: unresolved import `harmony_response`
[INFO] [stdout]   --> examples/streaming_parser.rs:13:5
[INFO] [stdout]    |
[INFO] [stdout] 13 | use harmony_response::{
[INFO] [stdout]    |     ^^^^^^^^^^^^^^^^ use of unresolved module or unlinked crate `harmony_response`
[INFO] [stdout]    |
[INFO] [stdout]    = help: if you wanted to use a crate named `harmony_response`, use `cargo add harmony_response` to add it to your `Cargo.toml`
[INFO] [stdout] 
[INFO] [stdout] 
[INFO] [stderr] error: could not compile `harmony-protocol` (example "basic_usage") due to 2 previous errors
[INFO] [stdout] warning: unused import: `BenchmarkId`
[INFO] [stdout]  --> benches/benchmarks.rs:1:61
[INFO] [stdout]   |
[INFO] [stdout] 1 | use criterion::{black_box, criterion_group, criterion_main, BenchmarkId, Criterion, Throughput};
[INFO] [stdout]   |                                                             ^^^^^^^^^^^
[INFO] [stdout]   |
[INFO] [stdout]   = note: `#[warn(unused_imports)]` (part of `#[warn(unused)]`) on by default
[INFO] [stdout] 
[INFO] [stdout] 
[INFO] [stdout] error[E0433]: cannot find module or crate `harmony_response` in this scope
[INFO] [stdout]    --> examples/streaming_parser.rs:134:25
[INFO] [stdout]     |
[INFO] [stdout] 134 |                         harmony_response::chat::Content::Text(text) => {
[INFO] [stdout]     |                         ^^^^^^^^^^^^^^^^ use of unresolved module or unlinked crate `harmony_response`
[INFO] [stdout]     |
[INFO] [stdout]     = help: if you wanted to use a crate named `harmony_response`, use `cargo add harmony_response` to add it to your `Cargo.toml`
[INFO] [stdout] help: consider importing this enum
[INFO] [stdout]     |
[INFO] [stdout]  13 + use harmony_protocol::chat::Content;
[INFO] [stdout]     |
[INFO] [stdout] help: if you import `Content`, refer to it directly
[INFO] [stdout]     |
[INFO] [stdout] 134 -                         harmony_response::chat::Content::Text(text) => {
[INFO] [stdout] 134 +                         Content::Text(text) => {
[INFO] [stdout]     |
[INFO] [stdout] 
[INFO] [stdout] 
[INFO] [stdout] error[E0433]: cannot find module or crate `harmony_response` in this scope
[INFO] [stdout]  --> benches/benchmarks.rs:8:34
[INFO] [stdout]   |
[INFO] [stdout] 8 | fn try_load_encoding() -> Option<harmony_response::HarmonyEncoding> {
[INFO] [stdout]   |                                  ^^^^^^^^^^^^^^^^ use of unresolved module or unlinked crate `harmony_response`
[INFO] [stdout]   |
[INFO] [stdout]   = help: if you wanted to use a crate named `harmony_response`, use `cargo add harmony_response` to add it to your `Cargo.toml`
[INFO] [stdout] 
[INFO] [stdout] 
[INFO] [stdout] Some errors have detailed explanations: E0432, E0433.
[INFO] [stdout] 
[INFO] [stdout] For more information about an error, try `rustc --explain E0432`.
[INFO] [stdout] 
[INFO] [stderr] error: could not compile `harmony-protocol` (bench "benchmarks") due to 3 previous errors; 1 warning emitted
[INFO] [stdout] Some errors have detailed explanations: E0432, E0433.
[INFO] [stdout] 
[INFO] [stdout] For more information about an error, try `rustc --explain E0432`.
[INFO] [stdout] 
[INFO] [stdout] Some errors have detailed explanations: E0432, E0433.
[INFO] [stdout] 
[INFO] [stdout] For more information about an error, try `rustc --explain E0432`.
[INFO] [stdout] 
[INFO] [stderr] error: could not compile `harmony-protocol` (example "streaming_parser") due to 3 previous errors
[INFO] [stderr] error: could not compile `harmony-protocol` (example "channel_management") due to 2 previous errors
[INFO] [stderr] warning: unused dependency `bstr`
[INFO] [stderr]  --> Cargo.toml:8:1
[INFO] [stderr]   |
[INFO] [stderr] 8 | bstr = "1.5.0"
[INFO] [stderr]   | ^^^^^^^^^^^^^^
[INFO] [stderr]   |
[INFO] [stderr]   = note: `cargo::unused_dependencies` is set to `warn` by default
[INFO] [stderr] help: consider removing the dependency on `bstr`
[INFO] [stderr] warning: unused dependency `futures`
[INFO] [stderr]   --> Cargo.toml:10:1
[INFO] [stderr]    |
[INFO] [stderr] 10 | futures = "0.3"
[INFO] [stderr]    | ^^^^^^^^^^^^^^^
[INFO] [stderr]    |
[INFO] [stderr] help: consider removing the dependency on `futures`
[INFO] [stderr] warning: `harmony-protocol` (manifest) generated 2 warnings
[INFO] running `Command { std: "docker" "inspect" "ff687ea1e2fb1a13bdbdcc6670b579c5cc6adee024d611ad1ead2256b3be72ca", kill_on_drop: false }`
[INFO] running `Command { std: "docker" "rm" "-f" "ff687ea1e2fb1a13bdbdcc6670b579c5cc6adee024d611ad1ead2256b3be72ca", kill_on_drop: false }`
[INFO] [stdout] ff687ea1e2fb1a13bdbdcc6670b579c5cc6adee024d611ad1ead2256b3be72ca
