[INFO] cloning repository https://github.com/tantk/kokoro-g2p
[INFO] running `Command { std: "git" "-c" "credential.helper=" "-c" "credential.helper=/workspace/cargo-home/bin/git-credential-null" "clone" "--bare" "https://github.com/tantk/kokoro-g2p" "/workspace/cache/git-repos/https%3A%2F%2Fgithub.com%2Ftantk%2Fkokoro-g2p", kill_on_drop: false }`
[INFO] [stderr] Cloning into bare repository '/workspace/cache/git-repos/https%3A%2F%2Fgithub.com%2Ftantk%2Fkokoro-g2p'...
[INFO] running `Command { std: "git" "rev-parse" "HEAD", kill_on_drop: false }`
[INFO] [stdout] 590ef4ddfb1bcb7d50c7bcac58fe32408efa1305
[INFO] checking tantk/kokoro-g2p against 5b237c915528dadada3f674b90c7c80368b632be for pr-133502-29
[INFO] running `Command { std: "git" "clone" "/workspace/cache/git-repos/https%3A%2F%2Fgithub.com%2Ftantk%2Fkokoro-g2p" "/workspace/builds/worker-3-tc2/source", kill_on_drop: false }`
[INFO] [stderr] Cloning into '/workspace/builds/worker-3-tc2/source'...
[INFO] [stderr] done.
[INFO] started tweaking git repo https://github.com/tantk/kokoro-g2p
[INFO] finished tweaking git repo https://github.com/tantk/kokoro-g2p
[INFO] tweaked toml for git repo https://github.com/tantk/kokoro-g2p written to /workspace/builds/worker-3-tc2/source/Cargo.toml
[INFO] validating manifest of git repo https://github.com/tantk/kokoro-g2p on toolchain 5b237c915528dadada3f674b90c7c80368b632be
[INFO] running `Command { std: CARGO_HOME="/workspace/cargo-home" RUSTUP_HOME="/workspace/rustup-home" "/workspace/cargo-home/bin/cargo" "+5b237c915528dadada3f674b90c7c80368b632be" "metadata" "--manifest-path" "Cargo.toml" "--no-deps", kill_on_drop: false }`
[INFO] crate git repo https://github.com/tantk/kokoro-g2p already has a lockfile, it will not be regenerated
[INFO] running `Command { std: CARGO_HOME="/workspace/cargo-home" RUSTUP_HOME="/workspace/rustup-home" "/workspace/cargo-home/bin/cargo" "+5b237c915528dadada3f674b90c7c80368b632be" "fetch" "--manifest-path" "Cargo.toml", kill_on_drop: false }`
[INFO] [stderr]     Blocking waiting for file lock on package cache
[INFO] [stderr]     Blocking waiting for file lock on package cache
[INFO] [stderr]  Downloading crates ...
[INFO] [stderr]   Downloaded uniffi_checksum_derive v0.28.3
[INFO] [stderr]   Downloaded uniffi v0.28.3
[INFO] [stderr]   Downloaded uniffi_macros v0.28.3
[INFO] [stderr]   Downloaded uniffi_meta v0.28.3
[INFO] [stderr]   Downloaded uniffi_core v0.28.3
[INFO] [stderr]   Downloaded include-flate v0.3.1
[INFO] [stderr]   Downloaded libflate_lz77 v2.2.0
[INFO] [stderr]   Downloaded include-flate-codegen v0.3.1
[INFO] [stderr]   Downloaded cedarwood v0.4.6
[INFO] [stderr]   Downloaded uniffi_testing v0.28.3
[INFO] [stderr]   Downloaded include-flate-compress v0.3.1
[INFO] [stderr]   Downloaded uniffi_udl v0.28.3
[INFO] [stderr]   Downloaded libflate v2.2.1
[INFO] [stderr]   Downloaded cc v1.2.54
[INFO] [stderr]   Downloaded jieba-macros v0.7.1
[INFO] [stderr]   Downloaded uniffi_bindgen v0.28.3
[INFO] [stderr]   Downloaded jieba-rs v0.7.4
[INFO] running `Command { std: "docker" "create" "-v" "/var/lib/crater-agent-workspace/builds/worker-3-tc2/source:/opt/rustwide/workdir:ro,Z" "-v" "/var/lib/crater-agent-workspace/builds/worker-3-tc2/target:/opt/rustwide/target:rw,Z" "-v" "/var/lib/crater-agent-workspace/cargo-home:/opt/rustwide/cargo-home:ro,Z" "-v" "/var/lib/crater-agent-workspace/rustup-home:/opt/rustwide/rustup-home:ro,Z" "-m" "1610612736" "--network" "none" "ghcr.io/rust-lang/crates-build-env/linux@sha256:3111399a4047eeb3a02b7a90e478d715f38a8c6669b5c4b49d30a17385265909" "sleep" "infinity", kill_on_drop: false }`
[INFO] [stdout] 6247c4687983f3f1d93f30f11347d585ee86ae3b091390218f7dbc9d6a747eda
[INFO] running `Command { std: "docker" "start" "6247c4687983f3f1d93f30f11347d585ee86ae3b091390218f7dbc9d6a747eda", kill_on_drop: false }`
[INFO] running `Command { std: "docker" "inspect" "6247c4687983f3f1d93f30f11347d585ee86ae3b091390218f7dbc9d6a747eda", kill_on_drop: false }`
[INFO] running `Command { std: "docker" "exec" "-e" "SOURCE_DIR=/opt/rustwide/workdir" "-e" "CARGO_HOME=/opt/rustwide/cargo-home" "-e" "RUSTUP_HOME=/opt/rustwide/rustup-home" "-e" "CARGO_TARGET_DIR=/opt/rustwide/target" "-w" "/opt/rustwide/workdir" "--user" "0:0" "6247c4687983f3f1d93f30f11347d585ee86ae3b091390218f7dbc9d6a747eda" "/opt/rustwide/cargo-home/bin/cargo" "+5b237c915528dadada3f674b90c7c80368b632be" "metadata" "--no-deps" "--format-version=1", kill_on_drop: false }`
[INFO] running `Command { std: "docker" "inspect" "6247c4687983f3f1d93f30f11347d585ee86ae3b091390218f7dbc9d6a747eda", kill_on_drop: false }`
[INFO] running `Command { std: "docker" "exec" "-e" "SOURCE_DIR=/opt/rustwide/workdir" "-e" "CARGO_HOME=/opt/rustwide/cargo-home" "-e" "RUSTUP_HOME=/opt/rustwide/rustup-home" "-e" "CARGO_TARGET_DIR=/opt/rustwide/target" "-e" "CARGO_INCREMENTAL=0" "-e" "RUST_BACKTRACE=full" "-e" "RUSTFLAGS=--cap-lints=forbid" "-e" "RUSTDOCFLAGS=--cap-lints=forbid" "-w" "/opt/rustwide/workdir" "--user" "0:0" "6247c4687983f3f1d93f30f11347d585ee86ae3b091390218f7dbc9d6a747eda" "/opt/rustwide/cargo-home/bin/cargo" "+5b237c915528dadada3f674b90c7c80368b632be" "check" "--frozen" "--all" "--all-targets" "--message-format=json", kill_on_drop: false }`
[INFO] [stderr]     Checking memchr v2.7.6
[INFO] [stderr]    Compiling zerocopy v0.8.33
[INFO] [stderr]    Compiling zmij v1.0.16
[INFO] [stderr]    Compiling proc-macro2 v1.0.106
[INFO] [stderr]    Compiling phf_shared v0.11.3
[INFO] [stderr]    Compiling libc v0.2.180
[INFO] [stderr]     Checking regex-syntax v0.8.8
[INFO] [stderr]     Checking clap_lex v0.7.7
[INFO] [stderr]    Compiling kokoro-g2p v0.1.0 (/opt/rustwide/workdir)
[INFO] [stderr]     Checking unicode-normalization v0.1.25
[INFO] [stderr]     Checking plotters v0.3.7
[INFO] [stderr]     Checking criterion-plot v0.5.0
[INFO] [stderr]     Checking rayon v1.11.0
[INFO] [stderr]    Compiling phf_generator v0.11.3
[INFO] [stderr]     Checking clap_builder v4.5.54
[INFO] [stderr]    Compiling quote v1.0.44
[INFO] [stderr]     Checking aho-corasick v1.1.4
[INFO] [stderr]     Checking serde_json v1.0.149
[INFO] [stderr]    Compiling syn v2.0.114
[INFO] [stderr]     Checking is-terminal v0.4.17
[INFO] [stderr]     Checking regex-automata v0.4.13
[INFO] [stderr]     Checking clap v4.5.54
[INFO] [stderr]     Checking regex v1.12.2
[INFO] [stderr]    Compiling zerocopy-derive v0.8.33
[INFO] [stderr]    Compiling serde_derive v1.0.228
[INFO] [stderr]    Compiling phf_macros v0.11.3
[INFO] [stderr]     Checking phf v0.11.3
[INFO] [stderr]     Checking serde v1.0.228
[INFO] [stderr]     Checking half v2.7.1
[INFO] [stderr]     Checking tinytemplate v1.2.1
[INFO] [stdout] error: couldn't read `/opt/rustwide/target/debug/build/kokoro-g2p/0b38fac4e3869824/out/us_gold.json.zst`: No such file or directory (os error 2)
[INFO] [stdout]    --> src/lexicon.rs:159:36
[INFO] [stdout]     |
[INFO] [stdout] 159 | static US_GOLD_COMPRESSED: &[u8] = include_bytes!(concat!(env!("OUT_DIR"), "/us_gold.json.zst"));
[INFO] [stdout]     |                                    ^^^^^^^^^^^^^^^^^^^^^^^^^^^^^^^^^^^^^^^^^^^^^^^^^^^^^^^^^^^^^
[INFO] [stdout] 
[INFO] [stdout] 
[INFO] [stdout] error: couldn't read `/opt/rustwide/target/debug/build/kokoro-g2p/0b38fac4e3869824/out/us_silver.json.zst`: No such file or directory (os error 2)
[INFO] [stdout]    --> src/lexicon.rs:160:38
[INFO] [stdout]     |
[INFO] [stdout] 160 | static US_SILVER_COMPRESSED: &[u8] = include_bytes!(concat!(env!("OUT_DIR"), "/us_silver.json.zst"));
[INFO] [stdout]     |                                      ^^^^^^^^^^^^^^^^^^^^^^^^^^^^^^^^^^^^^^^^^^^^^^^^^^^^^^^^^^^^^^^
[INFO] [stdout] 
[INFO] [stdout] 
[INFO] [stdout] error: couldn't read `/opt/rustwide/target/debug/build/kokoro-g2p/0b38fac4e3869824/out/gb_gold.json.zst`: No such file or directory (os error 2)
[INFO] [stdout]    --> src/lexicon.rs:161:36
[INFO] [stdout]     |
[INFO] [stdout] 161 | static GB_GOLD_COMPRESSED: &[u8] = include_bytes!(concat!(env!("OUT_DIR"), "/gb_gold.json.zst"));
[INFO] [stdout]     |                                    ^^^^^^^^^^^^^^^^^^^^^^^^^^^^^^^^^^^^^^^^^^^^^^^^^^^^^^^^^^^^^
[INFO] [stdout] 
[INFO] [stdout] 
[INFO] [stdout] error: couldn't read `/opt/rustwide/target/debug/build/kokoro-g2p/0b38fac4e3869824/out/gb_silver.json.zst`: No such file or directory (os error 2)
[INFO] [stdout]    --> src/lexicon.rs:162:38
[INFO] [stdout]     |
[INFO] [stdout] 162 | static GB_SILVER_COMPRESSED: &[u8] = include_bytes!(concat!(env!("OUT_DIR"), "/gb_silver.json.zst"));
[INFO] [stdout]     |                                      ^^^^^^^^^^^^^^^^^^^^^^^^^^^^^^^^^^^^^^^^^^^^^^^^^^^^^^^^^^^^^^^
[INFO] [stdout] 
[INFO] [stdout] 
[INFO] [stdout] warning: unexpected `cfg` condition value: `japanese`
[INFO] [stdout]   --> src/lib.rs:51:7
[INFO] [stdout]    |
[INFO] [stdout] 51 | #[cfg(feature = "japanese")]
[INFO] [stdout]    |       ^^^^^^^^^^^^^^^^^^^^
[INFO] [stdout]    |
[INFO] [stdout]    = note: expected values for `feature` are: `chinese`, `default`, `english`, `full`, `german`, `indonesian`, `italian`, `jni`, `korean`, `portuguese`, `spanish`, `turkish`, `uniffi`, and `vietnamese`
[INFO] [stdout]    = help: consider adding `japanese` as a feature in `Cargo.toml`
[INFO] [stdout]    = note: see <https://doc.rust-lang.org/nightly/rustc/check-cfg/cargo-specifics.html> for more information about checking conditional configuration
[INFO] [stdout]    = note: `#[warn(unexpected_cfgs)]` on by default
[INFO] [stdout] 
[INFO] [stdout] 
[INFO] [stdout] warning: unexpected `cfg` condition value: `japanese`
[INFO] [stdout]   --> src/pipeline.rs:14:7
[INFO] [stdout]    |
[INFO] [stdout] 14 | #[cfg(feature = "japanese")]
[INFO] [stdout]    |       ^^^^^^^^^^^^^^^^^^^^
[INFO] [stdout]    |
[INFO] [stdout]    = note: expected values for `feature` are: `chinese`, `default`, `english`, `full`, `german`, `indonesian`, `italian`, `jni`, `korean`, `portuguese`, `spanish`, `turkish`, `uniffi`, and `vietnamese`
[INFO] [stdout]    = help: consider adding `japanese` as a feature in `Cargo.toml`
[INFO] [stdout]    = note: see <https://doc.rust-lang.org/nightly/rustc/check-cfg/cargo-specifics.html> for more information about checking conditional configuration
[INFO] [stdout] 
[INFO] [stdout] 
[INFO] [stdout] warning: unexpected `cfg` condition value: `japanese`
[INFO] [stdout]    --> src/pipeline.rs:127:11
[INFO] [stdout]     |
[INFO] [stdout] 127 |     #[cfg(feature = "japanese")]
[INFO] [stdout]     |           ^^^^^^^^^^^^^^^^^^^^
[INFO] [stdout]     |
[INFO] [stdout]     = note: expected values for `feature` are: `chinese`, `default`, `english`, `full`, `german`, `indonesian`, `italian`, `jni`, `korean`, `portuguese`, `spanish`, `turkish`, `uniffi`, and `vietnamese`
[INFO] [stdout]     = help: consider adding `japanese` as a feature in `Cargo.toml`
[INFO] [stdout]     = note: see <https://doc.rust-lang.org/nightly/rustc/check-cfg/cargo-specifics.html> for more information about checking conditional configuration
[INFO] [stdout] 
[INFO] [stdout] 
[INFO] [stdout] warning: unexpected `cfg` condition value: `japanese`
[INFO] [stdout]    --> src/pipeline.rs:157:19
[INFO] [stdout]     |
[INFO] [stdout] 157 |             #[cfg(feature = "japanese")]
[INFO] [stdout]     |                   ^^^^^^^^^^^^^^^^^^^^
[INFO] [stdout]     |
[INFO] [stdout]     = note: expected values for `feature` are: `chinese`, `default`, `english`, `full`, `german`, `indonesian`, `italian`, `jni`, `korean`, `portuguese`, `spanish`, `turkish`, `uniffi`, and `vietnamese`
[INFO] [stdout]     = help: consider adding `japanese` as a feature in `Cargo.toml`
[INFO] [stdout]     = note: see <https://doc.rust-lang.org/nightly/rustc/check-cfg/cargo-specifics.html> for more information about checking conditional configuration
[INFO] [stdout] 
[INFO] [stdout] 
[INFO] [stdout] warning: unexpected `cfg` condition value: `japanese`
[INFO] [stdout]    --> src/pipeline.rs:340:19
[INFO] [stdout]     |
[INFO] [stdout] 340 |             #[cfg(feature = "japanese")]
[INFO] [stdout]     |                   ^^^^^^^^^^^^^^^^^^^^
[INFO] [stdout]     |
[INFO] [stdout]     = note: expected values for `feature` are: `chinese`, `default`, `english`, `full`, `german`, `indonesian`, `italian`, `jni`, `korean`, `portuguese`, `spanish`, `turkish`, `uniffi`, and `vietnamese`
[INFO] [stdout]     = help: consider adding `japanese` as a feature in `Cargo.toml`
[INFO] [stdout]     = note: see <https://doc.rust-lang.org/nightly/rustc/check-cfg/cargo-specifics.html> for more information about checking conditional configuration
[INFO] [stdout] 
[INFO] [stdout] 
[INFO] [stdout] warning: unexpected `cfg` condition value: `japanese`
[INFO] [stdout]    --> src/pipeline.rs:350:23
[INFO] [stdout]     |
[INFO] [stdout] 350 |             #[cfg(not(feature = "japanese"))]
[INFO] [stdout]     |                       ^^^^^^^^^^^^^^^^^^^^
[INFO] [stdout]     |
[INFO] [stdout]     = note: expected values for `feature` are: `chinese`, `default`, `english`, `full`, `german`, `indonesian`, `italian`, `jni`, `korean`, `portuguese`, `spanish`, `turkish`, `uniffi`, and `vietnamese`
[INFO] [stdout]     = help: consider adding `japanese` as a feature in `Cargo.toml`
[INFO] [stdout]     = note: see <https://doc.rust-lang.org/nightly/rustc/check-cfg/cargo-specifics.html> for more information about checking conditional configuration
[INFO] [stdout] 
[INFO] [stdout] 
[INFO] [stdout] warning: unexpected `cfg` condition value: `japanese`
[INFO] [stdout]    --> src/lib.rs:123:15
[INFO] [stdout]     |
[INFO] [stdout] 123 |         #[cfg(feature = "japanese")]
[INFO] [stdout]     |               ^^^^^^^^^^^^^^^^^^^^
[INFO] [stdout]     |
[INFO] [stdout]     = note: expected values for `feature` are: `chinese`, `default`, `english`, `full`, `german`, `indonesian`, `italian`, `jni`, `korean`, `portuguese`, `spanish`, `turkish`, `uniffi`, and `vietnamese`
[INFO] [stdout]     = help: consider adding `japanese` as a feature in `Cargo.toml`
[INFO] [stdout]     = note: see <https://doc.rust-lang.org/nightly/rustc/check-cfg/cargo-specifics.html> for more information about checking conditional configuration
[INFO] [stdout] 
[INFO] [stdout] 
[INFO] [stdout] warning: unexpected `cfg` condition value: `japanese`
[INFO] [stdout]    --> src/lib.rs:196:15
[INFO] [stdout]     |
[INFO] [stdout] 196 |         #[cfg(feature = "japanese")]
[INFO] [stdout]     |               ^^^^^^^^^^^^^^^^^^^^
[INFO] [stdout]     |
[INFO] [stdout]     = note: expected values for `feature` are: `chinese`, `default`, `english`, `full`, `german`, `indonesian`, `italian`, `jni`, `korean`, `portuguese`, `spanish`, `turkish`, `uniffi`, and `vietnamese`
[INFO] [stdout]     = help: consider adding `japanese` as a feature in `Cargo.toml`
[INFO] [stdout]     = note: see <https://doc.rust-lang.org/nightly/rustc/check-cfg/cargo-specifics.html> for more information about checking conditional configuration
[INFO] [stdout] 
[INFO] [stdout] 
[INFO] [stdout] error[E0433]: cannot find module or crate `zstd` in this scope
[INFO] [stdout]   --> src/lexicon.rs:87:30
[INFO] [stdout]    |
[INFO] [stdout] 87 |     let decompressed = match zstd::decode_all(cursor) {
[INFO] [stdout]    |                              ^^^^ use of unresolved module or unlinked crate `zstd`
[INFO] [stdout]    |
[INFO] [stdout] help: there is a crate or module with a similar name
[INFO] [stdout]    |
[INFO] [stdout] 87 -     let decompressed = match zstd::decode_all(cursor) {
[INFO] [stdout] 87 +     let decompressed = match std::decode_all(cursor) {
[INFO] [stdout]    |
[INFO] [stdout] 
[INFO] [stdout] 
[INFO] [stdout] error[E0277]: the size for values of type `[u8]` cannot be known at compilation time
[INFO] [stdout]   --> src/lexicon.rs:87:9
[INFO] [stdout]    |
[INFO] [stdout] 87 |     let decompressed = match zstd::decode_all(cursor) {
[INFO] [stdout]    |         ^^^^^^^^^^^^ doesn't have a size known at compile-time
[INFO] [stdout]    |
[INFO] [stdout]    = help: the trait `Sized` is not implemented for `[u8]`
[INFO] [stdout]    = note: all local variables must have a statically known size
[INFO] [stdout] 
[INFO] [stdout] 
[INFO] [stdout] error[E0277]: the size for values of type `[u8]` cannot be known at compilation time
[INFO] [stdout]   --> src/lexicon.rs:88:12
[INFO] [stdout]    |
[INFO] [stdout] 88 |         Ok(data) => data,
[INFO] [stdout]    |            ^^^^ doesn't have a size known at compile-time
[INFO] [stdout]    |
[INFO] [stdout]    = help: the trait `Sized` is not implemented for `[u8]`
[INFO] [stdout]    = note: all local variables must have a statically known size
[INFO] [stdout] 
[INFO] [stdout] 
[INFO] [stdout] error[E0277]: the size for values of type `[u8]` cannot be known at compilation time
[INFO] [stdout]   --> src/lexicon.rs:88:9
[INFO] [stdout]    |
[INFO] [stdout] 88 |         Ok(data) => data,
[INFO] [stdout]    |         ^^^^^^^^ doesn't have a size known at compile-time
[INFO] [stdout]    |
[INFO] [stdout]    = help: the trait `Sized` is not implemented for `[u8]`
[INFO] [stdout] note: required by a bound in `Ok`
[INFO] [stdout]   --> /rustc/5b237c915528dadada3f674b90c7c80368b632be/library/core/src/result.rs:562:4
[INFO] [stdout] 
[INFO] [stdout] 
[INFO] [stderr]     Checking ciborium-ll v0.2.2
[INFO] [stdout] Some errors have detailed explanations: E0277, E0433.
[INFO] [stdout] 
[INFO] [stdout] For more information about an error, try `rustc --explain E0277`.
[INFO] [stdout] 
[INFO] [stderr] error: could not compile `kokoro-g2p` (lib) due to 8 previous errors; 8 warnings emitted
[INFO] [stderr] warning: build failed, waiting for other jobs to finish...
[INFO] running `Command { std: "docker" "inspect" "6247c4687983f3f1d93f30f11347d585ee86ae3b091390218f7dbc9d6a747eda", kill_on_drop: false }`
[INFO] running `Command { std: "docker" "rm" "-f" "6247c4687983f3f1d93f30f11347d585ee86ae3b091390218f7dbc9d6a747eda", kill_on_drop: false }`
[INFO] [stdout] 6247c4687983f3f1d93f30f11347d585ee86ae3b091390218f7dbc9d6a747eda
