[INFO] cloning repository https://github.com/tacogips/rust-graphql-microservice-example
[INFO] running `Command { std: "git" "-c" "credential.helper=" "-c" "credential.helper=/workspace/cargo-home/bin/git-credential-null" "clone" "--bare" "https://github.com/tacogips/rust-graphql-microservice-example" "/workspace/cache/git-repos/https%3A%2F%2Fgithub.com%2Ftacogips%2Frust-graphql-microservice-example", kill_on_drop: false }`
[INFO] [stderr] Cloning into bare repository '/workspace/cache/git-repos/https%3A%2F%2Fgithub.com%2Ftacogips%2Frust-graphql-microservice-example'...
[INFO] running `Command { std: "git" "rev-parse" "HEAD", kill_on_drop: false }`
[INFO] [stdout] 19baf1c688928ab2963970efddd2882a2285ea98
[INFO] checking tacogips/rust-graphql-microservice-example against 5b237c915528dadada3f674b90c7c80368b632be for pr-133502-29
[INFO] running `Command { std: "git" "clone" "/workspace/cache/git-repos/https%3A%2F%2Fgithub.com%2Ftacogips%2Frust-graphql-microservice-example" "/workspace/builds/worker-7-tc2/source", kill_on_drop: false }`
[INFO] [stderr] Cloning into '/workspace/builds/worker-7-tc2/source'...
[INFO] [stderr] done.
[INFO] started tweaking git repo https://github.com/tacogips/rust-graphql-microservice-example
[INFO] finished tweaking git repo https://github.com/tacogips/rust-graphql-microservice-example
[INFO] tweaked toml for git repo https://github.com/tacogips/rust-graphql-microservice-example written to /workspace/builds/worker-7-tc2/source/Cargo.toml
[INFO] validating manifest of git repo https://github.com/tacogips/rust-graphql-microservice-example on toolchain 5b237c915528dadada3f674b90c7c80368b632be
[INFO] running `Command { std: CARGO_HOME="/workspace/cargo-home" RUSTUP_HOME="/workspace/rustup-home" "/workspace/cargo-home/bin/cargo" "+5b237c915528dadada3f674b90c7c80368b632be" "metadata" "--manifest-path" "Cargo.toml" "--no-deps", kill_on_drop: false }`
[INFO] crate git repo https://github.com/tacogips/rust-graphql-microservice-example already has a lockfile, it will not be regenerated
[INFO] running `Command { std: CARGO_HOME="/workspace/cargo-home" RUSTUP_HOME="/workspace/rustup-home" "/workspace/cargo-home/bin/cargo" "+5b237c915528dadada3f674b90c7c80368b632be" "fetch" "--manifest-path" "Cargo.toml", kill_on_drop: false }`
[INFO] [stderr]     Blocking waiting for file lock on package cache
[INFO] [stderr]     Updating crates.io index
[INFO] [stderr]     Blocking waiting for file lock on package cache
[ERROR] error running command: no output for 300 seconds
[INFO] checking tacogips/rust-graphql-microservice-example against 5b237c915528dadada3f674b90c7c80368b632be for pr-133502-29
[INFO] running `Command { std: "git" "clone" "/workspace/cache/git-repos/https%3A%2F%2Fgithub.com%2Ftacogips%2Frust-graphql-microservice-example" "/workspace/builds/worker-7-tc2/source", kill_on_drop: false }`
[INFO] [stderr] Cloning into '/workspace/builds/worker-7-tc2/source'...
[INFO] [stderr] done.
[INFO] started tweaking git repo https://github.com/tacogips/rust-graphql-microservice-example
[INFO] finished tweaking git repo https://github.com/tacogips/rust-graphql-microservice-example
[INFO] tweaked toml for git repo https://github.com/tacogips/rust-graphql-microservice-example written to /workspace/builds/worker-7-tc2/source/Cargo.toml
[INFO] validating manifest of git repo https://github.com/tacogips/rust-graphql-microservice-example on toolchain 5b237c915528dadada3f674b90c7c80368b632be
[INFO] running `Command { std: CARGO_HOME="/workspace/cargo-home" RUSTUP_HOME="/workspace/rustup-home" "/workspace/cargo-home/bin/cargo" "+5b237c915528dadada3f674b90c7c80368b632be" "metadata" "--manifest-path" "Cargo.toml" "--no-deps", kill_on_drop: false }`
[INFO] crate git repo https://github.com/tacogips/rust-graphql-microservice-example already has a lockfile, it will not be regenerated
[INFO] running `Command { std: CARGO_HOME="/workspace/cargo-home" RUSTUP_HOME="/workspace/rustup-home" "/workspace/cargo-home/bin/cargo" "+5b237c915528dadada3f674b90c7c80368b632be" "fetch" "--manifest-path" "Cargo.toml", kill_on_drop: false }`
[INFO] [stderr]     Blocking waiting for file lock on package cache
[INFO] [stderr]     Blocking waiting for file lock on package cache
[INFO] [stderr]  Downloading crates ...
[INFO] [stderr]   Downloaded tokio-test v0.4.1
[INFO] [stderr]   Downloaded tokio-stream v0.1.5
[INFO] [stderr]   Downloaded getrandom v0.2.2
[INFO] [stderr]   Downloaded discard v1.0.4
[INFO] [stderr]   Downloaded futures-macro v0.3.14
[INFO] [stderr]   Downloaded stdweb-internal-macros v0.2.9
[INFO] [stderr]   Downloaded tracing-core v0.1.17
[INFO] [stderr]   Downloaded dirs-sys v0.3.6
[INFO] [stderr]   Downloaded subtle v2.4.0
[INFO] [stderr]   Downloaded httparse v1.4.0
[INFO] [stderr]   Downloaded derive_more v0.99.13
[INFO] [stderr]   Downloaded time-macros v0.1.1
[INFO] [stderr]   Downloaded actix-rt v2.2.0
[INFO] [stderr]   Downloaded actix-macros v0.2.0
[INFO] [stderr]   Downloaded sha2 v0.9.3
[INFO] [stderr]   Downloaded futures-task v0.3.14
[INFO] [stderr]   Downloaded sqlx-rt v0.5.2
[INFO] [stderr]   Downloaded futures-sink v0.3.14
[INFO] [stderr]   Downloaded stdweb-internal-runtime v0.1.5
[INFO] [stderr]   Downloaded actix-web-codegen v0.5.0-beta.2
[INFO] [stderr]   Downloaded radium v0.5.3
[INFO] [stderr]   Downloaded futures-io v0.3.14
[INFO] [stderr]   Downloaded time-macros-impl v0.1.1
[INFO] [stderr]   Downloaded const_fn v0.4.7
[INFO] [stderr]   Downloaded tracing v0.1.25
[INFO] [stderr]   Downloaded actix-server v1.0.4
[INFO] [stderr]   Downloaded signal-hook-registry v1.3.0
[INFO] [stderr]   Downloaded env_logger v0.8.3
[INFO] [stderr]   Downloaded actix-macros v0.1.3
[INFO] [stderr]   Downloaded actix-testing v1.0.1
[INFO] [stderr]   Downloaded actix-web-codegen v0.4.0
[INFO] [stderr]   Downloaded dirs v3.0.2
[INFO] [stderr]   Downloaded crossbeam-queue v0.3.1
[INFO] [stderr]   Downloaded crc v1.8.1
[INFO] [stderr]   Downloaded stdweb-derive v0.5.3
[INFO] [stderr]   Downloaded actix-utils v3.0.0
[INFO] [stderr]   Downloaded miniz_oxide v0.4.4
[INFO] [stderr]   Downloaded generic-array v0.12.4
[INFO] [stderr]   Downloaded async-graphql-parser v2.7.1
[INFO] [stderr]   Downloaded actix-tls v2.0.0
[INFO] [stderr]   Downloaded actix-rt v1.1.1
[INFO] [stderr]   Downloaded tokio-util v0.6.6
[INFO] [stderr]   Downloaded darling_macro v0.12.4
[INFO] [stderr]   Downloaded linked-hash-map v0.5.4
[INFO] [stderr]   Downloaded vcpkg v0.2.12
[INFO] [stderr]   Downloaded actix-web-actors v3.0.0
[INFO] [stderr]   Downloaded async-channel v1.6.1
[INFO] [stderr]   Downloaded actix-connect v2.0.0
[INFO] [stderr]   Downloaded hermit-abi v0.1.18
[INFO] [stderr]   Downloaded async-stream v0.3.1
[INFO] [stderr]   Downloaded rand_chacha v0.3.0
[INFO] [stderr]   Downloaded actix-codec v0.4.0
[INFO] [stderr]   Downloaded actix-codec v0.3.0
[INFO] [stderr]   Downloaded unchecked-index v0.2.2
[INFO] [stderr]   Downloaded tokio-macros v1.1.0
[INFO] [stderr]   Downloaded cpuid-bool v0.1.2
[INFO] [stderr]   Downloaded crypto-mac v0.10.0
[INFO] [stderr]   Downloaded slab v0.4.3
[INFO] [stderr]   Downloaded build_const v0.2.2
[INFO] [stderr]   Downloaded local-waker v0.1.1
[INFO] [stderr]   Downloaded bytestring v1.0.0
[INFO] [stderr]   Downloaded whoami v1.1.2
[INFO] [stderr]   Downloaded sha-1 v0.9.4
[INFO] [stderr]   Downloaded md-5 v0.9.1
[INFO] [stderr]   Downloaded proc-macro-nested v0.1.7
[INFO] [stderr]   Downloaded sha1 v0.6.0
[INFO] [stderr]   Downloaded serde_urlencoded v0.7.0
[INFO] [stderr]   Downloaded local-channel v0.1.2
[INFO] [stderr]   Downloaded native-tls v0.2.7
[INFO] [stderr]   Downloaded pkg-config v0.3.19
[INFO] [stderr]   Downloaded actix_derive v0.5.0
[INFO] [stderr]   Downloaded async-stream-impl v0.3.1
[INFO] [stderr]   Downloaded brotli2 v0.3.2
[INFO] [stderr]   Downloaded pin-project-lite v0.1.12
[INFO] [stderr]   Downloaded multer v1.2.2
[INFO] [stderr]   Downloaded async-graphql-derive v2.8.4
[INFO] [stderr]   Downloaded cookie v0.14.4
[INFO] [stderr]   Downloaded actix-threadpool v0.3.3
[INFO] [stderr]   Downloaded async-graphql-actix-web v2.8.4
[INFO] [stderr]   Downloaded async-graphql-value v2.6.5
[INFO] [stderr]   Downloaded awc v2.0.3
[INFO] [stderr]   Downloaded actix-utils v2.0.0
[INFO] [stderr]   Downloaded actix_derive v0.6.0
[INFO] [stderr]   Downloaded darling v0.12.4
[INFO] [stderr]   Downloaded pin-project-internal v0.4.28
[INFO] [stderr]   Downloaded actix-tls v3.0.0-beta.5
[INFO] [stderr]   Downloaded actix-service v1.0.6
[INFO] [stderr]   Downloaded actix v0.11.1
[INFO] [stderr]   Downloaded memchr v2.3.4
[INFO] [stderr]   Downloaded futures-core v0.3.14
[INFO] [stderr]   Downloaded rand_core v0.6.2
[INFO] [stderr]   Downloaded ppv-lite86 v0.2.10
[INFO] [stderr]   Downloaded hashlink v0.6.0
[INFO] [stderr]   Downloaded futures-channel v0.3.14
[INFO] [stderr]   Downloaded futures-executor v0.3.14
[INFO] [stderr]   Downloaded termcolor v1.1.2
[INFO] [stderr]   Downloaded anyhow v1.0.40
[INFO] [stderr]   Downloaded standback v0.2.17
[INFO] [stderr]   Downloaded actix-service v2.0.0
[INFO] [stderr]   Downloaded actix-router v0.2.7
[INFO] [stderr]   Downloaded h2 v0.3.3
[INFO] [stderr]   Downloaded socket2 v0.3.19
[INFO] [stderr]   Downloaded copyless v0.1.5
[INFO] [stderr]   Downloaded redox_syscall v0.2.7
[INFO] [stderr]   Downloaded once_cell v1.7.2
[INFO] [stderr]   Downloaded sqlx-macros v0.5.2
[INFO] [stderr]   Downloaded tinyvec v1.2.0
[INFO] [stderr]   Downloaded sqlformat v0.1.6
[INFO] [stderr]   Downloaded typenum v1.13.0
[INFO] [stderr]   Downloaded futures v0.3.14
[INFO] [stderr]   Downloaded cookie v0.15.0
[INFO] [stderr]   Downloaded actix-server v2.0.0-beta.5
[INFO] [stderr]   Downloaded openssl-sys v0.9.63
[INFO] [stderr]   Downloaded twoway v0.2.1
[INFO] [stderr]   Downloaded pin-project v0.4.28
[INFO] [stderr]   Downloaded pin-project-lite v0.2.6
[INFO] [stderr]   Downloaded unicode-bidi v0.3.5
[INFO] [stderr]   Downloaded indexmap v1.6.2
[INFO] [stderr]   Downloaded ahash v0.4.7
[INFO] [stderr]   Downloaded crossbeam-utils v0.8.4
[INFO] [stderr]   Downloaded ahash v0.7.2
[INFO] [stderr]   Downloaded time v0.2.26
[INFO] [stderr]   Downloaded trust-dns-resolver v0.19.7
[INFO] [stderr]   Downloaded actix v0.10.0
[INFO] [stderr]   Downloaded crossbeam-channel v0.4.4
[INFO] [stderr]   Downloaded syn v1.0.71
[INFO] [stderr]   Downloaded rust_decimal v1.13.0
[INFO] [stderr]   Downloaded rand v0.8.3
[INFO] [stderr]   Downloaded parse-zoneinfo v0.3.0
[INFO] [stderr]   Downloaded flate2 v1.0.20
[INFO] [stderr]   Downloaded darling_core v0.12.4
[INFO] [stderr]   Downloaded mio v0.7.11
[INFO] [stderr]   Downloaded sqlx v0.5.2
[INFO] [stderr]   Downloaded url v2.2.1
[INFO] [stderr]   Downloaded actix-http v2.2.0
[INFO] [stderr]   Downloaded unicode-normalization v0.1.17
[INFO] [stderr]   Downloaded http v0.2.4
[INFO] [stderr]   Downloaded actix-web v3.3.2
[INFO] [stderr]   Downloaded aho-corasick v0.7.15
[INFO] [stderr]   Downloaded reqwest v0.10.10
[INFO] [stderr]   Downloaded hyper v0.13.10
[INFO] [stderr]   Downloaded async-graphql v2.8.4
[INFO] [stderr]   Downloaded bumpalo v3.6.1
[INFO] [stderr]   Downloaded bitvec v0.19.5
[INFO] [stderr]   Downloaded actix-web v4.0.0-beta.6
[INFO] [stderr]   Downloaded actix-http v3.0.0-beta.6
[INFO] [stderr]   Downloaded openssl v0.10.34
[INFO] [stderr]   Downloaded nom v6.1.2
[INFO] [stderr]   Downloaded futures-util v0.3.14
[INFO] [stderr]   Downloaded stdweb v0.4.20
[INFO] [stderr]   Downloaded trust-dns-proto v0.19.7
[INFO] [stderr]   Downloaded h2 v0.2.7
[INFO] [stderr]   Downloaded sqlx-core v0.5.2
[INFO] [stderr]   Downloaded regex v1.4.6
[INFO] [stderr]   Downloaded regex-syntax v0.6.23
[INFO] [stderr]   Downloaded libc v0.2.94
[INFO] [stderr]   Downloaded brotli-sys v0.3.2
[INFO] [stderr]   Downloaded tokio v0.2.25
[INFO] [stderr]   Downloaded chrono-tz v0.5.3
[INFO] [stderr]   Downloaded tokio v1.5.0
[INFO] [stderr]   Downloaded web-sys v0.3.50
[INFO] [stderr]   Downloaded encoding_rs v0.8.28
[INFO] running `Command { std: "docker" "create" "-v" "/var/lib/crater-agent-workspace/builds/worker-7-tc2/source:/opt/rustwide/workdir:ro,Z" "-v" "/var/lib/crater-agent-workspace/builds/worker-7-tc2/target:/opt/rustwide/target:rw,Z" "-v" "/var/lib/crater-agent-workspace/cargo-home:/opt/rustwide/cargo-home:ro,Z" "-v" "/var/lib/crater-agent-workspace/rustup-home:/opt/rustwide/rustup-home:ro,Z" "-m" "1610612736" "--network" "none" "ghcr.io/rust-lang/crates-build-env/linux@sha256:3111399a4047eeb3a02b7a90e478d715f38a8c6669b5c4b49d30a17385265909" "sleep" "infinity", kill_on_drop: false }`
[INFO] [stdout] 3255888fd10f039dbdea5067a6886d19c473e13d23a6ddca3079ad4430d80489
[INFO] running `Command { std: "docker" "start" "3255888fd10f039dbdea5067a6886d19c473e13d23a6ddca3079ad4430d80489", kill_on_drop: false }`
[INFO] running `Command { std: "docker" "inspect" "3255888fd10f039dbdea5067a6886d19c473e13d23a6ddca3079ad4430d80489", kill_on_drop: false }`
[INFO] running `Command { std: "docker" "exec" "-e" "SOURCE_DIR=/opt/rustwide/workdir" "-e" "CARGO_HOME=/opt/rustwide/cargo-home" "-e" "RUSTUP_HOME=/opt/rustwide/rustup-home" "-e" "CARGO_TARGET_DIR=/opt/rustwide/target" "-w" "/opt/rustwide/workdir" "--user" "0:0" "3255888fd10f039dbdea5067a6886d19c473e13d23a6ddca3079ad4430d80489" "/opt/rustwide/cargo-home/bin/cargo" "+5b237c915528dadada3f674b90c7c80368b632be" "metadata" "--no-deps" "--format-version=1", kill_on_drop: false }`
[INFO] running `Command { std: "docker" "inspect" "3255888fd10f039dbdea5067a6886d19c473e13d23a6ddca3079ad4430d80489", kill_on_drop: false }`
[INFO] running `Command { std: "docker" "exec" "-e" "SOURCE_DIR=/opt/rustwide/workdir" "-e" "CARGO_HOME=/opt/rustwide/cargo-home" "-e" "RUSTUP_HOME=/opt/rustwide/rustup-home" "-e" "CARGO_TARGET_DIR=/opt/rustwide/target" "-e" "CARGO_INCREMENTAL=0" "-e" "RUST_BACKTRACE=full" "-e" "RUSTFLAGS=--cap-lints=forbid" "-e" "RUSTDOCFLAGS=--cap-lints=forbid" "-w" "/opt/rustwide/workdir" "--user" "0:0" "3255888fd10f039dbdea5067a6886d19c473e13d23a6ddca3079ad4430d80489" "/opt/rustwide/cargo-home/bin/cargo" "+5b237c915528dadada3f674b90c7c80368b632be" "check" "--frozen" "--all" "--all-targets" "--message-format=json", kill_on_drop: false }`
[INFO] [stderr]    Compiling libc v0.2.94
[INFO] [stderr]    Compiling proc-macro2 v1.0.26
[INFO] [stderr]    Compiling unicode-xid v0.2.2
[INFO] [stderr]    Compiling syn v1.0.71
[INFO] [stderr]    Compiling memchr v2.3.4
[INFO] [stderr]    Compiling log v0.4.14
[INFO] [stderr]     Checking futures-core v0.3.14
[INFO] [stderr]     Checking pin-project-lite v0.2.6
[INFO] [stderr]    Compiling proc-macro-hack v0.5.19
[INFO] [stderr]    Compiling serde_derive v1.0.125
[INFO] [stderr]    Compiling serde v1.0.125
[INFO] [stderr]    Compiling cc v1.0.67
[INFO] [stderr]    Compiling proc-macro-nested v0.1.7
[INFO] [stderr]     Checking futures-sink v0.3.14
[INFO] [stderr]     Checking slab v0.4.3
[INFO] [stderr]    Compiling bitflags v1.2.1
[INFO] [stderr]     Checking futures-io v0.3.14
[INFO] [stderr]     Checking smallvec v1.6.1
[INFO] [stderr]     Checking futures-channel v0.3.14
[INFO] [stderr]     Checking bytes v1.0.1
[INFO] [stderr]    Compiling quote v1.0.9
[INFO] [stderr]     Checking instant v0.1.9
[INFO] [stderr]     Checking once_cell v1.7.2
[INFO] [stderr]     Checking futures-task v0.3.14
[INFO] [stderr]     Checking lock_api v0.4.3
[INFO] [stderr]     Checking signal-hook-registry v1.3.0
[INFO] [stderr]     Checking num_cpus v1.13.0
[INFO] [stderr]     Checking parking_lot_core v0.8.3
[INFO] [stderr]    Compiling typenum v1.13.0
[INFO] [stderr]    Compiling ryu v1.0.5
[INFO] [stderr]    Compiling generic-array v0.14.4
[INFO] [stderr]    Compiling indexmap v1.6.2
[INFO] [stderr]     Checking itoa v0.4.7
[INFO] [stderr]     Checking parking_lot v0.11.1
[INFO] [stderr]    Compiling tokio v1.5.0
[INFO] [stderr]    Compiling getrandom v0.2.2
[INFO] [stderr]     Checking ahash v0.4.7
[INFO] [stderr]    Compiling serde_json v1.0.64
[INFO] [stderr]    Compiling ring v0.16.20
[INFO] [stderr]     Checking matches v0.1.8
[INFO] [stderr]     Checking hashbrown v0.9.1
[INFO] [stderr]     Checking ppv-lite86 v0.2.10
[INFO] [stderr]     Checking percent-encoding v2.1.0
[INFO] [stderr]    Compiling num-traits v0.2.14
[INFO] [stderr]     Checking tinyvec_macros v0.1.0
[INFO] [stderr]     Checking tinyvec v1.2.0
[INFO] [stderr]    Compiling convert_case v0.4.0
[INFO] [stderr]     Checking unicode-bidi v0.3.5
[INFO] [stderr]     Checking http v0.2.4
[INFO] [stderr]     Checking mio v0.7.11
[INFO] [stderr]     Checking form_urlencoded v1.0.1
[INFO] [stderr]     Checking aho-corasick v0.7.15
[INFO] [stderr]     Checking regex-syntax v0.6.23
[INFO] [stderr]     Checking unicode-normalization v0.1.17
[INFO] [stderr]    Compiling standback v0.2.17
[INFO] [stderr]     Checking idna v0.2.3
[INFO] [stderr]     Checking url v2.2.1
[INFO] [stderr]     Checking digest v0.9.0
[INFO] [stderr]     Checking base64 v0.13.0
[INFO] [stderr]    Compiling unicode-segmentation v1.7.1
[INFO] [stderr]    Compiling radium v0.5.3
[INFO] [stderr]     Checking block-buffer v0.9.0
[INFO] [stderr]     Checking tracing-core v0.1.17
[INFO] [stderr]    Compiling crossbeam-utils v0.8.4
[INFO] [stderr]    Compiling num-integer v0.1.44
[INFO] [stderr]    Compiling heck v0.3.2
[INFO] [stderr]    Compiling maplit v1.0.2
[INFO] [stderr]    Compiling httparse v1.4.0
[INFO] [stderr]     Checking regex v1.4.6
[INFO] [stderr]     Checking tracing v0.1.25
[INFO] [stderr]    Compiling lexical-core v0.7.6
[INFO] [stderr]     Checking bytes v0.5.6
[INFO] [stderr]    Compiling lazy_static v1.4.0
[INFO] [stderr]     Checking cpuid-bool v0.1.2
[INFO] [stderr]     Checking net2 v0.2.37
[INFO] [stderr]     Checking iovec v0.1.4
[INFO] [stderr]    Compiling async-trait v0.1.50
[INFO] [stderr]    Compiling scopeguard v1.1.0
[INFO] [stderr]    Compiling encoding_rs v0.8.28
[INFO] [stderr]    Compiling const_fn v0.4.7
[INFO] [stderr]     Checking mio v0.6.23
[INFO] [stderr]     Checking sha-1 v0.9.4
[INFO] [stderr]     Checking rand_core v0.6.2
[INFO] [stderr]    Compiling time v0.2.26
[INFO] [stderr]    Compiling nom v6.1.2
[INFO] [stderr]    Compiling ahash v0.7.2
[INFO] [stderr]     Checking mime v0.3.16
[INFO] [stderr]     Checking spin v0.5.2
[INFO] [stderr]     Checking untrusted v0.7.1
[INFO] [stderr]     Checking rand_chacha v0.3.0
[INFO] [stderr]     Checking mio-uds v0.6.8
[INFO] [stderr]    Compiling brotli-sys v0.3.2
[INFO] [stderr]    Compiling miniz_oxide v0.4.4
[INFO] [stderr]     Checking pin-project-lite v0.1.12
[INFO] [stderr]    Compiling crc32fast v1.2.1
[INFO] [stderr]     Checking byteorder v1.4.3
[INFO] [stderr]    Compiling build_const v0.2.2
[INFO] [stderr]     Checking tokio v0.2.25
[INFO] [stderr]    Compiling crc v1.8.1
[INFO] [stderr]     Checking rand v0.8.3
[INFO] [stderr]    Compiling webpki v0.21.4
[INFO] [stderr]    Compiling num-bigint v0.3.2
[INFO] [stderr]     Checking adler v1.0.2
[INFO] [stderr]    Compiling arrayvec v0.5.2
[INFO] [stderr]    Compiling whoami v1.1.2
[INFO] [stderr]    Compiling futures-macro v0.3.14
[INFO] [stderr]    Compiling tokio-macros v1.1.0
[INFO] [stderr]    Compiling thiserror-impl v1.0.24
[INFO] [stderr]    Compiling derive_more v0.99.13
[INFO] [stderr]    Compiling actix-macros v0.2.0
[INFO] [stderr]     Checking futures-util v0.3.14
[INFO] [stderr]    Compiling pin-project-internal v1.0.7
[INFO] [stderr]     Checking thiserror v1.0.24
[INFO] [stderr]    Compiling time-macros-impl v0.1.1
[INFO] [stderr]     Checking time-macros v0.1.1
[INFO] [stderr]     Checking pin-project v1.0.7
[INFO] [stderr]    Compiling sct v0.6.1
[INFO] [stderr]    Compiling tap v1.0.1
[INFO] [stderr]    Compiling funty v1.1.0
[INFO] [stderr]    Compiling opaque-debug v0.3.0
[INFO] [stderr]    Compiling pin-utils v0.1.0
[INFO] [stderr]    Compiling wyz v0.2.0
[INFO] [stderr]    Compiling static_assertions v1.1.0
[INFO] [stderr]    Compiling bitvec v0.19.5
[INFO] [stderr]    Compiling rustls v0.19.1
[INFO] [stderr]     Checking actix-rt v2.2.0
[INFO] [stderr]     Checking flate2 v1.0.20
[INFO] [stderr]     Checking brotli2 v0.3.2
[INFO] [stderr]    Compiling subtle v2.4.0
[INFO] [stderr]     Checking language-tags v0.2.2
[INFO] [stderr]    Compiling tokio-rustls v0.22.0
[INFO] [stderr]    Compiling crypto-mac v0.10.0
[INFO] [stderr]     Checking tokio-util v0.6.6
[INFO] [stderr]    Compiling time v0.1.43
[INFO] [stderr]     Checking either v1.6.1
[INFO] [stderr]     Checking serde_urlencoded v0.7.0
[INFO] [stderr]    Compiling dirs-sys v0.3.6
[INFO] [stderr]     Checking bytestring v1.0.0
[INFO] [stderr]    Compiling unicode_categories v0.1.1
[INFO] [stderr]     Checking chrono v0.4.19
[INFO] [stderr]    Compiling dirs v3.0.2
[INFO] [stderr]    Compiling rust_decimal v1.13.0
[INFO] [stderr]    Compiling uuid v0.8.2
[INFO] [stderr]    Compiling sqlx-rt v0.5.2
[INFO] [stderr]    Compiling hmac v0.10.1
[INFO] [stderr]    Compiling futures-executor v0.3.14
[INFO] [stderr]    Compiling sha2 v0.9.3
[INFO] [stderr]    Compiling sqlformat v0.1.6
[INFO] [stderr]    Compiling tokio-stream v0.1.5
[INFO] [stderr]    Compiling crossbeam-channel v0.5.1
[INFO] [stderr]    Compiling crossbeam-queue v0.3.1
[INFO] [stderr]    Compiling md-5 v0.9.1
[INFO] [stderr]    Compiling stringprep v0.1.2
[INFO] [stdout] error[E0308]: mismatched types
[INFO] [stdout]   --> /opt/rustwide/cargo-home/registry/src/index.crates.io-1949cf8c6b5b557f/num-bigint-0.3.2/src/biguint/convert.rs:70:19
[INFO] [stdout]    |
[INFO] [stdout] 70 |         .div_ceil(&big_digit::BITS.into())
[INFO] [stdout]    |          -------- ^^^^^^^^^^^^^^^^^^^^^^^ expected `u64`, found `&_`
[INFO] [stdout]    |          |
[INFO] [stdout]    |          arguments to this method are incorrect
[INFO] [stdout]    |
[INFO] [stdout]    = note:   expected type `u64`
[INFO] [stdout]            found reference `&_`
[INFO] [stdout] note: method defined here
[INFO] [stdout]   --> /rustc/5b237c915528dadada3f674b90c7c80368b632be/library/core/src/num/uint_macros.rs:3811:21
[INFO] [stdout]   --> /rustc/5b237c915528dadada3f674b90c7c80368b632be/library/core/src/num/mod.rs:1327:4
[INFO] [stdout]   ::: /rustc/5b237c915528dadada3f674b90c7c80368b632be/library/core/src/num/mod.rs:1351:5
[INFO] [stdout]    |
[INFO] [stdout]    = note: in this macro invocation
[INFO] [stdout] note: the `div_ceil` call is resolved to the method in `core::num::<impl u64>`, shadowing the method of the same name on trait `num_integer::Integer`
[INFO] [stdout]   --> /opt/rustwide/cargo-home/registry/src/index.crates.io-1949cf8c6b5b557f/num-bigint-0.3.2/src/biguint/convert.rs:70:10
[INFO] [stdout]    |
[INFO] [stdout] 70 |         .div_ceil(&big_digit::BITS.into())
[INFO] [stdout]    |          ^^^^^^^^ refers to `core::num::<impl u64>::div_ceil`
[INFO] [stdout]    = note: this error originates in the macro `uint_impl` (in Nightly builds, run with -Z macro-backtrace for more info)
[INFO] [stdout] help: consider removing the borrow
[INFO] [stdout]    |
[INFO] [stdout] 70 -         .div_ceil(&big_digit::BITS.into())
[INFO] [stdout] 70 +         .div_ceil(big_digit::BITS.into())
[INFO] [stdout]    |
[INFO] [stdout] help: you might have meant to call the other method; you can use the fully-qualified path to call it explicitly
[INFO] [stdout]    |
[INFO] [stdout] 68 ~     let big_digits = <_ as num_integer::Integer>::div_ceil(&(v.len() as u64)
[INFO] [stdout] 69 ~         .saturating_mul(bits.into()), &big_digit::BITS.into())
[INFO] [stdout]    |
[INFO] [stdout] 
[INFO] [stdout] 
[INFO] [stdout] error[E0308]: mismatched types
[INFO] [stdout]    --> /opt/rustwide/cargo-home/registry/src/index.crates.io-1949cf8c6b5b557f/num-bigint-0.3.2/src/biguint/convert.rs:585:19
[INFO] [stdout]     |
[INFO] [stdout] 585 |         .div_ceil(&u64::from(bits))
[INFO] [stdout]     |          -------- ^^^^^^^^^^^^^^^^ expected `u64`, found `&u64`
[INFO] [stdout]     |          |
[INFO] [stdout]     |          arguments to this method are incorrect
[INFO] [stdout]     |
[INFO] [stdout] note: method defined here
[INFO] [stdout]    --> /rustc/5b237c915528dadada3f674b90c7c80368b632be/library/core/src/num/uint_macros.rs:3811:21
[INFO] [stdout]    --> /rustc/5b237c915528dadada3f674b90c7c80368b632be/library/core/src/num/mod.rs:1327:4
[INFO] [stdout]    ::: /rustc/5b237c915528dadada3f674b90c7c80368b632be/library/core/src/num/mod.rs:1351:5
[INFO] [stdout]     |
[INFO] [stdout]     = note: in this macro invocation
[INFO] [stdout] note: the `div_ceil` call is resolved to the method in `core::num::<impl u64>`, shadowing the method of the same name on trait `num_integer::Integer`
[INFO] [stdout]    --> /opt/rustwide/cargo-home/registry/src/index.crates.io-1949cf8c6b5b557f/num-bigint-0.3.2/src/biguint/convert.rs:585:10
[INFO] [stdout]     |
[INFO] [stdout] 585 |         .div_ceil(&u64::from(bits))
[INFO] [stdout]     |          ^^^^^^^^ refers to `core::num::<impl u64>::div_ceil`
[INFO] [stdout]     = note: this error originates in the macro `uint_impl` (in Nightly builds, run with -Z macro-backtrace for more info)
[INFO] [stdout] help: consider removing the borrow
[INFO] [stdout]     |
[INFO] [stdout] 585 -         .div_ceil(&u64::from(bits))
[INFO] [stdout] 585 +         .div_ceil(u64::from(bits))
[INFO] [stdout]     |
[INFO] [stdout] help: you might have meant to call the other method; you can use the fully-qualified path to call it explicitly
[INFO] [stdout]     |
[INFO] [stdout] 583 ~     let digits = <_ as num_integer::Integer>::div_ceil(&u
[INFO] [stdout] 584 ~         .bits(), &u64::from(bits))
[INFO] [stdout]     |
[INFO] [stdout] 
[INFO] [stdout] 
[INFO] [stdout] error[E0308]: mismatched types
[INFO] [stdout]    --> /opt/rustwide/cargo-home/registry/src/index.crates.io-1949cf8c6b5b557f/num-bigint-0.3.2/src/biguint/convert.rs:613:19
[INFO] [stdout]     |
[INFO] [stdout] 613 |         .div_ceil(&u64::from(bits))
[INFO] [stdout]     |          -------- ^^^^^^^^^^^^^^^^ expected `u64`, found `&u64`
[INFO] [stdout]     |          |
[INFO] [stdout]     |          arguments to this method are incorrect
[INFO] [stdout]     |
[INFO] [stdout] note: method defined here
[INFO] [stdout]    --> /rustc/5b237c915528dadada3f674b90c7c80368b632be/library/core/src/num/uint_macros.rs:3811:21
[INFO] [stdout]    --> /rustc/5b237c915528dadada3f674b90c7c80368b632be/library/core/src/num/mod.rs:1327:4
[INFO] [stdout]    ::: /rustc/5b237c915528dadada3f674b90c7c80368b632be/library/core/src/num/mod.rs:1351:5
[INFO] [stdout]     |
[INFO] [stdout]     = note: in this macro invocation
[INFO] [stdout] note: the `div_ceil` call is resolved to the method in `core::num::<impl u64>`, shadowing the method of the same name on trait `num_integer::Integer`
[INFO] [stdout]    --> /opt/rustwide/cargo-home/registry/src/index.crates.io-1949cf8c6b5b557f/num-bigint-0.3.2/src/biguint/convert.rs:613:10
[INFO] [stdout]     |
[INFO] [stdout] 613 |         .div_ceil(&u64::from(bits))
[INFO] [stdout]     |          ^^^^^^^^ refers to `core::num::<impl u64>::div_ceil`
[INFO] [stdout]     = note: this error originates in the macro `uint_impl` (in Nightly builds, run with -Z macro-backtrace for more info)
[INFO] [stdout] help: consider removing the borrow
[INFO] [stdout]     |
[INFO] [stdout] 613 -         .div_ceil(&u64::from(bits))
[INFO] [stdout] 613 +         .div_ceil(u64::from(bits))
[INFO] [stdout]     |
[INFO] [stdout] help: you might have meant to call the other method; you can use the fully-qualified path to call it explicitly
[INFO] [stdout]     |
[INFO] [stdout] 611 ~     let digits = <_ as num_integer::Integer>::div_ceil(&u
[INFO] [stdout] 612 ~         .bits(), &u64::from(bits))
[INFO] [stdout]     |
[INFO] [stdout] 
[INFO] [stdout] 
[INFO] [stderr]    Compiling webpki-roots v0.21.1
[INFO] [stderr]    Compiling atoi v0.4.0
[INFO] [stderr]    Compiling parse-zoneinfo v0.3.0
[INFO] [stderr]    Compiling hashlink v0.6.0
[INFO] [stdout] error[E0308]: mismatched types
[INFO] [stdout]    --> /opt/rustwide/cargo-home/registry/src/index.crates.io-1949cf8c6b5b557f/num-bigint-0.3.2/src/biguint.rs:393:54
[INFO] [stdout]     |
[INFO] [stdout] 393 |                 let root_scale = extra_bits.div_ceil(&n64);
[INFO] [stdout]     |                                             -------- ^^^^ expected `u64`, found `&u64`
[INFO] [stdout]     |                                             |
[INFO] [stdout]     |                                             arguments to this method are incorrect
[INFO] [stdout]     |
[INFO] [stdout] note: method defined here
[INFO] [stdout]    --> /rustc/5b237c915528dadada3f674b90c7c80368b632be/library/core/src/num/uint_macros.rs:3811:21
[INFO] [stdout]    --> /rustc/5b237c915528dadada3f674b90c7c80368b632be/library/core/src/num/mod.rs:1327:4
[INFO] [stdout]    ::: /rustc/5b237c915528dadada3f674b90c7c80368b632be/library/core/src/num/mod.rs:1351:5
[INFO] [stdout]     |
[INFO] [stdout]     = note: in this macro invocation
[INFO] [stdout] note: the `div_ceil` call is resolved to the method in `core::num::<impl u64>`, shadowing the method of the same name on trait `num_integer::Integer`
[INFO] [stdout]    --> /opt/rustwide/cargo-home/registry/src/index.crates.io-1949cf8c6b5b557f/num-bigint-0.3.2/src/biguint.rs:393:45
[INFO] [stdout]     |
[INFO] [stdout] 393 |                 let root_scale = extra_bits.div_ceil(&n64);
[INFO] [stdout]     |                                             ^^^^^^^^ refers to `core::num::<impl u64>::div_ceil`
[INFO] [stdout]     = note: this error originates in the macro `uint_impl` (in Nightly builds, run with -Z macro-backtrace for more info)
[INFO] [stdout] help: consider removing the borrow
[INFO] [stdout]     |
[INFO] [stdout] 393 -                 let root_scale = extra_bits.div_ceil(&n64);
[INFO] [stdout] 393 +                 let root_scale = extra_bits.div_ceil(n64);
[INFO] [stdout]     |
[INFO] [stdout] help: you might have meant to call the other method; you can use the fully-qualified path to call it explicitly
[INFO] [stdout]     |
[INFO] [stdout] 393 -                 let root_scale = extra_bits.div_ceil(&n64);
[INFO] [stdout] 393 +                 let root_scale = <_ as num_integer::Integer>::div_ceil(&extra_bits, &n64);
[INFO] [stdout]     |
[INFO] [stdout] 
[INFO] [stdout] 
[INFO] [stderr]    Compiling futures v0.3.14
[INFO] [stderr]     Checking actix-router v0.2.7
[INFO] [stdout] For more information about this error, try `rustc --explain E0308`.
[INFO] [stdout] 
[INFO] [stderr] error: could not compile `num-bigint` (lib) due to 4 previous errors
[INFO] [stderr] warning: build failed, waiting for other jobs to finish...
[INFO] running `Command { std: "docker" "inspect" "3255888fd10f039dbdea5067a6886d19c473e13d23a6ddca3079ad4430d80489", kill_on_drop: false }`
[INFO] running `Command { std: "docker" "rm" "-f" "3255888fd10f039dbdea5067a6886d19c473e13d23a6ddca3079ad4430d80489", kill_on_drop: false }`
[INFO] [stdout] 3255888fd10f039dbdea5067a6886d19c473e13d23a6ddca3079ad4430d80489
