[INFO] cloning repository https://github.com/sukualam/trofeo-lcd
[INFO] running `Command { std: "git" "-c" "credential.helper=" "-c" "credential.helper=/workspace/cargo-home/bin/git-credential-null" "clone" "--bare" "https://github.com/sukualam/trofeo-lcd" "/workspace/cache/git-repos/https%3A%2F%2Fgithub.com%2Fsukualam%2Ftrofeo-lcd", kill_on_drop: false }`
[INFO] [stderr] Cloning into bare repository '/workspace/cache/git-repos/https%3A%2F%2Fgithub.com%2Fsukualam%2Ftrofeo-lcd'...
[INFO] running `Command { std: "git" "rev-parse" "HEAD", kill_on_drop: false }`
[INFO] [stdout] 0024c36345b18d23cf566485c660a0eed236a8af
[INFO] checking sukualam/trofeo-lcd against 5b237c915528dadada3f674b90c7c80368b632be for pr-133502-29
[INFO] running `Command { std: "git" "clone" "/workspace/cache/git-repos/https%3A%2F%2Fgithub.com%2Fsukualam%2Ftrofeo-lcd" "/workspace/builds/worker-6-tc2/source", kill_on_drop: false }`
[INFO] [stderr] Cloning into '/workspace/builds/worker-6-tc2/source'...
[INFO] [stderr] done.
[INFO] started tweaking git repo https://github.com/sukualam/trofeo-lcd
[INFO] finished tweaking git repo https://github.com/sukualam/trofeo-lcd
[INFO] tweaked toml for git repo https://github.com/sukualam/trofeo-lcd written to /workspace/builds/worker-6-tc2/source/Cargo.toml
[INFO] validating manifest of git repo https://github.com/sukualam/trofeo-lcd on toolchain 5b237c915528dadada3f674b90c7c80368b632be
[INFO] running `Command { std: CARGO_HOME="/workspace/cargo-home" RUSTUP_HOME="/workspace/rustup-home" "/workspace/cargo-home/bin/cargo" "+5b237c915528dadada3f674b90c7c80368b632be" "metadata" "--manifest-path" "Cargo.toml" "--no-deps", kill_on_drop: false }`
[INFO] crate git repo https://github.com/sukualam/trofeo-lcd already has a lockfile, it will not be regenerated
[INFO] running `Command { std: CARGO_HOME="/workspace/cargo-home" RUSTUP_HOME="/workspace/rustup-home" "/workspace/cargo-home/bin/cargo" "+5b237c915528dadada3f674b90c7c80368b632be" "fetch" "--manifest-path" "Cargo.toml", kill_on_drop: false }`
[INFO] [stderr]     Blocking waiting for file lock on package cache
[INFO] [stderr]     Updating crates.io index
[INFO] [stderr]     Blocking waiting for file lock on package cache
[ERROR] error running command: no output for 300 seconds
[INFO] checking sukualam/trofeo-lcd against 5b237c915528dadada3f674b90c7c80368b632be for pr-133502-29
[INFO] running `Command { std: "git" "clone" "/workspace/cache/git-repos/https%3A%2F%2Fgithub.com%2Fsukualam%2Ftrofeo-lcd" "/workspace/builds/worker-6-tc2/source", kill_on_drop: false }`
[INFO] [stderr] Cloning into '/workspace/builds/worker-6-tc2/source'...
[INFO] [stderr] done.
[INFO] started tweaking git repo https://github.com/sukualam/trofeo-lcd
[INFO] finished tweaking git repo https://github.com/sukualam/trofeo-lcd
[INFO] tweaked toml for git repo https://github.com/sukualam/trofeo-lcd written to /workspace/builds/worker-6-tc2/source/Cargo.toml
[INFO] validating manifest of git repo https://github.com/sukualam/trofeo-lcd on toolchain 5b237c915528dadada3f674b90c7c80368b632be
[INFO] running `Command { std: CARGO_HOME="/workspace/cargo-home" RUSTUP_HOME="/workspace/rustup-home" "/workspace/cargo-home/bin/cargo" "+5b237c915528dadada3f674b90c7c80368b632be" "metadata" "--manifest-path" "Cargo.toml" "--no-deps", kill_on_drop: false }`
[INFO] crate git repo https://github.com/sukualam/trofeo-lcd already has a lockfile, it will not be regenerated
[INFO] running `Command { std: CARGO_HOME="/workspace/cargo-home" RUSTUP_HOME="/workspace/rustup-home" "/workspace/cargo-home/bin/cargo" "+5b237c915528dadada3f674b90c7c80368b632be" "fetch" "--manifest-path" "Cargo.toml", kill_on_drop: false }`
[INFO] [stderr]     Blocking waiting for file lock on package cache
[INFO] [stderr]     Blocking waiting for file lock on package cache
[INFO] [stderr]  Downloading crates ...
[INFO] [stderr]   Downloaded openrgb2 v0.3.0
[INFO] [stderr]   Downloaded wasapi v0.24.0
[INFO] [stderr]   Downloaded libpulse-simple-binding v2.29.0
[INFO] [stderr]   Downloaded libpulse-sys v1.23.0
[INFO] [stderr]   Downloaded array2d v0.3.2
[INFO] [stderr]   Downloaded libpulse-simple-sys v1.22.0
[INFO] [stderr]   Downloaded jpeg-encoder v0.5.1
[INFO] [stderr]   Downloaded hidapi v2.6.7
[INFO] [stderr]   Downloaded libpulse-binding v2.30.1
[INFO] [stderr]   Downloaded cpal v0.18.2
[INFO] running `Command { std: "docker" "create" "-v" "/var/lib/crater-agent-workspace/builds/worker-6-tc2/source:/opt/rustwide/workdir:ro,Z" "-v" "/var/lib/crater-agent-workspace/builds/worker-6-tc2/target:/opt/rustwide/target:rw,Z" "-v" "/var/lib/crater-agent-workspace/cargo-home:/opt/rustwide/cargo-home:ro,Z" "-v" "/var/lib/crater-agent-workspace/rustup-home:/opt/rustwide/rustup-home:ro,Z" "-m" "1610612736" "--network" "none" "ghcr.io/rust-lang/crates-build-env/linux@sha256:3111399a4047eeb3a02b7a90e478d715f38a8c6669b5c4b49d30a17385265909" "sleep" "infinity", kill_on_drop: false }`
[INFO] [stdout] 666918a37d18c184caa19dacdb5f9c2b890b49fca52cadc85c8d4c78cbf27c8c
[INFO] running `Command { std: "docker" "start" "666918a37d18c184caa19dacdb5f9c2b890b49fca52cadc85c8d4c78cbf27c8c", kill_on_drop: false }`
[INFO] running `Command { std: "docker" "inspect" "666918a37d18c184caa19dacdb5f9c2b890b49fca52cadc85c8d4c78cbf27c8c", kill_on_drop: false }`
[INFO] running `Command { std: "docker" "exec" "-e" "SOURCE_DIR=/opt/rustwide/workdir" "-e" "CARGO_HOME=/opt/rustwide/cargo-home" "-e" "RUSTUP_HOME=/opt/rustwide/rustup-home" "-e" "CARGO_TARGET_DIR=/opt/rustwide/target" "-w" "/opt/rustwide/workdir" "--user" "0:0" "666918a37d18c184caa19dacdb5f9c2b890b49fca52cadc85c8d4c78cbf27c8c" "/opt/rustwide/cargo-home/bin/cargo" "+5b237c915528dadada3f674b90c7c80368b632be" "metadata" "--no-deps" "--format-version=1", kill_on_drop: false }`
[INFO] running `Command { std: "docker" "inspect" "666918a37d18c184caa19dacdb5f9c2b890b49fca52cadc85c8d4c78cbf27c8c", kill_on_drop: false }`
[INFO] running `Command { std: "docker" "exec" "-e" "SOURCE_DIR=/opt/rustwide/workdir" "-e" "CARGO_HOME=/opt/rustwide/cargo-home" "-e" "RUSTUP_HOME=/opt/rustwide/rustup-home" "-e" "CARGO_TARGET_DIR=/opt/rustwide/target" "-e" "CARGO_INCREMENTAL=0" "-e" "RUST_BACKTRACE=full" "-e" "RUSTFLAGS=--cap-lints=forbid" "-e" "RUSTDOCFLAGS=--cap-lints=forbid" "-w" "/opt/rustwide/workdir" "--user" "0:0" "666918a37d18c184caa19dacdb5f9c2b890b49fca52cadc85c8d4c78cbf27c8c" "/opt/rustwide/cargo-home/bin/cargo" "+5b237c915528dadada3f674b90c7c80368b632be" "check" "--frozen" "--all" "--all-targets" "--message-format=json", kill_on_drop: false }`
[INFO] [stderr]    Compiling find-msvc-tools v0.1.12
[INFO] [stderr]     Checking bitflags v2.13.1
[INFO] [stderr]    Compiling rustix v1.1.4
[INFO] [stderr]     Checking linux-raw-sys v0.12.1
[INFO] [stderr]    Compiling libpulse-sys v1.23.0
[INFO] [stderr]    Compiling libpulse-simple-sys v1.22.0
[INFO] [stderr]     Checking bytemuck v1.25.2
[INFO] [stderr]    Compiling rusb v0.9.4
[INFO] [stderr]     Checking crc32fast v1.5.2
[INFO] [stderr]    Compiling syn v3.0.5
[INFO] [stderr]     Checking mio v1.2.3
[INFO] [stderr]    Compiling num-derive v0.4.2
[INFO] [stderr]     Checking num-integer v0.1.47
[INFO] [stderr]     Checking num-complex v0.4.6
[INFO] [stderr]    Compiling delegate v0.13.5
[INFO] [stderr]     Checking tracing v0.1.44
[INFO] [stderr]    Compiling cc v1.4.5
[INFO] [stderr]    Compiling thiserror-impl v1.0.69
[INFO] [stderr]     Checking rgb v0.8.53
[INFO] [stderr]     Checking flagset v0.4.7
[INFO] [stderr]     Checking array2d v0.3.2
[INFO] [stderr]     Checking chrono v0.4.45
[INFO] [stderr]     Checking flate2 v1.1.10
[INFO] [stderr]     Checking sysinfo v0.30.13
[INFO] [stderr]     Checking primal-check v0.3.4
[INFO] [stderr]     Checking transpose v0.2.3
[INFO] [stderr]     Checking jpeg-encoder v0.5.1
[INFO] [stderr]     Checking tokio v1.53.1
[INFO] [stderr]     Checking rustfft v6.4.1
[INFO] [stderr]     Checking thiserror v1.0.69
[INFO] [stderr]     Checking libpulse-binding v2.30.1
[INFO] [stderr]    Compiling libusb1-sys v0.7.0
[INFO] [stderr]    Compiling hidapi v2.6.7
[INFO] [stderr]    Compiling thiserror-impl v2.0.20
[INFO] [stderr]     Checking libpulse-simple-binding v2.29.0
[INFO] [stderr]     Checking thiserror v2.0.20
[INFO] [stderr]     Checking openrgb2 v0.3.0
[INFO] [stderr]     Checking gethostname v1.1.0
[INFO] [stderr]     Checking x11rb v0.13.2
[INFO] [stderr]     Checking trofeo_lcd v0.1.0 (/opt/rustwide/workdir)
[INFO] [stdout] warning: fields `rotation` and `hide_console` are never read
[INFO] [stdout]   --> src/bin/screen.rs:25:5
[INFO] [stdout]    |
[INFO] [stdout] 20 | struct Config {
[INFO] [stdout]    |        ------ fields in this struct
[INFO] [stdout] ...
[INFO] [stdout] 25 |     rotation: Rotation,
[INFO] [stdout]    |     ^^^^^^^^
[INFO] [stdout] 26 |     hide_console: bool,
[INFO] [stdout]    |     ^^^^^^^^^^^^
[INFO] [stdout]    |
[INFO] [stdout]    = note: `#[warn(dead_code)]` (part of `#[warn(unused)]`) on by default
[INFO] [stdout] 
[INFO] [stdout] 
[INFO] [stdout] warning: fields `rotation` and `hide_console` are never read
[INFO] [stdout]   --> src/bin/screen.rs:25:5
[INFO] [stdout]    |
[INFO] [stdout] 20 | struct Config {
[INFO] [stdout]    |        ------ fields in this struct
[INFO] [stdout] ...
[INFO] [stdout] 25 |     rotation: Rotation,
[INFO] [stdout]    |     ^^^^^^^^
[INFO] [stdout] 26 |     hide_console: bool,
[INFO] [stdout]    |     ^^^^^^^^^^^^
[INFO] [stdout]    |
[INFO] [stdout]    = note: `#[warn(dead_code)]` (part of `#[warn(unused)]`) on by default
[INFO] [stdout] 
[INFO] [stdout] 
[INFO] [stdout] error[E0308]: mismatched types
[INFO] [stdout]    --> src/cpu_freq.rs:210:20
[INFO] [stdout]     |
[INFO] [stdout] 210 |               if let Ok(khz) = fs::read_to_string(&path)
[INFO] [stdout]     |  ____________________^^^^^^^___-
[INFO] [stdout]     | |                    |
[INFO] [stdout]     | |                    expected `Option<u64>`, found `Result<_, _>`
[INFO] [stdout] 211 | |                 .ok()
[INFO] [stdout] 212 | |                 .and_then(|s| s.trim().parse::<u64>().ok())
[INFO] [stdout]     | |___________________________________________________________- this expression has type `Option<u64>`
[INFO] [stdout]     |
[INFO] [stdout]     = note: expected enum `Option<u64>`
[INFO] [stdout]                found enum `Result<_, _>`
[INFO] [stdout] 
[INFO] [stdout] 
[INFO] [stdout] error[E0308]: mismatched types
[INFO] [stdout]    --> src/cpu_freq.rs:210:20
[INFO] [stdout]     |
[INFO] [stdout] 210 |               if let Ok(khz) = fs::read_to_string(&path)
[INFO] [stdout]     |  ____________________^^^^^^^___-
[INFO] [stdout]     | |                    |
[INFO] [stdout]     | |                    expected `Option<u64>`, found `Result<_, _>`
[INFO] [stdout] 211 | |                 .ok()
[INFO] [stdout] 212 | |                 .and_then(|s| s.trim().parse::<u64>().ok())
[INFO] [stdout]     | |___________________________________________________________- this expression has type `Option<u64>`
[INFO] [stdout]     |
[INFO] [stdout]     = note: expected enum `Option<u64>`
[INFO] [stdout]                found enum `Result<_, _>`
[INFO] [stdout] 
[INFO] [stdout] 
[INFO] [stdout] warning: variable does not need to be mutable
[INFO] [stdout]    --> src/background.rs:943:13
[INFO] [stdout]     |
[INFO] [stdout] 943 |         let mut bg = Background {
[INFO] [stdout]     |             ----^^
[INFO] [stdout]     |             |
[INFO] [stdout]     |             help: remove this `mut`
[INFO] [stdout]     |
[INFO] [stdout]     = note: `#[warn(unused_mut)]` (part of `#[warn(unused)]`) on by default
[INFO] [stdout] 
[INFO] [stdout] 
[INFO] [stdout] warning: unused variable: `bg`
[INFO] [stdout]    --> src/main.rs:967:5
[INFO] [stdout]     |
[INFO] [stdout] 967 |     bg: Option<&background::Background>,
[INFO] [stdout]     |     ^^ help: if this is intentional, prefix it with an underscore: `_bg`
[INFO] [stdout]     |
[INFO] [stdout]     = note: `#[warn(unused_variables)]` (part of `#[warn(unused)]`) on by default
[INFO] [stdout] 
[INFO] [stdout] 
[INFO] [stdout] warning: unused variable: `bg`
[INFO] [stdout]     --> src/main.rs:1068:5
[INFO] [stdout]      |
[INFO] [stdout] 1068 |     bg: Option<&background::Background>,
[INFO] [stdout]      |     ^^ help: if this is intentional, prefix it with an underscore: `_bg`
[INFO] [stdout] 
[INFO] [stdout] 
[INFO] [stdout] For more information about this error, try `rustc --explain E0308`.
[INFO] [stdout] 
[INFO] [stderr] error: could not compile `trofeo_lcd` (bin "trofeo_lcd") due to 1 previous error; 2 warnings emitted
[INFO] [stderr] warning: build failed, waiting for other jobs to finish...
[INFO] [stdout] warning: unused variable: `bg`
[INFO] [stdout]    --> src/main.rs:967:5
[INFO] [stdout]     |
[INFO] [stdout] 967 |     bg: Option<&background::Background>,
[INFO] [stdout]     |     ^^ help: if this is intentional, prefix it with an underscore: `_bg`
[INFO] [stdout]     |
[INFO] [stdout]     = note: `#[warn(unused_variables)]` (part of `#[warn(unused)]`) on by default
[INFO] [stdout] 
[INFO] [stdout] 
[INFO] [stdout] warning: unused variable: `bg`
[INFO] [stdout]     --> src/main.rs:1068:5
[INFO] [stdout]      |
[INFO] [stdout] 1068 |     bg: Option<&background::Background>,
[INFO] [stdout]      |     ^^ help: if this is intentional, prefix it with an underscore: `_bg`
[INFO] [stdout] 
[INFO] [stdout] 
[INFO] [stdout] For more information about this error, try `rustc --explain E0308`.
[INFO] [stdout] 
[INFO] [stderr] error: could not compile `trofeo_lcd` (bin "trofeo_lcd" test) due to 1 previous error; 3 warnings emitted
[INFO] running `Command { std: "docker" "inspect" "666918a37d18c184caa19dacdb5f9c2b890b49fca52cadc85c8d4c78cbf27c8c", kill_on_drop: false }`
[INFO] running `Command { std: "docker" "rm" "-f" "666918a37d18c184caa19dacdb5f9c2b890b49fca52cadc85c8d4c78cbf27c8c", kill_on_drop: false }`
[INFO] [stdout] 666918a37d18c184caa19dacdb5f9c2b890b49fca52cadc85c8d4c78cbf27c8c
