[INFO] cloning repository https://github.com/resdon/sidebar
[INFO] running `Command { std: "git" "-c" "credential.helper=" "-c" "credential.helper=/workspace/cargo-home/bin/git-credential-null" "clone" "--bare" "https://github.com/resdon/sidebar" "/workspace/cache/git-repos/https%3A%2F%2Fgithub.com%2Fresdon%2Fsidebar", kill_on_drop: false }`
[INFO] [stderr] Cloning into bare repository '/workspace/cache/git-repos/https%3A%2F%2Fgithub.com%2Fresdon%2Fsidebar'...
[INFO] running `Command { std: "git" "rev-parse" "HEAD", kill_on_drop: false }`
[INFO] [stdout] 8f9b43d5a2a16212a5462da80137e56cf5b0cb04
[INFO] checking resdon/sidebar against 5b237c915528dadada3f674b90c7c80368b632be for pr-133502-29
[INFO] running `Command { std: "git" "clone" "/workspace/cache/git-repos/https%3A%2F%2Fgithub.com%2Fresdon%2Fsidebar" "/workspace/builds/worker-0-tc2/source", kill_on_drop: false }`
[INFO] [stderr] Cloning into '/workspace/builds/worker-0-tc2/source'...
[INFO] [stderr] done.
[INFO] started tweaking git repo https://github.com/resdon/sidebar
[INFO] finished tweaking git repo https://github.com/resdon/sidebar
[INFO] tweaked toml for git repo https://github.com/resdon/sidebar written to /workspace/builds/worker-0-tc2/source/Cargo.toml
[INFO] validating manifest of git repo https://github.com/resdon/sidebar on toolchain 5b237c915528dadada3f674b90c7c80368b632be
[INFO] running `Command { std: CARGO_HOME="/workspace/cargo-home" RUSTUP_HOME="/workspace/rustup-home" "/workspace/cargo-home/bin/cargo" "+5b237c915528dadada3f674b90c7c80368b632be" "metadata" "--manifest-path" "Cargo.toml" "--no-deps", kill_on_drop: false }`
[INFO] crate git repo https://github.com/resdon/sidebar already has a lockfile, it will not be regenerated
[INFO] running `Command { std: CARGO_HOME="/workspace/cargo-home" RUSTUP_HOME="/workspace/rustup-home" "/workspace/cargo-home/bin/cargo" "+5b237c915528dadada3f674b90c7c80368b632be" "fetch" "--manifest-path" "Cargo.toml", kill_on_drop: false }`
[INFO] [stderr]     Blocking waiting for file lock on package cache
[INFO] [stderr]     Blocking waiting for file lock on package cache
[INFO] [stderr]  Downloading crates ...
[INFO] [stderr]   Downloaded wayland-scanner v0.31.10
[INFO] [stderr]   Downloaded wayland-protocols-wlr v0.3.12
[INFO] [stderr]   Downloaded xcursor v0.3.10
[INFO] [stderr]   Downloaded rust-ini v0.17.0
[INFO] [stderr]   Downloaded file-locker v1.1.4
[INFO] [stderr]   Downloaded wasm-bindgen-macro v0.2.122
[INFO] [stderr]   Downloaded wayland-cursor v0.31.14
[INFO] [stderr]   Downloaded wayland-protocols-misc v0.3.12
[INFO] [stderr]   Downloaded dlv-list v0.2.3
[INFO] [stderr]   Downloaded wayland-csd-frame v0.3.0
[INFO] [stderr]   Downloaded linicon-theme v1.2.0
[INFO] [stderr]   Downloaded calloop-wayland-source v0.4.1
[INFO] [stderr]   Downloaded autotools v0.2.7
[INFO] [stderr]   Downloaded wasm-bindgen-shared v0.2.122
[INFO] [stderr]   Downloaded libredox v0.1.17
[INFO] [stderr]   Downloaded wayland-backend v0.3.15
[INFO] [stderr]   Downloaded freedesktop_entry_parser v1.3.0
[INFO] [stderr]   Downloaded linicon v2.3.0
[INFO] [stderr]   Downloaded ordered-multimap v0.3.1
[INFO] [stderr]   Downloaded palette_derive v0.7.6
[INFO] [stderr]   Downloaded fast-srgb8 v1.0.0
[INFO] [stderr]   Downloaded wayland-client v0.31.14
[INFO] [stderr]   Downloaded wayland-protocols-experimental v20250721.0.1
[INFO] [stderr]   Downloaded ordered-float v5.3.0
[INFO] [stderr]   Downloaded wayland-protocols v0.32.12
[INFO] [stderr]   Downloaded xkbcommon v0.8.0
[INFO] [stderr]   Downloaded ahash v0.4.8
[INFO] [stderr]   Downloaded wasm-bindgen v0.2.122
[INFO] [stderr]   Downloaded quantette v0.5.1
[INFO] [stderr]   Downloaded calloop v0.14.4
[INFO] [stderr]   Downloaded safe_arch v0.9.3
[INFO] [stderr]   Downloaded wasm-bindgen-macro-support v0.2.122
[INFO] [stderr]   Downloaded smithay-client-toolkit v0.20.0
[INFO] [stderr]   Downloaded wide v0.8.3
[INFO] [stderr]   Downloaded sysinfo v0.33.1
[INFO] [stderr]   Downloaded sixel-rs v0.5.0
[INFO] [stderr]   Downloaded palette v0.7.6
[INFO] [stderr]   Downloaded icy_sixel v0.5.0
[INFO] [stderr]   Downloaded sixel-sys v0.5.0
[INFO] running `Command { std: "docker" "create" "-v" "/var/lib/crater-agent-workspace/builds/worker-0-tc2/source:/opt/rustwide/workdir:ro,Z" "-v" "/var/lib/crater-agent-workspace/builds/worker-0-tc2/target:/opt/rustwide/target:rw,Z" "-v" "/var/lib/crater-agent-workspace/cargo-home:/opt/rustwide/cargo-home:ro,Z" "-v" "/var/lib/crater-agent-workspace/rustup-home:/opt/rustwide/rustup-home:ro,Z" "-m" "1610612736" "--network" "none" "ghcr.io/rust-lang/crates-build-env/linux@sha256:3111399a4047eeb3a02b7a90e478d715f38a8c6669b5c4b49d30a17385265909" "sleep" "infinity", kill_on_drop: false }`
[INFO] [stdout] 6109b927b15b64bd9e683ae539a4861524a9c0a6c489fea8e3f163a75e3fbf61
[INFO] running `Command { std: "docker" "start" "6109b927b15b64bd9e683ae539a4861524a9c0a6c489fea8e3f163a75e3fbf61", kill_on_drop: false }`
[INFO] running `Command { std: "docker" "inspect" "6109b927b15b64bd9e683ae539a4861524a9c0a6c489fea8e3f163a75e3fbf61", kill_on_drop: false }`
[INFO] running `Command { std: "docker" "exec" "-e" "SOURCE_DIR=/opt/rustwide/workdir" "-e" "CARGO_HOME=/opt/rustwide/cargo-home" "-e" "RUSTUP_HOME=/opt/rustwide/rustup-home" "-e" "CARGO_TARGET_DIR=/opt/rustwide/target" "-w" "/opt/rustwide/workdir" "--user" "0:0" "6109b927b15b64bd9e683ae539a4861524a9c0a6c489fea8e3f163a75e3fbf61" "/opt/rustwide/cargo-home/bin/cargo" "+5b237c915528dadada3f674b90c7c80368b632be" "metadata" "--no-deps" "--format-version=1", kill_on_drop: false }`
[INFO] running `Command { std: "docker" "inspect" "6109b927b15b64bd9e683ae539a4861524a9c0a6c489fea8e3f163a75e3fbf61", kill_on_drop: false }`
[INFO] running `Command { std: "docker" "exec" "-e" "SOURCE_DIR=/opt/rustwide/workdir" "-e" "CARGO_HOME=/opt/rustwide/cargo-home" "-e" "RUSTUP_HOME=/opt/rustwide/rustup-home" "-e" "CARGO_TARGET_DIR=/opt/rustwide/target" "-e" "CARGO_INCREMENTAL=0" "-e" "RUST_BACKTRACE=full" "-e" "RUSTFLAGS=--cap-lints=forbid" "-e" "RUSTDOCFLAGS=--cap-lints=forbid" "-w" "/opt/rustwide/workdir" "--user" "0:0" "6109b927b15b64bd9e683ae539a4861524a9c0a6c489fea8e3f163a75e3fbf61" "/opt/rustwide/cargo-home/bin/cargo" "+5b237c915528dadada3f674b90c7c80368b632be" "check" "--frozen" "--all" "--all-targets" "--message-format=json", kill_on_drop: false }`
[INFO] [stderr]    Compiling libc v0.2.186
[INFO] [stderr]     Checking bitflags v2.13.0
[INFO] [stderr]     Checking memchr v2.8.1
[INFO] [stderr]     Checking log v0.4.32
[INFO] [stderr]    Compiling zerocopy v0.8.50
[INFO] [stderr]    Compiling cc v1.2.63
[INFO] [stderr]    Compiling num-traits v0.2.19
[INFO] [stderr]    Compiling rustix v1.1.4
[INFO] [stderr]     Checking linux-raw-sys v0.12.1
[INFO] [stderr]    Compiling wayland-sys v0.31.11
[INFO] [stderr]    Compiling syn v2.0.117
[INFO] [stderr]     Checking either v1.16.0
[INFO] [stderr]     Checking downcast-rs v1.2.1
[INFO] [stderr]    Compiling wayland-client v0.31.14
[INFO] [stderr]    Compiling built v0.8.1
[INFO] [stderr]    Compiling slotmap v1.1.1
[INFO] [stderr]    Compiling simd_helpers v0.1.0
[INFO] [stderr]     Checking png v0.18.1
[INFO] [stderr]     Checking ahash v0.4.8
[INFO] [stderr]     Checking rayon v1.12.0
[INFO] [stderr]     Checking itertools v0.14.0
[INFO] [stderr]     Checking imgref v1.12.2
[INFO] [stderr]    Compiling radium v0.7.0
[INFO] [stderr]     Checking float-cmp v0.9.0
[INFO] [stderr]     Checking strict-num v0.1.1
[INFO] [stderr]     Checking loop9 v0.1.5
[INFO] [stderr]     Checking hashbrown v0.9.1
[INFO] [stderr]    Compiling nix v0.29.0
[INFO] [stderr]     Checking ttf-parser v0.25.1
[INFO] [stderr]     Checking nom v8.0.0
[INFO] [stderr]     Checking no_std_io2 v0.9.4
[INFO] [stderr]     Checking bitstream-io v4.10.0
[INFO] [stderr]     Checking polycool v0.4.0
[INFO] [stderr]    Compiling rav1e v0.8.1
[INFO] [stderr]    Compiling quick-xml v0.39.4
[INFO] [stderr]    Compiling autotools v0.2.7
[INFO] [stderr]    Compiling ref-cast v1.0.25
[INFO] [stderr]    Compiling palette v0.7.6
[INFO] [stderr]    Compiling make-cmd v0.1.0
[INFO] [stderr]     Checking num-integer v0.1.46
[INFO] [stderr]    Compiling by_address v1.2.1
[INFO] [stderr]     Checking rand_core v0.9.5
[INFO] [stderr]     Checking roxmltree v0.20.0
[INFO] [stderr]     Checking tracing-core v0.1.36
[INFO] [stderr]    Compiling serde_core v1.0.228
[INFO] [stderr]     Checking moxcms v0.8.1
[INFO] [stderr]     Checking wyz v0.5.1
[INFO] [stderr]     Checking tinyvec v1.11.0
[INFO] [stderr]     Checking num-bigint v0.4.6
[INFO] [stderr]     Checking nom v7.1.3
[INFO] [stderr]     Checking fontconfig-parser v0.5.8
[INFO] [stderr]    Compiling wayland-backend v0.3.15
[INFO] [stderr]     Checking tracing v0.1.44
[INFO] [stderr]    Compiling sixel-sys v0.5.0
[INFO] [stderr]     Checking kurbo v0.13.1
[INFO] [stderr]     Checking unicode-bidi-mirroring v0.4.0
[INFO] [stderr]     Checking fast-srgb8 v1.0.0
[INFO] [stderr]     Checking unicode-script v0.5.8
[INFO] [stderr]     Checking unicode-ccc v0.4.0
[INFO] [stderr]     Checking unicode-properties v0.1.4
[INFO] [stderr]     Checking funty v2.0.0
[INFO] [stderr]    Compiling wayland-scanner v0.31.10
[INFO] [stderr]     Checking rand v0.9.4
[INFO] [stderr]     Checking rand_xoshiro v0.7.0
[INFO] [stderr]     Checking bitvec v1.0.1
[INFO] [stderr]     Checking getrandom v0.2.17
[INFO] [stderr]     Checking memmap2 v0.9.10
[INFO] [stderr]     Checking rand_core v0.6.4
[INFO] [stderr]     Checking ordered-float v5.3.0
[INFO] [stderr]     Checking roxmltree v0.21.1
[INFO] [stderr]     Checking svgtypes v0.16.1
[INFO] [stderr]     Checking simplecss v0.2.2
[INFO] [stderr]     Checking maybe-rayon v0.1.1
[INFO] [stderr]     Checking num-rational v0.4.2
[INFO] [stderr]    Compiling smithay-client-toolkit v0.20.0
[INFO] [stderr] warning: sixel-sys@0.5.0: WITHOUT PNG
[INFO] [stderr] error: failed to run custom build command for `sixel-sys v0.5.0`
[INFO] [stderr] note: To improve backtraces for build dependencies, set the CARGO_PROFILE_DEV_BUILD_OVERRIDE_DEBUG=true environment variable to enable debug information generation.
[INFO] [stderr] 
[INFO] [stderr] Caused by:
[INFO] [stderr]   process didn't exit successfully: `/opt/rustwide/target/debug/build/sixel-sys/6bc7f03372669d6c/out/build_script_build` (exit status: 101)
[INFO] [stderr]   --- stdout
[INFO] [stderr]   cargo::warning=WITHOUT PNG
[INFO] [stderr]   running: cd "/opt/rustwide/cargo-home/registry/src/index.crates.io-1949cf8c6b5b557f/sixel-sys-0.5.0/libsixel" && "sh" "-c" "exec \"$0\" \"$@\"" "autoreconf" "-ivf"
[INFO] [stderr] 
[INFO] [stderr]   --- stderr
[INFO] [stderr]   autoreconf: export WARNINGS=
[INFO] [stderr]   autoreconf: Entering directory '.'
[INFO] [stderr]   autoreconf: configure.ac: not using Gettext
[INFO] [stderr]   autoreconf: running: aclocal --force -I m4 ${ACLOCAL_FLAGS}
[INFO] [stderr]   autom4te: error: cannot create autom4te.cache in /opt/rustwide/cargo-home/registry/src/index.crates.io-1949cf8c6b5b557f/sixel-sys-0.5.0/libsixel: Read-only file system
[INFO] [stderr]   aclocal: error: /usr/bin/autom4te failed with exit status: 1
[INFO] [stderr]   autoreconf: error: aclocal failed with exit status: 1
[INFO] [stderr] 
[INFO] [stderr]   thread 'main' (766) panicked at /opt/rustwide/cargo-home/registry/src/index.crates.io-1949cf8c6b5b557f/autotools-0.2.7/src/lib.rs:790:5:
[INFO] [stderr] 
[INFO] [stderr]   command did not execute successfully, got: exit status: 1
[INFO] [stderr] 
[INFO] [stderr]   build script failed, must exit now
[INFO] [stderr]   stack backtrace:
[INFO] [stderr]      0:     0x5cb928c85391 - std[fba97bcc6c7c281e]::backtrace_rs::backtrace::libunwind::trace
[INFO] [stderr]                                  at /rustc/5b237c915528dadada3f674b90c7c80368b632be/library/std/src/../../backtrace/src/backtrace/libunwind.rs:117:9
[INFO] [stderr]      1:     0x5cb928c85391 - std[fba97bcc6c7c281e]::backtrace_rs::backtrace::trace_unsynchronized::<std[fba97bcc6c7c281e]::sys::backtrace::_print_fmt::{closure#1}>
[INFO] [stderr]                                  at /rustc/5b237c915528dadada3f674b90c7c80368b632be/library/std/src/../../backtrace/src/backtrace/mod.rs:66:14
[INFO] [stderr]      2:     0x5cb928c85391 - std[fba97bcc6c7c281e]::sys::backtrace::_print_fmt
[INFO] [stderr]                                  at /rustc/5b237c915528dadada3f674b90c7c80368b632be/library/std/src/sys/backtrace.rs:74:9
[INFO] [stderr]      3:     0x5cb928c85391 - <<std[fba97bcc6c7c281e]::sys::backtrace::BacktraceLock>::print::DisplayBacktrace as core[cbe985f25e545f7b]::fmt::Display>::fmt
[INFO] [stderr]                                  at /rustc/5b237c915528dadada3f674b90c7c80368b632be/library/std/src/sys/backtrace.rs:44:26
[INFO] [stderr]      4:     0x5cb928c9925a - <core[cbe985f25e545f7b]::fmt::rt::Argument>::fmt
[INFO] [stderr]                                  at /rustc/5b237c915528dadada3f674b90c7c80368b632be/library/core/src/fmt/rt.rs:152:76
[INFO] [stderr]      5:     0x5cb928c9925a - core[cbe985f25e545f7b]::fmt::write
[INFO] [stderr]      6:     0x5cb928c8aabc - core[cbe985f25e545f7b]::io::write::default_write_fmt::<std[fba97bcc6c7c281e]::sys::stdio::unix::Stderr>
[INFO] [stderr]                                  at /rustc/5b237c915528dadada3f674b90c7c80368b632be/library/core/src/io/write.rs:402:11
[INFO] [stderr]      7:     0x5cb928c8aabc - <std[fba97bcc6c7c281e]::sys::stdio::unix::Stderr as core[cbe985f25e545f7b]::io::write::Write>::write_fmt
[INFO] [stderr]                                  at /rustc/5b237c915528dadada3f674b90c7c80368b632be/library/core/src/io/write.rs:335:13
[INFO] [stderr]      8:     0x5cb928c654d6 - <std[fba97bcc6c7c281e]::sys::backtrace::BacktraceLock>::print
[INFO] [stderr]                                  at /rustc/5b237c915528dadada3f674b90c7c80368b632be/library/std/src/sys/backtrace.rs:47:9
[INFO] [stderr]      9:     0x5cb928c654d6 - std[fba97bcc6c7c281e]::panicking::default_hook::{closure#0}
[INFO] [stderr]                                  at /rustc/5b237c915528dadada3f674b90c7c80368b632be/library/std/src/panicking.rs:289:27
[INFO] [stderr]     10:     0x5cb928c80831 - std[fba97bcc6c7c281e]::panicking::default_hook
[INFO] [stderr]                                  at /rustc/5b237c915528dadada3f674b90c7c80368b632be/library/std/src/panicking.rs:316:9
[INFO] [stderr]     11:     0x5cb928c809eb - std[fba97bcc6c7c281e]::panicking::panic_with_hook
[INFO] [stderr]                                  at /rustc/5b237c915528dadada3f674b90c7c80368b632be/library/std/src/panicking.rs:811:13
[INFO] [stderr]     12:     0x5cb928c65582 - std[fba97bcc6c7c281e]::panicking::panic_handler::{closure#0}
[INFO] [stderr]                                  at /rustc/5b237c915528dadada3f674b90c7c80368b632be/library/std/src/panicking.rs:685:13
[INFO] [stderr]     13:     0x5cb928c5f3f9 - std[fba97bcc6c7c281e]::sys::backtrace::__rust_end_short_backtrace::<std[fba97bcc6c7c281e]::panicking::panic_handler::{closure#0}, !>
[INFO] [stderr]                                  at /rustc/5b237c915528dadada3f674b90c7c80368b632be/library/std/src/sys/backtrace.rs:182:18
[INFO] [stderr]     14:     0x5cb928c65d6d - __rustc[8b64a3aaf7c035e0]::rust_begin_unwind
[INFO] [stderr]                                  at /rustc/5b237c915528dadada3f674b90c7c80368b632be/library/std/src/panicking.rs:676:5
[INFO] [stderr]     15:     0x5cb928c99a4c - core[cbe985f25e545f7b]::panicking::panic_fmt
[INFO] [stderr]                                  at /rustc/5b237c915528dadada3f674b90c7c80368b632be/library/core/src/panicking.rs:80:14
[INFO] [stderr]     16:     0x5cb928bf1eb7 - autotools[b78d68ed0c77ea5c]::fail
[INFO] [stderr]     17:     0x5cb928bf5688 - <autotools[b78d68ed0c77ea5c]::Config>::build
[INFO] [stderr]     18:     0x5cb928beebb6 - build_script_build[558a67e9cc48fb4d]::main
[INFO] [stderr]     19:     0x5cb928bf02b3 - <fn() as core[cbe985f25e545f7b]::ops::function::FnOnce<()>>::call_once
[INFO] [stderr]     20:     0x5cb928bee02e - std[fba97bcc6c7c281e]::sys::backtrace::__rust_begin_short_backtrace::<fn(), ()>
[INFO] [stderr]     21:     0x5cb928bee079 - std[fba97bcc6c7c281e]::rt::lang_start::<()>::{closure#0}
[INFO] [stderr]     22:     0x5cb928c7fb38 - <&dyn core[cbe985f25e545f7b]::ops::function::Fn<(), Output = i32> + core[cbe985f25e545f7b]::panic::unwind_safe::RefUnwindSafe + core[cbe985f25e545f7b]::marker::Sync as core[cbe985f25e545f7b]::ops::function::FnOnce<()>>::call_once
[INFO] [stderr]                                  at /rustc/5b237c915528dadada3f674b90c7c80368b632be/library/core/src/ops/function.rs:287:21
[INFO] [stderr]     23:     0x5cb928c7fb38 - std[fba97bcc6c7c281e]::panicking::catch_unwind::do_call::<&dyn core[cbe985f25e545f7b]::ops::function::Fn<(), Output = i32> + core[cbe985f25e545f7b]::panic::unwind_safe::RefUnwindSafe + core[cbe985f25e545f7b]::marker::Sync, i32>
[INFO] [stderr]                                  at /rustc/5b237c915528dadada3f674b90c7c80368b632be/library/std/src/panicking.rs:573:43
[INFO] [stderr]     24:     0x5cb928c7fb38 - std[fba97bcc6c7c281e]::panicking::catch_unwind::<i32, &dyn core[cbe985f25e545f7b]::ops::function::Fn<(), Output = i32> + core[cbe985f25e545f7b]::panic::unwind_safe::RefUnwindSafe + core[cbe985f25e545f7b]::marker::Sync>
[INFO] [stderr]                                  at /rustc/5b237c915528dadada3f674b90c7c80368b632be/library/std/src/panicking.rs:541:19
[INFO] [stderr]     25:     0x5cb928c7fb38 - std[fba97bcc6c7c281e]::panic::catch_unwind::<&dyn core[cbe985f25e545f7b]::ops::function::Fn<(), Output = i32> + core[cbe985f25e545f7b]::panic::unwind_safe::RefUnwindSafe + core[cbe985f25e545f7b]::marker::Sync, i32>
[INFO] [stderr]                                  at /rustc/5b237c915528dadada3f674b90c7c80368b632be/library/std/src/panic.rs:359:14
[INFO] [stderr]     26:     0x5cb928c7fb38 - std[fba97bcc6c7c281e]::rt::lang_start_internal::{closure#0}
[INFO] [stderr]                                  at /rustc/5b237c915528dadada3f674b90c7c80368b632be/library/std/src/rt.rs:175:24
[INFO] [stderr]     27:     0x5cb928c7fb38 - std[fba97bcc6c7c281e]::panicking::catch_unwind::do_call::<std[fba97bcc6c7c281e]::rt::lang_start_internal::{closure#0}, isize>
[INFO] [stderr]                                  at /rustc/5b237c915528dadada3f674b90c7c80368b632be/library/std/src/panicking.rs:573:43
[INFO] [stderr]     28:     0x5cb928c7fb38 - std[fba97bcc6c7c281e]::panicking::catch_unwind::<isize, std[fba97bcc6c7c281e]::rt::lang_start_internal::{closure#0}>
[INFO] [stderr]                                  at /rustc/5b237c915528dadada3f674b90c7c80368b632be/library/std/src/panicking.rs:541:19
[INFO] [stderr]     29:     0x5cb928c7fb38 - std[fba97bcc6c7c281e]::panic::catch_unwind::<std[fba97bcc6c7c281e]::rt::lang_start_internal::{closure#0}, isize>
[INFO] [stderr]                                  at /rustc/5b237c915528dadada3f674b90c7c80368b632be/library/std/src/panic.rs:359:14
[INFO] [stderr]     30:     0x5cb928c7fb38 - std[fba97bcc6c7c281e]::rt::lang_start_internal
[INFO] [stderr]                                  at /rustc/5b237c915528dadada3f674b90c7c80368b632be/library/std/src/rt.rs:171:5
[INFO] [stderr]     31:     0x5cb928bedf91 - std[fba97bcc6c7c281e]::rt::lang_start::<()>
[INFO] [stderr]     32:     0x5cb928bf0325 - main
[INFO] [stderr]     33:     0x702d87ac7601 - <unknown>
[INFO] [stderr]     34:     0x702d87ac7718 - __libc_start_main
[INFO] [stderr]     35:     0x5cb928bec715 - _start
[INFO] [stderr]     36:                0x0 - <unknown>
[INFO] [stderr] warning: build failed, waiting for other jobs to finish...
[INFO] running `Command { std: "docker" "inspect" "6109b927b15b64bd9e683ae539a4861524a9c0a6c489fea8e3f163a75e3fbf61", kill_on_drop: false }`
[INFO] running `Command { std: "docker" "rm" "-f" "6109b927b15b64bd9e683ae539a4861524a9c0a6c489fea8e3f163a75e3fbf61", kill_on_drop: false }`
[INFO] [stdout] 6109b927b15b64bd9e683ae539a4861524a9c0a6c489fea8e3f163a75e3fbf61
