[INFO] cloning repository https://github.com/ransomwarezz/ytbot
[INFO] running `Command { std: "git" "-c" "credential.helper=" "-c" "credential.helper=/workspace/cargo-home/bin/git-credential-null" "clone" "--bare" "https://github.com/ransomwarezz/ytbot" "/workspace/cache/git-repos/https%3A%2F%2Fgithub.com%2Fransomwarezz%2Fytbot", kill_on_drop: false }`
[INFO] [stderr] Cloning into bare repository '/workspace/cache/git-repos/https%3A%2F%2Fgithub.com%2Fransomwarezz%2Fytbot'...
[INFO] running `Command { std: "git" "rev-parse" "HEAD", kill_on_drop: false }`
[INFO] [stdout] 9e34dabcebf945af30db88e663732f543ecb3194
[INFO] checking ransomwarezz/ytbot against 5b237c915528dadada3f674b90c7c80368b632be for pr-133502-29
[INFO] running `Command { std: "git" "clone" "/workspace/cache/git-repos/https%3A%2F%2Fgithub.com%2Fransomwarezz%2Fytbot" "/workspace/builds/worker-1-tc2/source", kill_on_drop: false }`
[INFO] [stderr] Cloning into '/workspace/builds/worker-1-tc2/source'...
[INFO] [stderr] done.
[INFO] started tweaking git repo https://github.com/ransomwarezz/ytbot
[INFO] finished tweaking git repo https://github.com/ransomwarezz/ytbot
[INFO] tweaked toml for git repo https://github.com/ransomwarezz/ytbot written to /workspace/builds/worker-1-tc2/source/Cargo.toml
[INFO] validating manifest of git repo https://github.com/ransomwarezz/ytbot on toolchain 5b237c915528dadada3f674b90c7c80368b632be
[INFO] running `Command { std: CARGO_HOME="/workspace/cargo-home" RUSTUP_HOME="/workspace/rustup-home" "/workspace/cargo-home/bin/cargo" "+5b237c915528dadada3f674b90c7c80368b632be" "metadata" "--manifest-path" "Cargo.toml" "--no-deps", kill_on_drop: false }`
[INFO] crate git repo https://github.com/ransomwarezz/ytbot already has a lockfile, it will not be regenerated
[INFO] running `Command { std: CARGO_HOME="/workspace/cargo-home" RUSTUP_HOME="/workspace/rustup-home" "/workspace/cargo-home/bin/cargo" "+5b237c915528dadada3f674b90c7c80368b632be" "fetch" "--manifest-path" "Cargo.toml", kill_on_drop: false }`
[INFO] [stderr]     Blocking waiting for file lock on package cache
[INFO] [stderr]     Updating crates.io index
[INFO] [stderr]     Blocking waiting for file lock on package cache
[ERROR] error running command: no output for 300 seconds
[INFO] checking ransomwarezz/ytbot against 5b237c915528dadada3f674b90c7c80368b632be for pr-133502-29
[INFO] running `Command { std: "git" "clone" "/workspace/cache/git-repos/https%3A%2F%2Fgithub.com%2Fransomwarezz%2Fytbot" "/workspace/builds/worker-1-tc2/source", kill_on_drop: false }`
[INFO] [stderr] Cloning into '/workspace/builds/worker-1-tc2/source'...
[INFO] [stderr] done.
[INFO] started tweaking git repo https://github.com/ransomwarezz/ytbot
[INFO] finished tweaking git repo https://github.com/ransomwarezz/ytbot
[INFO] tweaked toml for git repo https://github.com/ransomwarezz/ytbot written to /workspace/builds/worker-1-tc2/source/Cargo.toml
[INFO] validating manifest of git repo https://github.com/ransomwarezz/ytbot on toolchain 5b237c915528dadada3f674b90c7c80368b632be
[INFO] running `Command { std: CARGO_HOME="/workspace/cargo-home" RUSTUP_HOME="/workspace/rustup-home" "/workspace/cargo-home/bin/cargo" "+5b237c915528dadada3f674b90c7c80368b632be" "metadata" "--manifest-path" "Cargo.toml" "--no-deps", kill_on_drop: false }`
[INFO] crate git repo https://github.com/ransomwarezz/ytbot already has a lockfile, it will not be regenerated
[INFO] running `Command { std: CARGO_HOME="/workspace/cargo-home" RUSTUP_HOME="/workspace/rustup-home" "/workspace/cargo-home/bin/cargo" "+5b237c915528dadada3f674b90c7c80368b632be" "fetch" "--manifest-path" "Cargo.toml", kill_on_drop: false }`
[INFO] [stderr]     Blocking waiting for file lock on package cache
[INFO] [stderr]     Blocking waiting for file lock on package cache
[INFO] [stderr]  Downloading crates ...
[INFO] [stderr]   Downloaded teloxide v0.12.2
[INFO] [stderr]   Downloaded atomic-polyfill v1.0.3
[INFO] [stderr]   Downloaded teloxide-macros v0.7.1
[INFO] [stderr]   Downloaded critical-section v1.1.2
[INFO] [stderr]   Downloaded never v0.1.0
[INFO] [stderr]   Downloaded errno v0.3.7
[INFO] [stderr]   Downloaded rc-box v1.2.0
[INFO] [stderr]   Downloaded vecrem v0.1.0
[INFO] [stderr]   Downloaded wasm-bindgen-futures v0.4.39
[INFO] [stderr]   Downloaded takecell v0.1.1
[INFO] [stderr]   Downloaded cookie_store v0.16.2
[INFO] [stderr]   Downloaded sqlx-rt v0.6.3
[INFO] [stderr]   Downloaded atoi v1.0.0
[INFO] [stderr]   Downloaded sha1 v0.6.1
[INFO] [stderr]   Downloaded new_debug_unreachable v1.0.4
[INFO] [stderr]   Downloaded tempfile v3.8.1
[INFO] [stderr]   Downloaded schannel v0.1.22
[INFO] [stderr]   Downloaded ahash v0.8.6
[INFO] [stderr]   Downloaded dtoa-short v0.3.4
[INFO] [stderr]   Downloaded string_cache_codegen v0.5.2
[INFO] [stderr]   Downloaded crossbeam-queue v0.3.8
[INFO] [stderr]   Downloaded dptree v0.3.0
[INFO] [stderr]   Downloaded scraper v0.16.0
[INFO] [stderr]   Downloaded ego-tree v0.6.2
[INFO] [stderr]   Downloaded xml_oxide v0.3.0
[INFO] [stderr]   Downloaded sptr v0.3.2
[INFO] [stderr]   Downloaded sqlx-macros v0.6.3
[INFO] [stderr]   Downloaded sqlformat v0.2.2
[INFO] [stderr]   Downloaded ahash v0.7.7
[INFO] [stderr]   Downloaded icu_provider_macros v1.2.0
[INFO] [stderr]   Downloaded writeable v0.5.4
[INFO] [stderr]   Downloaded serde_qs v0.12.0
[INFO] [stderr]   Downloaded m3u8-rs v5.0.4
[INFO] [stderr]   Downloaded thin-vec v0.2.12
[INFO] [stderr]   Downloaded synstructure v0.13.0
[INFO] [stderr]   Downloaded utf8_iter v1.0.3
[INFO] [stderr]   Downloaded utf16_iter v1.0.4
[INFO] [stderr]   Downloaded cobs v0.2.3
[INFO] [stderr]   Downloaded boa_profiler v0.17.3
[INFO] [stderr]   Downloaded phf_macros v0.11.2
[INFO] [stderr]   Downloaded pretty_env_logger v0.5.0
[INFO] [stderr]   Downloaded teloxide-core v0.9.1
[INFO] [stderr]   Downloaded openssl-sys v0.9.96
[INFO] [stderr]   Downloaded publicsuffix v2.2.3
[INFO] [stderr]   Downloaded icu_normalizer v1.2.0
[INFO] [stderr]   Downloaded zerovec-derive v0.9.6
[INFO] [stderr]   Downloaded icu_provider v1.2.0
[INFO] [stderr]   Downloaded tinystr v0.7.2
[INFO] [stderr]   Downloaded litemap v0.7.2
[INFO] [stderr]   Downloaded fast-float v0.2.0
[INFO] [stderr]   Downloaded boa_macros v0.17.3
[INFO] [stderr]   Downloaded boa_interner v0.17.3
[INFO] [stderr]   Downloaded icu_provider_blob v1.2.0
[INFO] [stderr]   Downloaded zerocopy v0.7.26
[INFO] [stderr]   Downloaded async-compression v0.4.5
[INFO] [stderr]   Downloaded futures-intrusive v0.4.2
[INFO] [stderr]   Downloaded rusty_ytdl v0.6.5
[INFO] [stderr]   Downloaded ryu-js v0.2.2
[INFO] [stderr]   Downloaded postcard v1.0.8
[INFO] [stderr]   Downloaded boa_gc v0.17.3
[INFO] [stderr]   Downloaded env_logger v0.10.1
[INFO] [stderr]   Downloaded termcolor v1.4.0
[INFO] [stderr]   Downloaded icu_locid v1.2.0
[INFO] [stderr]   Downloaded icu_provider_adapters v1.2.0
[INFO] [stderr]   Downloaded icu_properties v1.2.0
[INFO] [stderr]   Downloaded sqlx v0.6.3
[INFO] [stderr]   Downloaded redis v0.21.7
[INFO] [stderr]   Downloaded icu_collections v1.2.0
[INFO] [stderr]   Downloaded boa_parser v0.17.3
[INFO] [stderr]   Downloaded reqwest v0.11.22
[INFO] [stderr]   Downloaded zerovec v0.9.6
[INFO] [stderr]   Downloaded boa_ast v0.17.3
[INFO] [stderr]   Downloaded winnow v0.5.19
[INFO] [stderr]   Downloaded aes v0.8.3
[INFO] [stderr]   Downloaded openssl v0.10.60
[INFO] [stderr]   Downloaded webpki-roots v0.25.3
[INFO] [stderr]   Downloaded regress v0.6.0
[INFO] [stderr]   Downloaded rustls v0.21.9
[INFO] [stderr]   Downloaded sqlx-core v0.6.3
[INFO] [stderr]   Downloaded aquamarine v0.1.12
[INFO] [stderr]   Downloaded rustix v0.38.25
[INFO] [stderr]   Downloaded zerocopy-derive v0.7.26
[INFO] [stderr]   Downloaded boa_engine v0.17.3
[INFO] [stderr]   Downloaded web-sys v0.3.65
[INFO] [stderr]   Downloaded linux-raw-sys v0.4.11
[INFO] [stderr]   Downloaded ring v0.17.5
[INFO] [stderr]   Downloaded boa_icu_provider v0.17.3
[INFO] [stderr]   Downloaded libsqlite3-sys v0.24.2
[INFO] running `Command { std: "docker" "create" "-v" "/var/lib/crater-agent-workspace/builds/worker-1-tc2/source:/opt/rustwide/workdir:ro,Z" "-v" "/var/lib/crater-agent-workspace/builds/worker-1-tc2/target:/opt/rustwide/target:rw,Z" "-v" "/var/lib/crater-agent-workspace/cargo-home:/opt/rustwide/cargo-home:ro,Z" "-v" "/var/lib/crater-agent-workspace/rustup-home:/opt/rustwide/rustup-home:ro,Z" "-m" "1610612736" "--network" "none" "ghcr.io/rust-lang/crates-build-env/linux@sha256:3111399a4047eeb3a02b7a90e478d715f38a8c6669b5c4b49d30a17385265909" "sleep" "infinity", kill_on_drop: false }`
[INFO] [stdout] e961ae8af02468aaf83fcfdefd5756a8593fa74e03f9707f931d7c6b102081b8
[INFO] running `Command { std: "docker" "start" "e961ae8af02468aaf83fcfdefd5756a8593fa74e03f9707f931d7c6b102081b8", kill_on_drop: false }`
[INFO] running `Command { std: "docker" "inspect" "e961ae8af02468aaf83fcfdefd5756a8593fa74e03f9707f931d7c6b102081b8", kill_on_drop: false }`
[INFO] running `Command { std: "docker" "exec" "-e" "SOURCE_DIR=/opt/rustwide/workdir" "-e" "CARGO_HOME=/opt/rustwide/cargo-home" "-e" "RUSTUP_HOME=/opt/rustwide/rustup-home" "-e" "CARGO_TARGET_DIR=/opt/rustwide/target" "-w" "/opt/rustwide/workdir" "--user" "0:0" "e961ae8af02468aaf83fcfdefd5756a8593fa74e03f9707f931d7c6b102081b8" "/opt/rustwide/cargo-home/bin/cargo" "+5b237c915528dadada3f674b90c7c80368b632be" "metadata" "--no-deps" "--format-version=1", kill_on_drop: false }`
[INFO] running `Command { std: "docker" "inspect" "e961ae8af02468aaf83fcfdefd5756a8593fa74e03f9707f931d7c6b102081b8", kill_on_drop: false }`
[INFO] running `Command { std: "docker" "exec" "-e" "SOURCE_DIR=/opt/rustwide/workdir" "-e" "CARGO_HOME=/opt/rustwide/cargo-home" "-e" "RUSTUP_HOME=/opt/rustwide/rustup-home" "-e" "CARGO_TARGET_DIR=/opt/rustwide/target" "-e" "CARGO_INCREMENTAL=0" "-e" "RUST_BACKTRACE=full" "-e" "RUSTFLAGS=--cap-lints=forbid" "-e" "RUSTDOCFLAGS=--cap-lints=forbid" "-w" "/opt/rustwide/workdir" "--user" "0:0" "e961ae8af02468aaf83fcfdefd5756a8593fa74e03f9707f931d7c6b102081b8" "/opt/rustwide/cargo-home/bin/cargo" "+5b237c915528dadada3f674b90c7c80368b632be" "check" "--frozen" "--all" "--all-targets" "--message-format=json", kill_on_drop: false }`
[INFO] [stderr]    Compiling proc-macro2 v1.0.70
[INFO] [stderr]    Compiling libc v0.2.150
[INFO] [stderr]    Compiling serde v1.0.193
[INFO] [stderr]    Compiling atomic-polyfill v1.0.3
[INFO] [stderr]     Checking critical-section v1.1.2
[INFO] [stderr]    Compiling futures-core v0.3.29
[INFO] [stderr]     Checking smallvec v1.11.2
[INFO] [stderr]    Compiling parking_lot_core v0.9.9
[INFO] [stderr]     Checking pin-project-lite v0.2.13
[INFO] [stderr]    Compiling lock_api v0.4.11
[INFO] [stderr]    Compiling pkg-config v0.3.27
[INFO] [stderr]    Compiling vcpkg v0.2.15
[INFO] [stderr]    Compiling futures-task v0.3.29
[INFO] [stderr]    Compiling ppv-lite86 v0.2.17
[INFO] [stderr]     Checking itoa v1.0.9
[INFO] [stderr]    Compiling siphasher v0.3.11
[INFO] [stderr]     Checking bytes v1.5.0
[INFO] [stderr]    Compiling ahash v0.8.6
[INFO] [stderr]     Checking zerocopy v0.7.26
[INFO] [stderr]     Checking futures-sink v0.3.29
[INFO] [stderr]    Compiling futures-channel v0.3.29
[INFO] [stderr]    Compiling unicode-xid v0.2.4
[INFO] [stderr]    Compiling futures-util v0.3.29
[INFO] [stderr]     Checking futures-io v0.3.29
[INFO] [stderr]     Checking once_cell v1.18.0
[INFO] [stderr]     Checking allocator-api2 v0.2.16
[INFO] [stderr]    Compiling openssl v0.10.60
[INFO] [stderr]    Compiling native-tls v0.2.11
[INFO] [stderr]    Compiling num-traits v0.2.17
[INFO] [stderr]     Checking stable_deref_trait v1.2.0
[INFO] [stderr]     Checking tracing-core v0.1.32
[INFO] [stderr]     Checking equivalent v1.0.1
[INFO] [stderr]     Checking spin v0.9.8
[INFO] [stderr]    Compiling thiserror v1.0.50
[INFO] [stderr]     Checking http v0.2.11
[INFO] [stderr]     Checking foreign-types-shared v0.1.1
[INFO] [stderr]     Checking foreign-types v0.3.2
[INFO] [stderr]     Checking form_urlencoded v1.2.1
[INFO] [stderr]    Compiling phf_shared v0.10.0
[INFO] [stderr]     Checking tower-service v0.3.2
[INFO] [stderr]    Compiling getrandom v0.1.16
[INFO] [stderr]    Compiling unicase v2.7.0
[INFO] [stderr]    Compiling quote v1.0.33
[INFO] [stderr]    Compiling httparse v1.8.0
[INFO] [stderr]     Checking openssl-probe v0.1.5
[INFO] [stderr]    Compiling parking_lot_core v0.8.6
[INFO] [stderr]     Checking adler v1.0.2
[INFO] [stderr]     Checking ryu v1.0.15
[INFO] [stderr]     Checking idna v0.5.0
[INFO] [stderr]    Compiling serde_json v1.0.108
[INFO] [stderr]     Checking getrandom v0.2.11
[INFO] [stderr]     Checking socket2 v0.5.5
[INFO] [stderr]     Checking signal-hook-registry v1.4.1
[INFO] [stderr]     Checking num_cpus v1.16.0
[INFO] [stderr]     Checking mio v0.8.9
[INFO] [stderr]    Compiling syn v2.0.39
[INFO] [stderr]    Compiling syn v1.0.109
[INFO] [stderr]     Checking miniz_oxide v0.7.1
[INFO] [stderr]     Checking try-lock v0.2.4
[INFO] [stderr]     Checking socket2 v0.4.10
[INFO] [stdout] error[E0635]: unknown feature `stdsimd`
[INFO] [stdout]   --> /opt/rustwide/cargo-home/registry/src/index.crates.io-1949cf8c6b5b557f/ahash-0.8.6/src/lib.rs:99:42
[INFO] [stdout]    |
[INFO] [stdout] 99 | #![cfg_attr(feature = "stdsimd", feature(stdsimd))]
[INFO] [stdout]    |                                          ^^^^^^^
[INFO] [stdout] 
[INFO] [stdout] 
[INFO] [stderr]     Checking want v0.3.1
[INFO] [stderr]     Checking writeable v0.5.4
[INFO] [stderr]    Compiling rustls v0.21.9
[INFO] [stdout] error[E0635]: unknown feature `stdsimd`
[INFO] [stdout]   --> /opt/rustwide/cargo-home/registry/src/index.crates.io-1949cf8c6b5b557f/ahash-0.8.6/src/lib.rs:99:42
[INFO] [stdout]    |
[INFO] [stdout] 99 | #![cfg_attr(feature = "stdsimd", feature(stdsimd))]
[INFO] [stdout]    |                                          ^^^^^^^
[INFO] [stdout] 
[INFO] [stdout] 
[INFO] [stderr]    Compiling crossbeam-utils v0.8.16
[INFO] [stderr]    Compiling time-core v0.1.2
[INFO] [stderr]     Checking parking_lot v0.12.1
[INFO] [stderr]     Checking embedded-io v0.4.0
[INFO] [stdout] For more information about this error, try `rustc --explain E0635`.
[INFO] [stdout] 
[INFO] [stdout] For more information about this error, try `rustc --explain E0635`.
[INFO] [stdout] 
[INFO] [stderr] error: could not compile `ahash` (lib) due to 1 previous error
[INFO] [stderr] warning: build failed, waiting for other jobs to finish...
[INFO] [stderr] error: could not compile `ahash` (lib) due to 1 previous error
[INFO] running `Command { std: "docker" "inspect" "e961ae8af02468aaf83fcfdefd5756a8593fa74e03f9707f931d7c6b102081b8", kill_on_drop: false }`
[INFO] running `Command { std: "docker" "rm" "-f" "e961ae8af02468aaf83fcfdefd5756a8593fa74e03f9707f931d7c6b102081b8", kill_on_drop: false }`
[INFO] [stdout] e961ae8af02468aaf83fcfdefd5756a8593fa74e03f9707f931d7c6b102081b8
