[INFO] cloning repository https://github.com/plutoniumm/eisen
[INFO] running `Command { std: "git" "-c" "credential.helper=" "-c" "credential.helper=/workspace/cargo-home/bin/git-credential-null" "clone" "--bare" "https://github.com/plutoniumm/eisen" "/workspace/cache/git-repos/https%3A%2F%2Fgithub.com%2Fplutoniumm%2Feisen", kill_on_drop: false }`
[INFO] [stderr] Cloning into bare repository '/workspace/cache/git-repos/https%3A%2F%2Fgithub.com%2Fplutoniumm%2Feisen'...
[INFO] running `Command { std: "git" "rev-parse" "HEAD", kill_on_drop: false }`
[INFO] [stdout] 8af7007092b70bdc869324f06806c46eac91c263
[INFO] checking plutoniumm/eisen/8af7007092b70bdc869324f06806c46eac91c263 against 012c0bd4d516934012c9a1ecb26e9eb283d2ed75 for pr-133502-29
[INFO] running `Command { std: "git" "clone" "/workspace/cache/git-repos/https%3A%2F%2Fgithub.com%2Fplutoniumm%2Feisen" "/workspace/builds/worker-2-tc1/source", kill_on_drop: false }`
[INFO] [stderr] Cloning into '/workspace/builds/worker-2-tc1/source'...
[INFO] [stderr] done.
[INFO] started tweaking git repo https://github.com/plutoniumm/eisen
[INFO] finished tweaking git repo https://github.com/plutoniumm/eisen
[INFO] tweaked toml for git repo https://github.com/plutoniumm/eisen written to /workspace/builds/worker-2-tc1/source/Cargo.toml
[INFO] validating manifest of git repo https://github.com/plutoniumm/eisen on toolchain 012c0bd4d516934012c9a1ecb26e9eb283d2ed75
[INFO] running `Command { std: CARGO_HOME="/workspace/cargo-home" RUSTUP_HOME="/workspace/rustup-home" "/workspace/cargo-home/bin/cargo" "+012c0bd4d516934012c9a1ecb26e9eb283d2ed75" "metadata" "--manifest-path" "Cargo.toml" "--no-deps", kill_on_drop: false }`
[INFO] crate git repo https://github.com/plutoniumm/eisen already has a lockfile, it will not be regenerated
[INFO] running `Command { std: CARGO_HOME="/workspace/cargo-home" RUSTUP_HOME="/workspace/rustup-home" "/workspace/cargo-home/bin/cargo" "+012c0bd4d516934012c9a1ecb26e9eb283d2ed75" "fetch" "--manifest-path" "Cargo.toml", kill_on_drop: false }`
[INFO] running `Command { std: "docker" "create" "-v" "/var/lib/crater-agent-workspace/builds/worker-2-tc1/source:/opt/rustwide/workdir:ro,Z" "-v" "/var/lib/crater-agent-workspace/builds/worker-2-tc1/target:/opt/rustwide/target:rw,Z" "-v" "/var/lib/crater-agent-workspace/cargo-home:/opt/rustwide/cargo-home:ro,Z" "-v" "/var/lib/crater-agent-workspace/rustup-home:/opt/rustwide/rustup-home:ro,Z" "-m" "1610612736" "--network" "none" "ghcr.io/rust-lang/crates-build-env/linux@sha256:3111399a4047eeb3a02b7a90e478d715f38a8c6669b5c4b49d30a17385265909" "sleep" "infinity", kill_on_drop: false }`
[INFO] [stdout] 42ba79774bf34729383521d0eab7ed37a13dd31c378a89991646678a03450293
[INFO] running `Command { std: "docker" "start" "42ba79774bf34729383521d0eab7ed37a13dd31c378a89991646678a03450293", kill_on_drop: false }`
[INFO] running `Command { std: "docker" "inspect" "42ba79774bf34729383521d0eab7ed37a13dd31c378a89991646678a03450293", kill_on_drop: false }`
[INFO] running `Command { std: "docker" "exec" "-e" "SOURCE_DIR=/opt/rustwide/workdir" "-e" "CARGO_HOME=/opt/rustwide/cargo-home" "-e" "RUSTUP_HOME=/opt/rustwide/rustup-home" "-e" "CARGO_TARGET_DIR=/opt/rustwide/target" "-w" "/opt/rustwide/workdir" "--user" "0:0" "42ba79774bf34729383521d0eab7ed37a13dd31c378a89991646678a03450293" "/opt/rustwide/cargo-home/bin/cargo" "+012c0bd4d516934012c9a1ecb26e9eb283d2ed75" "metadata" "--no-deps" "--format-version=1", kill_on_drop: false }`
[INFO] running `Command { std: "docker" "inspect" "42ba79774bf34729383521d0eab7ed37a13dd31c378a89991646678a03450293", kill_on_drop: false }`
[INFO] running `Command { std: "docker" "exec" "-e" "SOURCE_DIR=/opt/rustwide/workdir" "-e" "CARGO_HOME=/opt/rustwide/cargo-home" "-e" "RUSTUP_HOME=/opt/rustwide/rustup-home" "-e" "CARGO_TARGET_DIR=/opt/rustwide/target" "-e" "CARGO_INCREMENTAL=0" "-e" "RUST_BACKTRACE=full" "-e" "RUSTFLAGS=--cap-lints=forbid" "-e" "RUSTDOCFLAGS=--cap-lints=forbid" "-w" "/opt/rustwide/workdir" "--user" "0:0" "42ba79774bf34729383521d0eab7ed37a13dd31c378a89991646678a03450293" "/opt/rustwide/cargo-home/bin/cargo" "+012c0bd4d516934012c9a1ecb26e9eb283d2ed75" "check" "--frozen" "--all" "--all-targets" "--message-format=json", kill_on_drop: false }`
[INFO] [stderr]    Compiling crossbeam-utils v0.8.22
[INFO] [stderr]    Compiling crossbeam-epoch v0.9.20
[INFO] [stderr]    Compiling crossbeam-deque v0.8.7
[INFO] [stderr]     Checking hybrid-array v0.4.13
[INFO] [stderr]    Compiling portable-atomic v1.14.0
[INFO] [stderr]    Compiling zstd-safe v7.2.4
[INFO] [stderr]     Checking base16ct v1.0.0
[INFO] [stderr]    Compiling cc v1.4.0
[INFO] [stderr]    Compiling curve25519-dalek v5.0.0
[INFO] [stderr]    Compiling rustix v1.1.4
[INFO] [stderr]     Checking signature v3.0.0
[INFO] [stderr]    Compiling syn v3.0.3
[INFO] [stderr]    Compiling syn v2.0.119
[INFO] [stderr]     Checking either v1.17.0
[INFO] [stderr]    Compiling virtue v0.0.18
[INFO] [stderr]     Checking subtle v2.6.1
[INFO] [stderr]     Checking clap_builder v4.6.2
[INFO] [stderr]     Checking console v0.16.4
[INFO] [stderr]     Checking getrandom v0.4.3
[INFO] [stderr]     Checking arrayvec v0.7.8
[INFO] [stderr]     Checking unit-prefix v0.5.2
[INFO] [stderr]     Checking unty v0.0.4
[INFO] [stderr]     Checking colored v3.1.1
[INFO] [stderr]     Checking rand v0.10.2
[INFO] [stderr]     Checking crossbeam-queue v0.3.13
[INFO] [stderr]     Checking crossbeam-channel v0.5.16
[INFO] [stderr]     Checking rayon-core v1.13.0
[INFO] [stderr]    Compiling bincode_derive v2.0.1
[INFO] [stderr]     Checking indicatif v0.18.6
[INFO] [stderr]     Checking crossbeam v0.8.4
[INFO] [stderr]     Checking rayon v1.12.0
[INFO] [stderr]     Checking crypto-common v0.2.2
[INFO] [stderr]     Checking block-buffer v0.12.1
[INFO] [stderr]    Compiling zstd-sys v2.0.16+zstd.1.5.7
[INFO] [stderr]    Compiling blake3 v1.8.5
[INFO] [stderr]     Checking digest v0.11.3
[INFO] [stderr]     Checking sha2 v0.11.0
[INFO] [stderr]    Compiling curve25519-dalek-derive v0.1.1
[INFO] [stderr]     Checking xattr v1.6.1
[INFO] [stderr]    Compiling serde_derive v1.0.229
[INFO] [stderr]    Compiling clap_derive v4.6.4
[INFO] [stderr]     Checking jwalk v0.8.1
[INFO] [stderr]     Checking clap v4.6.4
[INFO] [stderr]     Checking zstd v0.13.3
[INFO] [stderr]     Checking serde v1.0.229
[INFO] [stderr]     Checking serdect v0.4.3
[INFO] [stderr]     Checking bincode v2.0.1
[INFO] [stderr]     Checking chrono v0.4.45
[INFO] [stderr]     Checking ed25519 v3.0.0
[INFO] [stderr]     Checking ed25519-dalek v3.0.0
[INFO] [stderr]     Checking eisen v0.2.2 (/opt/rustwide/workdir)
[INFO] [stdout] error[E0425]: cannot find function `chflags` in crate `libc`
[INFO] [stdout]   --> src/platform/macos/mod.rs:24:34
[INFO] [stdout]    |
[INFO] [stdout] 24 |         let res = unsafe { libc::chflags(c_path.as_ptr(), libc::UF_IMMUTABLE) };
[INFO] [stdout]    |                                  ^^^^^^^ not found in `libc`
[INFO] [stdout] 
[INFO] [stdout] 
[INFO] [stdout] error[E0425]: cannot find value `UF_IMMUTABLE` in crate `libc`
[INFO] [stdout]    --> src/platform/macos/mod.rs:24:65
[INFO] [stdout]     |
[INFO] [stdout]  24 |         let res = unsafe { libc::chflags(c_path.as_ptr(), libc::UF_IMMUTABLE) };
[INFO] [stdout]     |                                                                 ^^^^^^^^^^^^ not found in `libc`
[INFO] [stdout]     |
[INFO] [stdout] note: similarly named constant `ST_IMMUTABLE` defined here
[INFO] [stdout]    --> /opt/rustwide/cargo-home/registry/src/index.crates.io-1949cf8c6b5b557f/libc-0.2.189/src/unix/linux_like/linux_l4re_shared.rs:915:1
[INFO] [stdout]     |
[INFO] [stdout] 915 | pub const ST_IMMUTABLE: c_ulong = 512;
[INFO] [stdout]     | ^^^^^^^^^^^^^^^^^^^^^^^^^^^^^^^
[INFO] [stdout] help: a constant with a similar name exists
[INFO] [stdout]     |
[INFO] [stdout]  24 -         let res = unsafe { libc::chflags(c_path.as_ptr(), libc::UF_IMMUTABLE) };
[INFO] [stdout]  24 +         let res = unsafe { libc::chflags(c_path.as_ptr(), libc::ST_IMMUTABLE) };
[INFO] [stdout]     |
[INFO] [stdout] 
[INFO] [stdout] 
[INFO] [stdout] error[E0425]: cannot find function `chflags` in crate `libc`
[INFO] [stdout]   --> src/platform/macos/mod.rs:35:34
[INFO] [stdout]    |
[INFO] [stdout] 35 |         let res = unsafe { libc::chflags(c_path.as_ptr(), 0) };
[INFO] [stdout]    |                                  ^^^^^^^ not found in `libc`
[INFO] [stdout] 
[INFO] [stdout] 
[INFO] [stdout] error[E0425]: cannot find function `chflags` in crate `libc`
[INFO] [stdout]   --> src/platform/macos/mod.rs:24:34
[INFO] [stdout]    |
[INFO] [stdout] 24 |         let res = unsafe { libc::chflags(c_path.as_ptr(), libc::UF_IMMUTABLE) };
[INFO] [stdout]    |                                  ^^^^^^^ not found in `libc`
[INFO] [stdout] 
[INFO] [stdout] 
[INFO] [stdout] error[E0425]: cannot find value `UF_IMMUTABLE` in crate `libc`
[INFO] [stdout]    --> src/platform/macos/mod.rs:24:65
[INFO] [stdout]     |
[INFO] [stdout]  24 |         let res = unsafe { libc::chflags(c_path.as_ptr(), libc::UF_IMMUTABLE) };
[INFO] [stdout]     |                                                                 ^^^^^^^^^^^^ not found in `libc`
[INFO] [stdout]     |
[INFO] [stdout] note: similarly named constant `ST_IMMUTABLE` defined here
[INFO] [stdout]    --> /opt/rustwide/cargo-home/registry/src/index.crates.io-1949cf8c6b5b557f/libc-0.2.189/src/unix/linux_like/linux_l4re_shared.rs:915:1
[INFO] [stdout]     |
[INFO] [stdout] 915 | pub const ST_IMMUTABLE: c_ulong = 512;
[INFO] [stdout]     | ^^^^^^^^^^^^^^^^^^^^^^^^^^^^^^^
[INFO] [stdout] help: a constant with a similar name exists
[INFO] [stdout]     |
[INFO] [stdout]  24 -         let res = unsafe { libc::chflags(c_path.as_ptr(), libc::UF_IMMUTABLE) };
[INFO] [stdout]  24 +         let res = unsafe { libc::chflags(c_path.as_ptr(), libc::ST_IMMUTABLE) };
[INFO] [stdout]     |
[INFO] [stdout] 
[INFO] [stdout] 
[INFO] [stdout] error[E0425]: cannot find function `chflags` in crate `libc`
[INFO] [stdout]   --> src/platform/macos/mod.rs:35:34
[INFO] [stdout]    |
[INFO] [stdout] 35 |         let res = unsafe { libc::chflags(c_path.as_ptr(), 0) };
[INFO] [stdout]    |                                  ^^^^^^^ not found in `libc`
[INFO] [stdout] 
[INFO] [stdout] 
[INFO] [stdout] For more information about this error, try `rustc --explain E0425`.
[INFO] [stdout] 
[INFO] [stderr] error: could not compile `eisen` (bin "eisen") due to 3 previous errors
[INFO] [stderr] warning: build failed, waiting for other jobs to finish...
[INFO] [stdout] For more information about this error, try `rustc --explain E0425`.
[INFO] [stdout] 
[INFO] [stderr] error: could not compile `eisen` (bin "eisen" test) due to 3 previous errors
[INFO] running `Command { std: "docker" "inspect" "42ba79774bf34729383521d0eab7ed37a13dd31c378a89991646678a03450293", kill_on_drop: false }`
[INFO] running `Command { std: "docker" "rm" "-f" "42ba79774bf34729383521d0eab7ed37a13dd31c378a89991646678a03450293", kill_on_drop: false }`
[INFO] [stdout] 42ba79774bf34729383521d0eab7ed37a13dd31c378a89991646678a03450293
