[INFO] cloning repository https://github.com/nebler/fileseverywhere
[INFO] running `Command { std: "git" "-c" "credential.helper=" "-c" "credential.helper=/workspace/cargo-home/bin/git-credential-null" "clone" "--bare" "https://github.com/nebler/fileseverywhere" "/workspace/cache/git-repos/https%3A%2F%2Fgithub.com%2Fnebler%2Ffileseverywhere", kill_on_drop: false }`
[INFO] [stderr] Cloning into bare repository '/workspace/cache/git-repos/https%3A%2F%2Fgithub.com%2Fnebler%2Ffileseverywhere'...
[INFO] running `Command { std: "git" "rev-parse" "HEAD", kill_on_drop: false }`
[INFO] [stdout] 8f2aef97f7066a79b3e3ce5958ebd8231a1507ab
[INFO] checking nebler/fileseverywhere against 5b237c915528dadada3f674b90c7c80368b632be for pr-133502-29
[INFO] running `Command { std: "git" "clone" "/workspace/cache/git-repos/https%3A%2F%2Fgithub.com%2Fnebler%2Ffileseverywhere" "/workspace/builds/worker-3-tc2/source", kill_on_drop: false }`
[INFO] [stderr] Cloning into '/workspace/builds/worker-3-tc2/source'...
[INFO] [stderr] done.
[INFO] started tweaking git repo https://github.com/nebler/fileseverywhere
[INFO] finished tweaking git repo https://github.com/nebler/fileseverywhere
[INFO] tweaked toml for git repo https://github.com/nebler/fileseverywhere written to /workspace/builds/worker-3-tc2/source/Cargo.toml
[INFO] validating manifest of git repo https://github.com/nebler/fileseverywhere on toolchain 5b237c915528dadada3f674b90c7c80368b632be
[INFO] running `Command { std: CARGO_HOME="/workspace/cargo-home" RUSTUP_HOME="/workspace/rustup-home" "/workspace/cargo-home/bin/cargo" "+5b237c915528dadada3f674b90c7c80368b632be" "metadata" "--manifest-path" "Cargo.toml" "--no-deps", kill_on_drop: false }`
[INFO] crate git repo https://github.com/nebler/fileseverywhere already has a lockfile, it will not be regenerated
[INFO] running `Command { std: CARGO_HOME="/workspace/cargo-home" RUSTUP_HOME="/workspace/rustup-home" "/workspace/cargo-home/bin/cargo" "+5b237c915528dadada3f674b90c7c80368b632be" "fetch" "--manifest-path" "Cargo.toml", kill_on_drop: false }`
[INFO] [stderr]     Blocking waiting for file lock on package cache
[INFO] [stderr]     Blocking waiting for file lock on package cache
[INFO] [stderr]  Downloading crates ...
[INFO] [stderr]   Downloaded async-trait v0.1.77
[INFO] [stderr]   Downloaded proc-macro2 v1.0.74
[INFO] [stderr]   Downloaded mio v0.8.10
[INFO] [stderr]   Downloaded syn v2.0.46
[INFO] running `Command { std: "docker" "create" "-v" "/var/lib/crater-agent-workspace/builds/worker-3-tc2/source:/opt/rustwide/workdir:ro,Z" "-v" "/var/lib/crater-agent-workspace/builds/worker-3-tc2/target:/opt/rustwide/target:rw,Z" "-v" "/var/lib/crater-agent-workspace/cargo-home:/opt/rustwide/cargo-home:ro,Z" "-v" "/var/lib/crater-agent-workspace/rustup-home:/opt/rustwide/rustup-home:ro,Z" "-m" "1610612736" "--network" "none" "ghcr.io/rust-lang/crates-build-env/linux@sha256:3111399a4047eeb3a02b7a90e478d715f38a8c6669b5c4b49d30a17385265909" "sleep" "infinity", kill_on_drop: false }`
[INFO] [stdout] d7441f042c8b9e1fe729c82ddf6082fced4409086435012efc198318e2d7e5bb
[INFO] running `Command { std: "docker" "start" "d7441f042c8b9e1fe729c82ddf6082fced4409086435012efc198318e2d7e5bb", kill_on_drop: false }`
[INFO] running `Command { std: "docker" "inspect" "d7441f042c8b9e1fe729c82ddf6082fced4409086435012efc198318e2d7e5bb", kill_on_drop: false }`
[INFO] running `Command { std: "docker" "exec" "-e" "SOURCE_DIR=/opt/rustwide/workdir" "-e" "CARGO_HOME=/opt/rustwide/cargo-home" "-e" "RUSTUP_HOME=/opt/rustwide/rustup-home" "-e" "CARGO_TARGET_DIR=/opt/rustwide/target" "-w" "/opt/rustwide/workdir" "--user" "0:0" "d7441f042c8b9e1fe729c82ddf6082fced4409086435012efc198318e2d7e5bb" "/opt/rustwide/cargo-home/bin/cargo" "+5b237c915528dadada3f674b90c7c80368b632be" "metadata" "--no-deps" "--format-version=1", kill_on_drop: false }`
[INFO] running `Command { std: "docker" "inspect" "d7441f042c8b9e1fe729c82ddf6082fced4409086435012efc198318e2d7e5bb", kill_on_drop: false }`
[INFO] running `Command { std: "docker" "exec" "-e" "SOURCE_DIR=/opt/rustwide/workdir" "-e" "CARGO_HOME=/opt/rustwide/cargo-home" "-e" "RUSTUP_HOME=/opt/rustwide/rustup-home" "-e" "CARGO_TARGET_DIR=/opt/rustwide/target" "-e" "CARGO_INCREMENTAL=0" "-e" "RUST_BACKTRACE=full" "-e" "RUSTFLAGS=--cap-lints=forbid" "-e" "RUSTDOCFLAGS=--cap-lints=forbid" "-w" "/opt/rustwide/workdir" "--user" "0:0" "d7441f042c8b9e1fe729c82ddf6082fced4409086435012efc198318e2d7e5bb" "/opt/rustwide/cargo-home/bin/cargo" "+5b237c915528dadada3f674b90c7c80368b632be" "check" "--frozen" "--all" "--all-targets" "--message-format=json", kill_on_drop: false }`
[INFO] [stderr]    Compiling proc-macro2 v1.0.74
[INFO] [stderr]    Compiling libc v0.2.151
[INFO] [stderr]    Compiling slab v0.4.9
[INFO] [stderr]    Compiling lock_api v0.4.11
[INFO] [stderr]     Checking futures-sink v0.3.30
[INFO] [stderr]    Compiling parking_lot_core v0.9.9
[INFO] [stderr]     Checking pin-project-lite v0.2.13
[INFO] [stderr]     Checking futures-core v0.3.30
[INFO] [stderr]     Checking memchr v2.7.1
[INFO] [stderr]     Checking futures-task v0.3.30
[INFO] [stderr]     Checking smallvec v1.11.2
[INFO] [stderr]     Checking futures-io v0.3.30
[INFO] [stderr]    Compiling async-trait v0.1.77
[INFO] [stderr]     Checking cpufeatures v0.2.12
[INFO] [stderr]    Compiling generic-array v0.14.7
[INFO] [stderr]     Checking bytes v1.5.0
[INFO] [stderr]     Checking futures-channel v0.3.30
[INFO] [stderr]     Checking block-buffer v0.10.4
[INFO] [stderr]     Checking crypto-common v0.1.6
[INFO] [stderr]     Checking digest v0.10.7
[INFO] [stderr]     Checking socket2 v0.5.5
[INFO] [stderr]     Checking mio v0.8.10
[INFO] [stderr]     Checking num_cpus v1.16.0
[INFO] [stderr]     Checking signal-hook-registry v1.4.1
[INFO] [stderr]     Checking sha1 v0.10.6
[INFO] [stderr]    Compiling quote v1.0.35
[INFO] [stderr]     Checking parking_lot v0.12.1
[INFO] [stderr]    Compiling syn v2.0.46
[INFO] [stderr]    Compiling futures-macro v0.3.30
[INFO] [stderr]    Compiling tokio-macros v2.2.0
[INFO] [stderr]     Checking tokio v1.35.1
[INFO] [stderr]     Checking futures-util v0.3.30
[INFO] [stderr]     Checking futures-executor v0.3.30
[INFO] [stderr]     Checking futures v0.3.30
[INFO] [stderr]     Checking fileseverywhere v0.1.0 (/opt/rustwide/workdir)
[INFO] [stdout] warning: unused imports: `future::TryFutureExt` and `try_join`
[INFO] [stdout]  --> src/main.rs:1:15
[INFO] [stdout]   |
[INFO] [stdout] 1 | use futures::{future::TryFutureExt, try_join};
[INFO] [stdout]   |               ^^^^^^^^^^^^^^^^^^^^  ^^^^^^^^
[INFO] [stdout]   |
[INFO] [stdout]   = note: `#[warn(unused_imports)]` (part of `#[warn(unused)]`) on by default
[INFO] [stdout] 
[INFO] [stdout] 
[INFO] [stdout] warning: unused imports: `future::TryFutureExt` and `try_join`
[INFO] [stdout]  --> src/main.rs:1:15
[INFO] [stdout]   |
[INFO] [stdout] 1 | use futures::{future::TryFutureExt, try_join};
[INFO] [stdout]   |               ^^^^^^^^^^^^^^^^^^^^  ^^^^^^^^
[INFO] [stdout]   |
[INFO] [stdout]   = note: `#[warn(unused_imports)]` (part of `#[warn(unused)]`) on by default
[INFO] [stdout] 
[INFO] [stdout] 
[INFO] [stdout] warning: unnecessary parentheses around `if` condition
[INFO] [stdout]   --> src/p2p/tcp_transport.rs:43:16
[INFO] [stdout]    |
[INFO] [stdout] 43 |             if (rpc.stream) {
[INFO] [stdout]    |                ^          ^
[INFO] [stdout]    |
[INFO] [stdout]    = note: `#[warn(unused_parens)]` (part of `#[warn(unused)]`) on by default
[INFO] [stdout] help: remove these parentheses
[INFO] [stdout]    |
[INFO] [stdout] 43 -             if (rpc.stream) {
[INFO] [stdout] 43 +             if rpc.stream {
[INFO] [stdout]    |
[INFO] [stdout] 
[INFO] [stdout] 
[INFO] [stdout] warning: unused import: `Write`
[INFO] [stdout]  --> src/server/store.rs:2:27
[INFO] [stdout]   |
[INFO] [stdout] 2 | use std::io::{self, Read, Write};
[INFO] [stdout]   |                           ^^^^^
[INFO] [stdout] 
[INFO] [stdout] 
[INFO] [stdout] warning: unused imports: `PathBuf` and `Path`
[INFO] [stdout]  --> src/server/store.rs:3:17
[INFO] [stdout]   |
[INFO] [stdout] 3 | use std::path::{Path, PathBuf};
[INFO] [stdout]   |                 ^^^^  ^^^^^^^
[INFO] [stdout] 
[INFO] [stdout] 
[INFO] [stdout] warning: unnecessary parentheses around `if` condition
[INFO] [stdout]   --> src/p2p/tcp_transport.rs:43:16
[INFO] [stdout]    |
[INFO] [stdout] 43 |             if (rpc.stream) {
[INFO] [stdout]    |                ^          ^
[INFO] [stdout]    |
[INFO] [stdout]    = note: `#[warn(unused_parens)]` (part of `#[warn(unused)]`) on by default
[INFO] [stdout] help: remove these parentheses
[INFO] [stdout]    |
[INFO] [stdout] 43 -             if (rpc.stream) {
[INFO] [stdout] 43 +             if rpc.stream {
[INFO] [stdout]    |
[INFO] [stdout] 
[INFO] [stdout] 
[INFO] [stdout] warning: unused import: `Write`
[INFO] [stdout]  --> src/server/store.rs:2:27
[INFO] [stdout]   |
[INFO] [stdout] 2 | use std::io::{self, Read, Write};
[INFO] [stdout]   |                           ^^^^^
[INFO] [stdout] 
[INFO] [stdout] 
[INFO] [stdout] warning: unused imports: `PathBuf` and `Path`
[INFO] [stdout]  --> src/server/store.rs:3:17
[INFO] [stdout]   |
[INFO] [stdout] 3 | use std::path::{Path, PathBuf};
[INFO] [stdout]   |                 ^^^^  ^^^^^^^
[INFO] [stdout] 
[INFO] [stdout] 
[INFO] [stdout] error[E0277]: `?` couldn't convert the error to `std::fmt::Error`
[INFO] [stdout]   --> src/p2p/tcp_transport.rs:72:60
[INFO] [stdout]    |
[INFO] [stdout] 72 |         let connection = TcpStream::connect(&address).await?;
[INFO] [stdout]    |                          ----------------------------------^ the trait `From<std::io::Error>` is not implemented for `std::fmt::Error`
[INFO] [stdout]    |                          |
[INFO] [stdout]    |                          this can't be annotated with `?` because it has type `Result<_, std::io::Error>`
[INFO] [stdout]    |
[INFO] [stdout]    = note: the question mark operation (`?`) implicitly performs a conversion on the error value using the `From` trait
[INFO] [stdout] 
[INFO] [stdout] 
[INFO] [stdout] error[E0277]: `?` couldn't convert the error to `std::fmt::Error`
[INFO] [stdout]   --> src/p2p/tcp_transport.rs:72:60
[INFO] [stdout]    |
[INFO] [stdout] 72 |         let connection = TcpStream::connect(&address).await?;
[INFO] [stdout]    |                          ----------------------------------^ the trait `From<std::io::Error>` is not implemented for `std::fmt::Error`
[INFO] [stdout]    |                          |
[INFO] [stdout]    |                          this can't be annotated with `?` because it has type `Result<_, std::io::Error>`
[INFO] [stdout]    |
[INFO] [stdout]    = note: the question mark operation (`?`) implicitly performs a conversion on the error value using the `From` trait
[INFO] [stdout] 
[INFO] [stdout] 
[INFO] [stdout] error[E0599]: no method named `is_err` found for mutable reference `&mut TCPTransport` in the current scope
[INFO] [stdout]   --> src/main.rs:10:23
[INFO] [stdout]    |
[INFO] [stdout] 10 |     if let Err(err) = tokio::try_join!(tcp, tcp2, tcp3) {
[INFO] [stdout]    |                       ^^^^^^^^^^^^^^^^^^^^^^^^^^^^^^^^^ method not found in `&mut TCPTransport`
[INFO] [stdout]    |
[INFO] [stdout]    = note: this error originates in the macro `$crate::try_join` which comes from the expansion of the macro `tokio::try_join` (in Nightly builds, run with -Z macro-backtrace for more info)
[INFO] [stdout] 
[INFO] [stdout] 
[INFO] [stdout] error[E0599]: no method named `is_err` found for mutable reference `&mut TCPTransport` in the current scope
[INFO] [stdout]   --> src/main.rs:10:23
[INFO] [stdout]    |
[INFO] [stdout] 10 |     if let Err(err) = tokio::try_join!(tcp, tcp2, tcp3) {
[INFO] [stdout]    |                       ^^^^^^^^^^^^^^^^^^^^^^^^^^^^^^^^^ method not found in `&mut TCPTransport`
[INFO] [stdout]    |
[INFO] [stdout]    = note: this error originates in the macro `$crate::try_join` which comes from the expansion of the macro `tokio::try_join` (in Nightly builds, run with -Z macro-backtrace for more info)
[INFO] [stdout] 
[INFO] [stdout] 
[INFO] [stdout] error[E0599]: no method named `err` found for struct `TCPTransport` in the current scope
[INFO] [stdout]   --> src/main.rs:10:23
[INFO] [stdout]    |
[INFO] [stdout] 10 |     if let Err(err) = tokio::try_join!(tcp, tcp2, tcp3) {
[INFO] [stdout]    |                       ^^^^^^^^^^^^^^^^^^^^^^^^^^^^^^^^^ method not found in `TCPTransport`
[INFO] [stdout]    |
[INFO] [stdout]   ::: src/p2p/tcp_transport.rs:12:1
[INFO] [stdout]    |
[INFO] [stdout] 12 | pub struct TCPTransport {
[INFO] [stdout]    | ----------------------- method `err` not found for this struct
[INFO] [stdout]    |
[INFO] [stdout]    = note: this error originates in the macro `$crate::try_join` which comes from the expansion of the macro `tokio::try_join` (in Nightly builds, run with -Z macro-backtrace for more info)
[INFO] [stdout] 
[INFO] [stdout] 
[INFO] [stdout] error[E0599]: no method named `err` found for struct `TCPTransport` in the current scope
[INFO] [stdout]   --> src/main.rs:10:23
[INFO] [stdout]    |
[INFO] [stdout] 10 |     if let Err(err) = tokio::try_join!(tcp, tcp2, tcp3) {
[INFO] [stdout]    |                       ^^^^^^^^^^^^^^^^^^^^^^^^^^^^^^^^^ method not found in `TCPTransport`
[INFO] [stdout]    |
[INFO] [stdout]   ::: src/p2p/tcp_transport.rs:12:1
[INFO] [stdout]    |
[INFO] [stdout] 12 | pub struct TCPTransport {
[INFO] [stdout]    | ----------------------- method `err` not found for this struct
[INFO] [stdout]    |
[INFO] [stdout]    = note: this error originates in the macro `$crate::try_join` which comes from the expansion of the macro `tokio::try_join` (in Nightly builds, run with -Z macro-backtrace for more info)
[INFO] [stdout] 
[INFO] [stdout] 
[INFO] [stdout] error[E0599]: no method named `ok` found for struct `TCPTransport` in the current scope
[INFO] [stdout]    --> src/main.rs:10:23
[INFO] [stdout]     |
[INFO] [stdout]  10 |     if let Err(err) = tokio::try_join!(tcp, tcp2, tcp3) {
[INFO] [stdout]     |                       ^^^^^^^^^^^^^^^^^^^^^^^^^^^^^^^^^ method not found in `TCPTransport`
[INFO] [stdout]     |
[INFO] [stdout]    ::: src/p2p/tcp_transport.rs:12:1
[INFO] [stdout]     |
[INFO] [stdout]  12 | pub struct TCPTransport {
[INFO] [stdout]     | ----------------------- method `ok` not found for this struct
[INFO] [stdout]     |
[INFO] [stdout]    ::: /opt/rustwide/cargo-home/registry/src/index.crates.io-1949cf8c6b5b557f/tokio-1.35.1/src/macros/try_join.rs:195
[INFO] [stdout]     |
[INFO] [stdout] 195 |                     fut
[INFO] [stdout] 196 |                         .take_output()
[INFO] [stdout] 197 |                         .expect("expected completed future")
[INFO] [stdout] 198 |                         .ok()
[INFO] [stdout]     |
[INFO] [stdout]     = note: this error originates in the macro `$crate::try_join` which comes from the expansion of the macro `tokio::try_join` (in Nightly builds, run with -Z macro-backtrace for more info)
[INFO] [stdout] 
[INFO] [stdout] 
[INFO] [stdout] error[E0599]: no method named `ok` found for struct `TCPTransport` in the current scope
[INFO] [stdout]    --> src/main.rs:10:23
[INFO] [stdout]     |
[INFO] [stdout]  10 |     if let Err(err) = tokio::try_join!(tcp, tcp2, tcp3) {
[INFO] [stdout]     |                       ^^^^^^^^^^^^^^^^^^^^^^^^^^^^^^^^^ method not found in `TCPTransport`
[INFO] [stdout]     |
[INFO] [stdout]    ::: src/p2p/tcp_transport.rs:12:1
[INFO] [stdout]     |
[INFO] [stdout]  12 | pub struct TCPTransport {
[INFO] [stdout]     | ----------------------- method `ok` not found for this struct
[INFO] [stdout]     |
[INFO] [stdout]    ::: /opt/rustwide/cargo-home/registry/src/index.crates.io-1949cf8c6b5b557f/tokio-1.35.1/src/macros/try_join.rs:195
[INFO] [stdout]     |
[INFO] [stdout] 195 |                     fut
[INFO] [stdout] 196 |                         .take_output()
[INFO] [stdout] 197 |                         .expect("expected completed future")
[INFO] [stdout] 198 |                         .ok()
[INFO] [stdout]     |
[INFO] [stdout]     = note: this error originates in the macro `$crate::try_join` which comes from the expansion of the macro `tokio::try_join` (in Nightly builds, run with -Z macro-backtrace for more info)
[INFO] [stdout] 
[INFO] [stdout] 
[INFO] [stdout] warning: unused import: `Read`
[INFO] [stdout]  --> src/p2p/decoder.rs:1:21
[INFO] [stdout]   |
[INFO] [stdout] 1 | use std::io::{self, Read};
[INFO] [stdout]   |                     ^^^^
[INFO] [stdout] 
[INFO] [stdout] 
[INFO] [stdout] warning: unused variable: `peer`
[INFO] [stdout]   --> src/p2p/tcp_transport.rs:46:17
[INFO] [stdout]    |
[INFO] [stdout] 46 |             let peer = TcpPeer {
[INFO] [stdout]    |                 ^^^^ help: if this is intentional, prefix it with an underscore: `_peer`
[INFO] [stdout]    |
[INFO] [stdout]    = note: `#[warn(unused_variables)]` (part of `#[warn(unused)]`) on by default
[INFO] [stdout] 
[INFO] [stdout] 
[INFO] [stdout] warning: unused variable: `path_key`
[INFO] [stdout]   --> src/server/store.rs:78:14
[INFO] [stdout]    |
[INFO] [stdout] 78 |         let (path_key, mut file) = self.open_file_for_writing(id, key)?;
[INFO] [stdout]    |              ^^^^^^^^ help: if this is intentional, prefix it with an underscore: `_path_key`
[INFO] [stdout] 
[INFO] [stdout] 
[INFO] [stdout] Some errors have detailed explanations: E0277, E0599.
[INFO] [stdout] 
[INFO] [stdout] For more information about an error, try `rustc --explain E0277`.
[INFO] [stdout] 
[INFO] [stdout] warning: unused import: `Read`
[INFO] [stdout]  --> src/p2p/decoder.rs:1:21
[INFO] [stdout]   |
[INFO] [stdout] 1 | use std::io::{self, Read};
[INFO] [stdout]   |                     ^^^^
[INFO] [stdout] 
[INFO] [stdout] 
[INFO] [stderr] error: could not compile `fileseverywhere` (bin "fileseverywhere") due to 4 previous errors; 7 warnings emitted
[INFO] [stderr] warning: build failed, waiting for other jobs to finish...
[INFO] [stdout] warning: unused variable: `peer`
[INFO] [stdout]   --> src/p2p/tcp_transport.rs:46:17
[INFO] [stdout]    |
[INFO] [stdout] 46 |             let peer = TcpPeer {
[INFO] [stdout]    |                 ^^^^ help: if this is intentional, prefix it with an underscore: `_peer`
[INFO] [stdout]    |
[INFO] [stdout]    = note: `#[warn(unused_variables)]` (part of `#[warn(unused)]`) on by default
[INFO] [stdout] 
[INFO] [stdout] 
[INFO] [stdout] warning: unused variable: `path_key`
[INFO] [stdout]   --> src/server/store.rs:78:14
[INFO] [stdout]    |
[INFO] [stdout] 78 |         let (path_key, mut file) = self.open_file_for_writing(id, key)?;
[INFO] [stdout]    |              ^^^^^^^^ help: if this is intentional, prefix it with an underscore: `_path_key`
[INFO] [stdout] 
[INFO] [stdout] 
[INFO] [stdout] Some errors have detailed explanations: E0277, E0599.
[INFO] [stdout] 
[INFO] [stdout] For more information about an error, try `rustc --explain E0277`.
[INFO] [stdout] 
[INFO] [stderr] error: could not compile `fileseverywhere` (bin "fileseverywhere" test) due to 4 previous errors; 7 warnings emitted
[INFO] [stderr] warning: unused dependency `async-trait`
[INFO] [stderr]  --> Cargo.toml:2:1
[INFO] [stderr]   |
[INFO] [stderr] 2 | async-trait = "0.1.77"
[INFO] [stderr]   | ^^^^^^^^^^^^^^^^^^^^^^
[INFO] [stderr]   |
[INFO] [stderr]   = note: `cargo::unused_dependencies` is set to `warn` by default
[INFO] [stderr] help: consider removing the dependency on `async-trait`
[INFO] [stderr] warning: unused dependency `hex`
[INFO] [stderr]  --> Cargo.toml:4:1
[INFO] [stderr]   |
[INFO] [stderr] 4 | hex = "0.4"
[INFO] [stderr]   | ^^^^^^^^^^^
[INFO] [stderr]   |
[INFO] [stderr] help: consider removing the dependency on `hex`
[INFO] [stderr] warning: unused dependency `sha1`
[INFO] [stderr]  --> Cargo.toml:5:1
[INFO] [stderr]   |
[INFO] [stderr] 5 | sha1 = "0.10"
[INFO] [stderr]   | ^^^^^^^^^^^^^
[INFO] [stderr]   |
[INFO] [stderr] help: consider removing the dependency on `sha1`
[INFO] [stderr] warning: `fileseverywhere` (manifest) generated 3 warnings
[INFO] running `Command { std: "docker" "inspect" "d7441f042c8b9e1fe729c82ddf6082fced4409086435012efc198318e2d7e5bb", kill_on_drop: false }`
[INFO] running `Command { std: "docker" "rm" "-f" "d7441f042c8b9e1fe729c82ddf6082fced4409086435012efc198318e2d7e5bb", kill_on_drop: false }`
[INFO] [stdout] d7441f042c8b9e1fe729c82ddf6082fced4409086435012efc198318e2d7e5bb
