[INFO] cloning repository https://github.com/misty1999/rusberry-pi
[INFO] running `Command { std: "git" "-c" "credential.helper=" "-c" "credential.helper=/workspace/cargo-home/bin/git-credential-null" "clone" "--bare" "https://github.com/misty1999/rusberry-pi" "/workspace/cache/git-repos/https%3A%2F%2Fgithub.com%2Fmisty1999%2Frusberry-pi", kill_on_drop: false }`
[INFO] [stderr] Cloning into bare repository '/workspace/cache/git-repos/https%3A%2F%2Fgithub.com%2Fmisty1999%2Frusberry-pi'...
[INFO] running `Command { std: "git" "rev-parse" "HEAD", kill_on_drop: false }`
[INFO] [stdout] 7ce1b0371630e185758ed9893f1b1b2230e1324e
[INFO] checking misty1999/rusberry-pi against 5b237c915528dadada3f674b90c7c80368b632be for pr-133502-29
[INFO] running `Command { std: "git" "clone" "/workspace/cache/git-repos/https%3A%2F%2Fgithub.com%2Fmisty1999%2Frusberry-pi" "/workspace/builds/worker-4-tc2/source", kill_on_drop: false }`
[INFO] [stderr] Cloning into '/workspace/builds/worker-4-tc2/source'...
[INFO] [stderr] done.
[INFO] started tweaking git repo https://github.com/misty1999/rusberry-pi
[INFO] finished tweaking git repo https://github.com/misty1999/rusberry-pi
[INFO] tweaked toml for git repo https://github.com/misty1999/rusberry-pi written to /workspace/builds/worker-4-tc2/source/Cargo.toml
[INFO] validating manifest of git repo https://github.com/misty1999/rusberry-pi on toolchain 5b237c915528dadada3f674b90c7c80368b632be
[INFO] running `Command { std: CARGO_HOME="/workspace/cargo-home" RUSTUP_HOME="/workspace/rustup-home" "/workspace/cargo-home/bin/cargo" "+5b237c915528dadada3f674b90c7c80368b632be" "metadata" "--manifest-path" "Cargo.toml" "--no-deps", kill_on_drop: false }`
[INFO] crate git repo https://github.com/misty1999/rusberry-pi already has a lockfile, it will not be regenerated
[INFO] running `Command { std: CARGO_HOME="/workspace/cargo-home" RUSTUP_HOME="/workspace/rustup-home" "/workspace/cargo-home/bin/cargo" "+5b237c915528dadada3f674b90c7c80368b632be" "fetch" "--manifest-path" "Cargo.toml", kill_on_drop: false }`
[INFO] [stderr]     Blocking waiting for file lock on package cache
[INFO] [stderr]     Updating crates.io index
[INFO] [stderr]     Blocking waiting for file lock on package cache
[ERROR] error running command: no output for 300 seconds
[INFO] checking misty1999/rusberry-pi against 5b237c915528dadada3f674b90c7c80368b632be for pr-133502-29
[INFO] running `Command { std: "git" "clone" "/workspace/cache/git-repos/https%3A%2F%2Fgithub.com%2Fmisty1999%2Frusberry-pi" "/workspace/builds/worker-4-tc2/source", kill_on_drop: false }`
[INFO] [stderr] Cloning into '/workspace/builds/worker-4-tc2/source'...
[INFO] [stderr] done.
[INFO] started tweaking git repo https://github.com/misty1999/rusberry-pi
[INFO] finished tweaking git repo https://github.com/misty1999/rusberry-pi
[INFO] tweaked toml for git repo https://github.com/misty1999/rusberry-pi written to /workspace/builds/worker-4-tc2/source/Cargo.toml
[INFO] validating manifest of git repo https://github.com/misty1999/rusberry-pi on toolchain 5b237c915528dadada3f674b90c7c80368b632be
[INFO] running `Command { std: CARGO_HOME="/workspace/cargo-home" RUSTUP_HOME="/workspace/rustup-home" "/workspace/cargo-home/bin/cargo" "+5b237c915528dadada3f674b90c7c80368b632be" "metadata" "--manifest-path" "Cargo.toml" "--no-deps", kill_on_drop: false }`
[INFO] crate git repo https://github.com/misty1999/rusberry-pi already has a lockfile, it will not be regenerated
[INFO] running `Command { std: CARGO_HOME="/workspace/cargo-home" RUSTUP_HOME="/workspace/rustup-home" "/workspace/cargo-home/bin/cargo" "+5b237c915528dadada3f674b90c7c80368b632be" "fetch" "--manifest-path" "Cargo.toml", kill_on_drop: false }`
[INFO] [stderr]     Blocking waiting for file lock on package cache
[INFO] [stderr]     Blocking waiting for file lock on package cache
[INFO] [stderr]  Downloading crates ...
[INFO] [stderr]   Downloaded candle-onnx v0.5.1
[INFO] [stderr]   Downloaded clang v2.0.0
[INFO] [stderr]   Downloaded candle-nn v0.5.1
[INFO] [stderr]   Downloaded opencv-binding-generator v0.90.2
[INFO] [stderr]   Downloaded ndarray v0.15.1
[INFO] [stderr]   Downloaded candle-core v0.5.1
[INFO] [stderr]   Downloaded opencv v0.92.3
[INFO] running `Command { std: "docker" "create" "-v" "/var/lib/crater-agent-workspace/builds/worker-4-tc2/source:/opt/rustwide/workdir:ro,Z" "-v" "/var/lib/crater-agent-workspace/builds/worker-4-tc2/target:/opt/rustwide/target:rw,Z" "-v" "/var/lib/crater-agent-workspace/cargo-home:/opt/rustwide/cargo-home:ro,Z" "-v" "/var/lib/crater-agent-workspace/rustup-home:/opt/rustwide/rustup-home:ro,Z" "-m" "1610612736" "--network" "none" "ghcr.io/rust-lang/crates-build-env/linux@sha256:3111399a4047eeb3a02b7a90e478d715f38a8c6669b5c4b49d30a17385265909" "sleep" "infinity", kill_on_drop: false }`
[INFO] [stdout] e23ebafc49c341dee022761bf52e290c31b1a4a0fa8d4c571de3586275d88bde
[INFO] running `Command { std: "docker" "start" "e23ebafc49c341dee022761bf52e290c31b1a4a0fa8d4c571de3586275d88bde", kill_on_drop: false }`
[INFO] running `Command { std: "docker" "inspect" "e23ebafc49c341dee022761bf52e290c31b1a4a0fa8d4c571de3586275d88bde", kill_on_drop: false }`
[INFO] running `Command { std: "docker" "exec" "-e" "SOURCE_DIR=/opt/rustwide/workdir" "-e" "CARGO_HOME=/opt/rustwide/cargo-home" "-e" "RUSTUP_HOME=/opt/rustwide/rustup-home" "-e" "CARGO_TARGET_DIR=/opt/rustwide/target" "-w" "/opt/rustwide/workdir" "--user" "0:0" "e23ebafc49c341dee022761bf52e290c31b1a4a0fa8d4c571de3586275d88bde" "/opt/rustwide/cargo-home/bin/cargo" "+5b237c915528dadada3f674b90c7c80368b632be" "metadata" "--no-deps" "--format-version=1", kill_on_drop: false }`
[INFO] running `Command { std: "docker" "inspect" "e23ebafc49c341dee022761bf52e290c31b1a4a0fa8d4c571de3586275d88bde", kill_on_drop: false }`
[INFO] running `Command { std: "docker" "exec" "-e" "SOURCE_DIR=/opt/rustwide/workdir" "-e" "CARGO_HOME=/opt/rustwide/cargo-home" "-e" "RUSTUP_HOME=/opt/rustwide/rustup-home" "-e" "CARGO_TARGET_DIR=/opt/rustwide/target" "-e" "CARGO_INCREMENTAL=0" "-e" "RUST_BACKTRACE=full" "-e" "RUSTFLAGS=--cap-lints=forbid" "-e" "RUSTDOCFLAGS=--cap-lints=forbid" "-w" "/opt/rustwide/workdir" "--user" "0:0" "e23ebafc49c341dee022761bf52e290c31b1a4a0fa8d4c571de3586275d88bde" "/opt/rustwide/cargo-home/bin/cargo" "+5b237c915528dadada3f674b90c7c80368b632be" "check" "--frozen" "--all" "--all-targets" "--message-format=json", kill_on_drop: false }`
[INFO] [stderr]    Compiling libc v0.2.175
[INFO] [stderr]     Checking cfg-if v1.0.3
[INFO] [stderr]    Compiling libm v0.2.15
[INFO] [stderr]    Compiling getrandom v0.3.3
[INFO] [stderr]    Compiling serde_core v1.0.226
[INFO] [stderr]     Checking smallvec v1.15.1
[INFO] [stderr]    Compiling num-traits v0.2.19
[INFO] [stderr]    Compiling hashbrown v0.16.0
[INFO] [stderr]     Checking memchr v2.7.5
[INFO] [stderr]     Checking reborrow v0.5.5
[INFO] [stderr]    Compiling quote v1.0.40
[INFO] [stderr]    Compiling find-msvc-tools v0.1.2
[INFO] [stderr]     Checking raw-cpuid v10.7.0
[INFO] [stderr]    Compiling serde v1.0.226
[INFO] [stderr]    Compiling regex-syntax v0.8.6
[INFO] [stderr]    Compiling bytes v1.10.1
[INFO] [stderr]    Compiling seq-macro v0.3.6
[INFO] [stderr]    Compiling anyhow v1.0.100
[INFO] [stderr]    Compiling once_cell v1.21.3
[INFO] [stderr]    Compiling syn v2.0.106
[INFO] [stderr]    Compiling winnow v0.7.13
[INFO] [stderr]    Compiling typenum v1.18.0
[INFO] [stderr]    Compiling either v1.15.0
[INFO] [stderr]    Compiling itertools v0.12.1
[INFO] [stderr]    Compiling glob v0.3.3
[INFO] [stderr]    Compiling toml_datetime v0.7.2
[INFO] [stderr]    Compiling aho-corasick v1.1.3
[INFO] [stderr]     Checking indexmap v2.11.4
[INFO] [stderr]     Checking crc32fast v1.5.0
[INFO] [stderr]    Compiling rustix v1.1.2
[INFO] [stderr]    Compiling clang-sys v1.8.1
[INFO] [stderr]    Compiling prettyplease v0.2.37
[INFO] [stderr]    Compiling bitflags v2.9.4
[INFO] [stderr]    Compiling jobserver v0.1.34
[INFO] [stderr]     Checking parking_lot_core v0.9.11
[INFO] [stderr]     Checking signal-hook-registry v1.4.6
[INFO] [stderr]     Checking rand_core v0.9.3
[INFO] [stderr]     Checking socket2 v0.6.0
[INFO] [stderr]     Checking parking_lot v0.12.4
[INFO] [stderr]    Compiling cc v1.2.38
[INFO] [stderr]     Checking rand_chacha v0.9.0
[INFO] [stderr]     Checking mio v1.0.4
[INFO] [stderr]     Checking getrandom v0.2.16
[INFO] [stderr]    Compiling linux-raw-sys v0.11.0
[INFO] [stderr]     Checking rand v0.9.2
[INFO] [stderr]     Checking rand_core v0.6.4
[INFO] [stderr]    Compiling fastrand v2.3.0
[INFO] [stderr]     Checking rand_chacha v0.3.1
[INFO] [stderr]    Compiling zip v1.1.4
[INFO] [stderr]     Checking tokio v1.47.1
[INFO] [stderr]     Checking generic-array v0.14.7
[INFO] [stderr]    Compiling zstd-safe v7.2.4
[INFO] [stderr]     Checking local-waker v0.1.4
[INFO] [stderr]     Checking rand v0.8.5
[INFO] [stderr]    Compiling petgraph v0.6.5
[INFO] [stderr]     Checking rand_distr v0.5.1
[INFO] [stderr]    Compiling regex-automata v0.4.10
[INFO] [stderr]     Checking crypto-common v0.1.6
[INFO] [stderr]     Checking block-buffer v0.10.4
[INFO] [stderr]    Compiling clang v2.0.0
[INFO] [stderr]    Compiling pin-project-lite v0.2.16
[INFO] [stderr]    Compiling tracing-core v0.1.34
[INFO] [stderr]    Compiling percent-encoding v2.3.2
[INFO] [stderr]    Compiling toml_parser v1.0.3
[INFO] [stderr]    Compiling multimap v0.10.1
[INFO] [stderr]    Compiling time-macros v0.2.24
[INFO] [stderr]     Checking serde_json v1.0.145
[INFO] [stderr]     Checking deranged v0.5.4
[INFO] [stderr]    Compiling tracing v0.1.41
[INFO] [stderr]     Checking rand_distr v0.4.3
[INFO] [stderr]     Checking miniz_oxide v0.8.9
[INFO] [stderr]    Compiling zstd-sys v2.0.16+zstd.1.5.7
[INFO] [stderr]    Compiling toml_edit v0.23.6
[INFO] [stderr]     Checking digest v0.10.7
[INFO] [stderr]     Checking actix-utils v3.0.1
[INFO] [stderr]     Checking brotli-decompressor v5.0.0
[INFO] [stderr]     Checking num_cpus v1.17.0
[INFO] [stderr]     Checking memmap2 v0.9.8
[INFO] [stderr]    Compiling bytestring v1.5.0
[INFO] [stderr]     Checking actix-service v2.0.3
[INFO] [stderr]    Compiling cookie v0.16.2
[INFO] [stderr]    Compiling matrixmultiply v0.3.10
[INFO] [stderr]    Compiling semver v1.0.27
[INFO] [stderr]    Compiling tempfile v3.23.0
[INFO] [stderr]    Compiling regex-lite v0.1.7
[INFO] [stderr]    Compiling proc-macro-crate v3.4.0
[INFO] [stderr]     Checking sha1 v0.10.6
[INFO] [stderr]     Checking flate2 v1.1.2
[INFO] [stderr]     Checking time v0.3.44
[INFO] [stderr]     Checking local-channel v0.1.5
[INFO] [stderr]     Checking socket2 v0.5.10
[INFO] [stderr]     Checking encoding_rs v0.8.35
[INFO] [stderr]     Checking language-tags v0.3.2
[INFO] [stderr]     Checking foldhash v0.1.5
[INFO] [stderr]     Checking num-integer v0.1.46
[INFO] [stderr]     Checking impl-more v0.1.9
[INFO] [stderr]    Compiling synstructure v0.13.2
[INFO] [stderr]    Compiling regex v1.11.2
[INFO] [stderr]     Checking brotli v8.0.2
[INFO] [stderr]    Compiling opencv-binding-generator v0.90.2
[INFO] [stderr]    Compiling zerofrom-derive v0.1.6
[INFO] [stderr]    Compiling bytemuck_derive v1.10.1
[INFO] [stderr]    Compiling displaydoc v0.2.5
[INFO] [stderr]    Compiling yoke-derive v0.8.0
[INFO] [stderr]    Compiling zerovec-derive v0.11.1
[INFO] [stderr]    Compiling serde_derive v1.0.226
[INFO] [stderr]    Compiling prost-derive v0.12.6
[INFO] [stderr]    Compiling tracing-attributes v0.1.30
[INFO] [stderr]    Compiling thiserror-impl v1.0.69
[INFO] [stderr]    Compiling num_enum_derive v0.7.4
[INFO] [stderr]     Checking tokio-util v0.7.16
[INFO] [stderr]    Compiling yoke-derive v0.7.5
[INFO] [stderr]     Checking actix-rt v2.11.0
[INFO] [stderr]    Compiling derive_more-impl v2.0.1
[INFO] [stderr]    Compiling actix-router v0.5.3
[INFO] [stderr]     Checking bytemuck v1.23.2
[INFO] [stderr]    Compiling actix-macros v0.2.4
[INFO] [stderr]    Compiling async-stream-impl v0.3.6
[INFO] [stderr]     Checking zerofrom v0.1.6
[INFO] [stderr]     Checking num-complex v0.4.6
[INFO] [stderr]     Checking half v2.6.0
[INFO] [stderr]     Checking yoke v0.8.0
[INFO] [stderr]     Checking dyn-stack v0.10.0
[INFO] [stderr]     Checking num_enum v0.7.4
[INFO] [stderr]     Checking thiserror v1.0.69
[INFO] [stderr]     Checking zerovec v0.11.4
[INFO] [stderr]     Checking zerotrie v0.2.2
[INFO] [stderr]     Checking actix-codec v0.5.2
[INFO] [stderr]     Checking yoke v0.7.5
[INFO] [stderr]    Compiling prost v0.12.6
[INFO] [stderr]     Checking pulp v0.18.22
[INFO] [stderr]     Checking h2 v0.3.27
[INFO] [stderr]     Checking actix-server v2.6.0
[INFO] [stderr]    Compiling actix-web-codegen v4.3.0
[INFO] [stderr]     Checking async-stream v0.3.6
[INFO] [stderr]     Checking ndarray v0.15.1
[INFO] [stderr]    Compiling prost-types v0.12.6
[INFO] [stderr]     Checking tinystr v0.8.1
[INFO] [stderr]     Checking potential_utf v0.1.3
[INFO] [stderr]     Checking icu_collections v2.0.0
[INFO] [stderr]     Checking icu_locale_core v2.0.0
[INFO] [stderr]     Checking gemm-common v0.17.1
[INFO] [stderr]     Checking gemm-f32 v0.17.1
[INFO] [stderr]     Checking gemm-f64 v0.17.1
[INFO] [stderr]     Checking gemm-c32 v0.17.1
[INFO] [stderr]     Checking gemm-c64 v0.17.1
[INFO] [stderr]     Checking icu_provider v2.0.0
[INFO] [stderr]    Compiling prost-build v0.12.6
[INFO] [stderr]    Compiling opencv v0.92.3
[INFO] [stderr]     Checking safetensors v0.4.5
[INFO] [stderr]     Checking serde_urlencoded v0.7.1
[INFO] [stderr]     Checking derive_more v2.0.1
[INFO] [stderr]     Checking icu_properties v2.0.1
[INFO] [stderr]     Checking icu_normalizer v2.0.0
[INFO] [stderr]     Checking gemm-f16 v0.17.1
[INFO] [stderr]    Compiling candle-onnx v0.5.1
[INFO] [stderr]     Checking gemm v0.17.1
[INFO] [stderr]     Checking candle-core v0.5.1
[INFO] [stderr]     Checking zstd v0.13.3
[INFO] [stderr]     Checking idna_adapter v1.2.1
[INFO] [stderr]     Checking idna v1.1.0
[INFO] [stderr]     Checking url v2.5.7
[INFO] [stdout] error[E0277]: the trait bound `half::bf16: SampleBorrow<_>` is not satisfied
[INFO] [stdout]     --> /opt/rustwide/cargo-home/registry/src/index.crates.io-1949cf8c6b5b557f/candle-core-0.5.1/src/cpu_backend/mod.rs:2491:55
[INFO] [stdout]      |
[INFO] [stdout] 2491 |                     rand::distributions::Uniform::new(bf16::from_f64(min), bf16::from_f64(max));
[INFO] [stdout]      |                     --------------------------------- ^^^^^^^^^^^^^^^^^^^ the trait `SampleUniform` is not implemented for `half::bf16`
[INFO] [stdout]      |                     |
[INFO] [stdout]      |                     required by a bound introduced by this call
[INFO] [stdout]      |
[INFO] [stdout] note: there are multiple different versions of crate `rand` in the dependency graph
[INFO] [stdout]     --> /opt/rustwide/cargo-home/registry/src/index.crates.io-1949cf8c6b5b557f/rand-0.8.5/src/distributions/uniform.rs:216:1
[INFO] [stdout]      |
[INFO] [stdout]  216 | pub trait SampleUniform: Sized {
[INFO] [stdout]      | ^^^^^^^^^^^^^^^^^^^^^^^^^^^^^^ this is the expected trait
[INFO] [stdout]      |
[INFO] [stdout]     ::: /opt/rustwide/cargo-home/registry/src/index.crates.io-1949cf8c6b5b557f/rand-0.9.2/src/distr/uniform.rs:268:1
[INFO] [stdout]      |
[INFO] [stdout]  268 | pub trait SampleUniform: Sized {
[INFO] [stdout]      | ------------------------------ this is the found trait
[INFO] [stdout]      = help: you can use `cargo tree` to explore your dependency tree
[INFO] [stdout]      = help: the following other types implement trait `SampleUniform`:
[INFO] [stdout]                Duration
[INFO] [stdout]                char
[INFO] [stdout]                f32
[INFO] [stdout]                f64
[INFO] [stdout]                i128
[INFO] [stdout]                i16
[INFO] [stdout]                i32
[INFO] [stdout]                i64
[INFO] [stdout]              and 8 others
[INFO] [stdout]      = note: required for `half::bf16` to implement `SampleBorrow<half::bf16>`
[INFO] [stdout] note: required by a bound in `Uniform::<X>::new`
[INFO] [stdout]     --> /opt/rustwide/cargo-home/registry/src/index.crates.io-1949cf8c6b5b557f/rand-0.8.5/src/distributions/uniform.rs:186:13
[INFO] [stdout]      |
[INFO] [stdout]  181 | impl<X: SampleUniform> Uniform<X> {
[INFO] [stdout] ...
[INFO] [stdout]  184 |     pub fn new<B1, B2>(low: B1, high: B2) -> Uniform<X>
[INFO] [stdout]  185 |     where
[INFO] [stdout]  186 |         B1: SampleBorrow<X> + Sized,
[INFO] [stdout]      |             ^^^^^^^^^^^^^^^ required by this bound in `Uniform::<X>::new`
[INFO] [stdout] 
[INFO] [stdout] 
[INFO] [stdout] error[E0277]: the trait bound `half::bf16: SampleBorrow<_>` is not satisfied
[INFO] [stdout]     --> /opt/rustwide/cargo-home/registry/src/index.crates.io-1949cf8c6b5b557f/candle-core-0.5.1/src/cpu_backend/mod.rs:2491:76
[INFO] [stdout]      |
[INFO] [stdout] 2491 |                     rand::distributions::Uniform::new(bf16::from_f64(min), bf16::from_f64(max));
[INFO] [stdout]      |                     ---------------------------------                      ^^^^^^^^^^^^^^^^^^^ the trait `SampleUniform` is not implemented for `half::bf16`
[INFO] [stdout]      |                     |
[INFO] [stdout]      |                     required by a bound introduced by this call
[INFO] [stdout]      |
[INFO] [stdout] note: there are multiple different versions of crate `rand` in the dependency graph
[INFO] [stdout]     --> /opt/rustwide/cargo-home/registry/src/index.crates.io-1949cf8c6b5b557f/rand-0.8.5/src/distributions/uniform.rs:216:1
[INFO] [stdout]      |
[INFO] [stdout]  216 | pub trait SampleUniform: Sized {
[INFO] [stdout]      | ^^^^^^^^^^^^^^^^^^^^^^^^^^^^^^ this is the expected trait
[INFO] [stdout]      |
[INFO] [stdout]     ::: /opt/rustwide/cargo-home/registry/src/index.crates.io-1949cf8c6b5b557f/rand-0.9.2/src/distr/uniform.rs:268:1
[INFO] [stdout]      |
[INFO] [stdout]  268 | pub trait SampleUniform: Sized {
[INFO] [stdout]      | ------------------------------ this is the found trait
[INFO] [stdout]      = help: you can use `cargo tree` to explore your dependency tree
[INFO] [stdout]      = help: the following other types implement trait `SampleUniform`:
[INFO] [stdout]                Duration
[INFO] [stdout]                char
[INFO] [stdout]                f32
[INFO] [stdout]                f64
[INFO] [stdout]                i128
[INFO] [stdout]                i16
[INFO] [stdout]                i32
[INFO] [stdout]                i64
[INFO] [stdout]              and 8 others
[INFO] [stdout]      = note: required for `half::bf16` to implement `SampleBorrow<half::bf16>`
[INFO] [stdout] note: required by a bound in `Uniform::<X>::new`
[INFO] [stdout]     --> /opt/rustwide/cargo-home/registry/src/index.crates.io-1949cf8c6b5b557f/rand-0.8.5/src/distributions/uniform.rs:187:13
[INFO] [stdout]      |
[INFO] [stdout]  181 | impl<X: SampleUniform> Uniform<X> {
[INFO] [stdout] ...
[INFO] [stdout]  184 |     pub fn new<B1, B2>(low: B1, high: B2) -> Uniform<X>
[INFO] [stdout] ...
[INFO] [stdout]  187 |         B2: SampleBorrow<X> + Sized,
[INFO] [stdout]      |             ^^^^^^^^^^^^^^^ required by this bound in `Uniform::<X>::new`
[INFO] [stdout] 
[INFO] [stdout] 
[INFO] [stdout] error[E0277]: the trait bound `half::bf16: SampleUniform` is not satisfied
[INFO] [stdout]     --> /opt/rustwide/cargo-home/registry/src/index.crates.io-1949cf8c6b5b557f/candle-core-0.5.1/src/cpu_backend/mod.rs:2493:50
[INFO] [stdout]      |
[INFO] [stdout] 2493 |                     data.push(rng.sample::<bf16, _>(uniform))
[INFO] [stdout]      |                                   ------         ^ the trait `SampleUniform` is not implemented for `half::bf16`
[INFO] [stdout]      |                                   |
[INFO] [stdout]      |                                   required by a bound introduced by this call
[INFO] [stdout]      |
[INFO] [stdout] note: there are multiple different versions of crate `rand` in the dependency graph
[INFO] [stdout]     --> /opt/rustwide/cargo-home/registry/src/index.crates.io-1949cf8c6b5b557f/rand-0.8.5/src/distributions/uniform.rs:216:1
[INFO] [stdout]      |
[INFO] [stdout]  216 | pub trait SampleUniform: Sized {
[INFO] [stdout]      | ^^^^^^^^^^^^^^^^^^^^^^^^^^^^^^ this is the expected trait
[INFO] [stdout]      |
[INFO] [stdout]     ::: /opt/rustwide/cargo-home/registry/src/index.crates.io-1949cf8c6b5b557f/rand-0.9.2/src/distr/uniform.rs:268:1
[INFO] [stdout]      |
[INFO] [stdout]  268 | pub trait SampleUniform: Sized {
[INFO] [stdout]      | ------------------------------ this is the found trait
[INFO] [stdout]      = help: you can use `cargo tree` to explore your dependency tree
[INFO] [stdout]      = help: the following other types implement trait `SampleUniform`:
[INFO] [stdout]                Duration
[INFO] [stdout]                char
[INFO] [stdout]                f32
[INFO] [stdout]                f64
[INFO] [stdout]                i128
[INFO] [stdout]                i16
[INFO] [stdout]                i32
[INFO] [stdout]                i64
[INFO] [stdout]              and 8 others
[INFO] [stdout]      = note: required for `Uniform<half::bf16>` to implement `rand_distr::Distribution<half::bf16>`
[INFO] [stdout] note: required by a bound in `rand::Rng::sample`
[INFO] [stdout]     --> /opt/rustwide/cargo-home/registry/src/index.crates.io-1949cf8c6b5b557f/rand-0.8.5/src/rng.rs:152:21
[INFO] [stdout]      |
[INFO] [stdout]   55 | pub trait Rng: RngCore {
[INFO] [stdout] ...
[INFO] [stdout]  152 |     fn sample<T, D: Distribution<T>>(&mut self, distr: D) -> T {
[INFO] [stdout]      |                     ^^^^^^^^^^^^^^^ required by this bound in `Rng::sample`
[INFO] [stdout] 
[INFO] [stdout] 
[INFO] [stdout] error[E0277]: the trait bound `half::f16: SampleBorrow<_>` is not satisfied
[INFO] [stdout]     --> /opt/rustwide/cargo-home/registry/src/index.crates.io-1949cf8c6b5b557f/candle-core-0.5.1/src/cpu_backend/mod.rs:2500:55
[INFO] [stdout]      |
[INFO] [stdout] 2500 |                     rand::distributions::Uniform::new(f16::from_f64(min), f16::from_f64(max));
[INFO] [stdout]      |                     --------------------------------- ^^^^^^^^^^^^^^^^^^ the trait `SampleUniform` is not implemented for `half::f16`
[INFO] [stdout]      |                     |
[INFO] [stdout]      |                     required by a bound introduced by this call
[INFO] [stdout]      |
[INFO] [stdout] note: there are multiple different versions of crate `rand` in the dependency graph
[INFO] [stdout]     --> /opt/rustwide/cargo-home/registry/src/index.crates.io-1949cf8c6b5b557f/rand-0.8.5/src/distributions/uniform.rs:216:1
[INFO] [stdout]      |
[INFO] [stdout]  216 | pub trait SampleUniform: Sized {
[INFO] [stdout]      | ^^^^^^^^^^^^^^^^^^^^^^^^^^^^^^ this is the expected trait
[INFO] [stdout]      |
[INFO] [stdout]     ::: /opt/rustwide/cargo-home/registry/src/index.crates.io-1949cf8c6b5b557f/rand-0.9.2/src/distr/uniform.rs:268:1
[INFO] [stdout]      |
[INFO] [stdout]  268 | pub trait SampleUniform: Sized {
[INFO] [stdout]      | ------------------------------ this is the found trait
[INFO] [stdout]      = help: you can use `cargo tree` to explore your dependency tree
[INFO] [stdout]      = help: the following other types implement trait `SampleUniform`:
[INFO] [stdout]                Duration
[INFO] [stdout]                char
[INFO] [stdout]                f32
[INFO] [stdout]                f64
[INFO] [stdout]                i128
[INFO] [stdout]                i16
[INFO] [stdout]                i32
[INFO] [stdout]                i64
[INFO] [stdout]              and 8 others
[INFO] [stdout]      = note: required for `half::f16` to implement `SampleBorrow<half::f16>`
[INFO] [stdout] note: required by a bound in `Uniform::<X>::new`
[INFO] [stdout]     --> /opt/rustwide/cargo-home/registry/src/index.crates.io-1949cf8c6b5b557f/rand-0.8.5/src/distributions/uniform.rs:186:13
[INFO] [stdout]      |
[INFO] [stdout]  181 | impl<X: SampleUniform> Uniform<X> {
[INFO] [stdout] ...
[INFO] [stdout]  184 |     pub fn new<B1, B2>(low: B1, high: B2) -> Uniform<X>
[INFO] [stdout]  185 |     where
[INFO] [stdout]  186 |         B1: SampleBorrow<X> + Sized,
[INFO] [stdout]      |             ^^^^^^^^^^^^^^^ required by this bound in `Uniform::<X>::new`
[INFO] [stdout] 
[INFO] [stdout] 
[INFO] [stdout] error[E0277]: the trait bound `half::f16: SampleBorrow<_>` is not satisfied
[INFO] [stdout]     --> /opt/rustwide/cargo-home/registry/src/index.crates.io-1949cf8c6b5b557f/candle-core-0.5.1/src/cpu_backend/mod.rs:2500:75
[INFO] [stdout]      |
[INFO] [stdout] 2500 |                     rand::distributions::Uniform::new(f16::from_f64(min), f16::from_f64(max));
[INFO] [stdout]      |                     ---------------------------------                     ^^^^^^^^^^^^^^^^^^ the trait `SampleUniform` is not implemented for `half::f16`
[INFO] [stdout]      |                     |
[INFO] [stdout]      |                     required by a bound introduced by this call
[INFO] [stdout]      |
[INFO] [stdout] note: there are multiple different versions of crate `rand` in the dependency graph
[INFO] [stdout]     --> /opt/rustwide/cargo-home/registry/src/index.crates.io-1949cf8c6b5b557f/rand-0.8.5/src/distributions/uniform.rs:216:1
[INFO] [stdout]      |
[INFO] [stdout]  216 | pub trait SampleUniform: Sized {
[INFO] [stdout]      | ^^^^^^^^^^^^^^^^^^^^^^^^^^^^^^ this is the expected trait
[INFO] [stdout]      |
[INFO] [stdout]     ::: /opt/rustwide/cargo-home/registry/src/index.crates.io-1949cf8c6b5b557f/rand-0.9.2/src/distr/uniform.rs:268:1
[INFO] [stdout]      |
[INFO] [stdout]  268 | pub trait SampleUniform: Sized {
[INFO] [stdout]      | ------------------------------ this is the found trait
[INFO] [stdout]      = help: you can use `cargo tree` to explore your dependency tree
[INFO] [stdout]      = help: the following other types implement trait `SampleUniform`:
[INFO] [stdout]                Duration
[INFO] [stdout]                char
[INFO] [stdout]                f32
[INFO] [stdout]                f64
[INFO] [stdout]                i128
[INFO] [stdout]                i16
[INFO] [stdout]                i32
[INFO] [stdout]                i64
[INFO] [stdout]              and 8 others
[INFO] [stdout]      = note: required for `half::f16` to implement `SampleBorrow<half::f16>`
[INFO] [stdout] note: required by a bound in `Uniform::<X>::new`
[INFO] [stdout]     --> /opt/rustwide/cargo-home/registry/src/index.crates.io-1949cf8c6b5b557f/rand-0.8.5/src/distributions/uniform.rs:187:13
[INFO] [stdout]      |
[INFO] [stdout]  181 | impl<X: SampleUniform> Uniform<X> {
[INFO] [stdout] ...
[INFO] [stdout]  184 |     pub fn new<B1, B2>(low: B1, high: B2) -> Uniform<X>
[INFO] [stdout] ...
[INFO] [stdout]  187 |         B2: SampleBorrow<X> + Sized,
[INFO] [stdout]      |             ^^^^^^^^^^^^^^^ required by this bound in `Uniform::<X>::new`
[INFO] [stdout] 
[INFO] [stdout] 
[INFO] [stdout] error[E0277]: the trait bound `half::f16: SampleUniform` is not satisfied
[INFO] [stdout]     --> /opt/rustwide/cargo-home/registry/src/index.crates.io-1949cf8c6b5b557f/candle-core-0.5.1/src/cpu_backend/mod.rs:2502:49
[INFO] [stdout]      |
[INFO] [stdout] 2502 |                     data.push(rng.sample::<f16, _>(uniform))
[INFO] [stdout]      |                                   ------        ^ the trait `SampleUniform` is not implemented for `half::f16`
[INFO] [stdout]      |                                   |
[INFO] [stdout]      |                                   required by a bound introduced by this call
[INFO] [stdout]      |
[INFO] [stdout] note: there are multiple different versions of crate `rand` in the dependency graph
[INFO] [stdout]     --> /opt/rustwide/cargo-home/registry/src/index.crates.io-1949cf8c6b5b557f/rand-0.8.5/src/distributions/uniform.rs:216:1
[INFO] [stdout]      |
[INFO] [stdout]  216 | pub trait SampleUniform: Sized {
[INFO] [stdout]      | ^^^^^^^^^^^^^^^^^^^^^^^^^^^^^^ this is the expected trait
[INFO] [stdout]      |
[INFO] [stdout]     ::: /opt/rustwide/cargo-home/registry/src/index.crates.io-1949cf8c6b5b557f/rand-0.9.2/src/distr/uniform.rs:268:1
[INFO] [stdout]      |
[INFO] [stdout]  268 | pub trait SampleUniform: Sized {
[INFO] [stdout]      | ------------------------------ this is the found trait
[INFO] [stdout]      = help: you can use `cargo tree` to explore your dependency tree
[INFO] [stdout]      = help: the following other types implement trait `SampleUniform`:
[INFO] [stdout]                Duration
[INFO] [stdout]                char
[INFO] [stdout]                f32
[INFO] [stdout]                f64
[INFO] [stdout]                i128
[INFO] [stdout]                i16
[INFO] [stdout]                i32
[INFO] [stdout]                i64
[INFO] [stdout]              and 8 others
[INFO] [stdout]      = note: required for `Uniform<half::f16>` to implement `rand_distr::Distribution<half::f16>`
[INFO] [stdout] note: required by a bound in `rand::Rng::sample`
[INFO] [stdout]     --> /opt/rustwide/cargo-home/registry/src/index.crates.io-1949cf8c6b5b557f/rand-0.8.5/src/rng.rs:152:21
[INFO] [stdout]      |
[INFO] [stdout]   55 | pub trait Rng: RngCore {
[INFO] [stdout] ...
[INFO] [stdout]  152 |     fn sample<T, D: Distribution<T>>(&mut self, distr: D) -> T {
[INFO] [stdout]      |                     ^^^^^^^^^^^^^^^ required by this bound in `Rng::sample`
[INFO] [stdout] 
[INFO] [stdout] 
[INFO] [stdout] error[E0277]: the trait bound `StandardNormal: rand_distr::Distribution<half::bf16>` is not satisfied
[INFO] [stdout]     --> /opt/rustwide/cargo-home/registry/src/index.crates.io-1949cf8c6b5b557f/candle-core-0.5.1/src/cpu_backend/mod.rs:2536:30
[INFO] [stdout]      |
[INFO] [stdout] 2536 |                 let normal = rand_distr::Normal::new(bf16::from_f64(mean), bf16::from_f64(std))
[INFO] [stdout]      |                              ^^^^^^^^^^^^^^^^^^^^^^^ the trait `rand_distr::Distribution<half::bf16>` is not implemented for `StandardNormal`
[INFO] [stdout]      |
[INFO] [stdout] note: there are multiple different versions of crate `rand` in the dependency graph
[INFO] [stdout]     --> /opt/rustwide/cargo-home/registry/src/index.crates.io-1949cf8c6b5b557f/rand-0.8.5/src/distributions/distribution.rs:35:1
[INFO] [stdout]      |
[INFO] [stdout]   35 | pub trait Distribution<T> {
[INFO] [stdout]      | ^^^^^^^^^^^^^^^^^^^^^^^^^ this is the expected trait
[INFO] [stdout]      |
[INFO] [stdout]     ::: /opt/rustwide/cargo-home/registry/src/index.crates.io-1949cf8c6b5b557f/rand-0.9.2/src/distr/distribution.rs:35:1
[INFO] [stdout]      |
[INFO] [stdout]   35 | pub trait Distribution<T> {
[INFO] [stdout]      | ------------------------- this is the trait that was imported
[INFO] [stdout]      = help: you can use `cargo tree` to explore your dependency tree
[INFO] [stdout] help: `StandardNormal` implements trait `rand_distr::Distribution<T>`
[INFO] [stdout]     --> /opt/rustwide/cargo-home/registry/src/index.crates.io-1949cf8c6b5b557f/rand_distr-0.4.3/src/normal.rs:43:1
[INFO] [stdout]      |
[INFO] [stdout]   43 | impl Distribution<f32> for StandardNormal {
[INFO] [stdout]      | ^^^^^^^^^^^^^^^^^^^^^^^^^^^^^^^^^^^^^^^^^ `rand_distr::Distribution<f32>`
[INFO] [stdout] ...
[INFO] [stdout]   52 | impl Distribution<f64> for StandardNormal {
[INFO] [stdout]      | ^^^^^^^^^^^^^^^^^^^^^^^^^^^^^^^^^^^^^^^^^ `rand_distr::Distribution<f64>`
[INFO] [stdout]      = note: there are multiple different versions of crate `rand_distr` in the dependency graph
[INFO] [stdout]      = help: you can use `cargo tree` to explore your dependency tree
[INFO] [stdout] note: required by a bound in `rand_distr::Normal::<F>::new`
[INFO] [stdout]     --> /opt/rustwide/cargo-home/registry/src/index.crates.io-1949cf8c6b5b557f/rand_distr-0.4.3/src/normal.rs:147:33
[INFO] [stdout]      |
[INFO] [stdout]  146 | impl<F> Normal<F>
[INFO] [stdout]  147 | where F: Float, StandardNormal: Distribution<F>
[INFO] [stdout]      |                                 ^^^^^^^^^^^^^^^ required by this bound in `Normal::<F>::new`
[INFO] [stdout] ...
[INFO] [stdout]  156 |     pub fn new(mean: F, std_dev: F) -> Result<Normal<F>, Error> {
[INFO] [stdout]      |
[INFO] [stdout] 
[INFO] [stdout] 
[INFO] [stdout] error[E0277]: the trait bound `StandardNormal: rand_distr::Distribution<half::bf16>` is not satisfied
[INFO] [stdout]     --> /opt/rustwide/cargo-home/registry/src/index.crates.io-1949cf8c6b5b557f/candle-core-0.5.1/src/cpu_backend/mod.rs:2536:30
[INFO] [stdout]      |
[INFO] [stdout] 2536 |                 let normal = rand_distr::Normal::new(bf16::from_f64(mean), bf16::from_f64(std))
[INFO] [stdout]      |                              ^^^^^^^^^^^^^^^^^^^^^^^^^^^^^^^^^^^^^^^^^^^^^^^^^^^^^^^^^^^^^^^^^^ the trait `rand_distr::Distribution<half::bf16>` is not implemented for `StandardNormal`
[INFO] [stdout]      |
[INFO] [stdout] note: there are multiple different versions of crate `rand` in the dependency graph
[INFO] [stdout]     --> /opt/rustwide/cargo-home/registry/src/index.crates.io-1949cf8c6b5b557f/rand-0.8.5/src/distributions/distribution.rs:35:1
[INFO] [stdout]      |
[INFO] [stdout]   35 | pub trait Distribution<T> {
[INFO] [stdout]      | ^^^^^^^^^^^^^^^^^^^^^^^^^ this is the expected trait
[INFO] [stdout]      |
[INFO] [stdout]     ::: /opt/rustwide/cargo-home/registry/src/index.crates.io-1949cf8c6b5b557f/rand-0.9.2/src/distr/distribution.rs:35:1
[INFO] [stdout]      |
[INFO] [stdout]   35 | pub trait Distribution<T> {
[INFO] [stdout]      | ------------------------- this is the trait that was imported
[INFO] [stdout]      = help: you can use `cargo tree` to explore your dependency tree
[INFO] [stdout] help: `StandardNormal` implements trait `rand_distr::Distribution<T>`
[INFO] [stdout]     --> /opt/rustwide/cargo-home/registry/src/index.crates.io-1949cf8c6b5b557f/rand_distr-0.4.3/src/normal.rs:43:1
[INFO] [stdout]      |
[INFO] [stdout]   43 | impl Distribution<f32> for StandardNormal {
[INFO] [stdout]      | ^^^^^^^^^^^^^^^^^^^^^^^^^^^^^^^^^^^^^^^^^ `rand_distr::Distribution<f32>`
[INFO] [stdout] ...
[INFO] [stdout]   52 | impl Distribution<f64> for StandardNormal {
[INFO] [stdout]      | ^^^^^^^^^^^^^^^^^^^^^^^^^^^^^^^^^^^^^^^^^ `rand_distr::Distribution<f64>`
[INFO] [stdout]      = note: there are multiple different versions of crate `rand_distr` in the dependency graph
[INFO] [stdout]      = help: you can use `cargo tree` to explore your dependency tree
[INFO] [stdout] note: required by a bound in `rand_distr::Normal`
[INFO] [stdout]     --> /opt/rustwide/cargo-home/registry/src/index.crates.io-1949cf8c6b5b557f/rand_distr-0.4.3/src/normal.rs:118:33
[INFO] [stdout]      |
[INFO] [stdout]  117 | pub struct Normal<F>
[INFO] [stdout]  118 | where F: Float, StandardNormal: Distribution<F>
[INFO] [stdout]      |                                 ^^^^^^^^^^^^^^^ required by this bound in `Normal`
[INFO] [stdout] 
[INFO] [stdout] 
[INFO] [stdout] error[E0277]: the trait bound `StandardNormal: rand_distr::Distribution<half::bf16>` is not satisfied
[INFO] [stdout]     --> /opt/rustwide/cargo-home/registry/src/index.crates.io-1949cf8c6b5b557f/candle-core-0.5.1/src/cpu_backend/mod.rs:2536:30
[INFO] [stdout]      |
[INFO] [stdout] 2536 |                   let normal = rand_distr::Normal::new(bf16::from_f64(mean), bf16::from_f64(std))
[INFO] [stdout]      |  ______________________________^
[INFO] [stdout] 2537 | |                     .map_err(Error::wrap)?;
[INFO] [stdout]      | |_________________________________________^ the trait `rand_distr::Distribution<half::bf16>` is not implemented for `StandardNormal`
[INFO] [stdout]      |
[INFO] [stdout] note: there are multiple different versions of crate `rand` in the dependency graph
[INFO] [stdout]     --> /opt/rustwide/cargo-home/registry/src/index.crates.io-1949cf8c6b5b557f/rand-0.8.5/src/distributions/distribution.rs:35:1
[INFO] [stdout]      |
[INFO] [stdout]   35 | pub trait Distribution<T> {
[INFO] [stdout]      | ^^^^^^^^^^^^^^^^^^^^^^^^^ this is the expected trait
[INFO] [stdout]      |
[INFO] [stdout]     ::: /opt/rustwide/cargo-home/registry/src/index.crates.io-1949cf8c6b5b557f/rand-0.9.2/src/distr/distribution.rs:35:1
[INFO] [stdout]      |
[INFO] [stdout]   35 | pub trait Distribution<T> {
[INFO] [stdout]      | ------------------------- this is the trait that was imported
[INFO] [stdout]      = help: you can use `cargo tree` to explore your dependency tree
[INFO] [stdout] help: `StandardNormal` implements trait `rand_distr::Distribution<T>`
[INFO] [stdout]     --> /opt/rustwide/cargo-home/registry/src/index.crates.io-1949cf8c6b5b557f/rand_distr-0.4.3/src/normal.rs:43:1
[INFO] [stdout]      |
[INFO] [stdout]   43 | impl Distribution<f32> for StandardNormal {
[INFO] [stdout]      | ^^^^^^^^^^^^^^^^^^^^^^^^^^^^^^^^^^^^^^^^^ `rand_distr::Distribution<f32>`
[INFO] [stdout] ...
[INFO] [stdout]   52 | impl Distribution<f64> for StandardNormal {
[INFO] [stdout]      | ^^^^^^^^^^^^^^^^^^^^^^^^^^^^^^^^^^^^^^^^^ `rand_distr::Distribution<f64>`
[INFO] [stdout]      = note: there are multiple different versions of crate `rand_distr` in the dependency graph
[INFO] [stdout]      = help: you can use `cargo tree` to explore your dependency tree
[INFO] [stdout] note: required by a bound in `rand_distr::Normal`
[INFO] [stdout]     --> /opt/rustwide/cargo-home/registry/src/index.crates.io-1949cf8c6b5b557f/rand_distr-0.4.3/src/normal.rs:118:33
[INFO] [stdout]      |
[INFO] [stdout]  117 | pub struct Normal<F>
[INFO] [stdout]  118 | where F: Float, StandardNormal: Distribution<F>
[INFO] [stdout]      |                                 ^^^^^^^^^^^^^^^ required by this bound in `Normal`
[INFO] [stdout] 
[INFO] [stdout] 
[INFO] [stdout] error[E0277]: the trait bound `StandardNormal: rand_distr::Distribution<half::bf16>` is not satisfied
[INFO] [stdout]     --> /opt/rustwide/cargo-home/registry/src/index.crates.io-1949cf8c6b5b557f/candle-core-0.5.1/src/cpu_backend/mod.rs:2537:22
[INFO] [stdout]      |
[INFO] [stdout] 2537 |                     .map_err(Error::wrap)?;
[INFO] [stdout]      |                      ^^^^^^^ the trait `rand_distr::Distribution<half::bf16>` is not implemented for `StandardNormal`
[INFO] [stdout]      |
[INFO] [stdout] note: there are multiple different versions of crate `rand` in the dependency graph
[INFO] [stdout]     --> /opt/rustwide/cargo-home/registry/src/index.crates.io-1949cf8c6b5b557f/rand-0.8.5/src/distributions/distribution.rs:35:1
[INFO] [stdout]      |
[INFO] [stdout]   35 | pub trait Distribution<T> {
[INFO] [stdout]      | ^^^^^^^^^^^^^^^^^^^^^^^^^ this is the expected trait
[INFO] [stdout]      |
[INFO] [stdout]     ::: /opt/rustwide/cargo-home/registry/src/index.crates.io-1949cf8c6b5b557f/rand-0.9.2/src/distr/distribution.rs:35:1
[INFO] [stdout]      |
[INFO] [stdout]   35 | pub trait Distribution<T> {
[INFO] [stdout]      | ------------------------- this is the trait that was imported
[INFO] [stdout]      = help: you can use `cargo tree` to explore your dependency tree
[INFO] [stdout] help: `StandardNormal` implements trait `rand_distr::Distribution<T>`
[INFO] [stdout]     --> /opt/rustwide/cargo-home/registry/src/index.crates.io-1949cf8c6b5b557f/rand_distr-0.4.3/src/normal.rs:43:1
[INFO] [stdout]      |
[INFO] [stdout]   43 | impl Distribution<f32> for StandardNormal {
[INFO] [stdout]      | ^^^^^^^^^^^^^^^^^^^^^^^^^^^^^^^^^^^^^^^^^ `rand_distr::Distribution<f32>`
[INFO] [stdout] ...
[INFO] [stdout]   52 | impl Distribution<f64> for StandardNormal {
[INFO] [stdout]      | ^^^^^^^^^^^^^^^^^^^^^^^^^^^^^^^^^^^^^^^^^ `rand_distr::Distribution<f64>`
[INFO] [stdout]      = note: there are multiple different versions of crate `rand_distr` in the dependency graph
[INFO] [stdout]      = help: you can use `cargo tree` to explore your dependency tree
[INFO] [stdout] note: required by a bound in `rand_distr::Normal`
[INFO] [stdout]     --> /opt/rustwide/cargo-home/registry/src/index.crates.io-1949cf8c6b5b557f/rand_distr-0.4.3/src/normal.rs:118:33
[INFO] [stdout]      |
[INFO] [stdout]  117 | pub struct Normal<F>
[INFO] [stdout]  118 | where F: Float, StandardNormal: Distribution<F>
[INFO] [stdout]      |                                 ^^^^^^^^^^^^^^^ required by this bound in `Normal`
[INFO] [stdout] 
[INFO] [stdout] 
[INFO] [stdout] error[E0277]: the trait bound `StandardNormal: rand_distr::Distribution<half::bf16>` is not satisfied
[INFO] [stdout]     --> /opt/rustwide/cargo-home/registry/src/index.crates.io-1949cf8c6b5b557f/candle-core-0.5.1/src/cpu_backend/mod.rs:2536:30
[INFO] [stdout]      |
[INFO] [stdout] 2536 |                   let normal = rand_distr::Normal::new(bf16::from_f64(mean), bf16::from_f64(std))
[INFO] [stdout]      |  ______________________________^
[INFO] [stdout] 2537 | |                     .map_err(Error::wrap)?;
[INFO] [stdout]      | |__________________________________________^ the trait `rand_distr::Distribution<half::bf16>` is not implemented for `StandardNormal`
[INFO] [stdout]      |
[INFO] [stdout] note: there are multiple different versions of crate `rand` in the dependency graph
[INFO] [stdout]     --> /opt/rustwide/cargo-home/registry/src/index.crates.io-1949cf8c6b5b557f/rand-0.8.5/src/distributions/distribution.rs:35:1
[INFO] [stdout]      |
[INFO] [stdout]   35 | pub trait Distribution<T> {
[INFO] [stdout]      | ^^^^^^^^^^^^^^^^^^^^^^^^^ this is the expected trait
[INFO] [stdout]      |
[INFO] [stdout]     ::: /opt/rustwide/cargo-home/registry/src/index.crates.io-1949cf8c6b5b557f/rand-0.9.2/src/distr/distribution.rs:35:1
[INFO] [stdout]      |
[INFO] [stdout]   35 | pub trait Distribution<T> {
[INFO] [stdout]      | ------------------------- this is the trait that was imported
[INFO] [stdout]      = help: you can use `cargo tree` to explore your dependency tree
[INFO] [stdout] help: `StandardNormal` implements trait `rand_distr::Distribution<T>`
[INFO] [stdout]     --> /opt/rustwide/cargo-home/registry/src/index.crates.io-1949cf8c6b5b557f/rand_distr-0.4.3/src/normal.rs:43:1
[INFO] [stdout]      |
[INFO] [stdout]   43 | impl Distribution<f32> for StandardNormal {
[INFO] [stdout]      | ^^^^^^^^^^^^^^^^^^^^^^^^^^^^^^^^^^^^^^^^^ `rand_distr::Distribution<f32>`
[INFO] [stdout] ...
[INFO] [stdout]   52 | impl Distribution<f64> for StandardNormal {
[INFO] [stdout]      | ^^^^^^^^^^^^^^^^^^^^^^^^^^^^^^^^^^^^^^^^^ `rand_distr::Distribution<f64>`
[INFO] [stdout]      = note: there are multiple different versions of crate `rand_distr` in the dependency graph
[INFO] [stdout]      = help: you can use `cargo tree` to explore your dependency tree
[INFO] [stdout] note: required by a bound in `rand_distr::Normal`
[INFO] [stdout]     --> /opt/rustwide/cargo-home/registry/src/index.crates.io-1949cf8c6b5b557f/rand_distr-0.4.3/src/normal.rs:118:33
[INFO] [stdout]      |
[INFO] [stdout]  117 | pub struct Normal<F>
[INFO] [stdout]  118 | where F: Float, StandardNormal: Distribution<F>
[INFO] [stdout]      |                                 ^^^^^^^^^^^^^^^ required by this bound in `Normal`
[INFO] [stdout] 
[INFO] [stdout] 
[INFO] [stdout] error[E0599]: the method `sample` exists for struct `rand_distr::Normal<half::bf16>`, but its trait bounds were not satisfied
[INFO] [stdout]     --> /opt/rustwide/cargo-home/registry/src/index.crates.io-1949cf8c6b5b557f/candle-core-0.5.1/src/cpu_backend/mod.rs:2539:38
[INFO] [stdout]      |
[INFO] [stdout] 2539 |                     data.push(normal.sample(&mut rng))
[INFO] [stdout]      |                                      ^^^^^^ method cannot be called on `rand_distr::Normal<half::bf16>` due to unsatisfied trait bounds
[INFO] [stdout]      |
[INFO] [stdout]     ::: /opt/rustwide/cargo-home/registry/src/index.crates.io-1949cf8c6b5b557f/rand_distr-0.4.3/src/normal.rs:41:1
[INFO] [stdout]      |
[INFO] [stdout]   41 | pub struct StandardNormal;
[INFO] [stdout]      | ------------------------- doesn't satisfy `_: Distribution<bf16>`
[INFO] [stdout] ...
[INFO] [stdout]  117 | pub struct Normal<F>
[INFO] [stdout]      | -------------------- doesn't satisfy `_: Distribution<_>`, `rand_distr::Normal<half::bf16>: RngCore` or `rand_distr::Normal<half::bf16>: rand::Rng`
[INFO] [stdout]      |
[INFO] [stdout]      = note: the following trait bounds were not satisfied:
[INFO] [stdout]              `StandardNormal: rand_distr::Distribution<half::bf16>`
[INFO] [stdout]              which is required by `rand_distr::Normal<half::bf16>: rand_distr::Distribution<_>`
[INFO] [stdout]              `rand_distr::Normal<half::bf16>: RngCore`
[INFO] [stdout]              which is required by `rand_distr::Normal<half::bf16>: rand::Rng`
[INFO] [stdout] 
[INFO] [stdout] 
[INFO] [stdout] error[E0277]: the trait bound `StandardNormal: rand_distr::Distribution<half::f16>` is not satisfied
[INFO] [stdout]     --> /opt/rustwide/cargo-home/registry/src/index.crates.io-1949cf8c6b5b557f/candle-core-0.5.1/src/cpu_backend/mod.rs:2545:30
[INFO] [stdout]      |
[INFO] [stdout] 2545 |                 let normal = rand_distr::Normal::new(f16::from_f64(mean), f16::from_f64(std))
[INFO] [stdout]      |                              ^^^^^^^^^^^^^^^^^^^^^^^ the trait `rand_distr::Distribution<half::f16>` is not implemented for `StandardNormal`
[INFO] [stdout]      |
[INFO] [stdout] note: there are multiple different versions of crate `rand` in the dependency graph
[INFO] [stdout]     --> /opt/rustwide/cargo-home/registry/src/index.crates.io-1949cf8c6b5b557f/rand-0.8.5/src/distributions/distribution.rs:35:1
[INFO] [stdout]      |
[INFO] [stdout]   35 | pub trait Distribution<T> {
[INFO] [stdout]      | ^^^^^^^^^^^^^^^^^^^^^^^^^ this is the expected trait
[INFO] [stdout]      |
[INFO] [stdout]     ::: /opt/rustwide/cargo-home/registry/src/index.crates.io-1949cf8c6b5b557f/rand-0.9.2/src/distr/distribution.rs:35:1
[INFO] [stdout]      |
[INFO] [stdout]   35 | pub trait Distribution<T> {
[INFO] [stdout]      | ------------------------- this is the trait that was imported
[INFO] [stdout]      = help: you can use `cargo tree` to explore your dependency tree
[INFO] [stdout] help: `StandardNormal` implements trait `rand_distr::Distribution<T>`
[INFO] [stdout]     --> /opt/rustwide/cargo-home/registry/src/index.crates.io-1949cf8c6b5b557f/rand_distr-0.4.3/src/normal.rs:43:1
[INFO] [stdout]      |
[INFO] [stdout]   43 | impl Distribution<f32> for StandardNormal {
[INFO] [stdout]      | ^^^^^^^^^^^^^^^^^^^^^^^^^^^^^^^^^^^^^^^^^ `rand_distr::Distribution<f32>`
[INFO] [stdout] ...
[INFO] [stdout]   52 | impl Distribution<f64> for StandardNormal {
[INFO] [stdout]      | ^^^^^^^^^^^^^^^^^^^^^^^^^^^^^^^^^^^^^^^^^ `rand_distr::Distribution<f64>`
[INFO] [stdout]      = note: there are multiple different versions of crate `rand_distr` in the dependency graph
[INFO] [stdout]      = help: you can use `cargo tree` to explore your dependency tree
[INFO] [stdout] note: required by a bound in `rand_distr::Normal::<F>::new`
[INFO] [stdout]     --> /opt/rustwide/cargo-home/registry/src/index.crates.io-1949cf8c6b5b557f/rand_distr-0.4.3/src/normal.rs:147:33
[INFO] [stdout]      |
[INFO] [stdout]  146 | impl<F> Normal<F>
[INFO] [stdout]  147 | where F: Float, StandardNormal: Distribution<F>
[INFO] [stdout]      |                                 ^^^^^^^^^^^^^^^ required by this bound in `Normal::<F>::new`
[INFO] [stdout] ...
[INFO] [stdout]  156 |     pub fn new(mean: F, std_dev: F) -> Result<Normal<F>, Error> {
[INFO] [stdout]      |
[INFO] [stdout] 
[INFO] [stdout] 
[INFO] [stdout] error[E0277]: the trait bound `StandardNormal: rand_distr::Distribution<half::f16>` is not satisfied
[INFO] [stdout]     --> /opt/rustwide/cargo-home/registry/src/index.crates.io-1949cf8c6b5b557f/candle-core-0.5.1/src/cpu_backend/mod.rs:2545:30
[INFO] [stdout]      |
[INFO] [stdout] 2545 |                 let normal = rand_distr::Normal::new(f16::from_f64(mean), f16::from_f64(std))
[INFO] [stdout]      |                              ^^^^^^^^^^^^^^^^^^^^^^^^^^^^^^^^^^^^^^^^^^^^^^^^^^^^^^^^^^^^^^^^ the trait `rand_distr::Distribution<half::f16>` is not implemented for `StandardNormal`
[INFO] [stdout]      |
[INFO] [stdout] note: there are multiple different versions of crate `rand` in the dependency graph
[INFO] [stdout]     --> /opt/rustwide/cargo-home/registry/src/index.crates.io-1949cf8c6b5b557f/rand-0.8.5/src/distributions/distribution.rs:35:1
[INFO] [stdout]      |
[INFO] [stdout]   35 | pub trait Distribution<T> {
[INFO] [stdout]      | ^^^^^^^^^^^^^^^^^^^^^^^^^ this is the expected trait
[INFO] [stdout]      |
[INFO] [stdout]     ::: /opt/rustwide/cargo-home/registry/src/index.crates.io-1949cf8c6b5b557f/rand-0.9.2/src/distr/distribution.rs:35:1
[INFO] [stdout]      |
[INFO] [stdout]   35 | pub trait Distribution<T> {
[INFO] [stdout]      | ------------------------- this is the trait that was imported
[INFO] [stdout]      = help: you can use `cargo tree` to explore your dependency tree
[INFO] [stdout] help: `StandardNormal` implements trait `rand_distr::Distribution<T>`
[INFO] [stdout]     --> /opt/rustwide/cargo-home/registry/src/index.crates.io-1949cf8c6b5b557f/rand_distr-0.4.3/src/normal.rs:43:1
[INFO] [stdout]      |
[INFO] [stdout]   43 | impl Distribution<f32> for StandardNormal {
[INFO] [stdout]      | ^^^^^^^^^^^^^^^^^^^^^^^^^^^^^^^^^^^^^^^^^ `rand_distr::Distribution<f32>`
[INFO] [stdout] ...
[INFO] [stdout]   52 | impl Distribution<f64> for StandardNormal {
[INFO] [stdout]      | ^^^^^^^^^^^^^^^^^^^^^^^^^^^^^^^^^^^^^^^^^ `rand_distr::Distribution<f64>`
[INFO] [stdout]      = note: there are multiple different versions of crate `rand_distr` in the dependency graph
[INFO] [stdout]      = help: you can use `cargo tree` to explore your dependency tree
[INFO] [stdout] note: required by a bound in `rand_distr::Normal`
[INFO] [stdout]     --> /opt/rustwide/cargo-home/registry/src/index.crates.io-1949cf8c6b5b557f/rand_distr-0.4.3/src/normal.rs:118:33
[INFO] [stdout]      |
[INFO] [stdout]  117 | pub struct Normal<F>
[INFO] [stdout]  118 | where F: Float, StandardNormal: Distribution<F>
[INFO] [stdout]      |                                 ^^^^^^^^^^^^^^^ required by this bound in `Normal`
[INFO] [stdout] 
[INFO] [stdout] 
[INFO] [stdout] error[E0277]: the trait bound `StandardNormal: rand_distr::Distribution<half::f16>` is not satisfied
[INFO] [stdout]     --> /opt/rustwide/cargo-home/registry/src/index.crates.io-1949cf8c6b5b557f/candle-core-0.5.1/src/cpu_backend/mod.rs:2545:30
[INFO] [stdout]      |
[INFO] [stdout] 2545 |                   let normal = rand_distr::Normal::new(f16::from_f64(mean), f16::from_f64(std))
[INFO] [stdout]      |  ______________________________^
[INFO] [stdout] 2546 | |                     .map_err(Error::wrap)?;
[INFO] [stdout]      | |_________________________________________^ the trait `rand_distr::Distribution<half::f16>` is not implemented for `StandardNormal`
[INFO] [stdout]      |
[INFO] [stdout] note: there are multiple different versions of crate `rand` in the dependency graph
[INFO] [stdout]     --> /opt/rustwide/cargo-home/registry/src/index.crates.io-1949cf8c6b5b557f/rand-0.8.5/src/distributions/distribution.rs:35:1
[INFO] [stdout]      |
[INFO] [stdout]   35 | pub trait Distribution<T> {
[INFO] [stdout]      | ^^^^^^^^^^^^^^^^^^^^^^^^^ this is the expected trait
[INFO] [stdout]      |
[INFO] [stdout]     ::: /opt/rustwide/cargo-home/registry/src/index.crates.io-1949cf8c6b5b557f/rand-0.9.2/src/distr/distribution.rs:35:1
[INFO] [stdout]      |
[INFO] [stdout]   35 | pub trait Distribution<T> {
[INFO] [stdout]      | ------------------------- this is the trait that was imported
[INFO] [stdout]      = help: you can use `cargo tree` to explore your dependency tree
[INFO] [stdout] help: `StandardNormal` implements trait `rand_distr::Distribution<T>`
[INFO] [stdout]     --> /opt/rustwide/cargo-home/registry/src/index.crates.io-1949cf8c6b5b557f/rand_distr-0.4.3/src/normal.rs:43:1
[INFO] [stdout]      |
[INFO] [stdout]   43 | impl Distribution<f32> for StandardNormal {
[INFO] [stdout]      | ^^^^^^^^^^^^^^^^^^^^^^^^^^^^^^^^^^^^^^^^^ `rand_distr::Distribution<f32>`
[INFO] [stdout] ...
[INFO] [stdout]   52 | impl Distribution<f64> for StandardNormal {
[INFO] [stdout]      | ^^^^^^^^^^^^^^^^^^^^^^^^^^^^^^^^^^^^^^^^^ `rand_distr::Distribution<f64>`
[INFO] [stdout]      = note: there are multiple different versions of crate `rand_distr` in the dependency graph
[INFO] [stdout]      = help: you can use `cargo tree` to explore your dependency tree
[INFO] [stdout] note: required by a bound in `rand_distr::Normal`
[INFO] [stdout]     --> /opt/rustwide/cargo-home/registry/src/index.crates.io-1949cf8c6b5b557f/rand_distr-0.4.3/src/normal.rs:118:33
[INFO] [stdout]      |
[INFO] [stdout]  117 | pub struct Normal<F>
[INFO] [stdout]  118 | where F: Float, StandardNormal: Distribution<F>
[INFO] [stdout]      |                                 ^^^^^^^^^^^^^^^ required by this bound in `Normal`
[INFO] [stdout] 
[INFO] [stdout] 
[INFO] [stdout] error[E0277]: the trait bound `StandardNormal: rand_distr::Distribution<half::f16>` is not satisfied
[INFO] [stdout]     --> /opt/rustwide/cargo-home/registry/src/index.crates.io-1949cf8c6b5b557f/candle-core-0.5.1/src/cpu_backend/mod.rs:2546:22
[INFO] [stdout]      |
[INFO] [stdout] 2546 |                     .map_err(Error::wrap)?;
[INFO] [stdout]      |                      ^^^^^^^ the trait `rand_distr::Distribution<half::f16>` is not implemented for `StandardNormal`
[INFO] [stdout]      |
[INFO] [stdout] note: there are multiple different versions of crate `rand` in the dependency graph
[INFO] [stdout]     --> /opt/rustwide/cargo-home/registry/src/index.crates.io-1949cf8c6b5b557f/rand-0.8.5/src/distributions/distribution.rs:35:1
[INFO] [stdout]      |
[INFO] [stdout]   35 | pub trait Distribution<T> {
[INFO] [stdout]      | ^^^^^^^^^^^^^^^^^^^^^^^^^ this is the expected trait
[INFO] [stdout]      |
[INFO] [stdout]     ::: /opt/rustwide/cargo-home/registry/src/index.crates.io-1949cf8c6b5b557f/rand-0.9.2/src/distr/distribution.rs:35:1
[INFO] [stdout]      |
[INFO] [stdout]   35 | pub trait Distribution<T> {
[INFO] [stdout]      | ------------------------- this is the trait that was imported
[INFO] [stdout]      = help: you can use `cargo tree` to explore your dependency tree
[INFO] [stdout] help: `StandardNormal` implements trait `rand_distr::Distribution<T>`
[INFO] [stdout]     --> /opt/rustwide/cargo-home/registry/src/index.crates.io-1949cf8c6b5b557f/rand_distr-0.4.3/src/normal.rs:43:1
[INFO] [stdout]      |
[INFO] [stdout]   43 | impl Distribution<f32> for StandardNormal {
[INFO] [stdout]      | ^^^^^^^^^^^^^^^^^^^^^^^^^^^^^^^^^^^^^^^^^ `rand_distr::Distribution<f32>`
[INFO] [stdout] ...
[INFO] [stdout]   52 | impl Distribution<f64> for StandardNormal {
[INFO] [stdout]      | ^^^^^^^^^^^^^^^^^^^^^^^^^^^^^^^^^^^^^^^^^ `rand_distr::Distribution<f64>`
[INFO] [stdout]      = note: there are multiple different versions of crate `rand_distr` in the dependency graph
[INFO] [stdout]      = help: you can use `cargo tree` to explore your dependency tree
[INFO] [stdout] note: required by a bound in `rand_distr::Normal`
[INFO] [stdout]     --> /opt/rustwide/cargo-home/registry/src/index.crates.io-1949cf8c6b5b557f/rand_distr-0.4.3/src/normal.rs:118:33
[INFO] [stdout]      |
[INFO] [stdout]  117 | pub struct Normal<F>
[INFO] [stdout]  118 | where F: Float, StandardNormal: Distribution<F>
[INFO] [stdout]      |                                 ^^^^^^^^^^^^^^^ required by this bound in `Normal`
[INFO] [stdout] 
[INFO] [stdout] 
[INFO] [stdout] error[E0277]: the trait bound `StandardNormal: rand_distr::Distribution<half::f16>` is not satisfied
[INFO] [stdout]     --> /opt/rustwide/cargo-home/registry/src/index.crates.io-1949cf8c6b5b557f/candle-core-0.5.1/src/cpu_backend/mod.rs:2545:30
[INFO] [stdout]      |
[INFO] [stdout] 2545 |                   let normal = rand_distr::Normal::new(f16::from_f64(mean), f16::from_f64(std))
[INFO] [stdout]      |  ______________________________^
[INFO] [stdout] 2546 | |                     .map_err(Error::wrap)?;
[INFO] [stdout]      | |__________________________________________^ the trait `rand_distr::Distribution<half::f16>` is not implemented for `StandardNormal`
[INFO] [stdout]      |
[INFO] [stdout] note: there are multiple different versions of crate `rand` in the dependency graph
[INFO] [stdout]     --> /opt/rustwide/cargo-home/registry/src/index.crates.io-1949cf8c6b5b557f/rand-0.8.5/src/distributions/distribution.rs:35:1
[INFO] [stdout]      |
[INFO] [stdout]   35 | pub trait Distribution<T> {
[INFO] [stdout]      | ^^^^^^^^^^^^^^^^^^^^^^^^^ this is the expected trait
[INFO] [stdout]      |
[INFO] [stdout]     ::: /opt/rustwide/cargo-home/registry/src/index.crates.io-1949cf8c6b5b557f/rand-0.9.2/src/distr/distribution.rs:35:1
[INFO] [stdout]      |
[INFO] [stdout]   35 | pub trait Distribution<T> {
[INFO] [stdout]      | ------------------------- this is the trait that was imported
[INFO] [stdout]      = help: you can use `cargo tree` to explore your dependency tree
[INFO] [stdout] help: `StandardNormal` implements trait `rand_distr::Distribution<T>`
[INFO] [stdout]     --> /opt/rustwide/cargo-home/registry/src/index.crates.io-1949cf8c6b5b557f/rand_distr-0.4.3/src/normal.rs:43:1
[INFO] [stdout]      |
[INFO] [stdout]   43 | impl Distribution<f32> for StandardNormal {
[INFO] [stdout]      | ^^^^^^^^^^^^^^^^^^^^^^^^^^^^^^^^^^^^^^^^^ `rand_distr::Distribution<f32>`
[INFO] [stdout] ...
[INFO] [stdout]   52 | impl Distribution<f64> for StandardNormal {
[INFO] [stdout]      | ^^^^^^^^^^^^^^^^^^^^^^^^^^^^^^^^^^^^^^^^^ `rand_distr::Distribution<f64>`
[INFO] [stdout]      = note: there are multiple different versions of crate `rand_distr` in the dependency graph
[INFO] [stdout]      = help: you can use `cargo tree` to explore your dependency tree
[INFO] [stdout] note: required by a bound in `rand_distr::Normal`
[INFO] [stdout]     --> /opt/rustwide/cargo-home/registry/src/index.crates.io-1949cf8c6b5b557f/rand_distr-0.4.3/src/normal.rs:118:33
[INFO] [stdout]      |
[INFO] [stdout]  117 | pub struct Normal<F>
[INFO] [stdout]  118 | where F: Float, StandardNormal: Distribution<F>
[INFO] [stdout]      |                                 ^^^^^^^^^^^^^^^ required by this bound in `Normal`
[INFO] [stdout] 
[INFO] [stdout] 
[INFO] [stdout] error[E0599]: the method `sample` exists for struct `rand_distr::Normal<half::f16>`, but its trait bounds were not satisfied
[INFO] [stdout]     --> /opt/rustwide/cargo-home/registry/src/index.crates.io-1949cf8c6b5b557f/candle-core-0.5.1/src/cpu_backend/mod.rs:2548:38
[INFO] [stdout]      |
[INFO] [stdout] 2548 |                     data.push(normal.sample(&mut rng))
[INFO] [stdout]      |                                      ^^^^^^ method cannot be called on `rand_distr::Normal<half::f16>` due to unsatisfied trait bounds
[INFO] [stdout]      |
[INFO] [stdout]     ::: /opt/rustwide/cargo-home/registry/src/index.crates.io-1949cf8c6b5b557f/rand_distr-0.4.3/src/normal.rs:41:1
[INFO] [stdout]      |
[INFO] [stdout]   41 | pub struct StandardNormal;
[INFO] [stdout]      | ------------------------- doesn't satisfy `_: Distribution<f16>`
[INFO] [stdout] ...
[INFO] [stdout]  117 | pub struct Normal<F>
[INFO] [stdout]      | -------------------- doesn't satisfy `_: Distribution<_>`, `rand_distr::Normal<half::f16>: RngCore` or `rand_distr::Normal<half::f16>: rand::Rng`
[INFO] [stdout]      |
[INFO] [stdout]      = note: the following trait bounds were not satisfied:
[INFO] [stdout]              `StandardNormal: rand_distr::Distribution<half::f16>`
[INFO] [stdout]              which is required by `rand_distr::Normal<half::f16>: rand_distr::Distribution<_>`
[INFO] [stdout]              `rand_distr::Normal<half::f16>: RngCore`
[INFO] [stdout]              which is required by `rand_distr::Normal<half::f16>: rand::Rng`
[INFO] [stdout] 
[INFO] [stdout] 
[INFO] [stderr]     Checking actix-http v3.11.1
[INFO] [stdout] Some errors have detailed explanations: E0277, E0599.
[INFO] [stdout] 
[INFO] [stdout] For more information about an error, try `rustc --explain E0277`.
[INFO] [stdout] 
[INFO] [stderr] error: could not compile `candle-core` (lib) due to 18 previous errors
[INFO] [stderr] warning: build failed, waiting for other jobs to finish...
[INFO] [stderr] warning: opencv@0.92.3: c++: fatal error: Killed signal terminated program cc1plus
[INFO] [stderr] warning: opencv@0.92.3: compilation terminated.
[INFO] [stderr] warning: opencv@0.92.3: ToolExecError: command did not execute successfully (status code exit status: 1): LC_ALL="C" "c++" "-O0" "-ffunction-sections" "-fdata-sections" "-fPIC" "-gdwarf-4" "-fno-omit-frame-pointer" "-m64" "-std=c++14" "-I" "/opt/rustwide/cargo-home/registry/src/index.crates.io-1949cf8c6b5b557f/opencv-0.92.3/src_cpp" "-I" "/opt/rustwide/target/debug/build/opencv/abcd9abe89cc585b/out" "-I" "." "-I" "/usr/include/opencv4" "-Wall" "-Wextra" "-Wno-deprecated-declarations" "-Wno-deprecated-copy" "-Wno-unused-parameter" "-Wno-sign-compare" "-Wno-comment" "-Wunused-but-set-variable" "-Wno-unused-variable" "-Wno-ignored-qualifiers" "-Wno-return-type-c-linkage" "-Wno-overloaded-virtual" "-o" "/opt/rustwide/target/debug/build/opencv/abcd9abe89cc585b/out/b93d6c2866a04f7a-bgsegm.o" "-c" "/opt/rustwide/target/debug/build/opencv/abcd9abe89cc585b/out/bgsegm.cpp"cargo:warning=c++: fatal error: Killed signal terminated program cc1plus
[INFO] [stderr] warning: opencv@0.92.3: compilation terminated.
[INFO] [stderr] warning: opencv@0.92.3: ToolExecError: command did not execute successfully (status code exit status: 1): LC_ALL="C" "c++" "-O0" "-ffunction-sections" "-fdata-sections" "-fPIC" "-gdwarf-4" "-fno-omit-frame-pointer" "-m64" "-std=c++14" "-I" "/opt/rustwide/cargo-home/registry/src/index.crates.io-1949cf8c6b5b557f/opencv-0.92.3/src_cpp" "-I" "/opt/rustwide/target/debug/build/opencv/abcd9abe89cc585b/out" "-I" "." "-I" "/usr/include/opencv4" "-Wall" "-Wextra" "-Wno-deprecated-declarations" "-Wno-deprecated-copy" "-Wno-unused-parameter" "-Wno-sign-compare" "-Wno-comment" "-Wunused-but-set-variable" "-Wno-unused-variable" "-Wno-ignored-qualifiers" "-Wno-return-type-c-linkage" "-Wno-overloaded-virtual" "-o" "/opt/rustwide/target/debug/build/opencv/abcd9abe89cc585b/out/b93d6c2866a04f7a-core.o" "-c" "/opt/rustwide/target/debug/build/opencv/abcd9abe89cc585b/out/core.cpp"cargo:warning=c++: fatal error: Killed signal terminated program cc1plus
[INFO] [stderr] warning: opencv@0.92.3: compilation terminated.
[INFO] [stderr] warning: opencv@0.92.3: ToolExecError: command did not execute successfully (status code exit status: 1): LC_ALL="C" "c++" "-O0" "-ffunction-sections" "-fdata-sections" "-fPIC" "-gdwarf-4" "-fno-omit-frame-pointer" "-m64" "-std=c++14" "-I" "/opt/rustwide/cargo-home/registry/src/index.crates.io-1949cf8c6b5b557f/opencv-0.92.3/src_cpp" "-I" "/opt/rustwide/target/debug/build/opencv/abcd9abe89cc585b/out" "-I" "." "-I" "/usr/include/opencv4" "-Wall" "-Wextra" "-Wno-deprecated-declarations" "-Wno-deprecated-copy" "-Wno-unused-parameter" "-Wno-sign-compare" "-Wno-comment" "-Wunused-but-set-variable" "-Wno-unused-variable" "-Wno-ignored-qualifiers" "-Wno-return-type-c-linkage" "-Wno-overloaded-virtual" "-o" "/opt/rustwide/target/debug/build/opencv/abcd9abe89cc585b/out/b93d6c2866a04f7a-dnn.o" "-c" "/opt/rustwide/target/debug/build/opencv/abcd9abe89cc585b/out/dnn.cpp"cargo:warning=c++: fatal error: Killed signal terminated program cc1plus
[INFO] [stderr] warning: opencv@0.92.3: compilation terminated.
[INFO] [stderr] warning: opencv@0.92.3: ToolExecError: command did not execute successfully (status code exit status: 1): LC_ALL="C" "c++" "-O0" "-ffunction-sections" "-fdata-sections" "-fPIC" "-gdwarf-4" "-fno-omit-frame-pointer" "-m64" "-std=c++14" "-I" "/opt/rustwide/cargo-home/registry/src/index.crates.io-1949cf8c6b5b557f/opencv-0.92.3/src_cpp" "-I" "/opt/rustwide/target/debug/build/opencv/abcd9abe89cc585b/out" "-I" "." "-I" "/usr/include/opencv4" "-Wall" "-Wextra" "-Wno-deprecated-declarations" "-Wno-deprecated-copy" "-Wno-unused-parameter" "-Wno-sign-compare" "-Wno-comment" "-Wunused-but-set-variable" "-Wno-unused-variable" "-Wno-ignored-qualifiers" "-Wno-return-type-c-linkage" "-Wno-overloaded-virtual" "-o" "/opt/rustwide/target/debug/build/opencv/abcd9abe89cc585b/out/b93d6c2866a04f7a-dnn_superres.o" "-c" "/opt/rustwide/target/debug/build/opencv/abcd9abe89cc585b/out/dnn_superres.cpp"cargo:warning=c++: fatal error: Killed signal terminated program cc1plus
[INFO] [stderr] warning: opencv@0.92.3: compilation terminated.
[INFO] [stderr] warning: opencv@0.92.3: ToolExecError: command did not execute successfully (status code exit status: 1): LC_ALL="C" "c++" "-O0" "-ffunction-sections" "-fdata-sections" "-fPIC" "-gdwarf-4" "-fno-omit-frame-pointer" "-m64" "-std=c++14" "-I" "/opt/rustwide/cargo-home/registry/src/index.crates.io-1949cf8c6b5b557f/opencv-0.92.3/src_cpp" "-I" "/opt/rustwide/target/debug/build/opencv/abcd9abe89cc585b/out" "-I" "." "-I" "/usr/include/opencv4" "-Wall" "-Wextra" "-Wno-deprecated-declarations" "-Wno-deprecated-copy" "-Wno-unused-parameter" "-Wno-sign-compare" "-Wno-comment" "-Wunused-but-set-variable" "-Wno-unused-variable" "-Wno-ignored-qualifiers" "-Wno-return-type-c-linkage" "-Wno-overloaded-virtual" "-o" "/opt/rustwide/target/debug/build/opencv/abcd9abe89cc585b/out/b93d6c2866a04f7a-features2d.o" "-c" "/opt/rustwide/target/debug/build/opencv/abcd9abe89cc585b/out/features2d.cpp"cargo:warning=c++: fatal error: Killed signal terminated program cc1plus
[INFO] [stderr] warning: opencv@0.92.3: compilation terminated.
[INFO] [stderr] warning: opencv@0.92.3: ToolExecError: command did not execute successfully (status code exit status: 1): LC_ALL="C" "c++" "-O0" "-ffunction-sections" "-fdata-sections" "-fPIC" "-gdwarf-4" "-fno-omit-frame-pointer" "-m64" "-std=c++14" "-I" "/opt/rustwide/cargo-home/registry/src/index.crates.io-1949cf8c6b5b557f/opencv-0.92.3/src_cpp" "-I" "/opt/rustwide/target/debug/build/opencv/abcd9abe89cc585b/out" "-I" "." "-I" "/usr/include/opencv4" "-Wall" "-Wextra" "-Wno-deprecated-declarations" "-Wno-deprecated-copy" "-Wno-unused-parameter" "-Wno-sign-compare" "-Wno-comment" "-Wunused-but-set-variable" "-Wno-unused-variable" "-Wno-ignored-qualifiers" "-Wno-return-type-c-linkage" "-Wno-overloaded-virtual" "-o" "/opt/rustwide/target/debug/build/opencv/abcd9abe89cc585b/out/b93d6c2866a04f7a-calib3d.o" "-c" "/opt/rustwide/target/debug/build/opencv/abcd9abe89cc585b/out/calib3d.cpp"cargo:warning=c++: fatal error: Killed signal terminated program cc1plus
[INFO] [stderr] warning: opencv@0.92.3: compilation terminated.
[INFO] [stderr] warning: opencv@0.92.3: ToolExecError: command did not execute successfully (status code exit status: 1): LC_ALL="C" "c++" "-O0" "-ffunction-sections" "-fdata-sections" "-fPIC" "-gdwarf-4" "-fno-omit-frame-pointer" "-m64" "-std=c++14" "-I" "/opt/rustwide/cargo-home/registry/src/index.crates.io-1949cf8c6b5b557f/opencv-0.92.3/src_cpp" "-I" "/opt/rustwide/target/debug/build/opencv/abcd9abe89cc585b/out" "-I" "." "-I" "/usr/include/opencv4" "-Wall" "-Wextra" "-Wno-deprecated-declarations" "-Wno-deprecated-copy" "-Wno-unused-parameter" "-Wno-sign-compare" "-Wno-comment" "-Wunused-but-set-variable" "-Wno-unused-variable" "-Wno-ignored-qualifiers" "-Wno-return-type-c-linkage" "-Wno-overloaded-virtual" "-o" "/opt/rustwide/target/debug/build/opencv/abcd9abe89cc585b/out/7d651e88ef68ee4a-manual-core.o" "-c" "/opt/rustwide/cargo-home/registry/src/index.crates.io-1949cf8c6b5b557f/opencv-0.92.3/src_cpp/manual-core.cpp"cargo:warning=c++: fatal error: Killed signal terminated program cc1plus
[INFO] [stderr] warning: opencv@0.92.3: compilation terminated.
[INFO] [stderr] warning: opencv@0.92.3: ToolExecError: command did not execute successfully (status code exit status: 1): LC_ALL="C" "c++" "-O0" "-ffunction-sections" "-fdata-sections" "-fPIC" "-gdwarf-4" "-fno-omit-frame-pointer" "-m64" "-std=c++14" "-I" "/opt/rustwide/cargo-home/registry/src/index.crates.io-1949cf8c6b5b557f/opencv-0.92.3/src_cpp" "-I" "/opt/rustwide/target/debug/build/opencv/abcd9abe89cc585b/out" "-I" "." "-I" "/usr/include/opencv4" "-Wall" "-Wextra" "-Wno-deprecated-declarations" "-Wno-deprecated-copy" "-Wno-unused-parameter" "-Wno-sign-compare" "-Wno-comment" "-Wunused-but-set-variable" "-Wno-unused-variable" "-Wno-ignored-qualifiers" "-Wno-return-type-c-linkage" "-Wno-overloaded-virtual" "-o" "/opt/rustwide/target/debug/build/opencv/abcd9abe89cc585b/out/b93d6c2866a04f7a-cvv.o" "-c" "/opt/rustwide/target/debug/build/opencv/abcd9abe89cc585b/out/cvv.cpp"cargo:warning=c++: fatal error: Killed signal terminated program cc1plus
[INFO] [stderr] warning: opencv@0.92.3: compilation terminated.
[INFO] [stderr] warning: opencv@0.92.3: ToolExecError: command did not execute successfully (status code exit status: 1): LC_ALL="C" "c++" "-O0" "-ffunction-sections" "-fdata-sections" "-fPIC" "-gdwarf-4" "-fno-omit-frame-pointer" "-m64" "-std=c++14" "-I" "/opt/rustwide/cargo-home/registry/src/index.crates.io-1949cf8c6b5b557f/opencv-0.92.3/src_cpp" "-I" "/opt/rustwide/target/debug/build/opencv/abcd9abe89cc585b/out" "-I" "." "-I" "/usr/include/opencv4" "-Wall" "-Wextra" "-Wno-deprecated-declarations" "-Wno-deprecated-copy" "-Wno-unused-parameter" "-Wno-sign-compare" "-Wno-comment" "-Wunused-but-set-variable" "-Wno-unused-variable" "-Wno-ignored-qualifiers" "-Wno-return-type-c-linkage" "-Wno-overloaded-virtual" "-o" "/opt/rustwide/target/debug/build/opencv/abcd9abe89cc585b/out/b93d6c2866a04f7a-face.o" "-c" "/opt/rustwide/target/debug/build/opencv/abcd9abe89cc585b/out/face.cpp"cargo:warning=c++: fatal error: Killed signal terminated program cc1plus
[INFO] [stderr] warning: opencv@0.92.3: compilation terminated.
[INFO] [stderr] warning: opencv@0.92.3: ToolExecError: command did not execute successfully (status code exit status: 1): LC_ALL="C" "c++" "-O0" "-ffunction-sections" "-fdata-sections" "-fPIC" "-gdwarf-4" "-fno-omit-frame-pointer" "-m64" "-std=c++14" "-I" "/opt/rustwide/cargo-home/registry/src/index.crates.io-1949cf8c6b5b557f/opencv-0.92.3/src_cpp" "-I" "/opt/rustwide/target/debug/build/opencv/abcd9abe89cc585b/out" "-I" "." "-I" "/usr/include/opencv4" "-Wall" "-Wextra" "-Wno-deprecated-declarations" "-Wno-deprecated-copy" "-Wno-unused-parameter" "-Wno-sign-compare" "-Wno-comment" "-Wunused-but-set-variable" "-Wno-unused-variable" "-Wno-ignored-qualifiers" "-Wno-return-type-c-linkage" "-Wno-overloaded-virtual" "-o" "/opt/rustwide/target/debug/build/opencv/abcd9abe89cc585b/out/b93d6c2866a04f7a-flann.o" "-c" "/opt/rustwide/target/debug/build/opencv/abcd9abe89cc585b/out/flann.cpp"cargo:warning=c++: fatal error: Killed signal terminated program cc1plus
[INFO] [stderr] warning: opencv@0.92.3: compilation terminated.
[INFO] [stderr] warning: opencv@0.92.3: ToolExecError: command did not execute successfully (status code exit status: 1): LC_ALL="C" "c++" "-O0" "-ffunction-sections" "-fdata-sections" "-fPIC" "-gdwarf-4" "-fno-omit-frame-pointer" "-m64" "-std=c++14" "-I" "/opt/rustwide/cargo-home/registry/src/index.crates.io-1949cf8c6b5b557f/opencv-0.92.3/src_cpp" "-I" "/opt/rustwide/target/debug/build/opencv/abcd9abe89cc585b/out" "-I" "." "-I" "/usr/include/opencv4" "-Wall" "-Wextra" "-Wno-deprecated-declarations" "-Wno-deprecated-copy" "-Wno-unused-parameter" "-Wno-sign-compare" "-Wno-comment" "-Wunused-but-set-variable" "-Wno-unused-variable" "-Wno-ignored-qualifiers" "-Wno-return-type-c-linkage" "-Wno-overloaded-virtual" "-o" "/opt/rustwide/target/debug/build/opencv/abcd9abe89cc585b/out/b93d6c2866a04f7a-hfs.o" "-c" "/opt/rustwide/target/debug/build/opencv/abcd9abe89cc585b/out/hfs.cpp"cargo:warning=c++: fatal error: Killed signal terminated program cc1plus
[INFO] [stderr] warning: opencv@0.92.3: compilation terminated.
[INFO] [stderr] warning: opencv@0.92.3: ToolExecError: command did not execute successfully (status code exit status: 1): LC_ALL="C" "c++" "-O0" "-ffunction-sections" "-fdata-sections" "-fPIC" "-gdwarf-4" "-fno-omit-frame-pointer" "-m64" "-std=c++14" "-I" "/opt/rustwide/cargo-home/registry/src/index.crates.io-1949cf8c6b5b557f/opencv-0.92.3/src_cpp" "-I" "/opt/rustwide/target/debug/build/opencv/abcd9abe89cc585b/out" "-I" "." "-I" "/usr/include/opencv4" "-Wall" "-Wextra" "-Wno-deprecated-declarations" "-Wno-deprecated-copy" "-Wno-unused-parameter" "-Wno-sign-compare" "-Wno-comment" "-Wunused-but-set-variable" "-Wno-unused-variable" "-Wno-ignored-qualifiers" "-Wno-return-type-c-linkage" "-Wno-overloaded-virtual" "-o" "/opt/rustwide/target/debug/build/opencv/abcd9abe89cc585b/out/b93d6c2866a04f7a-img_hash.o" "-c" "/opt/rustwide/target/debug/build/opencv/abcd9abe89cc585b/out/img_hash.cpp"cargo:warning=c++: fatal error: Killed signal terminated program cc1plus
[INFO] [stderr] warning: opencv@0.92.3: compilation terminated.
[INFO] [stderr] warning: opencv@0.92.3: ToolExecError: command did not execute successfully (status code exit status: 1): LC_ALL="C" "c++" "-O0" "-ffunction-sections" "-fdata-sections" "-fPIC" "-gdwarf-4" "-fno-omit-frame-pointer" "-m64" "-std=c++14" "-I" "/opt/rustwide/cargo-home/registry/src/index.crates.io-1949cf8c6b5b557f/opencv-0.92.3/src_cpp" "-I" "/opt/rustwide/target/debug/build/opencv/abcd9abe89cc585b/out" "-I" "." "-I" "/usr/include/opencv4" "-Wall" "-Wextra" "-Wno-deprecated-declarations" "-Wno-deprecated-copy" "-Wno-unused-parameter" "-Wno-sign-compare" "-Wno-comment" "-Wunused-but-set-variable" "-Wno-unused-variable" "-Wno-ignored-qualifiers" "-Wno-return-type-c-linkage" "-Wno-overloaded-virtual" "-o" "/opt/rustwide/target/debug/build/opencv/abcd9abe89cc585b/out/b93d6c2866a04f7a-line_descriptor.o" "-c" "/opt/rustwide/target/debug/build/opencv/abcd9abe89cc585b/out/line_descriptor.cpp"cargo:warning=c++: fatal error: Killed signal terminated program cc1plus
[INFO] [stderr] warning: opencv@0.92.3: compilation terminated.
[INFO] [stderr] warning: opencv@0.92.3: ToolExecError: command did not execute successfully (status code exit status: 1): LC_ALL="C" "c++" "-O0" "-ffunction-sections" "-fdata-sections" "-fPIC" "-gdwarf-4" "-fno-omit-frame-pointer" "-m64" "-std=c++14" "-I" "/opt/rustwide/cargo-home/registry/src/index.crates.io-1949cf8c6b5b557f/opencv-0.92.3/src_cpp" "-I" "/opt/rustwide/target/debug/build/opencv/abcd9abe89cc585b/out" "-I" "." "-I" "/usr/include/opencv4" "-Wall" "-Wextra" "-Wno-deprecated-declarations" "-Wno-deprecated-copy" "-Wno-unused-parameter" "-Wno-sign-compare" "-Wno-comment" "-Wunused-but-set-variable" "-Wno-unused-variable" "-Wno-ignored-qualifiers" "-Wno-return-type-c-linkage" "-Wno-overloaded-virtual" "-o" "/opt/rustwide/target/debug/build/opencv/abcd9abe89cc585b/out/b93d6c2866a04f7a-imgproc.o" "-c" "/opt/rustwide/target/debug/build/opencv/abcd9abe89cc585b/out/imgproc.cpp"cargo:warning=c++: fatal error: Killed signal terminated program cc1plus
[INFO] [stderr] warning: opencv@0.92.3: compilation terminated.
[INFO] [stderr] warning: opencv@0.92.3: ToolExecError: command did not execute successfully (status code exit status: 1): LC_ALL="C" "c++" "-O0" "-ffunction-sections" "-fdata-sections" "-fPIC" "-gdwarf-4" "-fno-omit-frame-pointer" "-m64" "-std=c++14" "-I" "/opt/rustwide/cargo-home/registry/src/index.crates.io-1949cf8c6b5b557f/opencv-0.92.3/src_cpp" "-I" "/opt/rustwide/target/debug/build/opencv/abcd9abe89cc585b/out" "-I" "." "-I" "/usr/include/opencv4" "-Wall" "-Wextra" "-Wno-deprecated-declarations" "-Wno-deprecated-copy" "-Wno-unused-parameter" "-Wno-sign-compare" "-Wno-comment" "-Wunused-but-set-variable" "-Wno-unused-variable" "-Wno-ignored-qualifiers" "-Wno-return-type-c-linkage" "-Wno-overloaded-virtual" "-o" "/opt/rustwide/target/debug/build/opencv/abcd9abe89cc585b/out/b93d6c2866a04f7a-mcc.o" "-c" "/opt/rustwide/target/debug/build/opencv/abcd9abe89cc585b/out/mcc.cpp"cargo:warning=c++: fatal error: Killed signal terminated program cc1plus
[INFO] [stderr] warning: opencv@0.92.3: compilation terminated.
[INFO] [stderr] warning: opencv@0.92.3: ToolExecError: command did not execute successfully (status code exit status: 1): LC_ALL="C" "c++" "-O0" "-ffunction-sections" "-fdata-sections" "-fPIC" "-gdwarf-4" "-fno-omit-frame-pointer" "-m64" "-std=c++14" "-I" "/opt/rustwide/cargo-home/registry/src/index.crates.io-1949cf8c6b5b557f/opencv-0.92.3/src_cpp" "-I" "/opt/rustwide/target/debug/build/opencv/abcd9abe89cc585b/out" "-I" "." "-I" "/usr/include/opencv4" "-Wall" "-Wextra" "-Wno-deprecated-declarations" "-Wno-deprecated-copy" "-Wno-unused-parameter" "-Wno-sign-compare" "-Wno-comment" "-Wunused-but-set-variable" "-Wno-unused-variable" "-Wno-ignored-qualifiers" "-Wno-return-type-c-linkage" "-Wno-overloaded-virtual" "-o" "/opt/rustwide/target/debug/build/opencv/abcd9abe89cc585b/out/b93d6c2866a04f7a-objdetect.o" "-c" "/opt/rustwide/target/debug/build/opencv/abcd9abe89cc585b/out/objdetect.cpp"cargo:warning=c++: fatal error: Killed signal terminated program cc1plus
[INFO] [stderr] warning: opencv@0.92.3: compilation terminated.
[INFO] [stderr] warning: opencv@0.92.3: ToolExecError: command did not execute successfully (status code exit status: 1): LC_ALL="C" "c++" "-O0" "-ffunction-sections" "-fdata-sections" "-fPIC" "-gdwarf-4" "-fno-omit-frame-pointer" "-m64" "-std=c++14" "-I" "/opt/rustwide/cargo-home/registry/src/index.crates.io-1949cf8c6b5b557f/opencv-0.92.3/src_cpp" "-I" "/opt/rustwide/target/debug/build/opencv/abcd9abe89cc585b/out" "-I" "." "-I" "/usr/include/opencv4" "-Wall" "-Wextra" "-Wno-deprecated-declarations" "-Wno-deprecated-copy" "-Wno-unused-parameter" "-Wno-sign-compare" "-Wno-comment" "-Wunused-but-set-variable" "-Wno-unused-variable" "-Wno-ignored-qualifiers" "-Wno-return-type-c-linkage" "-Wno-overloaded-virtual" "-o" "/opt/rustwide/target/debug/build/opencv/abcd9abe89cc585b/out/b93d6c2866a04f7a-optflow.o" "-c" "/opt/rustwide/target/debug/build/opencv/abcd9abe89cc585b/out/optflow.cpp"cargo:warning=c++: fatal error: Killed signal terminated program cc1plus
[INFO] [stderr] warning: opencv@0.92.3: compilation terminated.
[INFO] [stderr] warning: opencv@0.92.3: ToolExecError: command did not execute successfully (status code exit status: 1): LC_ALL="C" "c++" "-O0" "-ffunction-sections" "-fdata-sections" "-fPIC" "-gdwarf-4" "-fno-omit-frame-pointer" "-m64" "-std=c++14" "-I" "/opt/rustwide/cargo-home/registry/src/index.crates.io-1949cf8c6b5b557f/opencv-0.92.3/src_cpp" "-I" "/opt/rustwide/target/debug/build/opencv/abcd9abe89cc585b/out" "-I" "." "-I" "/usr/include/opencv4" "-Wall" "-Wextra" "-Wno-deprecated-declarations" "-Wno-deprecated-copy" "-Wno-unused-parameter" "-Wno-sign-compare" "-Wno-comment" "-Wunused-but-set-variable" "-Wno-unused-variable" "-Wno-ignored-qualifiers" "-Wno-return-type-c-linkage" "-Wno-overloaded-virtual" "-o" "/opt/rustwide/target/debug/build/opencv/abcd9abe89cc585b/out/b93d6c2866a04f7a-ml.o" "-c" "/opt/rustwide/target/debug/build/opencv/abcd9abe89cc585b/out/ml.cpp"cargo:warning=c++: fatal error: Killed signal terminated program cc1plus
[INFO] [stderr] warning: opencv@0.92.3: compilation terminated.
[INFO] [stderr] warning: opencv@0.92.3: ToolExecError: command did not execute successfully (status code exit status: 1): LC_ALL="C" "c++" "-O0" "-ffunction-sections" "-fdata-sections" "-fPIC" "-gdwarf-4" "-fno-omit-frame-pointer" "-m64" "-std=c++14" "-I" "/opt/rustwide/cargo-home/registry/src/index.crates.io-1949cf8c6b5b557f/opencv-0.92.3/src_cpp" "-I" "/opt/rustwide/target/debug/build/opencv/abcd9abe89cc585b/out" "-I" "." "-I" "/usr/include/opencv4" "-Wall" "-Wextra" "-Wno-deprecated-declarations" "-Wno-deprecated-copy" "-Wno-unused-parameter" "-Wno-sign-compare" "-Wno-comment" "-Wunused-but-set-variable" "-Wno-unused-variable" "-Wno-ignored-qualifiers" "-Wno-return-type-c-linkage" "-Wno-overloaded-virtual" "-o" "/opt/rustwide/target/debug/build/opencv/abcd9abe89cc585b/out/b93d6c2866a04f7a-photo.o" "-c" "/opt/rustwide/target/debug/build/opencv/abcd9abe89cc585b/out/photo.cpp"cargo:warning=c++: fatal error: Killed signal terminated program cc1plus
[INFO] [stderr] warning: opencv@0.92.3: compilation terminated.
[INFO] [stderr] warning: opencv@0.92.3: ToolExecError: command did not execute successfully (status code exit status: 1): LC_ALL="C" "c++" "-O0" "-ffunction-sections" "-fdata-sections" "-fPIC" "-gdwarf-4" "-fno-omit-frame-pointer" "-m64" "-std=c++14" "-I" "/opt/rustwide/cargo-home/registry/src/index.crates.io-1949cf8c6b5b557f/opencv-0.92.3/src_cpp" "-I" "/opt/rustwide/target/debug/build/opencv/abcd9abe89cc585b/out" "-I" "." "-I" "/usr/include/opencv4" "-Wall" "-Wextra" "-Wno-deprecated-declarations" "-Wno-deprecated-copy" "-Wno-unused-parameter" "-Wno-sign-compare" "-Wno-comment" "-Wunused-but-set-variable" "-Wno-unused-variable" "-Wno-ignored-qualifiers" "-Wno-return-type-c-linkage" "-Wno-overloaded-virtual" "-o" "/opt/rustwide/target/debug/build/opencv/abcd9abe89cc585b/out/b93d6c2866a04f7a-quality.o" "-c" "/opt/rustwide/target/debug/build/opencv/abcd9abe89cc585b/out/quality.cpp"cargo:warning=c++: fatal error: Killed signal terminated program cc1plus
[INFO] [stderr] warning: opencv@0.92.3: compilation terminated.
[INFO] [stderr] warning: opencv@0.92.3: ToolExecError: command did not execute successfully (status code exit status: 1): LC_ALL="C" "c++" "-O0" "-ffunction-sections" "-fdata-sections" "-fPIC" "-gdwarf-4" "-fno-omit-frame-pointer" "-m64" "-std=c++14" "-I" "/opt/rustwide/cargo-home/registry/src/index.crates.io-1949cf8c6b5b557f/opencv-0.92.3/src_cpp" "-I" "/opt/rustwide/target/debug/build/opencv/abcd9abe89cc585b/out" "-I" "." "-I" "/usr/include/opencv4" "-Wall" "-Wextra" "-Wno-deprecated-declarations" "-Wno-deprecated-copy" "-Wno-unused-parameter" "-Wno-sign-compare" "-Wno-comment" "-Wunused-but-set-variable" "-Wno-unused-variable" "-Wno-ignored-qualifiers" "-Wno-return-type-c-linkage" "-Wno-overloaded-virtual" "-o" "/opt/rustwide/target/debug/build/opencv/abcd9abe89cc585b/out/b93d6c2866a04f7a-saliency.o" "-c" "/opt/rustwide/target/debug/build/opencv/abcd9abe89cc585b/out/saliency.cpp"cargo:warning=c++: fatal error: Killed signal terminated program cc1plus
[INFO] [stderr] warning: opencv@0.92.3: compilation terminated.
[INFO] [stderr] warning: opencv@0.92.3: ToolExecError: command did not execute successfully (status code exit status: 1): LC_ALL="C" "c++" "-O0" "-ffunction-sections" "-fdata-sections" "-fPIC" "-gdwarf-4" "-fno-omit-frame-pointer" "-m64" "-std=c++14" "-I" "/opt/rustwide/cargo-home/registry/src/index.crates.io-1949cf8c6b5b557f/opencv-0.92.3/src_cpp" "-I" "/opt/rustwide/target/debug/build/opencv/abcd9abe89cc585b/out" "-I" "." "-I" "/usr/include/opencv4" "-Wall" "-Wextra" "-Wno-deprecated-declarations" "-Wno-deprecated-copy" "-Wno-unused-parameter" "-Wno-sign-compare" "-Wno-comment" "-Wunused-but-set-variable" "-Wno-unused-variable" "-Wno-ignored-qualifiers" "-Wno-return-type-c-linkage" "-Wno-overloaded-virtual" "-o" "/opt/rustwide/target/debug/build/opencv/abcd9abe89cc585b/out/b93d6c2866a04f7a-shape.o" "-c" "/opt/rustwide/target/debug/build/opencv/abcd9abe89cc585b/out/shape.cpp"cargo:warning=c++: fatal error: Killed signal terminated program cc1plus
[INFO] [stderr] warning: opencv@0.92.3: compilation terminated.
[INFO] [stderr] warning: opencv@0.92.3: ToolExecError: command did not execute successfully (status code exit status: 1): LC_ALL="C" "c++" "-O0" "-ffunction-sections" "-fdata-sections" "-fPIC" "-gdwarf-4" "-fno-omit-frame-pointer" "-m64" "-std=c++14" "-I" "/opt/rustwide/cargo-home/registry/src/index.crates.io-1949cf8c6b5b557f/opencv-0.92.3/src_cpp" "-I" "/opt/rustwide/target/debug/build/opencv/abcd9abe89cc585b/out" "-I" "." "-I" "/usr/include/opencv4" "-Wall" "-Wextra" "-Wno-deprecated-declarations" "-Wno-deprecated-copy" "-Wno-unused-parameter" "-Wno-sign-compare" "-Wno-comment" "-Wunused-but-set-variable" "-Wno-unused-variable" "-Wno-ignored-qualifiers" "-Wno-return-type-c-linkage" "-Wno-overloaded-virtual" "-o" "/opt/rustwide/target/debug/build/opencv/abcd9abe89cc585b/out/b93d6c2866a04f7a-rgbd.o" "-c" "/opt/rustwide/target/debug/build/opencv/abcd9abe89cc585b/out/rgbd.cpp"cargo:warning=c++: fatal error: Killed signal terminated program cc1plus
[INFO] [stderr] warning: opencv@0.92.3: compilation terminated.
[INFO] [stderr] warning: opencv@0.92.3: ToolExecError: command did not execute successfully (status code exit status: 1): LC_ALL="C" "c++" "-O0" "-ffunction-sections" "-fdata-sections" "-fPIC" "-gdwarf-4" "-fno-omit-frame-pointer" "-m64" "-std=c++14" "-I" "/opt/rustwide/cargo-home/registry/src/index.crates.io-1949cf8c6b5b557f/opencv-0.92.3/src_cpp" "-I" "/opt/rustwide/target/debug/build/opencv/abcd9abe89cc585b/out" "-I" "." "-I" "/usr/include/opencv4" "-Wall" "-Wextra" "-Wno-deprecated-declarations" "-Wno-deprecated-copy" "-Wno-unused-parameter" "-Wno-sign-compare" "-Wno-comment" "-Wunused-but-set-variable" "-Wno-unused-variable" "-Wno-ignored-qualifiers" "-Wno-return-type-c-linkage" "-Wno-overloaded-virtual" "-o" "/opt/rustwide/target/debug/build/opencv/abcd9abe89cc585b/out/b93d6c2866a04f7a-stitching.o" "-c" "/opt/rustwide/target/debug/build/opencv/abcd9abe89cc585b/out/stitching.cpp"
[INFO] [stderr] error: failed to run custom build command for `opencv v0.92.3`
[INFO] [stderr] note: To improve backtraces for build dependencies, set the CARGO_PROFILE_DEV_BUILD_OVERRIDE_DEBUG=true environment variable to enable debug information generation.
[INFO] [stderr] 
[INFO] [stderr] Caused by:
[INFO] [stderr]   process didn't exit successfully: `/opt/rustwide/target/debug/build/opencv/cfbc173859617404/out/build_script_build` (exit status: 1)
[INFO] [stderr]   --- stdout
[INFO] [stderr]   cargo:rerun-if-env-changed=OPENCV4_NO_PKG_CONFIG
[INFO] [stderr]   cargo:rerun-if-env-changed=PKG_CONFIG_x86_64-unknown-linux-gnu
[INFO] [stderr]   cargo:rerun-if-env-changed=PKG_CONFIG_x86_64_unknown_linux_gnu
[INFO] [stderr]   cargo:rerun-if-env-changed=HOST_PKG_CONFIG
[INFO] [stderr]   cargo:rerun-if-env-changed=PKG_CONFIG
[INFO] [stderr]   cargo:rerun-if-env-changed=OPENCV4_STATIC
[INFO] [stderr]   cargo:rerun-if-env-changed=OPENCV4_DYNAMIC
[INFO] [stderr]   cargo:rerun-if-env-changed=PKG_CONFIG_ALL_STATIC
[INFO] [stderr]   cargo:rerun-if-env-changed=PKG_CONFIG_ALL_DYNAMIC
[INFO] [stderr]   cargo:rerun-if-env-changed=PKG_CONFIG_PATH_x86_64-unknown-linux-gnu
[INFO] [stderr]   cargo:rerun-if-env-changed=PKG_CONFIG_PATH_x86_64_unknown_linux_gnu
[INFO] [stderr]   cargo:rerun-if-env-changed=HOST_PKG_CONFIG_PATH
[INFO] [stderr]   cargo:rerun-if-env-changed=PKG_CONFIG_PATH
[INFO] [stderr]   cargo:rerun-if-env-changed=PKG_CONFIG_LIBDIR_x86_64-unknown-linux-gnu
[INFO] [stderr]   cargo:rerun-if-env-changed=PKG_CONFIG_LIBDIR_x86_64_unknown_linux_gnu
[INFO] [stderr]   cargo:rerun-if-env-changed=HOST_PKG_CONFIG_LIBDIR
[INFO] [stderr]   cargo:rerun-if-env-changed=PKG_CONFIG_LIBDIR
[INFO] [stderr]   cargo:rerun-if-env-changed=PKG_CONFIG_SYSROOT_DIR_x86_64-unknown-linux-gnu
[INFO] [stderr]   cargo:rerun-if-env-changed=PKG_CONFIG_SYSROOT_DIR_x86_64_unknown_linux_gnu
[INFO] [stderr]   cargo:rerun-if-env-changed=HOST_PKG_CONFIG_SYSROOT_DIR
[INFO] [stderr]   cargo:rerun-if-env-changed=PKG_CONFIG_SYSROOT_DIR
[INFO] [stderr]   cargo:rerun-if-env-changed=PKG_CONFIG_SYSROOT_DIR
[INFO] [stderr]   cargo:rerun-if-env-changed=SYSROOT
[INFO] [stderr]   cargo:rerun-if-env-changed=OPENCV4_STATIC
[INFO] [stderr]   cargo:rerun-if-env-changed=OPENCV4_DYNAMIC
[INFO] [stderr]   cargo:rerun-if-env-changed=PKG_CONFIG_ALL_STATIC
[INFO] [stderr]   cargo:rerun-if-env-changed=PKG_CONFIG_ALL_DYNAMIC
[INFO] [stderr]   cargo:rerun-if-env-changed=PKG_CONFIG_x86_64-unknown-linux-gnu
[INFO] [stderr]   cargo:rerun-if-env-changed=PKG_CONFIG_x86_64_unknown_linux_gnu
[INFO] [stderr]   cargo:rerun-if-env-changed=HOST_PKG_CONFIG
[INFO] [stderr]   cargo:rerun-if-env-changed=PKG_CONFIG
[INFO] [stderr]   cargo:rerun-if-env-changed=OPENCV4_STATIC
[INFO] [stderr]   cargo:rerun-if-env-changed=OPENCV4_DYNAMIC
[INFO] [stderr]   cargo:rerun-if-env-changed=PKG_CONFIG_ALL_STATIC
[INFO] [stderr]   cargo:rerun-if-env-changed=PKG_CONFIG_ALL_DYNAMIC
[INFO] [stderr]   cargo:rerun-if-env-changed=PKG_CONFIG_PATH_x86_64-unknown-linux-gnu
[INFO] [stderr]   cargo:rerun-if-env-changed=PKG_CONFIG_PATH_x86_64_unknown_linux_gnu
[INFO] [stderr]   cargo:rerun-if-env-changed=HOST_PKG_CONFIG_PATH
[INFO] [stderr]   cargo:rerun-if-env-changed=PKG_CONFIG_PATH
[INFO] [stderr]   cargo:rerun-if-env-changed=PKG_CONFIG_LIBDIR_x86_64-unknown-linux-gnu
[INFO] [stderr]   cargo:rerun-if-env-changed=PKG_CONFIG_LIBDIR_x86_64_unknown_linux_gnu
[INFO] [stderr]   cargo:rerun-if-env-changed=HOST_PKG_CONFIG_LIBDIR
[INFO] [stderr]   cargo:rerun-if-env-changed=PKG_CONFIG_LIBDIR
[INFO] [stderr]   cargo:rerun-if-env-changed=PKG_CONFIG_SYSROOT_DIR_x86_64-unknown-linux-gnu
[INFO] [stderr]   cargo:rerun-if-env-changed=PKG_CONFIG_SYSROOT_DIR_x86_64_unknown_linux_gnu
[INFO] [stderr]   cargo:rerun-if-env-changed=HOST_PKG_CONFIG_SYSROOT_DIR
[INFO] [stderr]   cargo:rerun-if-env-changed=PKG_CONFIG_SYSROOT_DIR
[INFO] [stderr]   cargo:rustc-check-cfg=cfg(ocvrs_opencv_branch_4)
[INFO] [stderr]   cargo:rustc-check-cfg=cfg(ocvrs_opencv_branch_34)
[INFO] [stderr]   cargo:rustc-check-cfg=cfg(ocvrs_opencv_branch_32)
[INFO] [stderr]   cargo:rustc-cfg=ocvrs_opencv_branch_4
[INFO] [stderr]   cargo:rerun-if-env-changed=OPENCV_PACKAGE_NAME
[INFO] [stderr]   cargo:rerun-if-env-changed=OPENCV_PKGCONFIG_NAME
[INFO] [stderr]   cargo:rerun-if-env-changed=OPENCV_CMAKE_NAME
[INFO] [stderr]   cargo:rerun-if-env-changed=OPENCV_CMAKE_BIN
[INFO] [stderr]   cargo:rerun-if-env-changed=OPENCV_VCPKG_NAME
[INFO] [stderr]   cargo:rerun-if-env-changed=OPENCV_LINK_LIBS
[INFO] [stderr]   cargo:rerun-if-env-changed=OPENCV_LINK_PATHS
[INFO] [stderr]   cargo:rerun-if-env-changed=OPENCV_INCLUDE_PATHS
[INFO] [stderr]   cargo:rerun-if-env-changed=OPENCV_DISABLE_PROBES
[INFO] [stderr]   cargo:rerun-if-env-changed=OPENCV_MSVC_CRT
[INFO] [stderr]   cargo:rerun-if-env-changed=CMAKE_PREFIX_PATH
[INFO] [stderr]   cargo:rerun-if-env-changed=OpenCV_DIR
[INFO] [stderr]   cargo:rerun-if-env-changed=PKG_CONFIG_PATH
[INFO] [stderr]   cargo:rerun-if-env-changed=VCPKG_ROOT
[INFO] [stderr]   cargo:rerun-if-env-changed=VCPKGRS_DYNAMIC
[INFO] [stderr]   cargo:rerun-if-env-changed=VCPKGRS_TRIPLET
[INFO] [stderr]   cargo:rerun-if-env-changed=OCVRS_DOCS_GENERATE_DIR
[INFO] [stderr]   cargo:rerun-if-env-changed=DOCS_RS
[INFO] [stderr]   cargo:rerun-if-changed=/opt/rustwide/cargo-home/registry/src/index.crates.io-1949cf8c6b5b557f/opencv-0.92.3/src_cpp/manual-core.cpp
[INFO] [stderr]   cargo:rerun-if-changed=/opt/rustwide/cargo-home/registry/src/index.crates.io-1949cf8c6b5b557f/opencv-0.92.3/src_cpp/dnn.hpp
[INFO] [stderr]   cargo:rerun-if-changed=/opt/rustwide/cargo-home/registry/src/index.crates.io-1949cf8c6b5b557f/opencv-0.92.3/src_cpp/core.hpp
[INFO] [stderr]   cargo:rerun-if-changed=/opt/rustwide/cargo-home/registry/src/index.crates.io-1949cf8c6b5b557f/opencv-0.92.3/src_cpp/bioinspired.hpp
[INFO] [stderr]   cargo:rerun-if-changed=/opt/rustwide/cargo-home/registry/src/index.crates.io-1949cf8c6b5b557f/opencv-0.92.3/src_cpp/photo.hpp
[INFO] [stderr]   cargo:rerun-if-changed=/opt/rustwide/cargo-home/registry/src/index.crates.io-1949cf8c6b5b557f/opencv-0.92.3/src_cpp/hdf.hpp
[INFO] [stderr]   cargo:rerun-if-changed=/opt/rustwide/cargo-home/registry/src/index.crates.io-1949cf8c6b5b557f/opencv-0.92.3/src_cpp/gapi.hpp
[INFO] [stderr]   cargo:rerun-if-changed=/opt/rustwide/cargo-home/registry/src/index.crates.io-1949cf8c6b5b557f/opencv-0.92.3/src_cpp/ocvrs_common.hpp
[INFO] [stderr]   cargo:rerun-if-changed=/opt/rustwide/cargo-home/registry/src/index.crates.io-1949cf8c6b5b557f/opencv-0.92.3/src_cpp/xfeatures2d.hpp
[INFO] [stderr]   cargo:rerun-if-changed=/opt/rustwide/cargo-home/registry/src/index.crates.io-1949cf8c6b5b557f/opencv-0.92.3/src_cpp/sfm.hpp
[INFO] [stderr]   cargo:rerun-if-changed=/opt/rustwide/cargo-home/registry/src/index.crates.io-1949cf8c6b5b557f/opencv-0.92.3/src_cpp/face.hpp
[INFO] [stderr]   cargo:rerun-if-changed=/opt/rustwide/cargo-home/registry/src/index.crates.io-1949cf8c6b5b557f/opencv-0.92.3/src_cpp/videoio.hpp
[INFO] [stderr]   cargo:rerun-if-changed=/opt/rustwide/cargo-home/registry/src/index.crates.io-1949cf8c6b5b557f/opencv-0.92.3/src_cpp/aruco.hpp
[INFO] [stderr]   cargo:rerun-if-changed=/opt/rustwide/cargo-home/registry/src/index.crates.io-1949cf8c6b5b557f/opencv-0.92.3/src_cpp/alphamat.hpp
[INFO] [stderr]   cargo:rerun-if-changed=/opt/rustwide/cargo-home/registry/src/index.crates.io-1949cf8c6b5b557f/opencv-0.92.3/src_cpp/ccalib.hpp
[INFO] [stderr]   cargo:rerun-if-changed=Cargo.toml
[INFO] [stderr]   OPT_LEVEL = Some(0)
[INFO] [stderr]   OUT_DIR = Some(/opt/rustwide/target/debug/build/opencv/abcd9abe89cc585b/out)
[INFO] [stderr]   TARGET = Some(x86_64-unknown-linux-gnu)
[INFO] [stderr]   HOST = Some(x86_64-unknown-linux-gnu)
[INFO] [stderr]   cargo:rerun-if-env-changed=CXX_x86_64-unknown-linux-gnu
[INFO] [stderr]   CXX_x86_64-unknown-linux-gnu = None
[INFO] [stderr]   cargo:rerun-if-env-changed=CXX_x86_64_unknown_linux_gnu
[INFO] [stderr]   CXX_x86_64_unknown_linux_gnu = None
[INFO] [stderr]   cargo:rerun-if-env-changed=HOST_CXX
[INFO] [stderr]   HOST_CXX = None
[INFO] [stderr]   cargo:rerun-if-env-changed=CXX
[INFO] [stderr]   CXX = None
[INFO] [stderr]   cargo:rerun-if-env-changed=CC_ENABLE_DEBUG_OUTPUT
[INFO] [stderr]   RUSTC_WRAPPER = None
[INFO] [stderr]   cargo:rerun-if-env-changed=CRATE_CC_NO_DEFAULTS
[INFO] [stderr]   CRATE_CC_NO_DEFAULTS = None
[INFO] [stderr]   DEBUG = Some(true)
[INFO] [stderr]   CARGO_CFG_TARGET_FEATURE = Some(fxsr,sse,sse2,x87)
[INFO] [stderr]   cargo:rerun-if-env-changed=CXXFLAGS
[INFO] [stderr]   CXXFLAGS = None
[INFO] [stderr]   cargo:rerun-if-env-changed=HOST_CXXFLAGS
[INFO] [stderr]   HOST_CXXFLAGS = None
[INFO] [stderr]   cargo:rerun-if-env-changed=CXXFLAGS_x86_64_unknown_linux_gnu
[INFO] [stderr]   CXXFLAGS_x86_64_unknown_linux_gnu = None
[INFO] [stderr]   cargo:rerun-if-env-changed=CXXFLAGS_x86_64-unknown-linux-gnu
[INFO] [stderr]   CXXFLAGS_x86_64-unknown-linux-gnu = None
[INFO] [stderr]   CARGO_ENCODED_RUSTFLAGS = Some(--cap-lints=forbid)
[INFO] [stderr]   OUT_DIR = Some(/opt/rustwide/target/debug/build/opencv/abcd9abe89cc585b/out)
[INFO] [stderr]   cargo:rerun-if-env-changed=CC_ENABLE_DEBUG_OUTPUT
[INFO] [stderr]   cargo:rerun-if-env-changed=CRATE_CC_NO_DEFAULTS
[INFO] [stderr]   CRATE_CC_NO_DEFAULTS = None
[INFO] [stderr]   TARGET = Some(x86_64-unknown-linux-gnu)
[INFO] [stderr]   CARGO_CFG_TARGET_FEATURE = Some(fxsr,sse,sse2,x87)
[INFO] [stderr]   HOST = Some(x86_64-unknown-linux-gnu)
[INFO] [stderr]   cargo:rerun-if-env-changed=CXXFLAGS
[INFO] [stderr]   CXXFLAGS = None
[INFO] [stderr]   cargo:rerun-if-env-changed=HOST_CXXFLAGS
[INFO] [stderr]   HOST_CXXFLAGS = None
[INFO] [stderr]   cargo:rerun-if-env-changed=CXXFLAGS_x86_64_unknown_linux_gnu
[INFO] [stderr]   CXXFLAGS_x86_64_unknown_linux_gnu = None
[INFO] [stderr]   cargo:rerun-if-env-changed=CXXFLAGS_x86_64-unknown-linux-gnu
[INFO] [stderr]   CXXFLAGS_x86_64-unknown-linux-gnu = None
[INFO] [stderr]   OUT_DIR = Some(/opt/rustwide/target/debug/build/opencv/abcd9abe89cc585b/out)
[INFO] [stderr]   cargo:rerun-if-env-changed=CC_ENABLE_DEBUG_OUTPUT
[INFO] [stderr]   cargo:rerun-if-env-changed=CRATE_CC_NO_DEFAULTS
[INFO] [stderr]   CRATE_CC_NO_DEFAULTS = None
[INFO] [stderr]   TARGET = Some(x86_64-unknown-linux-gnu)
[INFO] [stderr]   CARGO_CFG_TARGET_FEATURE = Some(fxsr,sse,sse2,x87)
[INFO] [stderr]   HOST = Some(x86_64-unknown-linux-gnu)
[INFO] [stderr]   cargo:rerun-if-env-changed=CXXFLAGS
[INFO] [stderr]   CXXFLAGS = None
[INFO] [stderr]   cargo:rerun-if-env-changed=HOST_CXXFLAGS
[INFO] [stderr]   HOST_CXXFLAGS = None
[INFO] [stderr]   cargo:rerun-if-env-changed=CXXFLAGS_x86_64_unknown_linux_gnu
[INFO] [stderr]   CXXFLAGS_x86_64_unknown_linux_gnu = None
[INFO] [stderr]   cargo:rerun-if-env-changed=CXXFLAGS_x86_64-unknown-linux-gnu
[INFO] [stderr]   CXXFLAGS_x86_64-unknown-linux-gnu = None
[INFO] [stderr]   OUT_DIR = Some(/opt/rustwide/target/debug/build/opencv/abcd9abe89cc585b/out)
[INFO] [stderr]   cargo:rerun-if-env-changed=CC_ENABLE_DEBUG_OUTPUT
[INFO] [stderr]   cargo:rerun-if-env-changed=CRATE_CC_NO_DEFAULTS
[INFO] [stderr]   CRATE_CC_NO_DEFAULTS = None
[INFO] [stderr]   TARGET = Some(x86_64-unknown-linux-gnu)
[INFO] [stderr]   CARGO_CFG_TARGET_FEATURE = Some(fxsr,sse,sse2,x87)
[INFO] [stderr]   HOST = Some(x86_64-unknown-linux-gnu)
[INFO] [stderr]   cargo:rerun-if-env-changed=CXXFLAGS
[INFO] [stderr]   CXXFLAGS = None
[INFO] [stderr]   cargo:rerun-if-env-changed=HOST_CXXFLAGS
[INFO] [stderr]   HOST_CXXFLAGS = None
[INFO] [stderr]   cargo:rerun-if-env-changed=CXXFLAGS_x86_64_unknown_linux_gnu
[INFO] [stderr]   CXXFLAGS_x86_64_unknown_linux_gnu = None
[INFO] [stderr]   cargo:rerun-if-env-changed=CXXFLAGS_x86_64-unknown-linux-gnu
[INFO] [stderr]   CXXFLAGS_x86_64-unknown-linux-gnu = None
[INFO] [stderr]   OUT_DIR = Some(/opt/rustwide/target/debug/build/opencv/abcd9abe89cc585b/out)
[INFO] [stderr]   cargo:rerun-if-env-changed=CC_ENABLE_DEBUG_OUTPUT
[INFO] [stderr]   cargo:rerun-if-env-changed=CRATE_CC_NO_DEFAULTS
[INFO] [stderr]   CRATE_CC_NO_DEFAULTS = None
[INFO] [stderr]   TARGET = Some(x86_64-unknown-linux-gnu)
[INFO] [stderr]   CARGO_CFG_TARGET_FEATURE = Some(fxsr,sse,sse2,x87)
[INFO] [stderr]   HOST = Some(x86_64-unknown-linux-gnu)
[INFO] [stderr]   cargo:rerun-if-env-changed=CXXFLAGS
[INFO] [stderr]   CXXFLAGS = None
[INFO] [stderr]   cargo:rerun-if-env-changed=HOST_CXXFLAGS
[INFO] [stderr]   HOST_CXXFLAGS = None
[INFO] [stderr]   cargo:rerun-if-env-changed=CXXFLAGS_x86_64_unknown_linux_gnu
[INFO] [stderr]   CXXFLAGS_x86_64_unknown_linux_gnu = None
[INFO] [stderr]   cargo:rerun-if-env-changed=CXXFLAGS_x86_64-unknown-linux-gnu
[INFO] [stderr]   CXXFLAGS_x86_64-unknown-linux-gnu = None
[INFO] [stderr]   OUT_DIR = Some(/opt/rustwide/target/debug/build/opencv/abcd9abe89cc585b/out)
[INFO] [stderr]   cargo:rerun-if-env-changed=CC_ENABLE_DEBUG_OUTPUT
[INFO] [stderr]   cargo:rerun-if-env-changed=CRATE_CC_NO_DEFAULTS
[INFO] [stderr]   CRATE_CC_NO_DEFAULTS = None
[INFO] [stderr]   TARGET = Some(x86_64-unknown-linux-gnu)
[INFO] [stderr]   CARGO_CFG_TARGET_FEATURE = Some(fxsr,sse,sse2,x87)
[INFO] [stderr]   HOST = Some(x86_64-unknown-linux-gnu)
[INFO] [stderr]   cargo:rerun-if-env-changed=CXXFLAGS
[INFO] [stderr]   CXXFLAGS = None
[INFO] [stderr]   cargo:rerun-if-env-changed=HOST_CXXFLAGS
[INFO] [stderr]   HOST_CXXFLAGS = None
[INFO] [stderr]   cargo:rerun-if-env-changed=CXXFLAGS_x86_64_unknown_linux_gnu
[INFO] [stderr]   CXXFLAGS_x86_64_unknown_linux_gnu = None
[INFO] [stderr]   cargo:rerun-if-env-changed=CXXFLAGS_x86_64-unknown-linux-gnu
[INFO] [stderr]   CXXFLAGS_x86_64-unknown-linux-gnu = None
[INFO] [stderr]   OUT_DIR = Some(/opt/rustwide/target/debug/build/opencv/abcd9abe89cc585b/out)
[INFO] [stderr]   cargo:rerun-if-env-changed=CC_ENABLE_DEBUG_OUTPUT
[INFO] [stderr]   cargo:rerun-if-env-changed=CRATE_CC_NO_DEFAULTS
[INFO] [stderr]   CRATE_CC_NO_DEFAULTS = None
[INFO] [stderr]   TARGET = Some(x86_64-unknown-linux-gnu)
[INFO] [stderr]   CARGO_CFG_TARGET_FEATURE = Some(fxsr,sse,sse2,x87)
[INFO] [stderr]   HOST = Some(x86_64-unknown-linux-gnu)
[INFO] [stderr]   cargo:rerun-if-env-changed=CXXFLAGS
[INFO] [stderr]   CXXFLAGS = None
[INFO] [stderr]   cargo:rerun-if-env-changed=HOST_CXXFLAGS
[INFO] [stderr]   HOST_CXXFLAGS = None
[INFO] [stderr]   cargo:rerun-if-env-changed=CXXFLAGS_x86_64_unknown_linux_gnu
[INFO] [stderr]   CXXFLAGS_x86_64_unknown_linux_gnu = None
[INFO] [stderr]   cargo:rerun-if-env-changed=CXXFLAGS_x86_64-unknown-linux-gnu
[INFO] [stderr]   CXXFLAGS_x86_64-unknown-linux-gnu = None
[INFO] [stderr]   OUT_DIR = Some(/opt/rustwide/target/debug/build/opencv/abcd9abe89cc585b/out)
[INFO] [stderr]   cargo:rerun-if-env-changed=CC_ENABLE_DEBUG_OUTPUT
[INFO] [stderr]   cargo:rerun-if-env-changed=CRATE_CC_NO_DEFAULTS
[INFO] [stderr]   CRATE_CC_NO_DEFAULTS = None
[INFO] [stderr]   TARGET = Some(x86_64-unknown-linux-gnu)
[INFO] [stderr]   CARGO_CFG_TARGET_FEATURE = Some(fxsr,sse,sse2,x87)
[INFO] [stderr]   HOST = Some(x86_64-unknown-linux-gnu)
[INFO] [stderr]   cargo:rerun-if-env-changed=CXXFLAGS
[INFO] [stderr]   CXXFLAGS = None
[INFO] [stderr]   cargo:rerun-if-env-changed=HOST_CXXFLAGS
[INFO] [stderr]   HOST_CXXFLAGS = None
[INFO] [stderr]   cargo:rerun-if-env-changed=CXXFLAGS_x86_64_unknown_linux_gnu
[INFO] [stderr]   CXXFLAGS_x86_64_unknown_linux_gnu = None
[INFO] [stderr]   cargo:rerun-if-env-changed=CXXFLAGS_x86_64-unknown-linux-gnu
[INFO] [stderr]   CXXFLAGS_x86_64-unknown-linux-gnu = None
[INFO] [stderr]   OUT_DIR = Some(/opt/rustwide/target/debug/build/opencv/abcd9abe89cc585b/out)
[INFO] [stderr]   cargo:rerun-if-env-changed=CC_ENABLE_DEBUG_OUTPUT
[INFO] [stderr]   cargo:rerun-if-env-changed=CRATE_CC_NO_DEFAULTS
[INFO] [stderr]   CRATE_CC_NO_DEFAULTS = None
[INFO] [stderr]   TARGET = Some(x86_64-unknown-linux-gnu)
[INFO] [stderr]   CARGO_CFG_TARGET_FEATURE = Some(fxsr,sse,sse2,x87)
[INFO] [stderr]   HOST = Some(x86_64-unknown-linux-gnu)
[INFO] [stderr]   cargo:rerun-if-env-changed=CXXFLAGS
[INFO] [stderr]   CXXFLAGS = None
[INFO] [stderr]   cargo:rerun-if-env-changed=HOST_CXXFLAGS
[INFO] [stderr]   HOST_CXXFLAGS = None
[INFO] [stderr]   cargo:rerun-if-env-changed=CXXFLAGS_x86_64_unknown_linux_gnu
[INFO] [stderr]   CXXFLAGS_x86_64_unknown_linux_gnu = None
[INFO] [stderr]   cargo:rerun-if-env-changed=CXXFLAGS_x86_64-unknown-linux-gnu
[INFO] [stderr]   CXXFLAGS_x86_64-unknown-linux-gnu = None
[INFO] [stderr]   OUT_DIR = Some(/opt/rustwide/target/debug/build/opencv/abcd9abe89cc585b/out)
[INFO] [stderr]   cargo:rerun-if-env-changed=CC_ENABLE_DEBUG_OUTPUT
[INFO] [stderr]   cargo:rerun-if-env-changed=CRATE_CC_NO_DEFAULTS
[INFO] [stderr]   CRATE_CC_NO_DEFAULTS = None
[INFO] [stderr]   TARGET = Some(x86_64-unknown-linux-gnu)
[INFO] [stderr]   CARGO_CFG_TARGET_FEATURE = Some(fxsr,sse,sse2,x87)
[INFO] [stderr]   HOST = Some(x86_64-unknown-linux-gnu)
[INFO] [stderr]   cargo:rerun-if-env-changed=CXXFLAGS
[INFO] [stderr]   CXXFLAGS = None
[INFO] [stderr]   cargo:rerun-if-env-changed=HOST_CXXFLAGS
[INFO] [stderr]   HOST_CXXFLAGS = None
[INFO] [stderr]   cargo:rerun-if-env-changed=CXXFLAGS_x86_64_unknown_linux_gnu
[INFO] [stderr]   CXXFLAGS_x86_64_unknown_linux_gnu = None
[INFO] [stderr]   cargo:rerun-if-env-changed=CXXFLAGS_x86_64-unknown-linux-gnu
[INFO] [stderr]   CXXFLAGS_x86_64-unknown-linux-gnu = None
[INFO] [stderr]   OUT_DIR = Some(/opt/rustwide/target/debug/build/opencv/abcd9abe89cc585b/out)
[INFO] [stderr]   cargo:rerun-if-env-changed=CC_ENABLE_DEBUG_OUTPUT
[INFO] [stderr]   cargo:rerun-if-env-changed=CRATE_CC_NO_DEFAULTS
[INFO] [stderr]   CRATE_CC_NO_DEFAULTS = None
[INFO] [stderr]   TARGET = Some(x86_64-unknown-linux-gnu)
[INFO] [stderr]   CARGO_CFG_TARGET_FEATURE = Some(fxsr,sse,sse2,x87)
[INFO] [stderr]   HOST = Some(x86_64-unknown-linux-gnu)
[INFO] [stderr]   cargo:rerun-if-env-changed=CXXFLAGS
[INFO] [stderr]   CXXFLAGS = None
[INFO] [stderr]   cargo:rerun-if-env-changed=HOST_CXXFLAGS
[INFO] [stderr]   HOST_CXXFLAGS = None
[INFO] [stderr]   cargo:rerun-if-env-changed=CXXFLAGS_x86_64_unknown_linux_gnu
[INFO] [stderr]   CXXFLAGS_x86_64_unknown_linux_gnu = None
[INFO] [stderr]   cargo:rerun-if-env-changed=CXXFLAGS_x86_64-unknown-linux-gnu
[INFO] [stderr]   CXXFLAGS_x86_64-unknown-linux-gnu = None
[INFO] [stderr]   OUT_DIR = Some(/opt/rustwide/target/debug/build/opencv/abcd9abe89cc585b/out)
[INFO] [stderr]   cargo:rerun-if-env-changed=CC_ENABLE_DEBUG_OUTPUT
[INFO] [stderr]   cargo:rerun-if-env-changed=CRATE_CC_NO_DEFAULTS
[INFO] [stderr]   CRATE_CC_NO_DEFAULTS = None
[INFO] [stderr]   TARGET = Some(x86_64-unknown-linux-gnu)
[INFO] [stderr]   CARGO_CFG_TARGET_FEATURE = Some(fxsr,sse,sse2,x87)
[INFO] [stderr]   HOST = Some(x86_64-unknown-linux-gnu)
[INFO] [stderr]   cargo:rerun-if-env-changed=CXXFLAGS
[INFO] [stderr]   CXXFLAGS = None
[INFO] [stderr]   cargo:rerun-if-env-changed=HOST_CXXFLAGS
[INFO] [stderr]   HOST_CXXFLAGS = None
[INFO] [stderr]   cargo:rerun-if-env-changed=CXXFLAGS_x86_64_unknown_linux_gnu
[INFO] [stderr]   CXXFLAGS_x86_64_unknown_linux_gnu = None
[INFO] [stderr]   cargo:rerun-if-env-changed=CXXFLAGS_x86_64-unknown-linux-gnu
[INFO] [stderr]   CXXFLAGS_x86_64-unknown-linux-gnu = None
[INFO] [stderr]   cargo:rustc-check-cfg=cfg(ocvrs_has_module_alphamat)
[INFO] [stderr]   cargo:rustc-check-cfg=cfg(ocvrs_has_module_aruco)
[INFO] [stderr]   cargo:rustc-check-cfg=cfg(ocvrs_has_module_aruco_detector)
[INFO] [stderr]   cargo:rustc-check-cfg=cfg(ocvrs_has_module_barcode)
[INFO] [stderr]   cargo:rustc-check-cfg=cfg(ocvrs_has_module_bgsegm)
[INFO] [stderr]   cargo:rustc-check-cfg=cfg(ocvrs_has_module_bioinspired)
[INFO] [stderr]   cargo:rustc-check-cfg=cfg(ocvrs_has_module_calib3d)
[INFO] [stderr]   cargo:rustc-check-cfg=cfg(ocvrs_has_module_ccalib)
[INFO] [stderr]   cargo:rustc-check-cfg=cfg(ocvrs_has_module_core)
[INFO] [stderr]   cargo:rustc-check-cfg=cfg(ocvrs_has_module_cudaarithm)
[INFO] [stderr]   cargo:rustc-check-cfg=cfg(ocvrs_has_module_cudabgsegm)
[INFO] [stderr]   cargo:rustc-check-cfg=cfg(ocvrs_has_module_cudacodec)
[INFO] [stderr]   cargo:rustc-check-cfg=cfg(ocvrs_has_module_cudafeatures2d)
[INFO] [stderr]   cargo:rustc-check-cfg=cfg(ocvrs_has_module_cudafilters)
[INFO] [stderr]   cargo:rustc-check-cfg=cfg(ocvrs_has_module_cudaimgproc)
[INFO] [stderr]   cargo:rustc-check-cfg=cfg(ocvrs_has_module_cudaobjdetect)
[INFO] [stderr]   cargo:rustc-check-cfg=cfg(ocvrs_has_module_cudaoptflow)
[INFO] [stderr]   cargo:rustc-check-cfg=cfg(ocvrs_has_module_cudastereo)
[INFO] [stderr]   cargo:rustc-check-cfg=cfg(ocvrs_has_module_cudawarping)
[INFO] [stderr]   cargo:rustc-check-cfg=cfg(ocvrs_has_module_cvv)
[INFO] [stderr]   cargo:rustc-check-cfg=cfg(ocvrs_has_module_dnn)
[INFO] [stderr]   cargo:rustc-check-cfg=cfg(ocvrs_has_module_dnn_superres)
[INFO] [stderr]   cargo:rustc-check-cfg=cfg(ocvrs_has_module_dpm)
[INFO] [stderr]   cargo:rustc-check-cfg=cfg(ocvrs_has_module_face)
[INFO] [stderr]   cargo:rustc-check-cfg=cfg(ocvrs_has_module_features2d)
[INFO] [stderr]   cargo:rustc-check-cfg=cfg(ocvrs_has_module_flann)
[INFO] [stderr]   cargo:rustc-check-cfg=cfg(ocvrs_has_module_freetype)
[INFO] [stderr]   cargo:rustc-check-cfg=cfg(ocvrs_has_module_fuzzy)
[INFO] [stderr]   cargo:rustc-check-cfg=cfg(ocvrs_has_module_gapi)
[INFO] [stderr]   cargo:rustc-check-cfg=cfg(ocvrs_has_module_hdf)
[INFO] [stderr]   cargo:rustc-check-cfg=cfg(ocvrs_has_module_hfs)
[INFO] [stderr]   cargo:rustc-check-cfg=cfg(ocvrs_has_module_highgui)
[INFO] [stderr]   cargo:rustc-check-cfg=cfg(ocvrs_has_module_img_hash)
[INFO] [stderr]   cargo:rustc-check-cfg=cfg(ocvrs_has_module_imgcodecs)
[INFO] [stderr]   cargo:rustc-check-cfg=cfg(ocvrs_has_module_imgproc)
[INFO] [stderr]   cargo:rustc-check-cfg=cfg(ocvrs_has_module_intensity_transform)
[INFO] [stderr]   cargo:rustc-check-cfg=cfg(ocvrs_has_module_line_descriptor)
[INFO] [stderr]   cargo:rustc-check-cfg=cfg(ocvrs_has_module_mcc)
[INFO] [stderr]   cargo:rustc-check-cfg=cfg(ocvrs_has_module_ml)
[INFO] [stderr]   cargo:rustc-check-cfg=cfg(ocvrs_has_module_objdetect)
[INFO] [stderr]   cargo:rustc-check-cfg=cfg(ocvrs_has_module_optflow)
[INFO] [stderr]   cargo:rustc-check-cfg=cfg(ocvrs_has_module_ovis)
[INFO] [stderr]   cargo:rustc-check-cfg=cfg(ocvrs_has_module_phase_unwrapping)
[INFO] [stderr]   cargo:rustc-check-cfg=cfg(ocvrs_has_module_photo)
[INFO] [stderr]   cargo:rustc-check-cfg=cfg(ocvrs_has_module_plot)
[INFO] [stderr]   cargo:rustc-check-cfg=cfg(ocvrs_has_module_quality)
[INFO] [stderr]   cargo:rustc-check-cfg=cfg(ocvrs_has_module_rapid)
[INFO] [stderr]   cargo:rustc-check-cfg=cfg(ocvrs_has_module_rgbd)
[INFO] [stderr]   cargo:rustc-check-cfg=cfg(ocvrs_has_module_saliency)
[INFO] [stderr]   cargo:rustc-check-cfg=cfg(ocvrs_has_module_sfm)
[INFO] [stderr]   cargo:rustc-check-cfg=cfg(ocvrs_has_module_shape)
[INFO] [stderr]   cargo:rustc-check-cfg=cfg(ocvrs_has_module_stereo)
[INFO] [stderr]   cargo:rustc-check-cfg=cfg(ocvrs_has_module_stitching)
[INFO] [stderr]   cargo:rustc-check-cfg=cfg(ocvrs_has_module_structured_light)
[INFO] [stderr]   cargo:rustc-check-cfg=cfg(ocvrs_has_module_superres)
[INFO] [stderr]   cargo:rustc-check-cfg=cfg(ocvrs_has_module_surface_matching)
[INFO] [stderr]   cargo:rustc-check-cfg=cfg(ocvrs_has_module_text)
[INFO] [stderr]   cargo:rustc-check-cfg=cfg(ocvrs_has_module_tracking)
[INFO] [stderr]   cargo:rustc-check-cfg=cfg(ocvrs_has_module_video)
[INFO] [stderr]   cargo:rustc-check-cfg=cfg(ocvrs_has_module_videoio)
[INFO] [stderr]   cargo:rustc-check-cfg=cfg(ocvrs_has_module_videostab)
[INFO] [stderr]   cargo:rustc-check-cfg=cfg(ocvrs_has_module_viz)
[INFO] [stderr]   cargo:rustc-check-cfg=cfg(ocvrs_has_module_wechat_qrcode)
[INFO] [stderr]   cargo:rustc-check-cfg=cfg(ocvrs_has_module_xfeatures2d)
[INFO] [stderr]   cargo:rustc-check-cfg=cfg(ocvrs_has_module_ximgproc)
[INFO] [stderr]   cargo:rustc-check-cfg=cfg(ocvrs_has_module_xobjdetect)
[INFO] [stderr]   cargo:rustc-check-cfg=cfg(ocvrs_has_module_xphoto)
[INFO] [stderr]   cargo:rustc-cfg=ocvrs_has_module_alphamat
[INFO] [stderr]   cargo:rustc-cfg=ocvrs_has_module_aruco
[INFO] [stderr]   cargo:rustc-cfg=ocvrs_has_module_bgsegm
[INFO] [stderr]   cargo:rustc-cfg=ocvrs_has_module_bioinspired
[INFO] [stderr]   cargo:rustc-cfg=ocvrs_has_module_calib3d
[INFO] [stderr]   cargo:rustc-cfg=ocvrs_has_module_ccalib
[INFO] [stderr]   cargo:rustc-cfg=ocvrs_has_module_core
[INFO] [stderr]   cargo:rustc-cfg=ocvrs_has_module_cvv
[INFO] [stderr]   cargo:rustc-cfg=ocvrs_has_module_dnn
[INFO] [stderr]   cargo:rustc-cfg=ocvrs_has_module_dnn_superres
[INFO] [stderr]   cargo:rustc-cfg=ocvrs_has_module_dpm
[INFO] [stderr]   cargo:rustc-cfg=ocvrs_has_module_face
[INFO] [stderr]   cargo:rustc-cfg=ocvrs_has_module_features2d
[INFO] [stderr]   cargo:rustc-cfg=ocvrs_has_module_flann
[INFO] [stderr]   cargo:rustc-cfg=ocvrs_has_module_freetype
[INFO] [stderr]   cargo:rustc-cfg=ocvrs_has_module_fuzzy
[INFO] [stderr]   cargo:rustc-cfg=ocvrs_has_module_hdf
[INFO] [stderr]   cargo:rustc-cfg=ocvrs_has_module_hfs
[INFO] [stderr]   cargo:rustc-cfg=ocvrs_has_module_highgui
[INFO] [stderr]   cargo:rustc-cfg=ocvrs_has_module_img_hash
[INFO] [stderr]   cargo:rustc-cfg=ocvrs_has_module_imgcodecs
[INFO] [stderr]   cargo:rustc-cfg=ocvrs_has_module_imgproc
[INFO] [stderr]   cargo:rustc-cfg=ocvrs_has_module_intensity_transform
[INFO] [stderr]   cargo:rustc-cfg=ocvrs_has_module_line_descriptor
[INFO] [stderr]   cargo:rustc-cfg=ocvrs_has_module_mcc
[INFO] [stderr]   cargo:rustc-cfg=ocvrs_has_module_ml
[INFO] [stderr]   cargo:rustc-cfg=ocvrs_has_module_objdetect
[INFO] [stderr]   cargo:rustc-cfg=ocvrs_has_module_optflow
[INFO] [stderr]   cargo:rustc-cfg=ocvrs_has_module_phase_unwrapping
[INFO] [stderr]   cargo:rustc-cfg=ocvrs_has_module_photo
[INFO] [stderr]   cargo:rustc-cfg=ocvrs_has_module_plot
[INFO] [stderr]   cargo:rustc-cfg=ocvrs_has_module_quality
[INFO] [stderr]   cargo:rustc-cfg=ocvrs_has_module_rapid
[INFO] [stderr]   cargo:rustc-cfg=ocvrs_has_module_rgbd
[INFO] [stderr]   cargo:rustc-cfg=ocvrs_has_module_saliency
[INFO] [stderr]   cargo:rustc-cfg=ocvrs_has_module_shape
[INFO] [stderr]   cargo:rustc-cfg=ocvrs_has_module_stereo
[INFO] [stderr]   cargo:rustc-cfg=ocvrs_has_module_stitching
[INFO] [stderr]   cargo:rustc-cfg=ocvrs_has_module_structured_light
[INFO] [stderr]   cargo:rustc-cfg=ocvrs_has_module_superres
[INFO] [stderr]   cargo:rustc-cfg=ocvrs_has_module_surface_matching
[INFO] [stderr]   cargo:rustc-cfg=ocvrs_has_module_text
[INFO] [stderr]   cargo:rustc-cfg=ocvrs_has_module_tracking
[INFO] [stderr]   cargo:rustc-cfg=ocvrs_has_module_video
[INFO] [stderr]   cargo:rustc-cfg=ocvrs_has_module_videoio
[INFO] [stderr]   cargo:rustc-cfg=ocvrs_has_module_videostab
[INFO] [stderr]   cargo:rustc-cfg=ocvrs_has_module_viz
[INFO] [stderr]   cargo:rustc-cfg=ocvrs_has_module_wechat_qrcode
[INFO] [stderr]   cargo:rustc-cfg=ocvrs_has_module_ximgproc
[INFO] [stderr]   cargo:rustc-cfg=ocvrs_has_module_xobjdetect
[INFO] [stderr]   cargo:rustc-cfg=ocvrs_has_module_xphoto
[INFO] [stderr]   cargo:warning=c++: fatal error: Killed signal terminated program cc1plus
[INFO] [stderr]   cargo:warning=compilation terminated.
[INFO] [stderr]   exit status: 1
[INFO] [stderr]   cargo:warning=ToolExecError: command did not execute successfully (status code exit status: 1): LC_ALL="C" "c++" "-O0" "-ffunction-sections" "-fdata-sections" "-fPIC" "-gdwarf-4" "-fno-omit-frame-pointer" "-m64" "-std=c++14" "-I" "/opt/rustwide/cargo-home/registry/src/index.crates.io-1949cf8c6b5b557f/opencv-0.92.3/src_cpp" "-I" "/opt/rustwide/target/debug/build/opencv/abcd9abe89cc585b/out" "-I" "." "-I" "/usr/include/opencv4" "-Wall" "-Wextra" "-Wno-deprecated-declarations" "-Wno-deprecated-copy" "-Wno-unused-parameter" "-Wno-sign-compare" "-Wno-comment" "-Wunused-but-set-variable" "-Wno-unused-variable" "-Wno-ignored-qualifiers" "-Wno-return-type-c-linkage" "-Wno-overloaded-virtual" "-o" "/opt/rustwide/target/debug/build/opencv/abcd9abe89cc585b/out/b93d6c2866a04f7a-bgsegm.o" "-c" "/opt/rustwide/target/debug/build/opencv/abcd9abe89cc585b/out/bgsegm.cpp"cargo:warning=c++: fatal error: Killed signal terminated program cc1plus
[INFO] [stderr]   cargo:warning=compilation terminated.
[INFO] [stderr] 
[INFO] [stderr]   exit status: 1
[INFO] [stderr]   cargo:warning=ToolExecError: command did not execute successfully (status code exit status: 1): LC_ALL="C" "c++" "-O0" "-ffunction-sections" "-fdata-sections" "-fPIC" "-gdwarf-4" "-fno-omit-frame-pointer" "-m64" "-std=c++14" "-I" "/opt/rustwide/cargo-home/registry/src/index.crates.io-1949cf8c6b5b557f/opencv-0.92.3/src_cpp" "-I" "/opt/rustwide/target/debug/build/opencv/abcd9abe89cc585b/out" "-I" "." "-I" "/usr/include/opencv4" "-Wall" "-Wextra" "-Wno-deprecated-declarations" "-Wno-deprecated-copy" "-Wno-unused-parameter" "-Wno-sign-compare" "-Wno-comment" "-Wunused-but-set-variable" "-Wno-unused-variable" "-Wno-ignored-qualifiers" "-Wno-return-type-c-linkage" "-Wno-overloaded-virtual" "-o" "/opt/rustwide/target/debug/build/opencv/abcd9abe89cc585b/out/b93d6c2866a04f7a-core.o" "-c" "/opt/rustwide/target/debug/build/opencv/abcd9abe89cc585b/out/core.cpp"cargo:warning=c++: fatal error: Killed signal terminated program cc1plus
[INFO] [stderr]   cargo:warning=compilation terminated.
[INFO] [stderr] 
[INFO] [stderr]   exit status: 1
[INFO] [stderr]   cargo:warning=ToolExecError: command did not execute successfully (status code exit status: 1): LC_ALL="C" "c++" "-O0" "-ffunction-sections" "-fdata-sections" "-fPIC" "-gdwarf-4" "-fno-omit-frame-pointer" "-m64" "-std=c++14" "-I" "/opt/rustwide/cargo-home/registry/src/index.crates.io-1949cf8c6b5b557f/opencv-0.92.3/src_cpp" "-I" "/opt/rustwide/target/debug/build/opencv/abcd9abe89cc585b/out" "-I" "." "-I" "/usr/include/opencv4" "-Wall" "-Wextra" "-Wno-deprecated-declarations" "-Wno-deprecated-copy" "-Wno-unused-parameter" "-Wno-sign-compare" "-Wno-comment" "-Wunused-but-set-variable" "-Wno-unused-variable" "-Wno-ignored-qualifiers" "-Wno-return-type-c-linkage" "-Wno-overloaded-virtual" "-o" "/opt/rustwide/target/debug/build/opencv/abcd9abe89cc585b/out/b93d6c2866a04f7a-dnn.o" "-c" "/opt/rustwide/target/debug/build/opencv/abcd9abe89cc585b/out/dnn.cpp"cargo:warning=c++: fatal error: Killed signal terminated program cc1plus
[INFO] [stderr]   cargo:warning=compilation terminated.
[INFO] [stderr] 
[INFO] [stderr]   exit status: 1
[INFO] [stderr]   cargo:warning=ToolExecError: command did not execute successfully (status code exit status: 1): LC_ALL="C" "c++" "-O0" "-ffunction-sections" "-fdata-sections" "-fPIC" "-gdwarf-4" "-fno-omit-frame-pointer" "-m64" "-std=c++14" "-I" "/opt/rustwide/cargo-home/registry/src/index.crates.io-1949cf8c6b5b557f/opencv-0.92.3/src_cpp" "-I" "/opt/rustwide/target/debug/build/opencv/abcd9abe89cc585b/out" "-I" "." "-I" "/usr/include/opencv4" "-Wall" "-Wextra" "-Wno-deprecated-declarations" "-Wno-deprecated-copy" "-Wno-unused-parameter" "-Wno-sign-compare" "-Wno-comment" "-Wunused-but-set-variable" "-Wno-unused-variable" "-Wno-ignored-qualifiers" "-Wno-return-type-c-linkage" "-Wno-overloaded-virtual" "-o" "/opt/rustwide/target/debug/build/opencv/abcd9abe89cc585b/out/b93d6c2866a04f7a-dnn_superres.o" "-c" "/opt/rustwide/target/debug/build/opencv/abcd9abe89cc585b/out/dnn_superres.cpp"cargo:warning=c++: fatal error: Killed signal terminated program cc1plus
[INFO] [stderr]   cargo:warning=compilation terminated.
[INFO] [stderr] 
[INFO] [stderr]   exit status: 1
[INFO] [stderr]   cargo:warning=ToolExecError: command did not execute successfully (status code exit status: 1): LC_ALL="C" "c++" "-O0" "-ffunction-sections" "-fdata-sections" "-fPIC" "-gdwarf-4" "-fno-omit-frame-pointer" "-m64" "-std=c++14" "-I" "/opt/rustwide/cargo-home/registry/src/index.crates.io-1949cf8c6b5b557f/opencv-0.92.3/src_cpp" "-I" "/opt/rustwide/target/debug/build/opencv/abcd9abe89cc585b/out" "-I" "." "-I" "/usr/include/opencv4" "-Wall" "-Wextra" "-Wno-deprecated-declarations" "-Wno-deprecated-copy" "-Wno-unused-parameter" "-Wno-sign-compare" "-Wno-comment" "-Wunused-but-set-variable" "-Wno-unused-variable" "-Wno-ignored-qualifiers" "-Wno-return-type-c-linkage" "-Wno-overloaded-virtual" "-o" "/opt/rustwide/target/debug/build/opencv/abcd9abe89cc585b/out/b93d6c2866a04f7a-features2d.o" "-c" "/opt/rustwide/target/debug/build/opencv/abcd9abe89cc585b/out/features2d.cpp"cargo:warning=c++: fatal error: Killed signal terminated program cc1plus
[INFO] [stderr]   cargo:warning=compilation terminated.
[INFO] [stderr] 
[INFO] [stderr]   exit status: 1
[INFO] [stderr]   cargo:warning=ToolExecError: command did not execute successfully (status code exit status: 1): LC_ALL="C" "c++" "-O0" "-ffunction-sections" "-fdata-sections" "-fPIC" "-gdwarf-4" "-fno-omit-frame-pointer" "-m64" "-std=c++14" "-I" "/opt/rustwide/cargo-home/registry/src/index.crates.io-1949cf8c6b5b557f/opencv-0.92.3/src_cpp" "-I" "/opt/rustwide/target/debug/build/opencv/abcd9abe89cc585b/out" "-I" "." "-I" "/usr/include/opencv4" "-Wall" "-Wextra" "-Wno-deprecated-declarations" "-Wno-deprecated-copy" "-Wno-unused-parameter" "-Wno-sign-compare" "-Wno-comment" "-Wunused-but-set-variable" "-Wno-unused-variable" "-Wno-ignored-qualifiers" "-Wno-return-type-c-linkage" "-Wno-overloaded-virtual" "-o" "/opt/rustwide/target/debug/build/opencv/abcd9abe89cc585b/out/b93d6c2866a04f7a-calib3d.o" "-c" "/opt/rustwide/target/debug/build/opencv/abcd9abe89cc585b/out/calib3d.cpp"cargo:warning=c++: fatal error: Killed signal terminated program cc1plus
[INFO] [stderr]   cargo:warning=compilation terminated.
[INFO] [stderr] 
[INFO] [stderr]   exit status: 0
[INFO] [stderr]   exit status: 1
[INFO] [stderr]   cargo:warning=ToolExecError: command did not execute successfully (status code exit status: 1): LC_ALL="C" "c++" "-O0" "-ffunction-sections" "-fdata-sections" "-fPIC" "-gdwarf-4" "-fno-omit-frame-pointer" "-m64" "-std=c++14" "-I" "/opt/rustwide/cargo-home/registry/src/index.crates.io-1949cf8c6b5b557f/opencv-0.92.3/src_cpp" "-I" "/opt/rustwide/target/debug/build/opencv/abcd9abe89cc585b/out" "-I" "." "-I" "/usr/include/opencv4" "-Wall" "-Wextra" "-Wno-deprecated-declarations" "-Wno-deprecated-copy" "-Wno-unused-parameter" "-Wno-sign-compare" "-Wno-comment" "-Wunused-but-set-variable" "-Wno-unused-variable" "-Wno-ignored-qualifiers" "-Wno-return-type-c-linkage" "-Wno-overloaded-virtual" "-o" "/opt/rustwide/target/debug/build/opencv/abcd9abe89cc585b/out/7d651e88ef68ee4a-manual-core.o" "-c" "/opt/rustwide/cargo-home/registry/src/index.crates.io-1949cf8c6b5b557f/opencv-0.92.3/src_cpp/manual-core.cpp"cargo:warning=c++: fatal error: Killed signal terminated program cc1plus
[INFO] [stderr]   cargo:warning=compilation terminated.
[INFO] [stderr] 
[INFO] [stderr]   exit status: 1
[INFO] [stderr]   cargo:warning=ToolExecError: command did not execute successfully (status code exit status: 1): LC_ALL="C" "c++" "-O0" "-ffunction-sections" "-fdata-sections" "-fPIC" "-gdwarf-4" "-fno-omit-frame-pointer" "-m64" "-std=c++14" "-I" "/opt/rustwide/cargo-home/registry/src/index.crates.io-1949cf8c6b5b557f/opencv-0.92.3/src_cpp" "-I" "/opt/rustwide/target/debug/build/opencv/abcd9abe89cc585b/out" "-I" "." "-I" "/usr/include/opencv4" "-Wall" "-Wextra" "-Wno-deprecated-declarations" "-Wno-deprecated-copy" "-Wno-unused-parameter" "-Wno-sign-compare" "-Wno-comment" "-Wunused-but-set-variable" "-Wno-unused-variable" "-Wno-ignored-qualifiers" "-Wno-return-type-c-linkage" "-Wno-overloaded-virtual" "-o" "/opt/rustwide/target/debug/build/opencv/abcd9abe89cc585b/out/b93d6c2866a04f7a-cvv.o" "-c" "/opt/rustwide/target/debug/build/opencv/abcd9abe89cc585b/out/cvv.cpp"cargo:warning=c++: fatal error: Killed signal terminated program cc1plus
[INFO] [stderr]   cargo:warning=compilation terminated.
[INFO] [stderr] 
[INFO] [stderr]   exit status: 0
[INFO] [stderr]   exit status: 0
[INFO] [stderr]   exit status: 0
[INFO] [stderr]   exit status: 0
[INFO] [stderr]   exit status: 0
[INFO] [stderr]   exit status: 1
[INFO] [stderr]   cargo:warning=ToolExecError: command did not execute successfully (status code exit status: 1): LC_ALL="C" "c++" "-O0" "-ffunction-sections" "-fdata-sections" "-fPIC" "-gdwarf-4" "-fno-omit-frame-pointer" "-m64" "-std=c++14" "-I" "/opt/rustwide/cargo-home/registry/src/index.crates.io-1949cf8c6b5b557f/opencv-0.92.3/src_cpp" "-I" "/opt/rustwide/target/debug/build/opencv/abcd9abe89cc585b/out" "-I" "." "-I" "/usr/include/opencv4" "-Wall" "-Wextra" "-Wno-deprecated-declarations" "-Wno-deprecated-copy" "-Wno-unused-parameter" "-Wno-sign-compare" "-Wno-comment" "-Wunused-but-set-variable" "-Wno-unused-variable" "-Wno-ignored-qualifiers" "-Wno-return-type-c-linkage" "-Wno-overloaded-virtual" "-o" "/opt/rustwide/target/debug/build/opencv/abcd9abe89cc585b/out/b93d6c2866a04f7a-face.o" "-c" "/opt/rustwide/target/debug/build/opencv/abcd9abe89cc585b/out/face.cpp"cargo:warning=c++: fatal error: Killed signal terminated program cc1plus
[INFO] [stderr]   cargo:warning=compilation terminated.
[INFO] [stderr] 
[INFO] [stderr]   exit status: 1
[INFO] [stderr]   cargo:warning=ToolExecError: command did not execute successfully (status code exit status: 1): LC_ALL="C" "c++" "-O0" "-ffunction-sections" "-fdata-sections" "-fPIC" "-gdwarf-4" "-fno-omit-frame-pointer" "-m64" "-std=c++14" "-I" "/opt/rustwide/cargo-home/registry/src/index.crates.io-1949cf8c6b5b557f/opencv-0.92.3/src_cpp" "-I" "/opt/rustwide/target/debug/build/opencv/abcd9abe89cc585b/out" "-I" "." "-I" "/usr/include/opencv4" "-Wall" "-Wextra" "-Wno-deprecated-declarations" "-Wno-deprecated-copy" "-Wno-unused-parameter" "-Wno-sign-compare" "-Wno-comment" "-Wunused-but-set-variable" "-Wno-unused-variable" "-Wno-ignored-qualifiers" "-Wno-return-type-c-linkage" "-Wno-overloaded-virtual" "-o" "/opt/rustwide/target/debug/build/opencv/abcd9abe89cc585b/out/b93d6c2866a04f7a-flann.o" "-c" "/opt/rustwide/target/debug/build/opencv/abcd9abe89cc585b/out/flann.cpp"cargo:warning=c++: fatal error: Killed signal terminated program cc1plus
[INFO] [stderr]   cargo:warning=compilation terminated.
[INFO] [stderr] 
[INFO] [stderr]   exit status: 1
[INFO] [stderr]   cargo:warning=ToolExecError: command did not execute successfully (status code exit status: 1): LC_ALL="C" "c++" "-O0" "-ffunction-sections" "-fdata-sections" "-fPIC" "-gdwarf-4" "-fno-omit-frame-pointer" "-m64" "-std=c++14" "-I" "/opt/rustwide/cargo-home/registry/src/index.crates.io-1949cf8c6b5b557f/opencv-0.92.3/src_cpp" "-I" "/opt/rustwide/target/debug/build/opencv/abcd9abe89cc585b/out" "-I" "." "-I" "/usr/include/opencv4" "-Wall" "-Wextra" "-Wno-deprecated-declarations" "-Wno-deprecated-copy" "-Wno-unused-parameter" "-Wno-sign-compare" "-Wno-comment" "-Wunused-but-set-variable" "-Wno-unused-variable" "-Wno-ignored-qualifiers" "-Wno-return-type-c-linkage" "-Wno-overloaded-virtual" "-o" "/opt/rustwide/target/debug/build/opencv/abcd9abe89cc585b/out/b93d6c2866a04f7a-hfs.o" "-c" "/opt/rustwide/target/debug/build/opencv/abcd9abe89cc585b/out/hfs.cpp"cargo:warning=c++: fatal error: Killed signal terminated program cc1plus
[INFO] [stderr]   cargo:warning=compilation terminated.
[INFO] [stderr] 
[INFO] [stderr]   exit status: 0
[INFO] [stderr]   exit status: 0
[INFO] [stderr]   exit status: 0
[INFO] [stderr]   exit status: 1
[INFO] [stderr]   cargo:warning=ToolExecError: command did not execute successfully (status code exit status: 1): LC_ALL="C" "c++" "-O0" "-ffunction-sections" "-fdata-sections" "-fPIC" "-gdwarf-4" "-fno-omit-frame-pointer" "-m64" "-std=c++14" "-I" "/opt/rustwide/cargo-home/registry/src/index.crates.io-1949cf8c6b5b557f/opencv-0.92.3/src_cpp" "-I" "/opt/rustwide/target/debug/build/opencv/abcd9abe89cc585b/out" "-I" "." "-I" "/usr/include/opencv4" "-Wall" "-Wextra" "-Wno-deprecated-declarations" "-Wno-deprecated-copy" "-Wno-unused-parameter" "-Wno-sign-compare" "-Wno-comment" "-Wunused-but-set-variable" "-Wno-unused-variable" "-Wno-ignored-qualifiers" "-Wno-return-type-c-linkage" "-Wno-overloaded-virtual" "-o" "/opt/rustwide/target/debug/build/opencv/abcd9abe89cc585b/out/b93d6c2866a04f7a-img_hash.o" "-c" "/opt/rustwide/target/debug/build/opencv/abcd9abe89cc585b/out/img_hash.cpp"cargo:warning=c++: fatal error: Killed signal terminated program cc1plus
[INFO] [stderr]   cargo:warning=compilation terminated.
[INFO] [stderr] 
[INFO] [stderr]   exit status: 0
[INFO] [stderr]   exit status: 0
[INFO] [stderr]   exit status: 1
[INFO] [stderr]   cargo:warning=ToolExecError: command did not execute successfully (status code exit status: 1): LC_ALL="C" "c++" "-O0" "-ffunction-sections" "-fdata-sections" "-fPIC" "-gdwarf-4" "-fno-omit-frame-pointer" "-m64" "-std=c++14" "-I" "/opt/rustwide/cargo-home/registry/src/index.crates.io-1949cf8c6b5b557f/opencv-0.92.3/src_cpp" "-I" "/opt/rustwide/target/debug/build/opencv/abcd9abe89cc585b/out" "-I" "." "-I" "/usr/include/opencv4" "-Wall" "-Wextra" "-Wno-deprecated-declarations" "-Wno-deprecated-copy" "-Wno-unused-parameter" "-Wno-sign-compare" "-Wno-comment" "-Wunused-but-set-variable" "-Wno-unused-variable" "-Wno-ignored-qualifiers" "-Wno-return-type-c-linkage" "-Wno-overloaded-virtual" "-o" "/opt/rustwide/target/debug/build/opencv/abcd9abe89cc585b/out/b93d6c2866a04f7a-line_descriptor.o" "-c" "/opt/rustwide/target/debug/build/opencv/abcd9abe89cc585b/out/line_descriptor.cpp"cargo:warning=c++: fatal error: Killed signal terminated program cc1plus
[INFO] [stderr]   cargo:warning=compilation terminated.
[INFO] [stderr] 
[INFO] [stderr]   exit status: 1
[INFO] [stderr]   cargo:warning=ToolExecError: command did not execute successfully (status code exit status: 1): LC_ALL="C" "c++" "-O0" "-ffunction-sections" "-fdata-sections" "-fPIC" "-gdwarf-4" "-fno-omit-frame-pointer" "-m64" "-std=c++14" "-I" "/opt/rustwide/cargo-home/registry/src/index.crates.io-1949cf8c6b5b557f/opencv-0.92.3/src_cpp" "-I" "/opt/rustwide/target/debug/build/opencv/abcd9abe89cc585b/out" "-I" "." "-I" "/usr/include/opencv4" "-Wall" "-Wextra" "-Wno-deprecated-declarations" "-Wno-deprecated-copy" "-Wno-unused-parameter" "-Wno-sign-compare" "-Wno-comment" "-Wunused-but-set-variable" "-Wno-unused-variable" "-Wno-ignored-qualifiers" "-Wno-return-type-c-linkage" "-Wno-overloaded-virtual" "-o" "/opt/rustwide/target/debug/build/opencv/abcd9abe89cc585b/out/b93d6c2866a04f7a-imgproc.o" "-c" "/opt/rustwide/target/debug/build/opencv/abcd9abe89cc585b/out/imgproc.cpp"cargo:warning=c++: fatal error: Killed signal terminated program cc1plus
[INFO] [stderr]   cargo:warning=compilation terminated.
[INFO] [stderr] 
[INFO] [stderr]   exit status: 1
[INFO] [stderr]   cargo:warning=ToolExecError: command did not execute successfully (status code exit status: 1): LC_ALL="C" "c++" "-O0" "-ffunction-sections" "-fdata-sections" "-fPIC" "-gdwarf-4" "-fno-omit-frame-pointer" "-m64" "-std=c++14" "-I" "/opt/rustwide/cargo-home/registry/src/index.crates.io-1949cf8c6b5b557f/opencv-0.92.3/src_cpp" "-I" "/opt/rustwide/target/debug/build/opencv/abcd9abe89cc585b/out" "-I" "." "-I" "/usr/include/opencv4" "-Wall" "-Wextra" "-Wno-deprecated-declarations" "-Wno-deprecated-copy" "-Wno-unused-parameter" "-Wno-sign-compare" "-Wno-comment" "-Wunused-but-set-variable" "-Wno-unused-variable" "-Wno-ignored-qualifiers" "-Wno-return-type-c-linkage" "-Wno-overloaded-virtual" "-o" "/opt/rustwide/target/debug/build/opencv/abcd9abe89cc585b/out/b93d6c2866a04f7a-mcc.o" "-c" "/opt/rustwide/target/debug/build/opencv/abcd9abe89cc585b/out/mcc.cpp"cargo:warning=c++: fatal error: Killed signal terminated program cc1plus
[INFO] [stderr]   cargo:warning=compilation terminated.
[INFO] [stderr] 
[INFO] [stderr]   exit status: 1
[INFO] [stderr]   cargo:warning=ToolExecError: command did not execute successfully (status code exit status: 1): LC_ALL="C" "c++" "-O0" "-ffunction-sections" "-fdata-sections" "-fPIC" "-gdwarf-4" "-fno-omit-frame-pointer" "-m64" "-std=c++14" "-I" "/opt/rustwide/cargo-home/registry/src/index.crates.io-1949cf8c6b5b557f/opencv-0.92.3/src_cpp" "-I" "/opt/rustwide/target/debug/build/opencv/abcd9abe89cc585b/out" "-I" "." "-I" "/usr/include/opencv4" "-Wall" "-Wextra" "-Wno-deprecated-declarations" "-Wno-deprecated-copy" "-Wno-unused-parameter" "-Wno-sign-compare" "-Wno-comment" "-Wunused-but-set-variable" "-Wno-unused-variable" "-Wno-ignored-qualifiers" "-Wno-return-type-c-linkage" "-Wno-overloaded-virtual" "-o" "/opt/rustwide/target/debug/build/opencv/abcd9abe89cc585b/out/b93d6c2866a04f7a-objdetect.o" "-c" "/opt/rustwide/target/debug/build/opencv/abcd9abe89cc585b/out/objdetect.cpp"cargo:warning=c++: fatal error: Killed signal terminated program cc1plus
[INFO] [stderr]   cargo:warning=compilation terminated.
[INFO] [stderr] 
[INFO] [stderr]   exit status: 1
[INFO] [stderr]   cargo:warning=ToolExecError: command did not execute successfully (status code exit status: 1): LC_ALL="C" "c++" "-O0" "-ffunction-sections" "-fdata-sections" "-fPIC" "-gdwarf-4" "-fno-omit-frame-pointer" "-m64" "-std=c++14" "-I" "/opt/rustwide/cargo-home/registry/src/index.crates.io-1949cf8c6b5b557f/opencv-0.92.3/src_cpp" "-I" "/opt/rustwide/target/debug/build/opencv/abcd9abe89cc585b/out" "-I" "." "-I" "/usr/include/opencv4" "-Wall" "-Wextra" "-Wno-deprecated-declarations" "-Wno-deprecated-copy" "-Wno-unused-parameter" "-Wno-sign-compare" "-Wno-comment" "-Wunused-but-set-variable" "-Wno-unused-variable" "-Wno-ignored-qualifiers" "-Wno-return-type-c-linkage" "-Wno-overloaded-virtual" "-o" "/opt/rustwide/target/debug/build/opencv/abcd9abe89cc585b/out/b93d6c2866a04f7a-optflow.o" "-c" "/opt/rustwide/target/debug/build/opencv/abcd9abe89cc585b/out/optflow.cpp"cargo:warning=c++: fatal error: Killed signal terminated program cc1plus
[INFO] [stderr]   cargo:warning=compilation terminated.
[INFO] [stderr] 
[INFO] [stderr]   exit status: 1
[INFO] [stderr]   cargo:warning=ToolExecError: command did not execute successfully (status code exit status: 1): LC_ALL="C" "c++" "-O0" "-ffunction-sections" "-fdata-sections" "-fPIC" "-gdwarf-4" "-fno-omit-frame-pointer" "-m64" "-std=c++14" "-I" "/opt/rustwide/cargo-home/registry/src/index.crates.io-1949cf8c6b5b557f/opencv-0.92.3/src_cpp" "-I" "/opt/rustwide/target/debug/build/opencv/abcd9abe89cc585b/out" "-I" "." "-I" "/usr/include/opencv4" "-Wall" "-Wextra" "-Wno-deprecated-declarations" "-Wno-deprecated-copy" "-Wno-unused-parameter" "-Wno-sign-compare" "-Wno-comment" "-Wunused-but-set-variable" "-Wno-unused-variable" "-Wno-ignored-qualifiers" "-Wno-return-type-c-linkage" "-Wno-overloaded-virtual" "-o" "/opt/rustwide/target/debug/build/opencv/abcd9abe89cc585b/out/b93d6c2866a04f7a-ml.o" "-c" "/opt/rustwide/target/debug/build/opencv/abcd9abe89cc585b/out/ml.cpp"cargo:warning=c++: fatal error: Killed signal terminated program cc1plus
[INFO] [stderr]   cargo:warning=compilation terminated.
[INFO] [stderr] 
[INFO] [stderr]   exit status: 0
[INFO] [stderr]   exit status: 0
[INFO] [stderr]   exit status: 1
[INFO] [stderr]   cargo:warning=ToolExecError: command did not execute successfully (status code exit status: 1): LC_ALL="C" "c++" "-O0" "-ffunction-sections" "-fdata-sections" "-fPIC" "-gdwarf-4" "-fno-omit-frame-pointer" "-m64" "-std=c++14" "-I" "/opt/rustwide/cargo-home/registry/src/index.crates.io-1949cf8c6b5b557f/opencv-0.92.3/src_cpp" "-I" "/opt/rustwide/target/debug/build/opencv/abcd9abe89cc585b/out" "-I" "." "-I" "/usr/include/opencv4" "-Wall" "-Wextra" "-Wno-deprecated-declarations" "-Wno-deprecated-copy" "-Wno-unused-parameter" "-Wno-sign-compare" "-Wno-comment" "-Wunused-but-set-variable" "-Wno-unused-variable" "-Wno-ignored-qualifiers" "-Wno-return-type-c-linkage" "-Wno-overloaded-virtual" "-o" "/opt/rustwide/target/debug/build/opencv/abcd9abe89cc585b/out/b93d6c2866a04f7a-photo.o" "-c" "/opt/rustwide/target/debug/build/opencv/abcd9abe89cc585b/out/photo.cpp"cargo:warning=c++: fatal error: Killed signal terminated program cc1plus
[INFO] [stderr]   cargo:warning=compilation terminated.
[INFO] [stderr] 
[INFO] [stderr]   exit status: 1
[INFO] [stderr]   cargo:warning=ToolExecError: command did not execute successfully (status code exit status: 1): LC_ALL="C" "c++" "-O0" "-ffunction-sections" "-fdata-sections" "-fPIC" "-gdwarf-4" "-fno-omit-frame-pointer" "-m64" "-std=c++14" "-I" "/opt/rustwide/cargo-home/registry/src/index.crates.io-1949cf8c6b5b557f/opencv-0.92.3/src_cpp" "-I" "/opt/rustwide/target/debug/build/opencv/abcd9abe89cc585b/out" "-I" "." "-I" "/usr/include/opencv4" "-Wall" "-Wextra" "-Wno-deprecated-declarations" "-Wno-deprecated-copy" "-Wno-unused-parameter" "-Wno-sign-compare" "-Wno-comment" "-Wunused-but-set-variable" "-Wno-unused-variable" "-Wno-ignored-qualifiers" "-Wno-return-type-c-linkage" "-Wno-overloaded-virtual" "-o" "/opt/rustwide/target/debug/build/opencv/abcd9abe89cc585b/out/b93d6c2866a04f7a-quality.o" "-c" "/opt/rustwide/target/debug/build/opencv/abcd9abe89cc585b/out/quality.cpp"cargo:warning=c++: fatal error: Killed signal terminated program cc1plus
[INFO] [stderr]   cargo:warning=compilation terminated.
[INFO] [stderr] 
[INFO] [stderr]   exit status: 0
[INFO] [stderr]   exit status: 1
[INFO] [stderr]   cargo:warning=ToolExecError: command did not execute successfully (status code exit status: 1): LC_ALL="C" "c++" "-O0" "-ffunction-sections" "-fdata-sections" "-fPIC" "-gdwarf-4" "-fno-omit-frame-pointer" "-m64" "-std=c++14" "-I" "/opt/rustwide/cargo-home/registry/src/index.crates.io-1949cf8c6b5b557f/opencv-0.92.3/src_cpp" "-I" "/opt/rustwide/target/debug/build/opencv/abcd9abe89cc585b/out" "-I" "." "-I" "/usr/include/opencv4" "-Wall" "-Wextra" "-Wno-deprecated-declarations" "-Wno-deprecated-copy" "-Wno-unused-parameter" "-Wno-sign-compare" "-Wno-comment" "-Wunused-but-set-variable" "-Wno-unused-variable" "-Wno-ignored-qualifiers" "-Wno-return-type-c-linkage" "-Wno-overloaded-virtual" "-o" "/opt/rustwide/target/debug/build/opencv/abcd9abe89cc585b/out/b93d6c2866a04f7a-saliency.o" "-c" "/opt/rustwide/target/debug/build/opencv/abcd9abe89cc585b/out/saliency.cpp"cargo:warning=c++: fatal error: Killed signal terminated program cc1plus
[INFO] [stderr]   cargo:warning=compilation terminated.
[INFO] [stderr] 
[INFO] [stderr]   exit status: 1
[INFO] [stderr]   cargo:warning=ToolExecError: command did not execute successfully (status code exit status: 1): LC_ALL="C" "c++" "-O0" "-ffunction-sections" "-fdata-sections" "-fPIC" "-gdwarf-4" "-fno-omit-frame-pointer" "-m64" "-std=c++14" "-I" "/opt/rustwide/cargo-home/registry/src/index.crates.io-1949cf8c6b5b557f/opencv-0.92.3/src_cpp" "-I" "/opt/rustwide/target/debug/build/opencv/abcd9abe89cc585b/out" "-I" "." "-I" "/usr/include/opencv4" "-Wall" "-Wextra" "-Wno-deprecated-declarations" "-Wno-deprecated-copy" "-Wno-unused-parameter" "-Wno-sign-compare" "-Wno-comment" "-Wunused-but-set-variable" "-Wno-unused-variable" "-Wno-ignored-qualifiers" "-Wno-return-type-c-linkage" "-Wno-overloaded-virtual" "-o" "/opt/rustwide/target/debug/build/opencv/abcd9abe89cc585b/out/b93d6c2866a04f7a-shape.o" "-c" "/opt/rustwide/target/debug/build/opencv/abcd9abe89cc585b/out/shape.cpp"cargo:warning=c++: fatal error: Killed signal terminated program cc1plus
[INFO] [stderr]   cargo:warning=compilation terminated.
[INFO] [stderr] 
[INFO] [stderr]   exit status: 0
[INFO] [stderr]   exit status: 1
[INFO] [stderr]   cargo:warning=ToolExecError: command did not execute successfully (status code exit status: 1): LC_ALL="C" "c++" "-O0" "-ffunction-sections" "-fdata-sections" "-fPIC" "-gdwarf-4" "-fno-omit-frame-pointer" "-m64" "-std=c++14" "-I" "/opt/rustwide/cargo-home/registry/src/index.crates.io-1949cf8c6b5b557f/opencv-0.92.3/src_cpp" "-I" "/opt/rustwide/target/debug/build/opencv/abcd9abe89cc585b/out" "-I" "." "-I" "/usr/include/opencv4" "-Wall" "-Wextra" "-Wno-deprecated-declarations" "-Wno-deprecated-copy" "-Wno-unused-parameter" "-Wno-sign-compare" "-Wno-comment" "-Wunused-but-set-variable" "-Wno-unused-variable" "-Wno-ignored-qualifiers" "-Wno-return-type-c-linkage" "-Wno-overloaded-virtual" "-o" "/opt/rustwide/target/debug/build/opencv/abcd9abe89cc585b/out/b93d6c2866a04f7a-rgbd.o" "-c" "/opt/rustwide/target/debug/build/opencv/abcd9abe89cc585b/out/rgbd.cpp"cargo:warning=c++: fatal error: Killed signal terminated program cc1plus
[INFO] [stderr]   cargo:warning=compilation terminated.
[INFO] [stderr] 
[INFO] [stderr]   exit status: 1
[INFO] [stderr]   cargo:warning=ToolExecError: command did not execute successfully (status code exit status: 1): LC_ALL="C" "c++" "-O0" "-ffunction-sections" "-fdata-sections" "-fPIC" "-gdwarf-4" "-fno-omit-frame-pointer" "-m64" "-std=c++14" "-I" "/opt/rustwide/cargo-home/registry/src/index.crates.io-1949cf8c6b5b557f/opencv-0.92.3/src_cpp" "-I" "/opt/rustwide/target/debug/build/opencv/abcd9abe89cc585b/out" "-I" "." "-I" "/usr/include/opencv4" "-Wall" "-Wextra" "-Wno-deprecated-declarations" "-Wno-deprecated-copy" "-Wno-unused-parameter" "-Wno-sign-compare" "-Wno-comment" "-Wunused-but-set-variable" "-Wno-unused-variable" "-Wno-ignored-qualifiers" "-Wno-return-type-c-linkage" "-Wno-overloaded-virtual" "-o" "/opt/rustwide/target/debug/build/opencv/abcd9abe89cc585b/out/b93d6c2866a04f7a-stitching.o" "-c" "/opt/rustwide/target/debug/build/opencv/abcd9abe89cc585b/out/stitching.cpp"
[INFO] [stderr]   exit status: 0
[INFO] [stderr]   exit status: 0
[INFO] [stderr]   exit status: 0
[INFO] [stderr]   exit status: 0
[INFO] [stderr]   exit status: 0
[INFO] [stderr]   exit status: 0
[INFO] [stderr]   exit status: 0
[INFO] [stderr]   exit status: 0
[INFO] [stderr]   exit status: 0
[INFO] [stderr]   exit status: 0
[INFO] [stderr]   exit status: 0
[INFO] [stderr]   exit status: 0
[INFO] [stderr]   exit status: 0
[INFO] [stderr] 
[INFO] [stderr]   --- stderr
[INFO] [stderr]   === Crate version: Some("0.92.3")
[INFO] [stderr]   === Environment configuration:
[INFO] [stderr]   ===   OPENCV_PACKAGE_NAME = None
[INFO] [stderr]   ===   OPENCV_PKGCONFIG_NAME = None
[INFO] [stderr]   ===   OPENCV_CMAKE_NAME = None
[INFO] [stderr]   ===   OPENCV_CMAKE_BIN = None
[INFO] [stderr]   ===   OPENCV_VCPKG_NAME = None
[INFO] [stderr]   ===   OPENCV_LINK_LIBS = None
[INFO] [stderr]   ===   OPENCV_LINK_PATHS = None
[INFO] [stderr]   ===   OPENCV_INCLUDE_PATHS = None
[INFO] [stderr]   ===   OPENCV_DISABLE_PROBES = None
[INFO] [stderr]   ===   OPENCV_MSVC_CRT = None
[INFO] [stderr]   ===   CMAKE_PREFIX_PATH = None
[INFO] [stderr]   ===   OpenCV_DIR = None
[INFO] [stderr]   ===   PKG_CONFIG_PATH = None
[INFO] [stderr]   ===   VCPKG_ROOT = None
[INFO] [stderr]   ===   VCPKGRS_DYNAMIC = None
[INFO] [stderr]   ===   VCPKGRS_TRIPLET = None
[INFO] [stderr]   ===   OCVRS_DOCS_GENERATE_DIR = None
[INFO] [stderr]   ===   DOCS_RS = None
[INFO] [stderr]   ===   PATH = Some("/opt/rustwide/cargo-home/bin:/usr/local/sbin:/usr/local/bin:/usr/sbin:/usr/bin:/sbin:/bin")
[INFO] [stderr]   === Enabled features:
[INFO] [stderr]   ===   ALPHAMAT
[INFO] [stderr]   ===   ARUCO
[INFO] [stderr]   ===   ARUCO_DETECTOR
[INFO] [stderr]   ===   BARCODE
[INFO] [stderr]   ===   BGSEGM
[INFO] [stderr]   ===   BIOINSPIRED
[INFO] [stderr]   ===   CALIB3D
[INFO] [stderr]   ===   CCALIB
[INFO] [stderr]   ===   CUDAARITHM
[INFO] [stderr]   ===   CUDABGSEGM
[INFO] [stderr]   ===   CUDACODEC
[INFO] [stderr]   ===   CUDAFEATURES2D
[INFO] [stderr]   ===   CUDAFILTERS
[INFO] [stderr]   ===   CUDAIMGPROC
[INFO] [stderr]   ===   CUDAOBJDETECT
[INFO] [stderr]   ===   CUDAOPTFLOW
[INFO] [stderr]   ===   CUDASTEREO
[INFO] [stderr]   ===   CUDAWARPING
[INFO] [stderr]   ===   CVV
[INFO] [stderr]   ===   DEFAULT
[INFO] [stderr]   ===   DNN
[INFO] [stderr]   ===   DNN_SUPERRES
[INFO] [stderr]   ===   DPM
[INFO] [stderr]   ===   FACE
[INFO] [stderr]   ===   FEATURES2D
[INFO] [stderr]   ===   FLANN
[INFO] [stderr]   ===   FREETYPE
[INFO] [stderr]   ===   FUZZY
[INFO] [stderr]   ===   GAPI
[INFO] [stderr]   ===   HDF
[INFO] [stderr]   ===   HFS
[INFO] [stderr]   ===   HIGHGUI
[INFO] [stderr]   ===   IMGCODECS
[INFO] [stderr]   ===   IMGPROC
[INFO] [stderr]   ===   IMG_HASH
[INFO] [stderr]   ===   INTENSITY_TRANSFORM
[INFO] [stderr]   ===   LINE_DESCRIPTOR
[INFO] [stderr]   ===   MCC
[INFO] [stderr]   ===   ML
[INFO] [stderr]   ===   OBJDETECT
[INFO] [stderr]   ===   OPTFLOW
[INFO] [stderr]   ===   OVIS
[INFO] [stderr]   ===   PHASE_UNWRAPPING
[INFO] [stderr]   ===   PHOTO
[INFO] [stderr]   ===   PLOT
[INFO] [stderr]   ===   QUALITY
[INFO] [stderr]   ===   RAPID
[INFO] [stderr]   ===   RGBD
[INFO] [stderr]   ===   SALIENCY
[INFO] [stderr]   ===   SFM
[INFO] [stderr]   ===   SHAPE
[INFO] [stderr]   ===   STEREO
[INFO] [stderr]   ===   STITCHING
[INFO] [stderr]   ===   STRUCTURED_LIGHT
[INFO] [stderr]   ===   SUPERRES
[INFO] [stderr]   ===   SURFACE_MATCHING
[INFO] [stderr]   ===   TEXT
[INFO] [stderr]   ===   TRACKING
[INFO] [stderr]   ===   VIDEO
[INFO] [stderr]   ===   VIDEOIO
[INFO] [stderr]   ===   VIDEOSTAB
[INFO] [stderr]   ===   VIZ
[INFO] [stderr]   ===   WECHAT_QRCODE
[INFO] [stderr]   ===   XFEATURES2D
[INFO] [stderr]   ===   XIMGPROC
[INFO] [stderr]   ===   XOBJDETECT
[INFO] [stderr]   ===   XPHOTO
[INFO] [stderr]   === Detected probe priority boost based on environment vars: pkg_config: false, cmake: false, vcpkg: false
[INFO] [stderr]   === Probing the OpenCV library in the following order: environment, pkg_config, cmake, vcpkg_cmake, vcpkg
[INFO] [stderr]   === Can't probe using: environment, continuing with other methods because: Some environment variables are missing
[INFO] [stderr]   === Probing OpenCV library using pkg_config
[INFO] [stderr]   === Successfully probed using: pkg_config
[INFO] [stderr]   === OpenCV library configuration: Library {
[INFO] [stderr]       include_paths: [
[INFO] [stderr]           "/usr/include/opencv4",
[INFO] [stderr]       ],
[INFO] [stderr]       version: Version {
[INFO] [stderr]           major: 4,
[INFO] [stderr]           minor: 10,
[INFO] [stderr]           patch: 0,
[INFO] [stderr]       },
[INFO] [stderr]       cargo_metadata: [
[INFO] [stderr]           "cargo:rustc-link-search=/usr/lib/x86_64-linux-gnu",
[INFO] [stderr]           "cargo:rustc-link-lib=opencv_stitching",
[INFO] [stderr]           "cargo:rustc-link-lib=opencv_alphamat",
[INFO] [stderr]           "cargo:rustc-link-lib=opencv_aruco",
[INFO] [stderr]           "cargo:rustc-link-lib=opencv_bgsegm",
[INFO] [stderr]           "cargo:rustc-link-lib=opencv_bioinspired",
[INFO] [stderr]           "cargo:rustc-link-lib=opencv_ccalib",
[INFO] [stderr]           "cargo:rustc-link-lib=opencv_cvv",
[INFO] [stderr]           "cargo:rustc-link-lib=opencv_dnn_objdetect",
[INFO] [stderr]           "cargo:rustc-link-lib=opencv_dnn_superres",
[INFO] [stderr]           "cargo:rustc-link-lib=opencv_dpm",
[INFO] [stderr]           "cargo:rustc-link-lib=opencv_face",
[INFO] [stderr]           "cargo:rustc-link-lib=opencv_freetype",
[INFO] [stderr]           "cargo:rustc-link-lib=opencv_fuzzy",
[INFO] [stderr]           "cargo:rustc-link-lib=opencv_hdf",
[INFO] [stderr]           "cargo:rustc-link-lib=opencv_hfs",
[INFO] [stderr]           "cargo:rustc-link-lib=opencv_img_hash",
[INFO] [stderr]           "cargo:rustc-link-lib=opencv_intensity_transform",
[INFO] [stderr]           "cargo:rustc-link-lib=opencv_line_descriptor",
[INFO] [stderr]           "cargo:rustc-link-lib=opencv_mcc",
[INFO] [stderr]           "cargo:rustc-link-lib=opencv_quality",
[INFO] [stderr]           "cargo:rustc-link-lib=opencv_rapid",
[INFO] [stderr]           "cargo:rustc-link-lib=opencv_reg",
[INFO] [stderr]           "cargo:rustc-link-lib=opencv_rgbd",
[INFO] [stderr]           "cargo:rustc-link-lib=opencv_saliency",
[INFO] [stderr]           "cargo:rustc-link-lib=opencv_shape",
[INFO] [stderr]           "cargo:rustc-link-lib=opencv_signal",
[INFO] [stderr]           "cargo:rustc-link-lib=opencv_stereo",
[INFO] [stderr]           "cargo:rustc-link-lib=opencv_structured_light",
[INFO] [stderr]           "cargo:rustc-link-lib=opencv_phase_unwrapping",
[INFO] [stderr]           "cargo:rustc-link-lib=opencv_superres",
[INFO] [stderr]           "cargo:rustc-link-lib=opencv_optflow",
[INFO] [stderr]           "cargo:rustc-link-lib=opencv_surface_matching",
[INFO] [stderr]           "cargo:rustc-link-lib=opencv_tracking",
[INFO] [stderr]           "cargo:rustc-link-lib=opencv_highgui",
[INFO] [stderr]           "cargo:rustc-link-lib=opencv_datasets",
[INFO] [stderr]           "cargo:rustc-link-lib=opencv_text",
[INFO] [stderr]           "cargo:rustc-link-lib=opencv_plot",
[INFO] [stderr]           "cargo:rustc-link-lib=opencv_ml",
[INFO] [stderr]           "cargo:rustc-link-lib=opencv_videostab",
[INFO] [stderr]           "cargo:rustc-link-lib=opencv_videoio",
[INFO] [stderr]           "cargo:rustc-link-lib=opencv_viz",
[INFO] [stderr]           "cargo:rustc-link-lib=opencv_wechat_qrcode",
[INFO] [stderr]           "cargo:rustc-link-lib=opencv_ximgproc",
[INFO] [stderr]           "cargo:rustc-link-lib=opencv_video",
[INFO] [stderr]           "cargo:rustc-link-lib=opencv_xobjdetect",
[INFO] [stderr]           "cargo:rustc-link-lib=opencv_objdetect",
[INFO] [stderr]           "cargo:rustc-link-lib=opencv_calib3d",
[INFO] [stderr]           "cargo:rustc-link-lib=opencv_imgcodecs",
[INFO] [stderr]           "cargo:rustc-link-lib=opencv_features2d",
[INFO] [stderr]           "cargo:rustc-link-lib=opencv_dnn",
[INFO] [stderr]           "cargo:rustc-link-lib=opencv_flann",
[INFO] [stderr]           "cargo:rustc-link-lib=opencv_xphoto",
[INFO] [stderr]           "cargo:rustc-link-lib=opencv_photo",
[INFO] [stderr]           "cargo:rustc-link-lib=opencv_imgproc",
[INFO] [stderr]           "cargo:rustc-link-lib=opencv_core",
[INFO] [stderr]       ],
[INFO] [stderr]   }
[INFO] [stderr]   === Detected OpenCV module header dir at: /usr/include/opencv4/opencv2
[INFO] [stderr]   === Found OpenCV version: 4.10.0 in headers located at: /usr/include/opencv4
[INFO] [stderr]   === Generating code in: /opt/rustwide/target/debug/build/opencv/abcd9abe89cc585b/out
[INFO] [stderr]   === Placing generated bindings into: /opt/rustwide/target/debug/build/opencv/abcd9abe89cc585b/out/opencv
[INFO] [stderr]   === Using OpenCV headers from: /usr/include/opencv4
[INFO] [stderr]   === Clang: Ubuntu clang version 21.1.8 (6ubuntu1)
[INFO] [stderr]   === Clang command line args: [
[INFO] [stderr]       "-isystem/usr/lib/gcc/x86_64-linux-gnu/15/../../../../include/c++/15",
[INFO] [stderr]       "-isystem/usr/lib/gcc/x86_64-linux-gnu/15/../../../../include/x86_64-linux-gnu/c++/15",
[INFO] [stderr]       "-isystem/usr/lib/gcc/x86_64-linux-gnu/15/../../../../include/c++/15/backward",
[INFO] [stderr]       "-isystem/usr/lib/llvm-21/lib/clang/21/include",
[INFO] [stderr]       "-isystem/usr/local/include",
[INFO] [stderr]       "-isystem/usr/include/x86_64-linux-gnu",
[INFO] [stderr]       "-isystem/usr/include",
[INFO] [stderr]       "-I/usr/include/opencv4",
[INFO] [stderr]       "-F/usr/include/opencv4",
[INFO] [stderr]       "-I/opt/rustwide/cargo-home/registry/src/index.crates.io-1949cf8c6b5b557f/opencv-0.92.3/src_cpp",
[INFO] [stderr]       "-F/opt/rustwide/cargo-home/registry/src/index.crates.io-1949cf8c6b5b557f/opencv-0.92.3/src_cpp",
[INFO] [stderr]       "-DOCVRS_PARSING_HEADERS",
[INFO] [stderr]       "-includeocvrs_common.hpp",
[INFO] [stderr]       "-std=c++14",
[INFO] [stderr]   ]
[INFO] [stderr]   === Using environment job server with the the amount of available jobs: 12
[INFO] [stderr]   === Generating 51 modules
[INFO] [stderr]   === Running: "/opt/rustwide/target/debug/build/opencv/cfbc173859617404/out/build_script_build" "/usr/include/opencv4" "/opt/rustwide/cargo-home/registry/src/index.crates.io-1949cf8c6b5b557f/opencv-0.92.3/src_cpp" "/opt/rustwide/target/debug/build/opencv/abcd9abe89cc585b/out" "alphamat" ""
[INFO] [stderr]   === Running: "/opt/rustwide/target/debug/build/opencv/cfbc173859617404/out/build_script_build" "/usr/include/opencv4" "/opt/rustwide/cargo-home/registry/src/index.crates.io-1949cf8c6b5b557f/opencv-0.92.3/src_cpp" "/opt/rustwide/target/debug/build/opencv/abcd9abe89cc585b/out" "calib3d" ""
[INFO] [stderr]   === Running: "/opt/rustwide/target/debug/build/opencv/cfbc173859617404/out/build_script_build" "/usr/include/opencv4" "/opt/rustwide/cargo-home/registry/src/index.crates.io-1949cf8c6b5b557f/opencv-0.92.3/src_cpp" "/opt/rustwide/target/debug/build/opencv/abcd9abe89cc585b/out" "bgsegm" ""
[INFO] [stderr]   === Running: "/opt/rustwide/target/debug/build/opencv/cfbc173859617404/out/build_script_build" "/usr/include/opencv4" "/opt/rustwide/cargo-home/registry/src/index.crates.io-1949cf8c6b5b557f/opencv-0.92.3/src_cpp" "/opt/rustwide/target/debug/build/opencv/abcd9abe89cc585b/out" "aruco" ""
[INFO] [stderr]   === Running: "/opt/rustwide/target/debug/build/opencv/cfbc173859617404/out/build_script_build" "/usr/include/opencv4" "/opt/rustwide/cargo-home/registry/src/index.crates.io-1949cf8c6b5b557f/opencv-0.92.3/src_cpp" "/opt/rustwide/target/debug/build/opencv/abcd9abe89cc585b/out" "bioinspired" ""
[INFO] [stderr]   === Running: "/opt/rustwide/target/debug/build/opencv/cfbc173859617404/out/build_script_build" "/usr/include/opencv4" "/opt/rustwide/cargo-home/registry/src/index.crates.io-1949cf8c6b5b557f/opencv-0.92.3/src_cpp" "/opt/rustwide/target/debug/build/opencv/abcd9abe89cc585b/out" "ccalib" ""
[INFO] [stderr]   === Running: "/opt/rustwide/target/debug/build/opencv/cfbc173859617404/out/build_script_build" "/usr/include/opencv4" "/opt/rustwide/cargo-home/registry/src/index.crates.io-1949cf8c6b5b557f/opencv-0.92.3/src_cpp" "/opt/rustwide/target/debug/build/opencv/abcd9abe89cc585b/out" "core" ""
[INFO] [stderr]   === Running: "/opt/rustwide/target/debug/build/opencv/cfbc173859617404/out/build_script_build" "/usr/include/opencv4" "/opt/rustwide/cargo-home/registry/src/index.crates.io-1949cf8c6b5b557f/opencv-0.92.3/src_cpp" "/opt/rustwide/target/debug/build/opencv/abcd9abe89cc585b/out" "cvv" ""
[INFO] [stderr]   === Running: "/opt/rustwide/target/debug/build/opencv/cfbc173859617404/out/build_script_build" "/usr/include/opencv4" "/opt/rustwide/cargo-home/registry/src/index.crates.io-1949cf8c6b5b557f/opencv-0.92.3/src_cpp" "/opt/rustwide/target/debug/build/opencv/abcd9abe89cc585b/out" "dpm" ""
[INFO] [stderr]   === Running: "/opt/rustwide/target/debug/build/opencv/cfbc173859617404/out/build_script_build" "/usr/include/opencv4" "/opt/rustwide/cargo-home/registry/src/index.crates.io-1949cf8c6b5b557f/opencv-0.92.3/src_cpp" "/opt/rustwide/target/debug/build/opencv/abcd9abe89cc585b/out" "dnn_superres" ""
[INFO] [stderr]   === Running: "/opt/rustwide/target/debug/build/opencv/cfbc173859617404/out/build_script_build" "/usr/include/opencv4" "/opt/rustwide/cargo-home/registry/src/index.crates.io-1949cf8c6b5b557f/opencv-0.92.3/src_cpp" "/opt/rustwide/target/debug/build/opencv/abcd9abe89cc585b/out" "face" ""
[INFO] [stderr]   === Running: "/opt/rustwide/target/debug/build/opencv/cfbc173859617404/out/build_script_build" "/usr/include/opencv4" "/opt/rustwide/cargo-home/registry/src/index.crates.io-1949cf8c6b5b557f/opencv-0.92.3/src_cpp" "/opt/rustwide/target/debug/build/opencv/abcd9abe89cc585b/out" "dnn" ""
[INFO] [stderr]   === Running: "/opt/rustwide/target/debug/build/opencv/cfbc173859617404/out/build_script_build" "/usr/include/opencv4" "/opt/rustwide/cargo-home/registry/src/index.crates.io-1949cf8c6b5b557f/opencv-0.92.3/src_cpp" "/opt/rustwide/target/debug/build/opencv/abcd9abe89cc585b/out" "features2d" ""
[INFO] [stderr]   === Running: "/opt/rustwide/target/debug/build/opencv/cfbc173859617404/out/build_script_build" "/usr/include/opencv4" "/opt/rustwide/cargo-home/registry/src/index.crates.io-1949cf8c6b5b557f/opencv-0.92.3/src_cpp" "/opt/rustwide/target/debug/build/opencv/abcd9abe89cc585b/out" "flann" ""
[INFO] [stderr]   === Generated: alphamat in 1.500974888s
[INFO] [stderr]   === Running: "/opt/rustwide/target/debug/build/opencv/cfbc173859617404/out/build_script_build" "/usr/include/opencv4" "/opt/rustwide/cargo-home/registry/src/index.crates.io-1949cf8c6b5b557f/opencv-0.92.3/src_cpp" "/opt/rustwide/target/debug/build/opencv/abcd9abe89cc585b/out" "freetype" ""
[INFO] [stderr]   === Generated: dpm in 1.518691914s
[INFO] [stderr]   === Running: "/opt/rustwide/target/debug/build/opencv/cfbc173859617404/out/build_script_build" "/usr/include/opencv4" "/opt/rustwide/cargo-home/registry/src/index.crates.io-1949cf8c6b5b557f/opencv-0.92.3/src_cpp" "/opt/rustwide/target/debug/build/opencv/abcd9abe89cc585b/out" "fuzzy" ""
[INFO] [stderr]   === Generated: cvv in 1.563106075s
[INFO] [stderr]   === Running: "/opt/rustwide/target/debug/build/opencv/cfbc173859617404/out/build_script_build" "/usr/include/opencv4" "/opt/rustwide/cargo-home/registry/src/index.crates.io-1949cf8c6b5b557f/opencv-0.92.3/src_cpp" "/opt/rustwide/target/debug/build/opencv/abcd9abe89cc585b/out" "hdf" ""
[INFO] [stderr]   === Generated: bioinspired in 1.688107967s
[INFO] [stderr]   === Running: "/opt/rustwide/target/debug/build/opencv/cfbc173859617404/out/build_script_build" "/usr/include/opencv4" "/opt/rustwide/cargo-home/registry/src/index.crates.io-1949cf8c6b5b557f/opencv-0.92.3/src_cpp" "/opt/rustwide/target/debug/build/opencv/abcd9abe89cc585b/out" "hfs" ""
[INFO] [stderr]   === Generated: dnn_superres in 1.728410018s
[INFO] [stderr]   === Running: "/opt/rustwide/target/debug/build/opencv/cfbc173859617404/out/build_script_build" "/usr/include/opencv4" "/opt/rustwide/cargo-home/registry/src/index.crates.io-1949cf8c6b5b557f/opencv-0.92.3/src_cpp" "/opt/rustwide/target/debug/build/opencv/abcd9abe89cc585b/out" "highgui" ""
[INFO] [stderr]   === Generated: bgsegm in 1.790243425s
[INFO] [stderr]   === Running: "/opt/rustwide/target/debug/build/opencv/cfbc173859617404/out/build_script_build" "/usr/include/opencv4" "/opt/rustwide/cargo-home/registry/src/index.crates.io-1949cf8c6b5b557f/opencv-0.92.3/src_cpp" "/opt/rustwide/target/debug/build/opencv/abcd9abe89cc585b/out" "img_hash" ""
[INFO] [stderr]   === Generated: aruco in 1.833710615s
[INFO] [stderr]   === Running: "/opt/rustwide/target/debug/build/opencv/cfbc173859617404/out/build_script_build" "/usr/include/opencv4" "/opt/rustwide/cargo-home/registry/src/index.crates.io-1949cf8c6b5b557f/opencv-0.92.3/src_cpp" "/opt/rustwide/target/debug/build/opencv/abcd9abe89cc585b/out" "imgcodecs" ""
[INFO] [stderr]   === Running: "/opt/rustwide/target/debug/build/opencv/cfbc173859617404/out/build_script_build" "/usr/include/opencv4" "/opt/rustwide/cargo-home/registry/src/index.crates.io-1949cf8c6b5b557f/opencv-0.92.3/src_cpp" "/opt/rustwide/target/debug/build/opencv/abcd9abe89cc585b/out" "imgproc" ""
[INFO] [stderr]   === Generated: ccalib in 2.221873199s
[INFO] [stderr]   === Running: "/opt/rustwide/target/debug/build/opencv/cfbc173859617404/out/build_script_build" "/usr/include/opencv4" "/opt/rustwide/cargo-home/registry/src/index.crates.io-1949cf8c6b5b557f/opencv-0.92.3/src_cpp" "/opt/rustwide/target/debug/build/opencv/abcd9abe89cc585b/out" "intensity_transform" ""
[INFO] [stderr]   === Generated: face in 2.393146922s
[INFO] [stderr]   === Running: "/opt/rustwide/target/debug/build/opencv/cfbc173859617404/out/build_script_build" "/usr/include/opencv4" "/opt/rustwide/cargo-home/registry/src/index.crates.io-1949cf8c6b5b557f/opencv-0.92.3/src_cpp" "/opt/rustwide/target/debug/build/opencv/abcd9abe89cc585b/out" "line_descriptor" ""
[INFO] [stderr]   === Generated: flann in 1.822424607s
[INFO] [stderr]   === Running: "/opt/rustwide/target/debug/build/opencv/cfbc173859617404/out/build_script_build" "/usr/include/opencv4" "/opt/rustwide/cargo-home/registry/src/index.crates.io-1949cf8c6b5b557f/opencv-0.92.3/src_cpp" "/opt/rustwide/target/debug/build/opencv/abcd9abe89cc585b/out" "mcc" ""
[INFO] [stderr]   === Generated: features2d in 2.407668959s
[INFO] [stderr]   === Running: "/opt/rustwide/target/debug/build/opencv/cfbc173859617404/out/build_script_build" "/usr/include/opencv4" "/opt/rustwide/cargo-home/registry/src/index.crates.io-1949cf8c6b5b557f/opencv-0.92.3/src_cpp" "/opt/rustwide/target/debug/build/opencv/abcd9abe89cc585b/out" "ml" ""
[INFO] [stderr]   === Generated: freetype in 1.407467649s
[INFO] [stderr]   === Running: "/opt/rustwide/target/debug/build/opencv/cfbc173859617404/out/build_script_build" "/usr/include/opencv4" "/opt/rustwide/cargo-home/registry/src/index.crates.io-1949cf8c6b5b557f/opencv-0.92.3/src_cpp" "/opt/rustwide/target/debug/build/opencv/abcd9abe89cc585b/out" "objdetect" ""
[INFO] [stderr]   === Generated: fuzzy in 1.491418681s
[INFO] [stderr]   === Running: "/opt/rustwide/target/debug/build/opencv/cfbc173859617404/out/build_script_build" "/usr/include/opencv4" "/opt/rustwide/cargo-home/registry/src/index.crates.io-1949cf8c6b5b557f/opencv-0.92.3/src_cpp" "/opt/rustwide/target/debug/build/opencv/abcd9abe89cc585b/out" "optflow" ""
[INFO] [stderr]   === Generated: hdf in 1.630563561s
[INFO] [stderr]   === Generated: hfs in 1.506127148s
[INFO] [stderr]   === Running: "/opt/rustwide/target/debug/build/opencv/cfbc173859617404/out/build_script_build" "/usr/include/opencv4" "/opt/rustwide/cargo-home/registry/src/index.crates.io-1949cf8c6b5b557f/opencv-0.92.3/src_cpp" "/opt/rustwide/target/debug/build/opencv/abcd9abe89cc585b/out" "phase_unwrapping" ""
[INFO] [stderr]   === Running: "/opt/rustwide/target/debug/build/opencv/cfbc173859617404/out/build_script_build" "/usr/include/opencv4" "/opt/rustwide/cargo-home/registry/src/index.crates.io-1949cf8c6b5b557f/opencv-0.92.3/src_cpp" "/opt/rustwide/target/debug/build/opencv/abcd9abe89cc585b/out" "photo" ""
[INFO] [stderr]   === Generated: calib3d in 3.276234037s
[INFO] [stderr]   === Running: "/opt/rustwide/target/debug/build/opencv/cfbc173859617404/out/build_script_build" "/usr/include/opencv4" "/opt/rustwide/cargo-home/registry/src/index.crates.io-1949cf8c6b5b557f/opencv-0.92.3/src_cpp" "/opt/rustwide/target/debug/build/opencv/abcd9abe89cc585b/out" "plot" ""
[INFO] [stderr]   === Generated: img_hash in 1.551829868s
[INFO] [stderr]   === Running: "/opt/rustwide/target/debug/build/opencv/cfbc173859617404/out/build_script_build" "/usr/include/opencv4" "/opt/rustwide/cargo-home/registry/src/index.crates.io-1949cf8c6b5b557f/opencv-0.92.3/src_cpp" "/opt/rustwide/target/debug/build/opencv/abcd9abe89cc585b/out" "quality" ""
[INFO] [stderr]   === Generated: imgcodecs in 1.53833099s
[INFO] [stderr]   === Running: "/opt/rustwide/target/debug/build/opencv/cfbc173859617404/out/build_script_build" "/usr/include/opencv4" "/opt/rustwide/cargo-home/registry/src/index.crates.io-1949cf8c6b5b557f/opencv-0.92.3/src_cpp" "/opt/rustwide/target/debug/build/opencv/abcd9abe89cc585b/out" "rapid" ""
[INFO] [stderr]   === Running: "/opt/rustwide/target/debug/build/opencv/cfbc173859617404/out/build_script_build" "/usr/include/opencv4" "/opt/rustwide/cargo-home/registry/src/index.crates.io-1949cf8c6b5b557f/opencv-0.92.3/src_cpp" "/opt/rustwide/target/debug/build/opencv/abcd9abe89cc585b/out" "rgbd" ""
[INFO] [stderr]   === Generated: highgui in 1.746356775s
[INFO] [stderr]   === Running: "/opt/rustwide/target/debug/build/opencv/cfbc173859617404/out/build_script_build" "/usr/include/opencv4" "/opt/rustwide/cargo-home/registry/src/index.crates.io-1949cf8c6b5b557f/opencv-0.92.3/src_cpp" "/opt/rustwide/target/debug/build/opencv/abcd9abe89cc585b/out" "saliency" ""
[INFO] [stderr]   === Generated: intensity_transform in 1.36329432s
[INFO] [stderr]   === Running: "/opt/rustwide/target/debug/build/opencv/cfbc173859617404/out/build_script_build" "/usr/include/opencv4" "/opt/rustwide/cargo-home/registry/src/index.crates.io-1949cf8c6b5b557f/opencv-0.92.3/src_cpp" "/opt/rustwide/target/debug/build/opencv/abcd9abe89cc585b/out" "shape" ""
[INFO] [stderr]   === Generated: line_descriptor in 1.890839783s
[INFO] [stderr]   === Running: "/opt/rustwide/target/debug/build/opencv/cfbc173859617404/out/build_script_build" "/usr/include/opencv4" "/opt/rustwide/cargo-home/registry/src/index.crates.io-1949cf8c6b5b557f/opencv-0.92.3/src_cpp" "/opt/rustwide/target/debug/build/opencv/abcd9abe89cc585b/out" "stereo" ""
[INFO] [stderr]   === Generated: mcc in 1.883987575s
[INFO] [stderr]   === Running: "/opt/rustwide/target/debug/build/opencv/cfbc173859617404/out/build_script_build" "/usr/include/opencv4" "/opt/rustwide/cargo-home/registry/src/index.crates.io-1949cf8c6b5b557f/opencv-0.92.3/src_cpp" "/opt/rustwide/target/debug/build/opencv/abcd9abe89cc585b/out" "stitching" ""
[INFO] [stderr]   === Generated: phase_unwrapping in 1.432073444s
[INFO] [stderr]   === Running: "/opt/rustwide/target/debug/build/opencv/cfbc173859617404/out/build_script_build" "/usr/include/opencv4" "/opt/rustwide/cargo-home/registry/src/index.crates.io-1949cf8c6b5b557f/opencv-0.92.3/src_cpp" "/opt/rustwide/target/debug/build/opencv/abcd9abe89cc585b/out" "structured_light" ""
[INFO] [stderr]   === Generated: plot in 1.471046625s
[INFO] [stderr]   === Running: "/opt/rustwide/target/debug/build/opencv/cfbc173859617404/out/build_script_build" "/usr/include/opencv4" "/opt/rustwide/cargo-home/registry/src/index.crates.io-1949cf8c6b5b557f/opencv-0.92.3/src_cpp" "/opt/rustwide/target/debug/build/opencv/abcd9abe89cc585b/out" "superres" ""
[INFO] [stderr]   === Generated: rapid in 1.58687186s
[INFO] [stderr]   === Running: "/opt/rustwide/target/debug/build/opencv/cfbc173859617404/out/build_script_build" "/usr/include/opencv4" "/opt/rustwide/cargo-home/registry/src/index.crates.io-1949cf8c6b5b557f/opencv-0.92.3/src_cpp" "/opt/rustwide/target/debug/build/opencv/abcd9abe89cc585b/out" "surface_matching" ""
[INFO] [stderr]   === Generated: optflow in 1.991555511s
[INFO] [stderr]   === Running: "/opt/rustwide/target/debug/build/opencv/cfbc173859617404/out/build_script_build" "/usr/include/opencv4" "/opt/rustwide/cargo-home/registry/src/index.crates.io-1949cf8c6b5b557f/opencv-0.92.3/src_cpp" "/opt/rustwide/target/debug/build/opencv/abcd9abe89cc585b/out" "text" ""
[INFO] [stderr]   === Generated: quality in 1.701750014s
[INFO] [stderr]   === Running: "/opt/rustwide/target/debug/build/opencv/cfbc173859617404/out/build_script_build" "/usr/include/opencv4" "/opt/rustwide/cargo-home/registry/src/index.crates.io-1949cf8c6b5b557f/opencv-0.92.3/src_cpp" "/opt/rustwide/target/debug/build/opencv/abcd9abe89cc585b/out" "tracking" ""
[INFO] [stderr]   === Generated: saliency in 1.705420963s
[INFO] [stderr]   === Running: "/opt/rustwide/target/debug/build/opencv/cfbc173859617404/out/build_script_build" "/usr/include/opencv4" "/opt/rustwide/cargo-home/registry/src/index.crates.io-1949cf8c6b5b557f/opencv-0.92.3/src_cpp" "/opt/rustwide/target/debug/build/opencv/abcd9abe89cc585b/out" "video" ""
[INFO] [stderr]   === Generated: photo in 2.047914678s
[INFO] [stderr]   === Running: "/opt/rustwide/target/debug/build/opencv/cfbc173859617404/out/build_script_build" "/usr/include/opencv4" "/opt/rustwide/cargo-home/registry/src/index.crates.io-1949cf8c6b5b557f/opencv-0.92.3/src_cpp" "/opt/rustwide/target/debug/build/opencv/abcd9abe89cc585b/out" "videoio" ""
[INFO] [stderr]   === Generated: ml in 2.423944025s
[INFO] [stderr]   === Running: "/opt/rustwide/target/debug/build/opencv/cfbc173859617404/out/build_script_build" "/usr/include/opencv4" "/opt/rustwide/cargo-home/registry/src/index.crates.io-1949cf8c6b5b557f/opencv-0.92.3/src_cpp" "/opt/rustwide/target/debug/build/opencv/abcd9abe89cc585b/out" "videostab" ""
[INFO] [stderr]   === Generated: shape in 1.710969202s
[INFO] [stderr]   === Running: "/opt/rustwide/target/debug/build/opencv/cfbc173859617404/out/build_script_build" "/usr/include/opencv4" "/opt/rustwide/cargo-home/registry/src/index.crates.io-1949cf8c6b5b557f/opencv-0.92.3/src_cpp" "/opt/rustwide/target/debug/build/opencv/abcd9abe89cc585b/out" "viz" ""
[INFO] [stderr]   === Generated: imgproc in 3.270821498s
[INFO] [stderr]   === Running: "/opt/rustwide/target/debug/build/opencv/cfbc173859617404/out/build_script_build" "/usr/include/opencv4" "/opt/rustwide/cargo-home/registry/src/index.crates.io-1949cf8c6b5b557f/opencv-0.92.3/src_cpp" "/opt/rustwide/target/debug/build/opencv/abcd9abe89cc585b/out" "wechat_qrcode" ""
[INFO] [stderr]   === Generated: stereo in 1.428971695s
[INFO] [stderr]   === Running: "/opt/rustwide/target/debug/build/opencv/cfbc173859617404/out/build_script_build" "/usr/include/opencv4" "/opt/rustwide/cargo-home/registry/src/index.crates.io-1949cf8c6b5b557f/opencv-0.92.3/src_cpp" "/opt/rustwide/target/debug/build/opencv/abcd9abe89cc585b/out" "ximgproc" ""
[INFO] [stderr]   === Generated: objdetect in 2.950902569s
[INFO] [stderr]   === Running: "/opt/rustwide/target/debug/build/opencv/cfbc173859617404/out/build_script_build" "/usr/include/opencv4" "/opt/rustwide/cargo-home/registry/src/index.crates.io-1949cf8c6b5b557f/opencv-0.92.3/src_cpp" "/opt/rustwide/target/debug/build/opencv/abcd9abe89cc585b/out" "xobjdetect" ""
[INFO] [stderr]   === Generated: dnn in 6.064680582s
[INFO] [stderr]   === Running: "/opt/rustwide/target/debug/build/opencv/cfbc173859617404/out/build_script_build" "/usr/include/opencv4" "/opt/rustwide/cargo-home/registry/src/index.crates.io-1949cf8c6b5b557f/opencv-0.92.3/src_cpp" "/opt/rustwide/target/debug/build/opencv/abcd9abe89cc585b/out" "xphoto" ""
[INFO] [stderr]   === Generated: structured_light in 1.7661618s
[INFO] [stderr]   === Generated: superres in 1.654239015s
[INFO] [stderr]   === Generated: surface_matching in 1.642542858s
[INFO] [stderr]   === Generated: tracking in 1.561079585s
[INFO] [stderr]   === Generated: rgbd in 3.210453961s
[INFO] [stderr]   === Generated: videoio in 1.441372252s
[INFO] [stderr]   === Generated: xobjdetect in 1.009602357s
[INFO] [stderr]   === Generated: wechat_qrcode in 1.469720346s
[INFO] [stderr]   === Generated: text in 1.985516311s
[INFO] [stderr]   === Generated: video in 1.870120748s
[INFO] [stderr]   === Generated: core in 7.084686156s
[INFO] [stderr]   === Generated: xphoto in 1.200023045s
[INFO] [stderr]   === Generated: videostab in 2.030308962s
[INFO] [stderr]   === Generated: viz in 2.033485351s
[INFO] [stderr]   === Generated: stitching in 3.144760346s
[INFO] [stderr]   === Generated: ximgproc in 2.159160804s
[INFO] [stderr]   === Total binding generation time: 7.875038332s
[INFO] [stderr]   === Total binding collection time: 259.540263ms
[INFO] [stderr]   === Compiler information: Tool {
[INFO] [stderr]       path: "c++",
[INFO] [stderr]       cc_wrapper_path: None,
[INFO] [stderr]       cc_wrapper_args: [],
[INFO] [stderr]       args: [
[INFO] [stderr]           "-O0",
[INFO] [stderr]           "-ffunction-sections",
[INFO] [stderr]           "-fdata-sections",
[INFO] [stderr]           "-fPIC",
[INFO] [stderr]           "-gdwarf-4",
[INFO] [stderr]           "-fno-omit-frame-pointer",
[INFO] [stderr]           "-m64",
[INFO] [stderr]           "-std=c++14",
[INFO] [stderr]           "-I",
[INFO] [stderr]           "/opt/rustwide/cargo-home/registry/src/index.crates.io-1949cf8c6b5b557f/opencv-0.92.3/src_cpp",
[INFO] [stderr]           "-I",
[INFO] [stderr]           "/opt/rustwide/target/debug/build/opencv/abcd9abe89cc585b/out",
[INFO] [stderr]           "-I",
[INFO] [stderr]           ".",
[INFO] [stderr]           "-I",
[INFO] [stderr]           "/usr/include/opencv4",
[INFO] [stderr]           "-Wall",
[INFO] [stderr]           "-Wextra",
[INFO] [stderr]           "-Wno-deprecated-declarations",
[INFO] [stderr]           "-Wno-deprecated-copy",
[INFO] [stderr]           "-Wno-unused-parameter",
[INFO] [stderr]           "-Wno-sign-compare",
[INFO] [stderr]           "-Wno-comment",
[INFO] [stderr]           "-Wunused-but-set-variable",
[INFO] [stderr]           "-Wno-unused-variable",
[INFO] [stderr]           "-Wno-ignored-qualifiers",
[INFO] [stderr]           "-Wno-return-type-c-linkage",
[INFO] [stderr]           "-Wno-overloaded-virtual",
[INFO] [stderr]       ],
[INFO] [stderr]       env: [
[INFO] [stderr]           (
[INFO] [stderr]               "LC_ALL",
[INFO] [stderr]               "C",
[INFO] [stderr]           ),
[INFO] [stderr]       ],
[INFO] [stderr]       family: Gnu,
[INFO] [stderr]       cuda: false,
[INFO] [stderr]       removed_args: [],
[INFO] [stderr]       has_internal_target_arg: false,
[INFO] [stderr]   }
[INFO] [stderr] 
[INFO] [stderr] 
[INFO] [stderr]   error occurred in cc-rs: command did not execute successfully (status code exit status: 1): LC_ALL="C" "c++" "-O0" "-ffunction-sections" "-fdata-sections" "-fPIC" "-gdwarf-4" "-fno-omit-frame-pointer" "-m64" "-std=c++14" "-I" "/opt/rustwide/cargo-home/registry/src/index.crates.io-1949cf8c6b5b557f/opencv-0.92.3/src_cpp" "-I" "/opt/rustwide/target/debug/build/opencv/abcd9abe89cc585b/out" "-I" "." "-I" "/usr/include/opencv4" "-Wall" "-Wextra" "-Wno-deprecated-declarations" "-Wno-deprecated-copy" "-Wno-unused-parameter" "-Wno-sign-compare" "-Wno-comment" "-Wunused-but-set-variable" "-Wno-unused-variable" "-Wno-ignored-qualifiers" "-Wno-return-type-c-linkage" "-Wno-overloaded-virtual" "-o" "/opt/rustwide/target/debug/build/opencv/abcd9abe89cc585b/out/b93d6c2866a04f7a-stitching.o" "-c" "/opt/rustwide/target/debug/build/opencv/abcd9abe89cc585b/out/stitching.cpp"
[INFO] [stderr] 
[INFO] [stderr] 
[INFO] running `Command { std: "docker" "inspect" "e23ebafc49c341dee022761bf52e290c31b1a4a0fa8d4c571de3586275d88bde", kill_on_drop: false }`
[INFO] running `Command { std: "docker" "rm" "-f" "e23ebafc49c341dee022761bf52e290c31b1a4a0fa8d4c571de3586275d88bde", kill_on_drop: false }`
[INFO] [stdout] e23ebafc49c341dee022761bf52e290c31b1a4a0fa8d4c571de3586275d88bde
