[INFO] cloning repository https://github.com/mayathomas/chat
[INFO] running `Command { std: "git" "-c" "credential.helper=" "-c" "credential.helper=/workspace/cargo-home/bin/git-credential-null" "clone" "--bare" "https://github.com/mayathomas/chat" "/workspace/cache/git-repos/https%3A%2F%2Fgithub.com%2Fmayathomas%2Fchat", kill_on_drop: false }`
[INFO] [stderr] Cloning into bare repository '/workspace/cache/git-repos/https%3A%2F%2Fgithub.com%2Fmayathomas%2Fchat'...
[INFO] running `Command { std: "git" "rev-parse" "HEAD", kill_on_drop: false }`
[INFO] [stdout] 058f8bc13c36eff32ff26f4a6780a38b19ed0381
[INFO] checking mayathomas/chat/058f8bc13c36eff32ff26f4a6780a38b19ed0381 against 012c0bd4d516934012c9a1ecb26e9eb283d2ed75 for pr-133502-29
[INFO] running `Command { std: "git" "clone" "/workspace/cache/git-repos/https%3A%2F%2Fgithub.com%2Fmayathomas%2Fchat" "/workspace/builds/worker-0-tc1/source", kill_on_drop: false }`
[INFO] [stderr] Cloning into '/workspace/builds/worker-0-tc1/source'...
[INFO] [stderr] done.
[INFO] started tweaking git repo https://github.com/mayathomas/chat
[INFO] finished tweaking git repo https://github.com/mayathomas/chat
[INFO] tweaked toml for git repo https://github.com/mayathomas/chat written to /workspace/builds/worker-0-tc1/source/Cargo.toml
[INFO] validating manifest of git repo https://github.com/mayathomas/chat on toolchain 012c0bd4d516934012c9a1ecb26e9eb283d2ed75
[INFO] running `Command { std: CARGO_HOME="/workspace/cargo-home" RUSTUP_HOME="/workspace/rustup-home" "/workspace/cargo-home/bin/cargo" "+012c0bd4d516934012c9a1ecb26e9eb283d2ed75" "metadata" "--manifest-path" "Cargo.toml" "--no-deps", kill_on_drop: false }`
[INFO] crate git repo https://github.com/mayathomas/chat already has a lockfile, it will not be regenerated
[INFO] running `Command { std: CARGO_HOME="/workspace/cargo-home" RUSTUP_HOME="/workspace/rustup-home" "/workspace/cargo-home/bin/cargo" "+012c0bd4d516934012c9a1ecb26e9eb283d2ed75" "fetch" "--manifest-path" "Cargo.toml", kill_on_drop: false }`
[INFO] [stderr]     Updating crates.io index
[INFO] [stderr]  Downloading crates ...
[INFO] [stderr]   Downloaded tokio-macros v2.4.0
[INFO] [stderr]   Downloaded socket2 v0.5.7
[INFO] [stderr]   Downloaded windows-registry v0.2.0
[INFO] [stderr]   Downloaded wasm-bindgen-shared v0.2.92
[INFO] [stderr]   Downloaded wasm-bindgen-futures v0.4.42
[INFO] [stderr]   Downloaded rustc-hash v2.0.0
[INFO] [stderr]   Downloaded http-body-util v0.1.2
[INFO] [stderr]   Downloaded redox_syscall v0.5.3
[INFO] [stderr]   Downloaded crossbeam-queue v0.3.11
[INFO] [stderr]   Downloaded wasm-bindgen-macro v0.2.92
[INFO] [stderr]   Downloaded eventsource-stream v0.2.3
[INFO] [stderr]   Downloaded sqlx-macros v0.7.4
[INFO] [stderr]   Downloaded errno v0.3.9
[INFO] [stderr]   Downloaded hmac-sha512 v1.1.5
[INFO] [stderr]   Downloaded hmac-sha256 v1.1.7
[INFO] [stderr]   Downloaded wasm-bindgen-backend v0.2.92
[INFO] [stderr]   Downloaded sync_wrapper v1.0.1
[INFO] [stderr]   Downloaded quinn-udp v0.5.4
[INFO] [stderr]   Downloaded futures-executor v0.3.30
[INFO] [stderr]   Downloaded hmac-sha1-compact v1.1.4
[INFO] [stderr]   Downloaded ahash v0.8.11
[INFO] [stderr]   Downloaded iana-time-zone v0.1.60
[INFO] [stderr]   Downloaded home v0.5.9
[INFO] [stderr]   Downloaded sqlx-macros-core v0.7.4
[INFO] [stderr]   Downloaded jwt-simple v0.12.9
[INFO] [stderr]   Downloaded primeorder v0.13.6
[INFO] [stderr]   Downloaded ct-codecs v1.1.1
[INFO] [stderr]   Downloaded coarsetime v0.1.34
[INFO] [stderr]   Downloaded fslock v0.2.1
[INFO] [stderr]   Downloaded peeking_take_while v0.1.2
[INFO] [stderr]   Downloaded reqwest-eventsource v0.6.0
[INFO] [stderr]   Downloaded rustls-pki-types v1.8.0
[INFO] [stderr]   Downloaded wasm-bindgen-macro-support v0.2.92
[INFO] [stderr]   Downloaded wasm-streams v0.4.0
[INFO] [stderr]   Downloaded rustls-pemfile v2.1.3
[INFO] [stderr]   Downloaded ppv-lite86 v0.2.20
[INFO] [stderr]   Downloaded zerocopy-derive v0.7.35
[INFO] [stderr]   Downloaded ipnet v2.9.0
[INFO] [stderr]   Downloaded smallvec v1.13.2
[INFO] [stderr]   Downloaded httparse v1.9.4
[INFO] [stderr]   Downloaded hyper-rustls v0.27.2
[INFO] [stderr]   Downloaded futures-timer v3.0.3
[INFO] [stderr]   Downloaded tokio-stream v0.1.15
[INFO] [stderr]   Downloaded sqlformat v0.2.4
[INFO] [stderr]   Downloaded crossbeam-utils v0.8.20
[INFO] [stderr]   Downloaded whoami v1.5.1
[INFO] [stderr]   Downloaded unicode-properties v0.1.1
[INFO] [stderr]   Downloaded tempfile v3.12.0
[INFO] [stderr]   Downloaded ed25519-compact v2.1.1
[INFO] [stderr]   Downloaded cmake v0.1.50
[INFO] [stderr]   Downloaded libloading v0.8.5
[INFO] [stderr]   Downloaded http-range-header v0.4.1
[INFO] [stderr]   Downloaded miniz_oxide v0.7.4
[INFO] [stderr]   Downloaded addr2line v0.22.0
[INFO] [stderr]   Downloaded tinyvec v1.8.0
[INFO] [stderr]   Downloaded tokio-rustls v0.26.0
[INFO] [stderr]   Downloaded sqlx-sqlite v0.7.4
[INFO] [stderr]   Downloaded sqlx-mysql v0.7.4
[INFO] [stderr]   Downloaded binstring v0.1.1
[INFO] [stderr]   Downloaded bytes v1.7.1
[INFO] [stderr]   Downloaded backtrace v0.3.73
[INFO] [stderr]   Downloaded cc v1.1.8
[INFO] [stderr]   Downloaded serde v1.0.205
[INFO] [stderr]   Downloaded serde_derive v1.0.205
[INFO] [stderr]   Downloaded url v2.5.2
[INFO] [stderr]   Downloaded indexmap v2.3.0
[INFO] [stderr]   Downloaded allocator-api2 v0.2.18
[INFO] [stderr]   Downloaded rsa v0.9.6
[INFO] [stderr]   Downloaded constant_time_eq v0.3.0
[INFO] [stderr]   Downloaded dashmap v6.0.1
[INFO] [stderr]   Downloaded async-compression v0.4.12
[INFO] [stderr]   Downloaded winapi-util v0.1.9
[INFO] [stderr]   Downloaded rust-embed-impl v8.5.0
[INFO] [stderr]   Downloaded utoipa-redoc v4.0.0
[INFO] [stderr]   Downloaded utoipa-rapidoc v4.0.0
[INFO] [stderr]   Downloaded sqlx-db-tester v0.4.2
[INFO] [stderr]   Downloaded js-sys v0.3.69
[INFO] [stderr]   Downloaded quinn v0.11.3
[INFO] [stderr]   Downloaded hyper-util v0.1.7
[INFO] [stderr]   Downloaded sqlx-core v0.7.4
[INFO] [stderr]   Downloaded sqlx-postgres v0.7.4
[INFO] [stderr]   Downloaded p256 v0.13.2
[INFO] [stderr]   Downloaded blake2b_simd v1.0.2
[INFO] [stderr]   Downloaded futures v0.3.30
[INFO] [stderr]   Downloaded uuid v1.10.0
[INFO] [stderr]   Downloaded mio v1.0.1
[INFO] [stderr]   Downloaded tokio-util v0.7.11
[INFO] [stderr]   Downloaded http v1.1.0
[INFO] [stderr]   Downloaded utoipa v4.2.3
[INFO] [stderr]   Downloaded rust-embed-utils v8.5.0
[INFO] [stderr]   Downloaded toml_datetime v0.6.8
[INFO] [stderr]   Downloaded zerocopy v0.7.35
[INFO] [stderr]   Downloaded sqlx v0.7.4
[INFO] [stderr]   Downloaded serde_json v1.0.127
[INFO] [stderr]   Downloaded reqwest v0.12.7
[INFO] [stderr]   Downloaded wasm-bindgen v0.2.92
[INFO] [stderr]   Downloaded hyper v1.4.1
[INFO] [stderr]   Downloaded tower-http v0.5.2
[INFO] [stderr]   Downloaded axum-core v0.4.3
[INFO] [stderr]   Downloaded async-trait v0.1.81
[INFO] [stderr]   Downloaded serde_path_to_error v0.1.16
[INFO] [stderr]   Downloaded utoipa-swagger-ui v7.1.0
[INFO] [stderr]   Downloaded num_enum v0.7.3
[INFO] [stderr]   Downloaded syn v2.0.72
[INFO] [stderr]   Downloaded rustls-webpki v0.102.6
[INFO] [stderr]   Downloaded h2 v0.4.5
[INFO] [stderr]   Downloaded superboring v0.1.2
[INFO] [stderr]   Downloaded wasix v0.12.21
[INFO] [stderr]   Downloaded boring v4.9.1
[INFO] [stderr]   Downloaded arrayref v0.3.8
[INFO] [stderr]   Downloaded zstd-safe v7.2.1
[INFO] [stderr]   Downloaded multer v3.1.0
[INFO] [stderr]   Downloaded num_enum_derive v0.7.3
[INFO] [stderr]   Downloaded password-hash v0.5.0
[INFO] [stderr]   Downloaded quinn-proto v0.11.6
[INFO] [stderr]   Downloaded bindgen v0.68.1
[INFO] [stderr]   Downloaded utoipa-gen v4.3.0
[INFO] [stderr]   Downloaded proc-macro-crate v3.1.0
[INFO] [stderr]   Downloaded csv-core v0.1.11
[INFO] [stderr]   Downloaded argon2 v0.5.3
[INFO] [stderr]   Downloaded blake2 v0.10.6
[INFO] [stderr]   Downloaded p384 v0.13.0
[INFO] [stderr]   Downloaded zstd v0.13.2
[INFO] [stderr]   Downloaded axum-extra v0.9.3
[INFO] [stderr]   Downloaded webpki-roots v0.26.3
[INFO] [stderr]   Downloaded headers v0.4.0
[INFO] [stderr]   Downloaded regex v1.10.6
[INFO] [stderr]   Downloaded miniz_oxide v0.8.0
[INFO] [stderr]   Downloaded zip v1.1.4
[INFO] [stderr]   Downloaded gimli v0.29.0
[INFO] [stderr]   Downloaded toml_edit v0.21.1
[INFO] [stderr]   Downloaded flate2 v1.0.32
[INFO] [stderr]   Downloaded object v0.36.3
[INFO] [stderr]   Downloaded axum v0.7.5
[INFO] [stderr]   Downloaded rustix v0.38.34
[INFO] [stderr]   Downloaded brotli-decompressor v4.0.1
[INFO] [stderr]   Downloaded rustls v0.23.12
[INFO] [stderr]   Downloaded libc v0.2.155
[INFO] [stderr]   Downloaded web-sys v0.3.69
[INFO] [stderr]   Downloaded tokio v1.39.2
[INFO] [stderr]   Downloaded zstd-sys v2.0.13+zstd.1.5.6
[INFO] [stderr]   Downloaded rust-embed v8.5.0
[INFO] [stderr]   Downloaded csv v1.3.0
[INFO] [stderr]   Downloaded encoding_rs v0.8.34
[INFO] [stderr]   Downloaded brotli v6.0.0
[INFO] [stderr]   Downloaded linux-raw-sys v0.4.14
[INFO] [stderr]   Downloaded ring v0.17.8
[INFO] [stderr]   Downloaded libsqlite3-sys v0.27.0
[INFO] [stderr]   Downloaded boring-sys v4.9.1
[INFO] running `Command { std: "docker" "create" "-v" "/var/lib/crater-agent-workspace/builds/worker-0-tc1/source:/opt/rustwide/workdir:ro,Z" "-v" "/var/lib/crater-agent-workspace/builds/worker-0-tc1/target:/opt/rustwide/target:rw,Z" "-v" "/var/lib/crater-agent-workspace/cargo-home:/opt/rustwide/cargo-home:ro,Z" "-v" "/var/lib/crater-agent-workspace/rustup-home:/opt/rustwide/rustup-home:ro,Z" "-m" "1610612736" "--network" "none" "ghcr.io/rust-lang/crates-build-env/linux@sha256:3111399a4047eeb3a02b7a90e478d715f38a8c6669b5c4b49d30a17385265909" "sleep" "infinity", kill_on_drop: false }`
[INFO] [stdout] 5f264dc4a34da4fe8d83c0345a91bca8cfe50fd5b847df3739f05af2cce74d96
[INFO] running `Command { std: "docker" "start" "5f264dc4a34da4fe8d83c0345a91bca8cfe50fd5b847df3739f05af2cce74d96", kill_on_drop: false }`
[INFO] running `Command { std: "docker" "inspect" "5f264dc4a34da4fe8d83c0345a91bca8cfe50fd5b847df3739f05af2cce74d96", kill_on_drop: false }`
[INFO] running `Command { std: "docker" "exec" "-e" "SOURCE_DIR=/opt/rustwide/workdir" "-e" "CARGO_HOME=/opt/rustwide/cargo-home" "-e" "RUSTUP_HOME=/opt/rustwide/rustup-home" "-e" "CARGO_TARGET_DIR=/opt/rustwide/target" "-w" "/opt/rustwide/workdir" "--user" "0:0" "5f264dc4a34da4fe8d83c0345a91bca8cfe50fd5b847df3739f05af2cce74d96" "/opt/rustwide/cargo-home/bin/cargo" "+012c0bd4d516934012c9a1ecb26e9eb283d2ed75" "metadata" "--no-deps" "--format-version=1", kill_on_drop: false }`
[INFO] running `Command { std: "docker" "inspect" "5f264dc4a34da4fe8d83c0345a91bca8cfe50fd5b847df3739f05af2cce74d96", kill_on_drop: false }`
[INFO] running `Command { std: "docker" "exec" "-e" "SOURCE_DIR=/opt/rustwide/workdir" "-e" "CARGO_HOME=/opt/rustwide/cargo-home" "-e" "RUSTUP_HOME=/opt/rustwide/rustup-home" "-e" "CARGO_TARGET_DIR=/opt/rustwide/target" "-e" "CARGO_INCREMENTAL=0" "-e" "RUST_BACKTRACE=full" "-e" "RUSTFLAGS=--cap-lints=forbid" "-e" "RUSTDOCFLAGS=--cap-lints=forbid" "-w" "/opt/rustwide/workdir" "--user" "0:0" "5f264dc4a34da4fe8d83c0345a91bca8cfe50fd5b847df3739f05af2cce74d96" "/opt/rustwide/cargo-home/bin/cargo" "+012c0bd4d516934012c9a1ecb26e9eb283d2ed75" "check" "--frozen" "--all" "--all-targets" "--message-format=json", kill_on_drop: false }`
[INFO] [stderr]    Compiling libc v0.2.155
[INFO] [stderr]    Compiling proc-macro2 v1.0.86
[INFO] [stderr]    Compiling autocfg v1.3.0
[INFO] [stderr]     Checking zeroize v1.8.1
[INFO] [stderr]    Compiling ahash v0.8.11
[INFO] [stderr]     Checking subtle v2.6.1
[INFO] [stderr]    Compiling serde v1.0.205
[INFO] [stderr]     Checking once_cell v1.19.0
[INFO] [stderr]    Compiling generic-array v0.14.7
[INFO] [stderr]     Checking const-oid v0.9.6
[INFO] [stderr]     Checking memchr v2.7.4
[INFO] [stderr]     Checking pin-project-lite v0.2.14
[INFO] [stderr]     Checking futures-core v0.3.30
[INFO] [stderr]     Checking bytes v1.7.1
[INFO] [stderr]    Compiling jobserver v0.1.32
[INFO] [stderr]    Compiling slab v0.4.9
[INFO] [stderr]     Checking byteorder v1.5.0
[INFO] [stderr]     Checking futures-sink v0.3.30
[INFO] [stderr]    Compiling cc v1.1.8
[INFO] [stderr]    Compiling getrandom v0.2.15
[INFO] [stderr]     Checking mio v1.0.1
[INFO] [stderr]    Compiling quote v1.0.36
[INFO] [stderr]     Checking socket2 v0.5.7
[INFO] [stderr]     Checking block-buffer v0.10.4
[INFO] [stderr]     Checking crypto-common v0.1.6
[INFO] [stderr]     Checking futures-channel v0.3.30
[INFO] [stderr]     Checking futures-task v0.3.30
[INFO] [stderr]     Checking digest v0.10.7
[INFO] [stderr]    Compiling syn v2.0.72
[INFO] [stderr]     Checking futures-io v0.3.30
[INFO] [stderr]     Checking tracing-core v0.1.32
[INFO] [stderr]     Checking log v0.4.22
[INFO] [stderr]     Checking allocator-api2 v0.2.18
[INFO] [stderr]     Checking spin v0.9.8
[INFO] [stderr]    Compiling serde_json v1.0.127
[INFO] [stderr]     Checking smallvec v1.13.2
[INFO] [stderr]     Checking http v1.1.0
[INFO] [stderr]     Checking rand_core v0.6.4
[INFO] [stderr]    Compiling thiserror v1.0.63
[INFO] [stderr]     Checking ryu v1.0.18
[INFO] [stderr]    Compiling lock_api v0.4.12
[INFO] [stderr]    Compiling parking_lot_core v0.9.10
[INFO] [stderr]    Compiling aho-corasick v1.1.3
[INFO] [stderr]    Compiling num-traits v0.2.19
[INFO] [stderr]     Checking percent-encoding v2.3.1
[INFO] [stderr]    Compiling minimal-lexical v0.2.1
[INFO] [stderr]    Compiling regex-syntax v0.8.4
[INFO] [stderr]    Compiling tinyvec_macros v0.1.1
[INFO] [stderr]    Compiling nom v7.1.3
[INFO] [stderr]     Checking base64ct v1.6.0
[INFO] [stderr]    Compiling tinyvec v1.8.0
[INFO] [stderr]     Checking http-body v1.0.1
[INFO] [stderr]     Checking form_urlencoded v1.2.1
[INFO] [stderr]    Compiling httparse v1.9.4
[INFO] [stderr]    Compiling bitflags v2.6.0
[INFO] [stderr]    Compiling ring v0.17.8
[INFO] [stderr]     Checking hmac v0.12.1
[INFO] [stderr]    Compiling syn v1.0.109
[INFO] [stderr]    Compiling rustversion v1.0.17
[INFO] [stderr]    Compiling unicode-bidi v0.3.15
[INFO] [stderr]    Compiling unicode-normalization v0.1.23
[INFO] [stderr]     Checking pem-rfc7468 v0.7.0
[INFO] [stderr]     Checking sha2 v0.10.8
[INFO] [stderr]     Checking atomic-waker v1.1.2
[INFO] [stderr]     Checking try-lock v0.2.5
[INFO] [stderr]    Compiling rustls v0.21.12
[INFO] [stderr]     Checking want v0.3.1
[INFO] [stderr]    Compiling idna v0.5.0
[INFO] [stderr]     Checking der v0.7.9
[INFO] [stderr]    Compiling regex-automata v0.4.7
[INFO] [stderr]     Checking hkdf v0.12.4
[INFO] [stderr]    Compiling unicase v2.7.0
[INFO] [stderr]    Compiling untrusted v0.9.0
[INFO] [stderr]    Compiling glob v0.3.1
[INFO] [stderr]     Checking spki v0.7.3
[INFO] [stderr]    Compiling url v2.5.2
[INFO] [stderr]    Compiling crossbeam-utils v0.8.20
[INFO] [stderr]    Compiling clang-sys v1.8.1
[INFO] [stderr]     Checking pkcs8 v0.10.2
[INFO] [stderr]     Checking ff v0.13.0
[INFO] [stderr]     Checking base16ct v0.2.0
[INFO] [stderr]    Compiling zerocopy-derive v0.7.35
[INFO] [stderr]    Compiling serde_derive v1.0.205
[INFO] [stderr]    Compiling tracing-attributes v0.1.27
[INFO] [stderr]    Compiling tokio-macros v2.4.0
[INFO] [stderr]     Checking zerocopy v0.7.35
[INFO] [stderr]    Compiling futures-macro v0.3.30
[INFO] [stderr]     Checking tokio v1.39.2
[INFO] [stderr]     Checking futures-util v0.3.30
[INFO] [stderr]     Checking hashbrown v0.14.5
[INFO] [stderr]     Checking tracing v0.1.40
[INFO] [stderr]    Compiling thiserror-impl v1.0.63
[INFO] [stderr]    Compiling regex v1.10.6
[INFO] [stderr]    Compiling pin-project-internal v1.1.5
[INFO] [stderr]    Compiling ppv-lite86 v0.2.20
[INFO] [stderr]    Compiling sct v0.7.1
[INFO] [stderr]    Compiling rustls-webpki v0.101.7
[INFO] [stderr]    Compiling indexmap v2.3.0
[INFO] [stderr]     Checking pin-project v1.1.5
[INFO] [stderr]     Checking sec1 v0.7.3
[INFO] [stderr]    Compiling zstd-sys v2.0.13+zstd.1.5.6
[INFO] [stderr]     Checking group v0.13.0
[INFO] [stderr]    Compiling parking_lot v0.12.3
[INFO] [stderr]    Compiling axum-core v0.4.3
[INFO] [stderr]     Checking crypto-bigint v0.5.5
[INFO] [stderr]     Checking sync_wrapper v1.0.1
[INFO] [stderr]    Compiling libloading v0.8.5
[INFO] [stderr]    Compiling multer v3.1.0
[INFO] [stderr]     Checking http-body-util v0.1.2
[INFO] [stderr]    Compiling unicode_categories v0.1.1
[INFO] [stderr]    Compiling crc-catalog v2.4.0
[INFO] [stderr]    Compiling iana-time-zone v0.1.60
[INFO] [stderr]    Compiling rustix v0.38.34
[INFO] [stderr]    Compiling pin-utils v0.1.0
[INFO] [stderr]    Compiling itoa v1.0.11
[INFO] [stderr]    Compiling bindgen v0.68.1
[INFO] [stderr]    Compiling base64 v0.21.7
[INFO] [stderr]    Compiling rustls-pemfile v1.0.4
[INFO] [stderr]     Checking tokio-util v0.7.11
[INFO] [stderr]     Checking tower v0.4.13
[INFO] [stderr]    Compiling chrono v0.4.38
[INFO] [stderr]     Checking elliptic-curve v0.13.8
[INFO] [stderr]    Compiling sqlformat v0.2.4
[INFO] [stderr]    Compiling crc v3.2.1
[INFO] [stderr]    Compiling rand_chacha v0.3.1
[INFO] [stderr]    Compiling mime_guess v2.0.5
[INFO] [stderr]     Checking serde_urlencoded v0.7.1
[INFO] [stderr]    Compiling either v1.13.0
[INFO] [stderr]     Checking h2 v0.4.5
[INFO] [stderr]    Compiling tokio-stream v0.1.15
[INFO] [stderr]    Compiling crossbeam-queue v0.3.11
[INFO] [stderr]    Compiling futures-intrusive v0.5.0
[INFO] [stderr]    Compiling proc-macro-error-attr v1.0.4
[INFO] [stderr]    Compiling hashlink v0.8.4
[INFO] [stderr]    Compiling atoi v2.0.0
[INFO] [stderr]    Compiling async-trait v0.1.81
[INFO] [stderr]    Compiling cexpr v0.6.0
[INFO] [stderr]    Compiling axum v0.7.5
[INFO] [stderr]     Checking encoding_rs v0.8.34
[INFO] [stderr]    Compiling lazy_static v1.5.0
[INFO] [stderr]    Compiling event-listener v2.5.3
[INFO] [stderr]    Compiling linux-raw-sys v0.4.14
[INFO] [stderr]    Compiling shlex v1.3.0
[INFO] [stderr]    Compiling webpki-roots v0.25.4
[INFO] [stderr]    Compiling peeking_take_while v0.1.2
[INFO] [stderr]    Compiling rustc-hash v1.1.0
[INFO] [stderr]    Compiling lazycell v1.3.0
[INFO] [stderr]    Compiling unicode-properties v0.1.1
[INFO] [stderr]    Compiling stringprep v0.1.5
[INFO] [stderr]    Compiling proc-macro-error v1.0.4
[INFO] [stderr]    Compiling sqlx-core v0.7.4
[INFO] [stderr]     Checking hyper v1.4.1
[INFO] [stderr]     Checking serde_path_to_error v0.1.16
[INFO] [stderr]    Compiling rand v0.8.5
[INFO] [stderr]     Checking rfc6979 v0.4.0
[INFO] [stderr]    Compiling md-5 v0.10.6
[INFO] [stderr]    Compiling cmake v0.1.50
[INFO] [stderr]     Checking signature v2.2.0
[INFO] [stderr]    Compiling fslock v0.2.1
[INFO] [stderr]    Compiling unicode-segmentation v1.11.0
[INFO] [stderr]    Compiling zstd-safe v7.2.1
[INFO] [stderr]     Checking hyper-util v0.1.7
[INFO] [stderr]    Compiling whoami v1.5.1
[INFO] [stderr]    Compiling home v0.5.9
[INFO] [stderr]    Compiling fs_extra v1.3.0
[INFO] [stderr]    Compiling fastrand v2.1.0
[INFO] [stderr]    Compiling tempfile v3.12.0
[INFO] [stderr]    Compiling heck v0.4.1
[INFO] [stderr]     Checking alloc-stdlib v0.2.2
[INFO] [stderr]     Checking ecdsa v0.16.9
[INFO] [stderr]    Compiling sqlx-postgres v0.7.4
[INFO] [stderr]    Compiling utoipa-gen v4.3.0
[INFO] [stdout] error[E0277]: the trait bound `!: sqlx_core::io::Decode<'_>` is not satisfied
[INFO] [stdout]   --> /opt/rustwide/cargo-home/registry/src/index.crates.io-1949cf8c6b5b557f/sqlx-postgres-0.7.4/src/connection/executor.rs:66:13
[INFO] [stdout]    |
[INFO] [stdout] 66 |       let _ = conn
[INFO] [stdout]    |  _____________^
[INFO] [stdout] 67 | |         .stream
[INFO] [stdout] 68 | |         .recv_expect(MessageFormat::ParseComplete)
[INFO] [stdout]    | |__________________________________________________^ the trait `sqlx_core::io::Decode<'_>` is not implemented for `!`
[INFO] [stdout]    |
[INFO] [stdout]    = help: the following other types implement trait `sqlx_core::io::Decode<'de, Context>`:
[INFO] [stdout]              ()
[INFO] [stdout]              Authentication
[INFO] [stdout]              AuthenticationSaslContinue
[INFO] [stdout]              AuthenticationSaslFinal
[INFO] [stdout]              BackendKeyData
[INFO] [stdout]              CommandComplete
[INFO] [stdout]              CopyData<sqlx_core::bytes::Bytes>
[INFO] [stdout]              CopyDone
[INFO] [stdout]            and 10 others
[INFO] [stdout]    = note: this error might have been caused by changes to Rust's type-inference algorithm (see issue #148922 <https://github.com/rust-lang/rust/issues/148922> for more information)
[INFO] [stdout]    = help: you might have intended to use the type `()` here instead
[INFO] [stdout] note: required by a bound in `PgStream::recv_expect`
[INFO] [stdout]   --> /opt/rustwide/cargo-home/registry/src/index.crates.io-1949cf8c6b5b557f/sqlx-postgres-0.7.4/src/connection/stream.rs:68:45
[INFO] [stdout]    |
[INFO] [stdout] 41 | impl PgStream {
[INFO] [stdout] ...
[INFO] [stdout] 68 |     pub(crate) async fn recv_expect<'de, T: Decode<'de>>(
[INFO] [stdout]    |                                             ^^^^^^^^^^^ required by this bound in `PgStream::recv_expect`
[INFO] [stdout] 
[INFO] [stdout] 
[INFO] [stdout] error[E0277]: the trait bound `!: sqlx_core::io::Decode<'_>` is not satisfied
[INFO] [stdout]   --> /opt/rustwide/cargo-home/registry/src/index.crates.io-1949cf8c6b5b557f/sqlx-postgres-0.7.4/src/connection/executor.rs:68:10
[INFO] [stdout]    |
[INFO] [stdout] 68 |         .recv_expect(MessageFormat::ParseComplete)
[INFO] [stdout]    |          ^^^^^^^^^^^ the trait `sqlx_core::io::Decode<'_>` is not implemented for `!`
[INFO] [stdout]    |
[INFO] [stdout]    = help: the following other types implement trait `sqlx_core::io::Decode<'de, Context>`:
[INFO] [stdout]              ()
[INFO] [stdout]              Authentication
[INFO] [stdout]              AuthenticationSaslContinue
[INFO] [stdout]              AuthenticationSaslFinal
[INFO] [stdout]              BackendKeyData
[INFO] [stdout]              CommandComplete
[INFO] [stdout]              CopyData<sqlx_core::bytes::Bytes>
[INFO] [stdout]              CopyDone
[INFO] [stdout]            and 10 others
[INFO] [stdout]    = note: this error might have been caused by changes to Rust's type-inference algorithm (see issue #148922 <https://github.com/rust-lang/rust/issues/148922> for more information)
[INFO] [stdout]    = help: you might have intended to use the type `()` here instead
[INFO] [stdout] note: required by a bound in `PgStream::recv_expect`
[INFO] [stdout]   --> /opt/rustwide/cargo-home/registry/src/index.crates.io-1949cf8c6b5b557f/sqlx-postgres-0.7.4/src/connection/stream.rs:68:45
[INFO] [stdout]    |
[INFO] [stdout] 41 | impl PgStream {
[INFO] [stdout] ...
[INFO] [stdout] 68 |     pub(crate) async fn recv_expect<'de, T: Decode<'de>>(
[INFO] [stdout]    |                                             ^^^^^^^^^^^ required by this bound in `PgStream::recv_expect`
[INFO] [stdout] 
[INFO] [stdout] 
[INFO] [stdout] error[E0277]: the trait bound `!: sqlx_core::io::Decode<'_>` is not satisfied
[INFO] [stdout]   --> /opt/rustwide/cargo-home/registry/src/index.crates.io-1949cf8c6b5b557f/sqlx-postgres-0.7.4/src/connection/executor.rs:69:10
[INFO] [stdout]    |
[INFO] [stdout] 69 |         .await?;
[INFO] [stdout]    |          ^^^^^ the trait `sqlx_core::io::Decode<'_>` is not implemented for `!`
[INFO] [stdout]    |
[INFO] [stdout]    = help: the following other types implement trait `sqlx_core::io::Decode<'de, Context>`:
[INFO] [stdout]              ()
[INFO] [stdout]              Authentication
[INFO] [stdout]              AuthenticationSaslContinue
[INFO] [stdout]              AuthenticationSaslFinal
[INFO] [stdout]              BackendKeyData
[INFO] [stdout]              CommandComplete
[INFO] [stdout]              CopyData<sqlx_core::bytes::Bytes>
[INFO] [stdout]              CopyDone
[INFO] [stdout]            and 10 others
[INFO] [stdout]    = note: this error might have been caused by changes to Rust's type-inference algorithm (see issue #148922 <https://github.com/rust-lang/rust/issues/148922> for more information)
[INFO] [stdout]    = help: you might have intended to use the type `()` here instead
[INFO] [stdout] note: required by a bound in `PgStream::recv_expect`
[INFO] [stdout]   --> /opt/rustwide/cargo-home/registry/src/index.crates.io-1949cf8c6b5b557f/sqlx-postgres-0.7.4/src/connection/stream.rs:68:45
[INFO] [stdout]    |
[INFO] [stdout] 41 | impl PgStream {
[INFO] [stdout] ...
[INFO] [stdout] 68 |     pub(crate) async fn recv_expect<'de, T: Decode<'de>>(
[INFO] [stdout]    |                                             ^^^^^^^^^^^ required by this bound in `PgStream::recv_expect`
[INFO] [stdout] 
[INFO] [stdout] 
[INFO] [stdout] error[E0277]: the trait bound `!: sqlx_core::io::Decode<'_>` is not satisfied
[INFO] [stdout]    --> /opt/rustwide/cargo-home/registry/src/index.crates.io-1949cf8c6b5b557f/sqlx-postgres-0.7.4/src/copy.rs:279:25
[INFO] [stdout]     |
[INFO] [stdout] 279 | /                         conn.stream
[INFO] [stdout] 280 | |                             .recv_expect(MessageFormat::ReadyForQuery)
[INFO] [stdout]     | |______________________________________________________________________^ the trait `sqlx_core::io::Decode<'_>` is not implemented for `!`
[INFO] [stdout]     |
[INFO] [stdout]     = help: the following other types implement trait `sqlx_core::io::Decode<'de, Context>`:
[INFO] [stdout]               ()
[INFO] [stdout]               Authentication
[INFO] [stdout]               AuthenticationSaslContinue
[INFO] [stdout]               AuthenticationSaslFinal
[INFO] [stdout]               BackendKeyData
[INFO] [stdout]               CommandComplete
[INFO] [stdout]               CopyData<sqlx_core::bytes::Bytes>
[INFO] [stdout]               CopyDone
[INFO] [stdout]             and 10 others
[INFO] [stdout]     = note: this error might have been caused by changes to Rust's type-inference algorithm (see issue #148922 <https://github.com/rust-lang/rust/issues/148922> for more information)
[INFO] [stdout]     = help: you might have intended to use the type `()` here instead
[INFO] [stdout] note: required by a bound in `PgStream::recv_expect`
[INFO] [stdout]    --> /opt/rustwide/cargo-home/registry/src/index.crates.io-1949cf8c6b5b557f/sqlx-postgres-0.7.4/src/connection/stream.rs:68:45
[INFO] [stdout]     |
[INFO] [stdout]  41 | impl PgStream {
[INFO] [stdout] ...
[INFO] [stdout]  68 |     pub(crate) async fn recv_expect<'de, T: Decode<'de>>(
[INFO] [stdout]     |                                             ^^^^^^^^^^^ required by this bound in `PgStream::recv_expect`
[INFO] [stdout] 
[INFO] [stdout] 
[INFO] [stdout] error[E0277]: the trait bound `!: sqlx_core::io::Decode<'_>` is not satisfied
[INFO] [stdout]    --> /opt/rustwide/cargo-home/registry/src/index.crates.io-1949cf8c6b5b557f/sqlx-postgres-0.7.4/src/copy.rs:280:30
[INFO] [stdout]     |
[INFO] [stdout] 280 | ...                   .recv_expect(MessageFormat::ReadyForQuery)
[INFO] [stdout]     |                        ^^^^^^^^^^^ the trait `sqlx_core::io::Decode<'_>` is not implemented for `!`
[INFO] [stdout]     |
[INFO] [stdout]     = help: the following other types implement trait `sqlx_core::io::Decode<'de, Context>`:
[INFO] [stdout]               ()
[INFO] [stdout]               Authentication
[INFO] [stdout]               AuthenticationSaslContinue
[INFO] [stdout]               AuthenticationSaslFinal
[INFO] [stdout]               BackendKeyData
[INFO] [stdout]               CommandComplete
[INFO] [stdout]               CopyData<sqlx_core::bytes::Bytes>
[INFO] [stdout]               CopyDone
[INFO] [stdout]             and 10 others
[INFO] [stdout]     = note: this error might have been caused by changes to Rust's type-inference algorithm (see issue #148922 <https://github.com/rust-lang/rust/issues/148922> for more information)
[INFO] [stdout]     = help: you might have intended to use the type `()` here instead
[INFO] [stdout] note: required by a bound in `PgStream::recv_expect`
[INFO] [stdout]    --> /opt/rustwide/cargo-home/registry/src/index.crates.io-1949cf8c6b5b557f/sqlx-postgres-0.7.4/src/connection/stream.rs:68:45
[INFO] [stdout]     |
[INFO] [stdout]  41 | impl PgStream {
[INFO] [stdout] ...
[INFO] [stdout]  68 |     pub(crate) async fn recv_expect<'de, T: Decode<'de>>(
[INFO] [stdout]     |                                             ^^^^^^^^^^^ required by this bound in `PgStream::recv_expect`
[INFO] [stdout] 
[INFO] [stdout] 
[INFO] [stdout] error[E0277]: the trait bound `!: sqlx_core::io::Decode<'_>` is not satisfied
[INFO] [stdout]    --> /opt/rustwide/cargo-home/registry/src/index.crates.io-1949cf8c6b5b557f/sqlx-postgres-0.7.4/src/copy.rs:281:30
[INFO] [stdout]     |
[INFO] [stdout] 281 | ...                   .await?;
[INFO] [stdout]     |                        ^^^^^ the trait `sqlx_core::io::Decode<'_>` is not implemented for `!`
[INFO] [stdout]     |
[INFO] [stdout]     = help: the following other types implement trait `sqlx_core::io::Decode<'de, Context>`:
[INFO] [stdout]               ()
[INFO] [stdout]               Authentication
[INFO] [stdout]               AuthenticationSaslContinue
[INFO] [stdout]               AuthenticationSaslFinal
[INFO] [stdout]               BackendKeyData
[INFO] [stdout]               CommandComplete
[INFO] [stdout]               CopyData<sqlx_core::bytes::Bytes>
[INFO] [stdout]               CopyDone
[INFO] [stdout]             and 10 others
[INFO] [stdout]     = note: this error might have been caused by changes to Rust's type-inference algorithm (see issue #148922 <https://github.com/rust-lang/rust/issues/148922> for more information)
[INFO] [stdout]     = help: you might have intended to use the type `()` here instead
[INFO] [stdout] note: required by a bound in `PgStream::recv_expect`
[INFO] [stdout]    --> /opt/rustwide/cargo-home/registry/src/index.crates.io-1949cf8c6b5b557f/sqlx-postgres-0.7.4/src/connection/stream.rs:68:45
[INFO] [stdout]     |
[INFO] [stdout]  41 | impl PgStream {
[INFO] [stdout] ...
[INFO] [stdout]  68 |     pub(crate) async fn recv_expect<'de, T: Decode<'de>>(
[INFO] [stdout]     |                                             ^^^^^^^^^^^ required by this bound in `PgStream::recv_expect`
[INFO] [stdout] 
[INFO] [stdout] 
[INFO] [stdout] error[E0277]: the trait bound `!: sqlx_core::io::Decode<'_>` is not satisfied
[INFO] [stdout]    --> /opt/rustwide/cargo-home/registry/src/index.crates.io-1949cf8c6b5b557f/sqlx-postgres-0.7.4/src/copy.rs:313:9
[INFO] [stdout]     |
[INFO] [stdout] 313 | /         conn.stream
[INFO] [stdout] 314 | |             .recv_expect(MessageFormat::ReadyForQuery)
[INFO] [stdout]     | |______________________________________________________^ the trait `sqlx_core::io::Decode<'_>` is not implemented for `!`
[INFO] [stdout]     |
[INFO] [stdout]     = help: the following other types implement trait `sqlx_core::io::Decode<'de, Context>`:
[INFO] [stdout]               ()
[INFO] [stdout]               Authentication
[INFO] [stdout]               AuthenticationSaslContinue
[INFO] [stdout]               AuthenticationSaslFinal
[INFO] [stdout]               BackendKeyData
[INFO] [stdout]               CommandComplete
[INFO] [stdout]               CopyData<sqlx_core::bytes::Bytes>
[INFO] [stdout]               CopyDone
[INFO] [stdout]             and 10 others
[INFO] [stdout]     = note: this error might have been caused by changes to Rust's type-inference algorithm (see issue #148922 <https://github.com/rust-lang/rust/issues/148922> for more information)
[INFO] [stdout]     = help: you might have intended to use the type `()` here instead
[INFO] [stdout] note: required by a bound in `PgStream::recv_expect`
[INFO] [stdout]    --> /opt/rustwide/cargo-home/registry/src/index.crates.io-1949cf8c6b5b557f/sqlx-postgres-0.7.4/src/connection/stream.rs:68:45
[INFO] [stdout]     |
[INFO] [stdout]  41 | impl PgStream {
[INFO] [stdout] ...
[INFO] [stdout]  68 |     pub(crate) async fn recv_expect<'de, T: Decode<'de>>(
[INFO] [stdout]     |                                             ^^^^^^^^^^^ required by this bound in `PgStream::recv_expect`
[INFO] [stdout] 
[INFO] [stdout] 
[INFO] [stdout] error[E0277]: the trait bound `!: sqlx_core::io::Decode<'_>` is not satisfied
[INFO] [stdout]    --> /opt/rustwide/cargo-home/registry/src/index.crates.io-1949cf8c6b5b557f/sqlx-postgres-0.7.4/src/copy.rs:314:14
[INFO] [stdout]     |
[INFO] [stdout] 314 |             .recv_expect(MessageFormat::ReadyForQuery)
[INFO] [stdout]     |              ^^^^^^^^^^^ the trait `sqlx_core::io::Decode<'_>` is not implemented for `!`
[INFO] [stdout]     |
[INFO] [stdout]     = help: the following other types implement trait `sqlx_core::io::Decode<'de, Context>`:
[INFO] [stdout]               ()
[INFO] [stdout]               Authentication
[INFO] [stdout]               AuthenticationSaslContinue
[INFO] [stdout]               AuthenticationSaslFinal
[INFO] [stdout]               BackendKeyData
[INFO] [stdout]               CommandComplete
[INFO] [stdout]               CopyData<sqlx_core::bytes::Bytes>
[INFO] [stdout]               CopyDone
[INFO] [stdout]             and 10 others
[INFO] [stdout]     = note: this error might have been caused by changes to Rust's type-inference algorithm (see issue #148922 <https://github.com/rust-lang/rust/issues/148922> for more information)
[INFO] [stdout]     = help: you might have intended to use the type `()` here instead
[INFO] [stdout] note: required by a bound in `PgStream::recv_expect`
[INFO] [stdout]    --> /opt/rustwide/cargo-home/registry/src/index.crates.io-1949cf8c6b5b557f/sqlx-postgres-0.7.4/src/connection/stream.rs:68:45
[INFO] [stdout]     |
[INFO] [stdout]  41 | impl PgStream {
[INFO] [stdout] ...
[INFO] [stdout]  68 |     pub(crate) async fn recv_expect<'de, T: Decode<'de>>(
[INFO] [stdout]     |                                             ^^^^^^^^^^^ required by this bound in `PgStream::recv_expect`
[INFO] [stdout] 
[INFO] [stdout] 
[INFO] [stdout] error[E0277]: the trait bound `!: sqlx_core::io::Decode<'_>` is not satisfied
[INFO] [stdout]    --> /opt/rustwide/cargo-home/registry/src/index.crates.io-1949cf8c6b5b557f/sqlx-postgres-0.7.4/src/copy.rs:315:14
[INFO] [stdout]     |
[INFO] [stdout] 315 |             .await?;
[INFO] [stdout]     |              ^^^^^ the trait `sqlx_core::io::Decode<'_>` is not implemented for `!`
[INFO] [stdout]     |
[INFO] [stdout]     = help: the following other types implement trait `sqlx_core::io::Decode<'de, Context>`:
[INFO] [stdout]               ()
[INFO] [stdout]               Authentication
[INFO] [stdout]               AuthenticationSaslContinue
[INFO] [stdout]               AuthenticationSaslFinal
[INFO] [stdout]               BackendKeyData
[INFO] [stdout]               CommandComplete
[INFO] [stdout]               CopyData<sqlx_core::bytes::Bytes>
[INFO] [stdout]               CopyDone
[INFO] [stdout]             and 10 others
[INFO] [stdout]     = note: this error might have been caused by changes to Rust's type-inference algorithm (see issue #148922 <https://github.com/rust-lang/rust/issues/148922> for more information)
[INFO] [stdout]     = help: you might have intended to use the type `()` here instead
[INFO] [stdout] note: required by a bound in `PgStream::recv_expect`
[INFO] [stdout]    --> /opt/rustwide/cargo-home/registry/src/index.crates.io-1949cf8c6b5b557f/sqlx-postgres-0.7.4/src/connection/stream.rs:68:45
[INFO] [stdout]     |
[INFO] [stdout]  41 | impl PgStream {
[INFO] [stdout] ...
[INFO] [stdout]  68 |     pub(crate) async fn recv_expect<'de, T: Decode<'de>>(
[INFO] [stdout]     |                                             ^^^^^^^^^^^ required by this bound in `PgStream::recv_expect`
[INFO] [stdout] 
[INFO] [stdout] 
[INFO] [stdout] error[E0277]: the trait bound `!: sqlx_core::io::Decode<'_>` is not satisfied
[INFO] [stdout]    --> /opt/rustwide/cargo-home/registry/src/index.crates.io-1949cf8c6b5b557f/sqlx-postgres-0.7.4/src/copy.rs:350:21
[INFO] [stdout]     |
[INFO] [stdout] 350 |                     conn.stream.recv_expect(MessageFormat::CommandComplete).await?;
[INFO] [stdout]     |                     ^^^^^^^^^^^^^^^^^^^^^^^^^^^^^^^^^^^^^^^^^^^^^^^^^^^^^^^ the trait `sqlx_core::io::Decode<'_>` is not implemented for `!`
[INFO] [stdout]     |
[INFO] [stdout]     = help: the following other types implement trait `sqlx_core::io::Decode<'de, Context>`:
[INFO] [stdout]               ()
[INFO] [stdout]               Authentication
[INFO] [stdout]               AuthenticationSaslContinue
[INFO] [stdout]               AuthenticationSaslFinal
[INFO] [stdout]               BackendKeyData
[INFO] [stdout]               CommandComplete
[INFO] [stdout]               CopyData<sqlx_core::bytes::Bytes>
[INFO] [stdout]               CopyDone
[INFO] [stdout]             and 10 others
[INFO] [stdout]     = note: this error might have been caused by changes to Rust's type-inference algorithm (see issue #148922 <https://github.com/rust-lang/rust/issues/148922> for more information)
[INFO] [stdout]     = help: you might have intended to use the type `()` here instead
[INFO] [stdout] note: required by a bound in `PgStream::recv_expect`
[INFO] [stdout]    --> /opt/rustwide/cargo-home/registry/src/index.crates.io-1949cf8c6b5b557f/sqlx-postgres-0.7.4/src/connection/stream.rs:68:45
[INFO] [stdout]     |
[INFO] [stdout]  41 | impl PgStream {
[INFO] [stdout] ...
[INFO] [stdout]  68 |     pub(crate) async fn recv_expect<'de, T: Decode<'de>>(
[INFO] [stdout]     |                                             ^^^^^^^^^^^ required by this bound in `PgStream::recv_expect`
[INFO] [stdout] 
[INFO] [stdout] 
[INFO] [stdout] error[E0277]: the trait bound `!: sqlx_core::io::Decode<'_>` is not satisfied
[INFO] [stdout]    --> /opt/rustwide/cargo-home/registry/src/index.crates.io-1949cf8c6b5b557f/sqlx-postgres-0.7.4/src/copy.rs:350:33
[INFO] [stdout]     |
[INFO] [stdout] 350 |                     conn.stream.recv_expect(MessageFormat::CommandComplete).await?;
[INFO] [stdout]     |                                 ^^^^^^^^^^^ the trait `sqlx_core::io::Decode<'_>` is not implemented for `!`
[INFO] [stdout]     |
[INFO] [stdout]     = help: the following other types implement trait `sqlx_core::io::Decode<'de, Context>`:
[INFO] [stdout]               ()
[INFO] [stdout]               Authentication
[INFO] [stdout]               AuthenticationSaslContinue
[INFO] [stdout]               AuthenticationSaslFinal
[INFO] [stdout]               BackendKeyData
[INFO] [stdout]               CommandComplete
[INFO] [stdout]               CopyData<sqlx_core::bytes::Bytes>
[INFO] [stdout]               CopyDone
[INFO] [stdout]             and 10 others
[INFO] [stdout]     = note: this error might have been caused by changes to Rust's type-inference algorithm (see issue #148922 <https://github.com/rust-lang/rust/issues/148922> for more information)
[INFO] [stdout]     = help: you might have intended to use the type `()` here instead
[INFO] [stdout] note: required by a bound in `PgStream::recv_expect`
[INFO] [stdout]    --> /opt/rustwide/cargo-home/registry/src/index.crates.io-1949cf8c6b5b557f/sqlx-postgres-0.7.4/src/connection/stream.rs:68:45
[INFO] [stdout]     |
[INFO] [stdout]  41 | impl PgStream {
[INFO] [stdout] ...
[INFO] [stdout]  68 |     pub(crate) async fn recv_expect<'de, T: Decode<'de>>(
[INFO] [stdout]     |                                             ^^^^^^^^^^^ required by this bound in `PgStream::recv_expect`
[INFO] [stdout] 
[INFO] [stdout] 
[INFO] [stdout] error[E0277]: the trait bound `!: sqlx_core::io::Decode<'_>` is not satisfied
[INFO] [stdout]    --> /opt/rustwide/cargo-home/registry/src/index.crates.io-1949cf8c6b5b557f/sqlx-postgres-0.7.4/src/copy.rs:351:21
[INFO] [stdout]     |
[INFO] [stdout] 351 |                     conn.stream.recv_expect(MessageFormat::ReadyForQuery).await?;
[INFO] [stdout]     |                     ^^^^^^^^^^^^^^^^^^^^^^^^^^^^^^^^^^^^^^^^^^^^^^^^^^^^^ the trait `sqlx_core::io::Decode<'_>` is not implemented for `!`
[INFO] [stdout]     |
[INFO] [stdout]     = help: the following other types implement trait `sqlx_core::io::Decode<'de, Context>`:
[INFO] [stdout]               ()
[INFO] [stdout]               Authentication
[INFO] [stdout]               AuthenticationSaslContinue
[INFO] [stdout]               AuthenticationSaslFinal
[INFO] [stdout]               BackendKeyData
[INFO] [stdout]               CommandComplete
[INFO] [stdout]               CopyData<sqlx_core::bytes::Bytes>
[INFO] [stdout]               CopyDone
[INFO] [stdout]             and 10 others
[INFO] [stdout]     = note: this error might have been caused by changes to Rust's type-inference algorithm (see issue #148922 <https://github.com/rust-lang/rust/issues/148922> for more information)
[INFO] [stdout]     = help: you might have intended to use the type `()` here instead
[INFO] [stdout] note: required by a bound in `PgStream::recv_expect`
[INFO] [stdout]    --> /opt/rustwide/cargo-home/registry/src/index.crates.io-1949cf8c6b5b557f/sqlx-postgres-0.7.4/src/connection/stream.rs:68:45
[INFO] [stdout]     |
[INFO] [stdout]  41 | impl PgStream {
[INFO] [stdout] ...
[INFO] [stdout]  68 |     pub(crate) async fn recv_expect<'de, T: Decode<'de>>(
[INFO] [stdout]     |                                             ^^^^^^^^^^^ required by this bound in `PgStream::recv_expect`
[INFO] [stdout] 
[INFO] [stdout] 
[INFO] [stdout] error[E0277]: the trait bound `!: sqlx_core::io::Decode<'_>` is not satisfied
[INFO] [stdout]    --> /opt/rustwide/cargo-home/registry/src/index.crates.io-1949cf8c6b5b557f/sqlx-postgres-0.7.4/src/copy.rs:351:33
[INFO] [stdout]     |
[INFO] [stdout] 351 |                     conn.stream.recv_expect(MessageFormat::ReadyForQuery).await?;
[INFO] [stdout]     |                                 ^^^^^^^^^^^ the trait `sqlx_core::io::Decode<'_>` is not implemented for `!`
[INFO] [stdout]     |
[INFO] [stdout]     = help: the following other types implement trait `sqlx_core::io::Decode<'de, Context>`:
[INFO] [stdout]               ()
[INFO] [stdout]               Authentication
[INFO] [stdout]               AuthenticationSaslContinue
[INFO] [stdout]               AuthenticationSaslFinal
[INFO] [stdout]               BackendKeyData
[INFO] [stdout]               CommandComplete
[INFO] [stdout]               CopyData<sqlx_core::bytes::Bytes>
[INFO] [stdout]               CopyDone
[INFO] [stdout]             and 10 others
[INFO] [stdout]     = note: this error might have been caused by changes to Rust's type-inference algorithm (see issue #148922 <https://github.com/rust-lang/rust/issues/148922> for more information)
[INFO] [stdout]     = help: you might have intended to use the type `()` here instead
[INFO] [stdout] note: required by a bound in `PgStream::recv_expect`
[INFO] [stdout]    --> /opt/rustwide/cargo-home/registry/src/index.crates.io-1949cf8c6b5b557f/sqlx-postgres-0.7.4/src/connection/stream.rs:68:45
[INFO] [stdout]     |
[INFO] [stdout]  41 | impl PgStream {
[INFO] [stdout] ...
[INFO] [stdout]  68 |     pub(crate) async fn recv_expect<'de, T: Decode<'de>>(
[INFO] [stdout]     |                                             ^^^^^^^^^^^ required by this bound in `PgStream::recv_expect`
[INFO] [stdout] 
[INFO] [stdout] 
[INFO] [stdout] error[E0277]: the trait bound `!: sqlx_core::io::Decode<'_>` is not satisfied
[INFO] [stdout]    --> /opt/rustwide/cargo-home/registry/src/index.crates.io-1949cf8c6b5b557f/sqlx-postgres-0.7.4/src/copy.rs:350:77
[INFO] [stdout]     |
[INFO] [stdout] 350 |                     conn.stream.recv_expect(MessageFormat::CommandComplete).await?;
[INFO] [stdout]     |                                                                             ^^^^^ the trait `sqlx_core::io::Decode<'_>` is not implemented for `!`
[INFO] [stdout]     |
[INFO] [stdout]     = help: the following other types implement trait `sqlx_core::io::Decode<'de, Context>`:
[INFO] [stdout]               ()
[INFO] [stdout]               Authentication
[INFO] [stdout]               AuthenticationSaslContinue
[INFO] [stdout]               AuthenticationSaslFinal
[INFO] [stdout]               BackendKeyData
[INFO] [stdout]               CommandComplete
[INFO] [stdout]               CopyData<sqlx_core::bytes::Bytes>
[INFO] [stdout]               CopyDone
[INFO] [stdout]             and 10 others
[INFO] [stdout]     = note: this error might have been caused by changes to Rust's type-inference algorithm (see issue #148922 <https://github.com/rust-lang/rust/issues/148922> for more information)
[INFO] [stdout]     = help: you might have intended to use the type `()` here instead
[INFO] [stdout] note: required by a bound in `PgStream::recv_expect`
[INFO] [stdout]    --> /opt/rustwide/cargo-home/registry/src/index.crates.io-1949cf8c6b5b557f/sqlx-postgres-0.7.4/src/connection/stream.rs:68:45
[INFO] [stdout]     |
[INFO] [stdout]  41 | impl PgStream {
[INFO] [stdout] ...
[INFO] [stdout]  68 |     pub(crate) async fn recv_expect<'de, T: Decode<'de>>(
[INFO] [stdout]     |                                             ^^^^^^^^^^^ required by this bound in `PgStream::recv_expect`
[INFO] [stdout] 
[INFO] [stdout] 
[INFO] [stdout] error[E0277]: the trait bound `!: sqlx_core::io::Decode<'_>` is not satisfied
[INFO] [stdout]    --> /opt/rustwide/cargo-home/registry/src/index.crates.io-1949cf8c6b5b557f/sqlx-postgres-0.7.4/src/copy.rs:351:75
[INFO] [stdout]     |
[INFO] [stdout] 351 |                     conn.stream.recv_expect(MessageFormat::ReadyForQuery).await?;
[INFO] [stdout]     |                                                                           ^^^^^ the trait `sqlx_core::io::Decode<'_>` is not implemented for `!`
[INFO] [stdout]     |
[INFO] [stdout]     = help: the following other types implement trait `sqlx_core::io::Decode<'de, Context>`:
[INFO] [stdout]               ()
[INFO] [stdout]               Authentication
[INFO] [stdout]               AuthenticationSaslContinue
[INFO] [stdout]               AuthenticationSaslFinal
[INFO] [stdout]               BackendKeyData
[INFO] [stdout]               CommandComplete
[INFO] [stdout]               CopyData<sqlx_core::bytes::Bytes>
[INFO] [stdout]               CopyDone
[INFO] [stdout]             and 10 others
[INFO] [stdout]     = note: this error might have been caused by changes to Rust's type-inference algorithm (see issue #148922 <https://github.com/rust-lang/rust/issues/148922> for more information)
[INFO] [stdout]     = help: you might have intended to use the type `()` here instead
[INFO] [stdout] note: required by a bound in `PgStream::recv_expect`
[INFO] [stdout]    --> /opt/rustwide/cargo-home/registry/src/index.crates.io-1949cf8c6b5b557f/sqlx-postgres-0.7.4/src/connection/stream.rs:68:45
[INFO] [stdout]     |
[INFO] [stdout]  41 | impl PgStream {
[INFO] [stdout] ...
[INFO] [stdout]  68 |     pub(crate) async fn recv_expect<'de, T: Decode<'de>>(
[INFO] [stdout]     |                                             ^^^^^^^^^^^ required by this bound in `PgStream::recv_expect`
[INFO] [stdout] 
[INFO] [stdout] 
[INFO] [stderr]     Checking hex v0.4.3
[INFO] [stderr]     Checking adler2 v2.0.0
[INFO] [stderr]    Compiling anyhow v1.0.86
[INFO] [stderr]     Checking miniz_oxide v0.8.0
[INFO] [stderr]    Compiling boring-sys v4.9.1
[INFO] [stderr]     Checking brotli-decompressor v4.0.1
[INFO] [stderr]     Checking primeorder v0.13.6
[INFO] [stderr]    Compiling foreign-types-macros v0.2.3
[INFO] [stdout] For more information about this error, try `rustc --explain E0277`.
[INFO] [stdout] 
[INFO] [stderr] error: could not compile `sqlx-postgres` (lib) due to 15 previous errors
[INFO] [stderr] warning: build failed, waiting for other jobs to finish...
[INFO] running `Command { std: "docker" "inspect" "5f264dc4a34da4fe8d83c0345a91bca8cfe50fd5b847df3739f05af2cce74d96", kill_on_drop: false }`
[INFO] running `Command { std: "docker" "rm" "-f" "5f264dc4a34da4fe8d83c0345a91bca8cfe50fd5b847df3739f05af2cce74d96", kill_on_drop: false }`
[INFO] [stdout] 5f264dc4a34da4fe8d83c0345a91bca8cfe50fd5b847df3739f05af2cce74d96
