[INFO] cloning repository https://github.com/lifthrasiir/llmgauge
[INFO] running `Command { std: "git" "-c" "credential.helper=" "-c" "credential.helper=/workspace/cargo-home/bin/git-credential-null" "clone" "--bare" "https://github.com/lifthrasiir/llmgauge" "/workspace/cache/git-repos/https%3A%2F%2Fgithub.com%2Flifthrasiir%2Fllmgauge", kill_on_drop: false }`
[INFO] [stderr] Cloning into bare repository '/workspace/cache/git-repos/https%3A%2F%2Fgithub.com%2Flifthrasiir%2Fllmgauge'...
[INFO] running `Command { std: "git" "rev-parse" "HEAD", kill_on_drop: false }`
[INFO] [stdout] 6f72727c776b7e5f250c30a8995e28a5ca5a76b4
[INFO] checking lifthrasiir/llmgauge against 5b237c915528dadada3f674b90c7c80368b632be for pr-133502-29
[INFO] running `Command { std: "git" "clone" "/workspace/cache/git-repos/https%3A%2F%2Fgithub.com%2Flifthrasiir%2Fllmgauge" "/workspace/builds/worker-2-tc2/source", kill_on_drop: false }`
[INFO] [stderr] Cloning into '/workspace/builds/worker-2-tc2/source'...
[INFO] [stderr] done.
[INFO] started tweaking git repo https://github.com/lifthrasiir/llmgauge
[INFO] finished tweaking git repo https://github.com/lifthrasiir/llmgauge
[INFO] tweaked toml for git repo https://github.com/lifthrasiir/llmgauge written to /workspace/builds/worker-2-tc2/source/Cargo.toml
[INFO] validating manifest of git repo https://github.com/lifthrasiir/llmgauge on toolchain 5b237c915528dadada3f674b90c7c80368b632be
[INFO] running `Command { std: CARGO_HOME="/workspace/cargo-home" RUSTUP_HOME="/workspace/rustup-home" "/workspace/cargo-home/bin/cargo" "+5b237c915528dadada3f674b90c7c80368b632be" "metadata" "--manifest-path" "Cargo.toml" "--no-deps", kill_on_drop: false }`
[INFO] crate git repo https://github.com/lifthrasiir/llmgauge already has a lockfile, it will not be regenerated
[INFO] running `Command { std: CARGO_HOME="/workspace/cargo-home" RUSTUP_HOME="/workspace/rustup-home" "/workspace/cargo-home/bin/cargo" "+5b237c915528dadada3f674b90c7c80368b632be" "fetch" "--manifest-path" "Cargo.toml", kill_on_drop: false }`
[INFO] [stderr]     Blocking waiting for file lock on package cache
[ERROR] error running command: no output for 300 seconds
[INFO] checking lifthrasiir/llmgauge against 5b237c915528dadada3f674b90c7c80368b632be for pr-133502-29
[INFO] running `Command { std: "git" "clone" "/workspace/cache/git-repos/https%3A%2F%2Fgithub.com%2Flifthrasiir%2Fllmgauge" "/workspace/builds/worker-2-tc2/source", kill_on_drop: false }`
[INFO] [stderr] Cloning into '/workspace/builds/worker-2-tc2/source'...
[INFO] [stderr] done.
[INFO] started tweaking git repo https://github.com/lifthrasiir/llmgauge
[INFO] finished tweaking git repo https://github.com/lifthrasiir/llmgauge
[INFO] tweaked toml for git repo https://github.com/lifthrasiir/llmgauge written to /workspace/builds/worker-2-tc2/source/Cargo.toml
[INFO] validating manifest of git repo https://github.com/lifthrasiir/llmgauge on toolchain 5b237c915528dadada3f674b90c7c80368b632be
[INFO] running `Command { std: CARGO_HOME="/workspace/cargo-home" RUSTUP_HOME="/workspace/rustup-home" "/workspace/cargo-home/bin/cargo" "+5b237c915528dadada3f674b90c7c80368b632be" "metadata" "--manifest-path" "Cargo.toml" "--no-deps", kill_on_drop: false }`
[INFO] crate git repo https://github.com/lifthrasiir/llmgauge already has a lockfile, it will not be regenerated
[INFO] running `Command { std: CARGO_HOME="/workspace/cargo-home" RUSTUP_HOME="/workspace/rustup-home" "/workspace/cargo-home/bin/cargo" "+5b237c915528dadada3f674b90c7c80368b632be" "fetch" "--manifest-path" "Cargo.toml", kill_on_drop: false }`
[INFO] [stderr]     Blocking waiting for file lock on package cache
[INFO] [stderr]     Blocking waiting for file lock on package cache
[INFO] running `Command { std: "docker" "create" "-v" "/var/lib/crater-agent-workspace/builds/worker-2-tc2/source:/opt/rustwide/workdir:ro,Z" "-v" "/var/lib/crater-agent-workspace/builds/worker-2-tc2/target:/opt/rustwide/target:rw,Z" "-v" "/var/lib/crater-agent-workspace/cargo-home:/opt/rustwide/cargo-home:ro,Z" "-v" "/var/lib/crater-agent-workspace/rustup-home:/opt/rustwide/rustup-home:ro,Z" "-m" "1610612736" "--network" "none" "ghcr.io/rust-lang/crates-build-env/linux@sha256:3111399a4047eeb3a02b7a90e478d715f38a8c6669b5c4b49d30a17385265909" "sleep" "infinity", kill_on_drop: false }`
[INFO] [stdout] cea13a7a220d6b7a40b49790a9005ab9768c50edc32b2dc49e4e97cb985a1599
[INFO] running `Command { std: "docker" "start" "cea13a7a220d6b7a40b49790a9005ab9768c50edc32b2dc49e4e97cb985a1599", kill_on_drop: false }`
[INFO] running `Command { std: "docker" "inspect" "cea13a7a220d6b7a40b49790a9005ab9768c50edc32b2dc49e4e97cb985a1599", kill_on_drop: false }`
[INFO] running `Command { std: "docker" "exec" "-e" "SOURCE_DIR=/opt/rustwide/workdir" "-e" "CARGO_HOME=/opt/rustwide/cargo-home" "-e" "RUSTUP_HOME=/opt/rustwide/rustup-home" "-e" "CARGO_TARGET_DIR=/opt/rustwide/target" "-w" "/opt/rustwide/workdir" "--user" "0:0" "cea13a7a220d6b7a40b49790a9005ab9768c50edc32b2dc49e4e97cb985a1599" "/opt/rustwide/cargo-home/bin/cargo" "+5b237c915528dadada3f674b90c7c80368b632be" "metadata" "--no-deps" "--format-version=1", kill_on_drop: false }`
[INFO] running `Command { std: "docker" "inspect" "cea13a7a220d6b7a40b49790a9005ab9768c50edc32b2dc49e4e97cb985a1599", kill_on_drop: false }`
[INFO] running `Command { std: "docker" "exec" "-e" "SOURCE_DIR=/opt/rustwide/workdir" "-e" "CARGO_HOME=/opt/rustwide/cargo-home" "-e" "RUSTUP_HOME=/opt/rustwide/rustup-home" "-e" "CARGO_TARGET_DIR=/opt/rustwide/target" "-e" "CARGO_INCREMENTAL=0" "-e" "RUST_BACKTRACE=full" "-e" "RUSTFLAGS=--cap-lints=forbid" "-e" "RUSTDOCFLAGS=--cap-lints=forbid" "-w" "/opt/rustwide/workdir" "--user" "0:0" "cea13a7a220d6b7a40b49790a9005ab9768c50edc32b2dc49e4e97cb985a1599" "/opt/rustwide/cargo-home/bin/cargo" "+5b237c915528dadada3f674b90c7c80368b632be" "check" "--frozen" "--all" "--all-targets" "--message-format=json", kill_on_drop: false }`
[INFO] [stderr]     Checking windows-link v0.1.3
[INFO] [stderr]    Compiling libc v0.2.186
[INFO] [stderr]    Compiling rustls v0.23.41
[INFO] [stderr]    Compiling syn v2.0.118
[INFO] [stderr]     Checking webpki-roots v0.26.11
[INFO] [stderr]     Checking flate2 v1.1.9
[INFO] [stderr]     Checking memchr v2.8.2
[INFO] [stderr]     Checking chrono v0.4.45
[INFO] [stderr]     Checking windows-result v0.3.4
[INFO] [stderr]     Checking windows-strings v0.4.2
[INFO] [stderr]     Checking windows-threading v0.1.0
[INFO] [stderr]     Checking serde_json v1.0.150
[INFO] [stderr]     Checking getrandom v0.2.17
[INFO] [stderr]     Checking ring v0.17.14
[INFO] [stderr]     Checking rustls-webpki v0.103.13
[INFO] [stderr]    Compiling synstructure v0.13.2
[INFO] [stderr]    Compiling zerofrom-derive v0.1.7
[INFO] [stderr]    Compiling yoke-derive v0.8.2
[INFO] [stderr]    Compiling zerovec-derive v0.11.3
[INFO] [stderr]    Compiling displaydoc v0.2.6
[INFO] [stderr]    Compiling windows-interface v0.59.3
[INFO] [stderr]    Compiling windows-implement v0.60.2
[INFO] [stderr]    Compiling serde_derive v1.0.228
[INFO] [stderr]     Checking zerofrom v0.1.8
[INFO] [stderr]     Checking windows-core v0.61.2
[INFO] [stderr]     Checking yoke v0.8.3
[INFO] [stderr]     Checking zerovec v0.11.6
[INFO] [stderr]     Checking zerotrie v0.2.4
[INFO] [stderr]     Checking windows-collections v0.2.0
[INFO] [stderr]     Checking windows-future v0.2.1
[INFO] [stderr]     Checking windows-numerics v0.2.0
[INFO] [stdout] error[E0425]: cannot find type `IMarshal` in module `windows_core::imp`
[INFO] [stdout]   --> /opt/rustwide/cargo-home/registry/src/index.crates.io-1949cf8c6b5b557f/windows-future-0.2.1/src/bindings.rs:89:51
[INFO] [stdout]    |
[INFO] [stdout] 89 |             } else if *iid == <windows_core::imp::IMarshal as windows_core::Interface>::IID {
[INFO] [stdout]    |                                                   ^^^^^^^^ not found in `windows_core::imp`
[INFO] [stdout] 
[INFO] [stdout] 
[INFO] [stdout] error[E0425]: cannot find function `marshaler` in module `windows_core::imp`
[INFO] [stdout]   --> /opt/rustwide/cargo-home/registry/src/index.crates.io-1949cf8c6b5b557f/windows-future-0.2.1/src/bindings.rs:91:43
[INFO] [stdout]    |
[INFO] [stdout] 91 |                 return windows_core::imp::marshaler(
[INFO] [stdout]    |                                           ^^^^^^^^^ not found in `windows_core::imp`
[INFO] [stdout] 
[INFO] [stdout] 
[INFO] [stdout] error[E0425]: cannot find type `IMarshal` in module `windows_core::imp`
[INFO] [stdout]    --> /opt/rustwide/cargo-home/registry/src/index.crates.io-1949cf8c6b5b557f/windows-future-0.2.1/src/bindings.rs:257:51
[INFO] [stdout]     |
[INFO] [stdout] 257 |             } else if *iid == <windows_core::imp::IMarshal as windows_core::Interface>::IID {
[INFO] [stdout]     |                                                   ^^^^^^^^ not found in `windows_core::imp`
[INFO] [stdout] 
[INFO] [stdout] 
[INFO] [stdout] error[E0425]: cannot find function `marshaler` in module `windows_core::imp`
[INFO] [stdout]    --> /opt/rustwide/cargo-home/registry/src/index.crates.io-1949cf8c6b5b557f/windows-future-0.2.1/src/bindings.rs:259:43
[INFO] [stdout]     |
[INFO] [stdout] 259 |                 return windows_core::imp::marshaler(
[INFO] [stdout]     |                                           ^^^^^^^^^ not found in `windows_core::imp`
[INFO] [stdout] 
[INFO] [stdout] 
[INFO] [stdout] error[E0425]: cannot find type `IMarshal` in module `windows_core::imp`
[INFO] [stdout]    --> /opt/rustwide/cargo-home/registry/src/index.crates.io-1949cf8c6b5b557f/windows-future-0.2.1/src/bindings.rs:424:364
[INFO] [stdout]     |
[INFO] [stdout] 424 | ... _ } else if * iid == < windows_core::imp::IMarshal as windows_core::Interface >::IID { ( * this ) . count . add_ref ( ) ; retur...
[INFO] [stdout]     |                                               ^^^^^^^^ not found in `windows_core::imp`
[INFO] [stdout] 
[INFO] [stdout] 
[INFO] [stdout] error[E0425]: cannot find function `marshaler` in module `windows_core::imp`
[INFO] [stdout]    --> /opt/rustwide/cargo-home/registry/src/index.crates.io-1949cf8c6b5b557f/windows-future-0.2.1/src/bindings.rs:424:470
[INFO] [stdout]     |
[INFO] [stdout] 424 | ... . add_ref ( ) ; return windows_core::imp::marshaler ( core::mem::transmute ( & mut ( * this ) . vtable as * mut _ as * mut core...
[INFO] [stdout]     |                                               ^^^^^^^^^ not found in `windows_core::imp`
[INFO] [stdout] 
[INFO] [stdout] 
[INFO] [stdout] error[E0425]: cannot find type `IMarshal` in module `windows_core::imp`
[INFO] [stdout]    --> /opt/rustwide/cargo-home/registry/src/index.crates.io-1949cf8c6b5b557f/windows-future-0.2.1/src/bindings.rs:583:51
[INFO] [stdout]     |
[INFO] [stdout] 583 |             } else if *iid == <windows_core::imp::IMarshal as windows_core::Interface>::IID {
[INFO] [stdout]     |                                                   ^^^^^^^^ not found in `windows_core::imp`
[INFO] [stdout] 
[INFO] [stdout] 
[INFO] [stdout] error[E0425]: cannot find function `marshaler` in module `windows_core::imp`
[INFO] [stdout]    --> /opt/rustwide/cargo-home/registry/src/index.crates.io-1949cf8c6b5b557f/windows-future-0.2.1/src/bindings.rs:585:43
[INFO] [stdout]     |
[INFO] [stdout] 585 |                 return windows_core::imp::marshaler(
[INFO] [stdout]     |                                           ^^^^^^^^^ not found in `windows_core::imp`
[INFO] [stdout] 
[INFO] [stdout] 
[INFO] [stdout] error[E0425]: cannot find type `IMarshal` in module `windows_core::imp`
[INFO] [stdout]    --> /opt/rustwide/cargo-home/registry/src/index.crates.io-1949cf8c6b5b557f/windows-future-0.2.1/src/bindings.rs:763:364
[INFO] [stdout]     |
[INFO] [stdout] 763 | ... _ } else if * iid == < windows_core::imp::IMarshal as windows_core::Interface >::IID { ( * this ) . count . add_ref ( ) ; retur...
[INFO] [stdout]     |                                               ^^^^^^^^ not found in `windows_core::imp`
[INFO] [stdout] 
[INFO] [stdout] 
[INFO] [stdout] error[E0425]: cannot find function `marshaler` in module `windows_core::imp`
[INFO] [stdout]    --> /opt/rustwide/cargo-home/registry/src/index.crates.io-1949cf8c6b5b557f/windows-future-0.2.1/src/bindings.rs:763:470
[INFO] [stdout]     |
[INFO] [stdout] 763 | ... . add_ref ( ) ; return windows_core::imp::marshaler ( core::mem::transmute ( & mut ( * this ) . vtable as * mut _ as * mut core...
[INFO] [stdout]     |                                               ^^^^^^^^^ not found in `windows_core::imp`
[INFO] [stdout] 
[INFO] [stdout] 
[INFO] [stdout] error[E0425]: cannot find type `IMarshal` in module `windows_core::imp`
[INFO] [stdout]    --> /opt/rustwide/cargo-home/registry/src/index.crates.io-1949cf8c6b5b557f/windows-future-0.2.1/src/bindings.rs:938:377
[INFO] [stdout]     |
[INFO] [stdout] 938 | ... _ } else if * iid == < windows_core::imp::IMarshal as windows_core::Interface >::IID { ( * this ) . count . add_ref ( ) ; retur...
[INFO] [stdout]     |                                               ^^^^^^^^ not found in `windows_core::imp`
[INFO] [stdout] 
[INFO] [stdout] 
[INFO] [stdout] error[E0425]: cannot find function `marshaler` in module `windows_core::imp`
[INFO] [stdout]    --> /opt/rustwide/cargo-home/registry/src/index.crates.io-1949cf8c6b5b557f/windows-future-0.2.1/src/bindings.rs:938:483
[INFO] [stdout]     |
[INFO] [stdout] 938 | ... . add_ref ( ) ; return windows_core::imp::marshaler ( core::mem::transmute ( & mut ( * this ) . vtable as * mut _ as * mut core...
[INFO] [stdout]     |                                               ^^^^^^^^^ not found in `windows_core::imp`
[INFO] [stdout] 
[INFO] [stdout] 
[INFO] [stdout] For more information about this error, try `rustc --explain E0425`.
[INFO] [stdout] 
[INFO] [stderr] error: could not compile `windows-future` (lib) due to 12 previous errors
[INFO] [stderr] warning: build failed, waiting for other jobs to finish...
[INFO] running `Command { std: "docker" "inspect" "cea13a7a220d6b7a40b49790a9005ab9768c50edc32b2dc49e4e97cb985a1599", kill_on_drop: false }`
[INFO] running `Command { std: "docker" "rm" "-f" "cea13a7a220d6b7a40b49790a9005ab9768c50edc32b2dc49e4e97cb985a1599", kill_on_drop: false }`
[INFO] [stdout] cea13a7a220d6b7a40b49790a9005ab9768c50edc32b2dc49e4e97cb985a1599
