[INFO] cloning repository https://github.com/jbesraa/rust-pg
[INFO] running `Command { std: "git" "-c" "credential.helper=" "-c" "credential.helper=/workspace/cargo-home/bin/git-credential-null" "clone" "--bare" "https://github.com/jbesraa/rust-pg" "/workspace/cache/git-repos/https%3A%2F%2Fgithub.com%2Fjbesraa%2Frust-pg", kill_on_drop: false }`
[INFO] [stderr] Cloning into bare repository '/workspace/cache/git-repos/https%3A%2F%2Fgithub.com%2Fjbesraa%2Frust-pg'...
[INFO] running `Command { std: "git" "rev-parse" "HEAD", kill_on_drop: false }`
[INFO] [stdout] 1b2e47bc68483fd2920651ea78f8b37a6218b00b
[INFO] checking jbesraa/rust-pg against 5b237c915528dadada3f674b90c7c80368b632be for pr-133502-29
[INFO] running `Command { std: "git" "clone" "/workspace/cache/git-repos/https%3A%2F%2Fgithub.com%2Fjbesraa%2Frust-pg" "/workspace/builds/worker-3-tc2/source", kill_on_drop: false }`
[INFO] [stderr] Cloning into '/workspace/builds/worker-3-tc2/source'...
[INFO] [stderr] done.
[INFO] started tweaking git repo https://github.com/jbesraa/rust-pg
[INFO] finished tweaking git repo https://github.com/jbesraa/rust-pg
[INFO] tweaked toml for git repo https://github.com/jbesraa/rust-pg written to /workspace/builds/worker-3-tc2/source/Cargo.toml
[INFO] validating manifest of git repo https://github.com/jbesraa/rust-pg on toolchain 5b237c915528dadada3f674b90c7c80368b632be
[INFO] running `Command { std: CARGO_HOME="/workspace/cargo-home" RUSTUP_HOME="/workspace/rustup-home" "/workspace/cargo-home/bin/cargo" "+5b237c915528dadada3f674b90c7c80368b632be" "metadata" "--manifest-path" "Cargo.toml" "--no-deps", kill_on_drop: false }`
[INFO] crate git repo https://github.com/jbesraa/rust-pg already has a lockfile, it will not be regenerated
[INFO] running `Command { std: CARGO_HOME="/workspace/cargo-home" RUSTUP_HOME="/workspace/rustup-home" "/workspace/cargo-home/bin/cargo" "+5b237c915528dadada3f674b90c7c80368b632be" "fetch" "--manifest-path" "Cargo.toml", kill_on_drop: false }`
[INFO] [stderr]     Blocking waiting for file lock on package cache
[INFO] [stderr]     Blocking waiting for file lock on package cache
[INFO] [stderr]  Downloading crates ...
[INFO] [stderr]   Downloaded diesel v1.4.8
[INFO] [stderr]   Downloaded h2 v0.3.11
[INFO] running `Command { std: "docker" "create" "-v" "/var/lib/crater-agent-workspace/builds/worker-3-tc2/source:/opt/rustwide/workdir:ro,Z" "-v" "/var/lib/crater-agent-workspace/builds/worker-3-tc2/target:/opt/rustwide/target:rw,Z" "-v" "/var/lib/crater-agent-workspace/cargo-home:/opt/rustwide/cargo-home:ro,Z" "-v" "/var/lib/crater-agent-workspace/rustup-home:/opt/rustwide/rustup-home:ro,Z" "-m" "1610612736" "--network" "none" "ghcr.io/rust-lang/crates-build-env/linux@sha256:3111399a4047eeb3a02b7a90e478d715f38a8c6669b5c4b49d30a17385265909" "sleep" "infinity", kill_on_drop: false }`
[INFO] [stdout] 922a391c8f47f2a27fff258f58a7821c2c71e9e16fe2efa238f4ed15e8678ef6
[INFO] running `Command { std: "docker" "start" "922a391c8f47f2a27fff258f58a7821c2c71e9e16fe2efa238f4ed15e8678ef6", kill_on_drop: false }`
[INFO] running `Command { std: "docker" "inspect" "922a391c8f47f2a27fff258f58a7821c2c71e9e16fe2efa238f4ed15e8678ef6", kill_on_drop: false }`
[INFO] running `Command { std: "docker" "exec" "-e" "SOURCE_DIR=/opt/rustwide/workdir" "-e" "CARGO_HOME=/opt/rustwide/cargo-home" "-e" "RUSTUP_HOME=/opt/rustwide/rustup-home" "-e" "CARGO_TARGET_DIR=/opt/rustwide/target" "-w" "/opt/rustwide/workdir" "--user" "0:0" "922a391c8f47f2a27fff258f58a7821c2c71e9e16fe2efa238f4ed15e8678ef6" "/opt/rustwide/cargo-home/bin/cargo" "+5b237c915528dadada3f674b90c7c80368b632be" "metadata" "--no-deps" "--format-version=1", kill_on_drop: false }`
[INFO] running `Command { std: "docker" "inspect" "922a391c8f47f2a27fff258f58a7821c2c71e9e16fe2efa238f4ed15e8678ef6", kill_on_drop: false }`
[INFO] running `Command { std: "docker" "exec" "-e" "SOURCE_DIR=/opt/rustwide/workdir" "-e" "CARGO_HOME=/opt/rustwide/cargo-home" "-e" "RUSTUP_HOME=/opt/rustwide/rustup-home" "-e" "CARGO_TARGET_DIR=/opt/rustwide/target" "-e" "CARGO_INCREMENTAL=0" "-e" "RUST_BACKTRACE=full" "-e" "RUSTFLAGS=--cap-lints=forbid" "-e" "RUSTDOCFLAGS=--cap-lints=forbid" "-w" "/opt/rustwide/workdir" "--user" "0:0" "922a391c8f47f2a27fff258f58a7821c2c71e9e16fe2efa238f4ed15e8678ef6" "/opt/rustwide/cargo-home/bin/cargo" "+5b237c915528dadada3f674b90c7c80368b632be" "check" "--frozen" "--all" "--all-targets" "--message-format=json", kill_on_drop: false }`
[INFO] [stderr]    Compiling libc v0.2.119
[INFO] [stderr]    Compiling syn v1.0.86
[INFO] [stderr]    Compiling memchr v2.4.1
[INFO] [stderr]    Compiling generic-array v0.14.5
[INFO] [stderr]     Checking bytes v1.1.0
[INFO] [stderr]    Compiling unicase v2.6.0
[INFO] [stderr]    Compiling cc v1.0.73
[INFO] [stderr]     Checking futures-sink v0.3.21
[INFO] [stderr]    Compiling futures-task v0.3.21
[INFO] [stderr]     Checking matches v0.1.9
[INFO] [stderr]    Compiling futures-util v0.3.21
[INFO] [stderr]    Compiling httparse v1.6.0
[INFO] [stderr]     Checking once_cell v1.9.0
[INFO] [stderr]     Checking spin v0.5.2
[INFO] [stderr]     Checking untrusted v0.7.1
[INFO] [stderr]    Compiling indexmap v1.8.0
[INFO] [stderr]     Checking form_urlencoded v1.0.1
[INFO] [stderr]     Checking unicode-normalization v0.1.19
[INFO] [stderr]     Checking instant v0.1.12
[INFO] [stderr]     Checking smallvec v1.8.0
[INFO] [stderr]     Checking unicode-bidi v0.3.7
[INFO] [stderr]    Compiling futures-channel v0.3.21
[INFO] [stderr]     Checking tracing-core v0.1.22
[INFO] [stderr]     Checking hashbrown v0.11.2
[INFO] [stderr]     Checking mime v0.3.16
[INFO] [stderr]     Checking try-lock v0.2.3
[INFO] [stderr]    Compiling serde_json v1.0.79
[INFO] [stderr]     Checking httpdate v1.0.2
[INFO] [stderr]    Compiling pq-sys v0.4.6
[INFO] [stderr]     Checking remove_dir_all v0.5.3
[INFO] [stderr]     Checking want v0.3.0
[INFO] [stderr]    Compiling mime_guess v2.0.4
[INFO] [stderr]     Checking humantime v1.3.0
[INFO] [stderr]     Checking http v0.2.6
[INFO] [stderr]     Checking tower-service v0.3.1
[INFO] [stderr]     Checking tracing v0.1.31
[INFO] [stderr]     Checking serde_urlencoded v0.7.1
[INFO] [stderr]     Checking futures-io v0.3.21
[INFO] [stderr]     Checking dotenv v0.15.0
[INFO] [stderr]     Checking aho-corasick v0.7.18
[INFO] [stderr]     Checking buf_redux v0.8.4
[INFO] [stderr]     Checking twoway v0.1.8
[INFO] [stderr]     Checking digest v0.9.0
[INFO] [stderr]     Checking block-buffer v0.9.0
[INFO] [stderr]     Checking block-buffer v0.10.2
[INFO] [stderr]     Checking crypto-common v0.1.3
[INFO] [stderr]    Compiling ring v0.16.20
[INFO] [stderr]     Checking idna v0.2.3
[INFO] [stderr]     Checking digest v0.10.3
[INFO] [stderr]     Checking sha-1 v0.9.8
[INFO] [stderr]     Checking sha-1 v0.10.0
[INFO] [stderr]     Checking num_cpus v1.13.1
[INFO] [stderr]     Checking socket2 v0.4.4
[INFO] [stderr]     Checking mio v0.8.0
[INFO] [stderr]     Checking getrandom v0.2.4
[INFO] [stderr]     Checking parking_lot_core v0.8.5
[INFO] [stderr]     Checking atty v0.2.14
[INFO] [stderr]     Checking tempfile v3.3.0
[INFO] [stderr]     Checking rand_core v0.6.3
[INFO] [stderr]     Checking parking_lot v0.11.2
[INFO] [stderr]     Checking rand_chacha v0.3.1
[INFO] [stderr]     Checking scheduled-thread-pool v0.2.5
[INFO] [stderr]     Checking regex v1.5.4
[INFO] [stderr]     Checking r2d2 v0.8.9
[INFO] [stderr]     Checking rand v0.8.5
[INFO] [stderr]     Checking url v2.2.2
[INFO] [stderr]     Checking multipart v0.18.0
[INFO] [stderr]     Checking env_logger v0.7.1
[INFO] [stderr]     Checking pretty_env_logger v0.4.0
[INFO] [stderr]     Checking futures v0.3.21
[INFO] [stderr]     Checking http-body v0.4.4
[INFO] [stderr]     Checking headers-core v0.2.0
[INFO] [stderr]     Checking headers v0.3.7
[INFO] [stderr]     Checking sct v0.6.1
[INFO] [stderr]     Checking webpki v0.21.4
[INFO] [stderr]     Checking rustls v0.19.1
[INFO] [stderr]    Compiling tokio-macros v1.7.0
[INFO] [stderr]    Compiling thiserror-impl v1.0.30
[INFO] [stderr]    Compiling pin-project-internal v1.0.10
[INFO] [stderr]    Compiling diesel_derives v1.4.1
[INFO] [stderr]    Compiling serde_derive v1.0.136
[INFO] [stderr]     Checking tokio v1.17.0
[INFO] [stderr]     Checking thiserror v1.0.30
[INFO] [stderr]     Checking tungstenite v0.14.0
[INFO] [stderr]     Checking pin-project v1.0.10
[INFO] [stderr]     Checking diesel v1.4.8
[INFO] [stderr]     Checking tokio-util v0.6.9
[INFO] [stderr]     Checking tokio-stream v0.1.8
[INFO] [stderr]     Checking tokio-tungstenite v0.15.0
[INFO] [stderr]     Checking tokio-rustls v0.22.0
[INFO] [stderr]     Checking h2 v0.3.11
[INFO] [stderr]     Checking hyper v0.14.17
[INFO] [stderr]     Checking warp v0.3.2
[INFO] [stderr]     Checking auto-profile-service v0.1.0 (/opt/rustwide/workdir)
[INFO] [stdout] error[E0277]: the trait bound `Value: FromSql<diesel::sql_types::Jsonb, Pg>` is not satisfied
[INFO] [stdout]   --> src/user.rs:17:22
[INFO] [stdout]    |
[INFO] [stdout] 17 |         let value = <serde_json::Value as FromSql<Jsonb, Pg>>::from_sql(bytes)?;
[INFO] [stdout]    |                      ^^^^^^^^^^^^^^^^^ the trait `FromSql<diesel::sql_types::Jsonb, Pg>` is not implemented for `Value`
[INFO] [stdout]    |
[INFO] [stdout] help: the trait `FromSql<diesel::sql_types::Jsonb, Pg>` is implemented for `SocialNetworks`
[INFO] [stdout]   --> src/user.rs:15:1
[INFO] [stdout]    |
[INFO] [stdout] 15 | impl FromSql<Jsonb, Pg> for SocialNetworks {
[INFO] [stdout]    | ^^^^^^^^^^^^^^^^^^^^^^^^^^^^^^^^^^^^^^^^^^
[INFO] [stdout] 
[INFO] [stdout] 
[INFO] [stdout] error[E0277]: the trait bound `Value: FromSql<diesel::sql_types::Jsonb, Pg>` is not satisfied
[INFO] [stdout]   --> src/user.rs:17:22
[INFO] [stdout]    |
[INFO] [stdout] 17 |         let value = <serde_json::Value as FromSql<Jsonb, Pg>>::from_sql(bytes)?;
[INFO] [stdout]    |                      ^^^^^^^^^^^^^^^^^ the trait `FromSql<diesel::sql_types::Jsonb, Pg>` is not implemented for `Value`
[INFO] [stdout]    |
[INFO] [stdout] help: the trait `FromSql<diesel::sql_types::Jsonb, Pg>` is implemented for `SocialNetworks`
[INFO] [stdout]   --> src/user.rs:15:1
[INFO] [stdout]    |
[INFO] [stdout] 15 | impl FromSql<Jsonb, Pg> for SocialNetworks {
[INFO] [stdout]    | ^^^^^^^^^^^^^^^^^^^^^^^^^^^^^^^^^^^^^^^^^^
[INFO] [stdout] 
[INFO] [stdout] 
[INFO] [stdout] error[E0277]: the trait bound `Value: ToSql<diesel::sql_types::Jsonb, Pg>` is not satisfied
[INFO] [stdout]   --> src/user.rs:25:10
[INFO] [stdout]    |
[INFO] [stdout] 25 |         <serde_json::Value as ToSql<Jsonb, Pg>>::to_sql(&value, out)
[INFO] [stdout]    |          ^^^^^^^^^^^^^^^^^ the trait `ToSql<diesel::sql_types::Jsonb, Pg>` is not implemented for `Value`
[INFO] [stdout]    |
[INFO] [stdout] help: the trait `ToSql<diesel::sql_types::Jsonb, Pg>` is implemented for `SocialNetworks`
[INFO] [stdout]   --> src/user.rs:22:1
[INFO] [stdout]    |
[INFO] [stdout] 22 | impl ToSql<Jsonb, Pg> for SocialNetworks {
[INFO] [stdout]    | ^^^^^^^^^^^^^^^^^^^^^^^^^^^^^^^^^^^^^^^^
[INFO] [stdout] 
[INFO] [stdout] 
[INFO] [stdout] error[E0277]: the trait bound `Value: ToSql<diesel::sql_types::Jsonb, Pg>` is not satisfied
[INFO] [stdout]   --> src/user.rs:25:10
[INFO] [stdout]    |
[INFO] [stdout] 25 |         <serde_json::Value as ToSql<Jsonb, Pg>>::to_sql(&value, out)
[INFO] [stdout]    |          ^^^^^^^^^^^^^^^^^ the trait `ToSql<diesel::sql_types::Jsonb, Pg>` is not implemented for `Value`
[INFO] [stdout]    |
[INFO] [stdout] help: the trait `ToSql<diesel::sql_types::Jsonb, Pg>` is implemented for `SocialNetworks`
[INFO] [stdout]   --> src/user.rs:22:1
[INFO] [stdout]    |
[INFO] [stdout] 22 | impl ToSql<Jsonb, Pg> for SocialNetworks {
[INFO] [stdout]    | ^^^^^^^^^^^^^^^^^^^^^^^^^^^^^^^^^^^^^^^^
[INFO] [stdout] 
[INFO] [stdout] 
[INFO] [stdout] For more information about this error, try `rustc --explain E0277`.
[INFO] [stdout] 
[INFO] [stdout] For more information about this error, try `rustc --explain E0277`.
[INFO] [stdout] 
[INFO] [stderr] error: could not compile `auto-profile-service` (bin "auto-profile-service") due to 2 previous errors
[INFO] [stderr] warning: build failed, waiting for other jobs to finish...
[INFO] [stderr] error: could not compile `auto-profile-service` (bin "auto-profile-service" test) due to 2 previous errors
[INFO] [stderr] warning: unused dependency `futures`
[INFO] [stderr]   --> Cargo.toml:18:15
[INFO] [stderr]    |
[INFO] [stderr] 18 | [dependencies.futures]
[INFO] [stderr]    |               ^^^^^^^^
[INFO] [stderr]    |
[INFO] [stderr]    = note: `cargo::unused_dependencies` is set to `warn` by default
[INFO] [stderr] help: consider removing the dependency on `futures`
[INFO] [stderr] warning: `auto-profile-service` (manifest) generated 1 warning
[INFO] running `Command { std: "docker" "inspect" "922a391c8f47f2a27fff258f58a7821c2c71e9e16fe2efa238f4ed15e8678ef6", kill_on_drop: false }`
[INFO] running `Command { std: "docker" "rm" "-f" "922a391c8f47f2a27fff258f58a7821c2c71e9e16fe2efa238f4ed15e8678ef6", kill_on_drop: false }`
[INFO] [stdout] 922a391c8f47f2a27fff258f58a7821c2c71e9e16fe2efa238f4ed15e8678ef6
