[INFO] cloning repository https://github.com/jamesyfyp/fsofLoco
[INFO] running `Command { std: "git" "-c" "credential.helper=" "-c" "credential.helper=/workspace/cargo-home/bin/git-credential-null" "clone" "--bare" "https://github.com/jamesyfyp/fsofLoco" "/workspace/cache/git-repos/https%3A%2F%2Fgithub.com%2Fjamesyfyp%2FfsofLoco", kill_on_drop: false }`
[INFO] [stderr] Cloning into bare repository '/workspace/cache/git-repos/https%3A%2F%2Fgithub.com%2Fjamesyfyp%2FfsofLoco'...
[INFO] running `Command { std: "git" "rev-parse" "HEAD", kill_on_drop: false }`
[INFO] [stdout] 21683b893ec05ed75b60bcc4d3951e859cbf0472
[INFO] checking jamesyfyp/fsofLoco against 5b237c915528dadada3f674b90c7c80368b632be for pr-133502-29
[INFO] running `Command { std: "git" "clone" "/workspace/cache/git-repos/https%3A%2F%2Fgithub.com%2Fjamesyfyp%2FfsofLoco" "/workspace/builds/worker-6-tc2/source", kill_on_drop: false }`
[INFO] [stderr] Cloning into '/workspace/builds/worker-6-tc2/source'...
[INFO] [stderr] done.
[INFO] removed /workspace/builds/worker-6-tc2/source/.cargo/config.toml
[INFO] started tweaking git repo https://github.com/jamesyfyp/fsofLoco
[INFO] finished tweaking git repo https://github.com/jamesyfyp/fsofLoco
[INFO] tweaked toml for git repo https://github.com/jamesyfyp/fsofLoco written to /workspace/builds/worker-6-tc2/source/Cargo.toml
[INFO] validating manifest of git repo https://github.com/jamesyfyp/fsofLoco on toolchain 5b237c915528dadada3f674b90c7c80368b632be
[INFO] running `Command { std: CARGO_HOME="/workspace/cargo-home" RUSTUP_HOME="/workspace/rustup-home" "/workspace/cargo-home/bin/cargo" "+5b237c915528dadada3f674b90c7c80368b632be" "metadata" "--manifest-path" "Cargo.toml" "--no-deps", kill_on_drop: false }`
[INFO] crate git repo https://github.com/jamesyfyp/fsofLoco already has a lockfile, it will not be regenerated
[INFO] running `Command { std: CARGO_HOME="/workspace/cargo-home" RUSTUP_HOME="/workspace/rustup-home" "/workspace/cargo-home/bin/cargo" "+5b237c915528dadada3f674b90c7c80368b632be" "fetch" "--manifest-path" "Cargo.toml", kill_on_drop: false }`
[INFO] [stderr]     Blocking waiting for file lock on package cache
[INFO] [stderr]     Blocking waiting for file lock on package cache
[ERROR] error running command: no output for 300 seconds
[INFO] checking jamesyfyp/fsofLoco against 5b237c915528dadada3f674b90c7c80368b632be for pr-133502-29
[INFO] running `Command { std: "git" "clone" "/workspace/cache/git-repos/https%3A%2F%2Fgithub.com%2Fjamesyfyp%2FfsofLoco" "/workspace/builds/worker-6-tc2/source", kill_on_drop: false }`
[INFO] [stderr] Cloning into '/workspace/builds/worker-6-tc2/source'...
[INFO] [stderr] done.
[INFO] removed /workspace/builds/worker-6-tc2/source/.cargo/config.toml
[INFO] started tweaking git repo https://github.com/jamesyfyp/fsofLoco
[INFO] finished tweaking git repo https://github.com/jamesyfyp/fsofLoco
[INFO] tweaked toml for git repo https://github.com/jamesyfyp/fsofLoco written to /workspace/builds/worker-6-tc2/source/Cargo.toml
[INFO] validating manifest of git repo https://github.com/jamesyfyp/fsofLoco on toolchain 5b237c915528dadada3f674b90c7c80368b632be
[INFO] running `Command { std: CARGO_HOME="/workspace/cargo-home" RUSTUP_HOME="/workspace/rustup-home" "/workspace/cargo-home/bin/cargo" "+5b237c915528dadada3f674b90c7c80368b632be" "metadata" "--manifest-path" "Cargo.toml" "--no-deps", kill_on_drop: false }`
[INFO] crate git repo https://github.com/jamesyfyp/fsofLoco already has a lockfile, it will not be regenerated
[INFO] running `Command { std: CARGO_HOME="/workspace/cargo-home" RUSTUP_HOME="/workspace/rustup-home" "/workspace/cargo-home/bin/cargo" "+5b237c915528dadada3f674b90c7c80368b632be" "fetch" "--manifest-path" "Cargo.toml", kill_on_drop: false }`
[INFO] [stderr]     Blocking waiting for file lock on package cache
[INFO] [stderr]     Blocking waiting for file lock on package cache
[INFO] [stderr]  Downloading crates ...
[INFO] [stderr]   Downloaded sea-orm-migration v1.1.0
[INFO] [stderr]   Downloaded sea-query-derive v0.4.2
[INFO] [stderr]   Downloaded value-bag v1.9.0
[INFO] [stderr]   Downloaded inherent v1.0.11
[INFO] [stderr]   Downloaded sea-orm-cli v1.1.0
[INFO] [stderr]   Downloaded clap_derive v4.5.8
[INFO] [stderr]   Downloaded cc v1.1.6
[INFO] [stderr]   Downloaded bigdecimal v0.4.5
[INFO] [stderr]   Downloaded clap v4.5.10
[INFO] [stderr]   Downloaded clap_builder v4.5.10
[INFO] [stderr]   Downloaded sea-query v0.32.0
[INFO] [stderr]   Downloaded sqlformat v0.2.4
[INFO] [stderr]   Downloaded object v0.36.2
[INFO] [stderr]   Downloaded rustls-webpki v0.102.6
[INFO] [stderr]   Downloaded sea-orm v1.1.0
[INFO] [stderr]   Downloaded sea-schema v0.16.0
[INFO] [stderr]   Downloaded ouroboros v0.18.4
[INFO] [stderr]   Downloaded ouroboros_macro v0.18.4
[INFO] [stderr]   Downloaded sea-bae v0.2.0
[INFO] [stderr]   Downloaded sea-orm-macros v1.1.0
[INFO] [stderr]   Downloaded validator v0.18.1
[INFO] [stderr]   Downloaded validator_derive v0.18.2
[INFO] [stderr]   Downloaded ulid v1.1.3
[INFO] [stderr]   Downloaded tower-http v0.6.1
[INFO] [stderr]   Downloaded zstd-safe v7.2.0
[INFO] [stderr]   Downloaded loco-rs v0.11.1
[INFO] [stderr]   Downloaded async-compression v0.4.12
[INFO] [stderr]   Downloaded tokio-cron-scheduler v0.11.0
[INFO] [stderr]   Downloaded zstd-sys v2.0.12+zstd.1.5.6
[INFO] [stderr]   Downloaded pest_generator v2.7.11
[INFO] [stderr]   Downloaded globset v0.4.14
[INFO] [stderr]   Downloaded slug v0.1.5
[INFO] [stderr]   Downloaded pest_derive v2.7.11
[INFO] [stderr]   Downloaded pest_meta v2.7.11
[INFO] [stderr]   Downloaded ignore v0.4.22
[INFO] [stderr]   Downloaded pest v2.7.11
[INFO] [stderr]   Downloaded serde_variant v0.1.3
[INFO] [stderr]   Downloaded rusty-sidekiq v0.11.1
[INFO] [stderr]   Downloaded serial_test_derive v3.1.1
[INFO] [stderr]   Downloaded slog-term v2.9.1
[INFO] [stderr]   Downloaded serial_test v3.1.1
[INFO] [stderr]   Downloaded sdd v1.7.0
[INFO] [stderr]   Downloaded cron_clock v0.8.0
[INFO] [stderr]   Downloaded slog v2.7.0
[INFO] [stderr]   Downloaded scc v2.1.5
[INFO] [stderr]   Downloaded redis v0.22.3
[INFO] [stderr]   Downloaded bb8 v0.8.5
[INFO] [stderr]   Downloaded snafu-derive v0.8.5
[INFO] [stderr]   Downloaded triomphe v0.1.11
[INFO] [stderr]   Downloaded quanta v0.12.3
[INFO] [stderr]   Downloaded snafu v0.8.5
[INFO] [stderr]   Downloaded object_store v0.11.0
[INFO] [stderr]   Downloaded moka v0.12.8
[INFO] [stderr]   Downloaded loco-gen v0.11.1
[INFO] [stderr]   Downloaded rrgen v0.5.3
[INFO] [stderr]   Downloaded shared_child v1.0.0
[INFO] [stderr]   Downloaded duct v0.13.7
[INFO] [stderr]   Downloaded cruet v0.13.3
[INFO] [stderr]   Downloaded os_pipe v1.2.0
[INFO] [stderr]   Downloaded raw-cpuid v11.1.0
[INFO] [stderr]   Downloaded email-encoding v0.3.0
[INFO] [stderr]   Downloaded quoted_printable v0.5.1
[INFO] [stderr]   Downloaded lettre v0.11.7
[INFO] [stderr]   Downloaded email_address v0.2.7
[INFO] [stderr]   Downloaded hostname v0.4.0
[INFO] [stderr]   Downloaded tokio-rustls v0.26.0
[INFO] [stderr]   Downloaded byte-unit v4.0.19
[INFO] [stderr]   Downloaded btparse-stable v0.1.2
[INFO] [stderr]   Downloaded chumsky v0.9.3
[INFO] [stderr]   Downloaded jsonwebtoken v9.3.0
[INFO] [stderr]   Downloaded english-to-cron v0.1.2
[INFO] [stderr]   Downloaded duct_sh v0.13.7
[INFO] [stderr]   Downloaded axum-test v16.2.0
[INFO] [stderr]   Downloaded rust-multipart-rfc7578_2 v0.6.1
[INFO] [stderr]   Downloaded reserve-port v2.0.1
[INFO] [stderr]   Downloaded backtrace_printer v1.3.0
[INFO] [stderr]   Downloaded hyper-util v0.1.6
[INFO] [stderr]   Downloaded axum-extra v0.9.3
[INFO] [stderr]   Downloaded rstest v0.21.0
[INFO] [stderr]   Downloaded rstest_macros v0.21.0
[INFO] [stderr]   Downloaded insta v1.39.0
[INFO] [stderr]   Downloaded self_cell v1.0.4
[INFO] [stderr]   Downloaded fluent v0.16.1
[INFO] running `Command { std: "docker" "create" "-v" "/var/lib/crater-agent-workspace/builds/worker-6-tc2/source:/opt/rustwide/workdir:ro,Z" "-v" "/var/lib/crater-agent-workspace/builds/worker-6-tc2/target:/opt/rustwide/target:rw,Z" "-v" "/var/lib/crater-agent-workspace/cargo-home:/opt/rustwide/cargo-home:ro,Z" "-v" "/var/lib/crater-agent-workspace/rustup-home:/opt/rustwide/rustup-home:ro,Z" "-m" "1610612736" "--network" "none" "ghcr.io/rust-lang/crates-build-env/linux@sha256:3111399a4047eeb3a02b7a90e478d715f38a8c6669b5c4b49d30a17385265909" "sleep" "infinity", kill_on_drop: false }`
[INFO] [stdout] 521a10d05f4960dab5a808a20e1db6cf4476c81b91644a99bd97e050a226a5e5
[INFO] running `Command { std: "docker" "start" "521a10d05f4960dab5a808a20e1db6cf4476c81b91644a99bd97e050a226a5e5", kill_on_drop: false }`
[INFO] running `Command { std: "docker" "inspect" "521a10d05f4960dab5a808a20e1db6cf4476c81b91644a99bd97e050a226a5e5", kill_on_drop: false }`
[INFO] running `Command { std: "docker" "exec" "-e" "SOURCE_DIR=/opt/rustwide/workdir" "-e" "CARGO_HOME=/opt/rustwide/cargo-home" "-e" "RUSTUP_HOME=/opt/rustwide/rustup-home" "-e" "CARGO_TARGET_DIR=/opt/rustwide/target" "-w" "/opt/rustwide/workdir" "--user" "0:0" "521a10d05f4960dab5a808a20e1db6cf4476c81b91644a99bd97e050a226a5e5" "/opt/rustwide/cargo-home/bin/cargo" "+5b237c915528dadada3f674b90c7c80368b632be" "metadata" "--no-deps" "--format-version=1", kill_on_drop: false }`
[INFO] running `Command { std: "docker" "inspect" "521a10d05f4960dab5a808a20e1db6cf4476c81b91644a99bd97e050a226a5e5", kill_on_drop: false }`
[INFO] running `Command { std: "docker" "exec" "-e" "SOURCE_DIR=/opt/rustwide/workdir" "-e" "CARGO_HOME=/opt/rustwide/cargo-home" "-e" "RUSTUP_HOME=/opt/rustwide/rustup-home" "-e" "CARGO_TARGET_DIR=/opt/rustwide/target" "-e" "CARGO_INCREMENTAL=0" "-e" "RUST_BACKTRACE=full" "-e" "RUSTFLAGS=--cap-lints=forbid" "-e" "RUSTDOCFLAGS=--cap-lints=forbid" "-w" "/opt/rustwide/workdir" "--user" "0:0" "521a10d05f4960dab5a808a20e1db6cf4476c81b91644a99bd97e050a226a5e5" "/opt/rustwide/cargo-home/bin/cargo" "+5b237c915528dadada3f674b90c7c80368b632be" "check" "--frozen" "--all" "--all-targets" "--message-format=json", kill_on_drop: false }`
[INFO] [stderr]    Compiling serde v1.0.204
[INFO] [stderr]     Checking value-bag v1.9.0
[INFO] [stderr]     Checking itoa v1.0.11
[INFO] [stderr]    Compiling libc v0.2.155
[INFO] [stderr]     Checking bytes v1.7.2
[INFO] [stderr]    Compiling num-traits v0.2.19
[INFO] [stderr]     Checking tracing-core v0.1.32
[INFO] [stderr]     Checking futures-channel v0.3.30
[INFO] [stderr]    Compiling serde_json v1.0.120
[INFO] [stderr]    Compiling serde_derive v1.0.204
[INFO] [stderr]    Compiling thiserror-impl v1.0.63
[INFO] [stderr]    Compiling futures-macro v0.3.30
[INFO] [stderr]    Compiling tokio-macros v2.4.0
[INFO] [stderr]    Compiling tracing-attributes v0.1.27
[INFO] [stderr]     Checking iana-time-zone v0.1.60
[INFO] [stderr]     Checking regex-syntax v0.8.4
[INFO] [stderr]    Compiling time-core v0.1.2
[INFO] [stderr]     Checking log v0.4.22
[INFO] [stderr]     Checking concurrent-queue v2.5.0
[INFO] [stderr]    Compiling libm v0.2.8
[INFO] [stderr]    Compiling time-macros v0.2.18
[INFO] [stderr]     Checking unicode-normalization v0.1.23
[INFO] [stderr]    Compiling ahash v0.8.11
[INFO] [stderr]     Checking unicode-bidi v0.3.15
[INFO] [stderr]    Compiling jobserver v0.1.32
[INFO] [stderr]     Checking spin v0.9.8
[INFO] [stderr]    Compiling aho-corasick v1.1.3
[INFO] [stderr]    Compiling syn v1.0.109
[INFO] [stderr]    Compiling cc v1.1.6
[INFO] [stderr]     Checking getrandom v0.2.15
[INFO] [stderr]     Checking socket2 v0.5.7
[INFO] [stderr]     Checking mio v1.0.1
[INFO] [stderr]     Checking signal-hook-registry v1.4.2
[INFO] [stderr]     Checking rand_core v0.6.4
[INFO] [stderr]     Checking idna v0.5.0
[INFO] [stderr]     Checking allocator-api2 v0.2.18
[INFO] [stderr]     Checking digest v0.10.7
[INFO] [stderr]     Checking rand_chacha v0.3.1
[INFO] [stderr]     Checking event-listener v5.3.1
[INFO] [stderr]     Checking futures-util v0.3.30
[INFO] [stderr]     Checking hashbrown v0.14.5
[INFO] [stderr]     Checking rustls-pki-types v1.7.0
[INFO] [stderr]     Checking rand v0.8.5
[INFO] [stderr]    Compiling displaydoc v0.2.5
[INFO] [stderr]    Compiling bigdecimal v0.4.5
[INFO] [stderr]    Compiling rust_decimal v1.35.0
[INFO] [stderr]    Compiling darling_core v0.20.10
[INFO] [stderr]     Checking url v2.5.2
[INFO] [stderr]     Checking num-integer v0.1.46
[INFO] [stderr]    Compiling async-trait v0.1.81
[INFO] [stderr]     Checking arrayvec v0.7.4
[INFO] [stderr]    Compiling rustls v0.23.12
[INFO] [stderr]     Checking indexmap v2.2.6
[INFO] [stderr]    Compiling tinystr v0.7.6
[INFO] [stderr]    Compiling ring v0.17.8
[INFO] [stderr]     Checking thiserror v1.0.63
[INFO] [stderr]     Checking tracing v0.1.40
[INFO] [stderr]     Checking http v1.1.0
[INFO] [stderr]    Compiling unicase v2.7.0
[INFO] [stderr]    Compiling ucd-trie v0.1.6
[INFO] [stderr]    Compiling regex-automata v0.4.7
[INFO] [stderr]     Checking num-bigint v0.4.6
[INFO] [stderr]    Compiling rustix v0.38.34
[INFO] [stderr]    Compiling pest v2.7.11
[INFO] [stderr]    Compiling unic-langid-impl v0.9.5
[INFO] [stderr]     Checking sha2 v0.10.8
[INFO] [stderr]     Checking rustls-pemfile v2.1.2
[INFO] [stderr]     Checking webpki-roots v0.26.3
[INFO] [stderr]     Checking http-body v1.0.1
[INFO] [stderr]     Checking crossbeam-epoch v0.9.18
[INFO] [stderr]    Compiling proc-macro-hack v0.5.20+deprecated
[INFO] [stderr]    Compiling semver v1.0.23
[INFO] [stderr]     Checking linux-raw-sys v0.4.14
[INFO] [stderr]    Compiling libsqlite3-sys v0.30.1
[INFO] [stderr]     Checking sqlformat v0.2.4
[INFO] [stderr]    Compiling proc-macro-error-attr v1.0.4
[INFO] [stderr]    Compiling zstd-sys v2.0.12+zstd.1.5.6
[INFO] [stderr]     Checking hashlink v0.9.1
[INFO] [stderr]     Checking atoi v2.0.0
[INFO] [stderr]     Checking crossbeam-queue v0.3.11
[INFO] [stderr]     Checking bstr v1.9.1
[INFO] [stderr]     Checking unic-char-range v0.9.0
[INFO] [stderr]    Compiling httparse v1.9.4
[INFO] [stderr]     Checking unic-common v0.9.0
[INFO] [stderr]     Checking siphasher v0.3.11
[INFO] [stderr]     Checking unic-ucd-version v0.9.0
[INFO] [stderr]     Checking unic-char-property v0.9.0
[INFO] [stderr]     Checking anstyle-parse v0.2.4
[INFO] [stderr]     Checking phf_shared v0.11.2
[INFO] [stderr]     Checking crossbeam-deque v0.8.5
[INFO] [stderr]    Compiling pest_meta v2.7.11
[INFO] [stderr]     Checking ordered-float v3.9.2
[INFO] [stderr]     Checking hmac v0.12.1
[INFO] [stderr]    Compiling inherent v1.0.11
[INFO] [stderr]    Compiling proc-macro-error v1.0.4
[INFO] [stderr]    Compiling pin-project-internal v1.1.5
[INFO] [stderr]    Compiling proc-macro2-diagnostics v0.10.1
[INFO] [stderr]     Checking thread_local v1.1.8
[INFO] [stderr]     Checking anstyle v1.0.7
[INFO] [stderr]    Compiling pest_generator v2.7.11
[INFO] [stderr]     Checking anstyle-query v1.1.0
[INFO] [stderr]     Checking colorchoice v1.0.1
[INFO] [stderr]     Checking unicode-properties v0.1.1
[INFO] [stderr]    Compiling rustversion v1.0.17
[INFO] [stderr]     Checking is_terminal_polyfill v1.70.0
[INFO] [stderr]     Checking stringprep v0.1.5
[INFO] [stderr]     Checking anstream v0.6.14
[INFO] [stderr]    Compiling darling_macro v0.20.10
[INFO] [stderr]    Compiling darling v0.20.10
[INFO] [stderr]    Compiling unic-langid-macros-impl v0.9.5
[INFO] [stderr]    Compiling regex v1.10.6
[INFO] [stderr]     Checking globset v0.4.14
[INFO] [stderr]    Compiling sea-query-derive v0.4.2
[INFO] [stderr]    Compiling pest_derive v2.7.11
[INFO] [stderr]     Checking pin-project v1.1.5
[INFO] [stderr]     Checking futures-executor v0.3.30
[INFO] [stderr]    Compiling parse-zoneinfo v0.3.1
[INFO] [stderr]     Checking http-body-util v0.1.2
[INFO] [stderr]     Checking ignore v0.4.22
[INFO] [stderr]     Checking hkdf v0.12.4
[INFO] [stderr]    Compiling mime_guess v2.0.5
[INFO] [stderr]     Checking futures v0.3.30
[INFO] [stderr]     Checking phf v0.11.2
[INFO] [stderr]     Checking unic-ucd-segment v0.9.0
[INFO] [stderr]    Compiling psm v0.1.21
[INFO] [stderr]     Checking event-listener-strategy v0.5.2
[INFO] [stderr]     Checking md-5 v0.10.6
[INFO] [stderr]     Checking flume v0.11.0
[INFO] [stderr]     Checking tracing-log v0.2.0
[INFO] [stderr]     Checking clap_lex v0.7.1
[INFO] [stderr]     Checking home v0.5.9
[INFO] [stderr]     Checking deunicode v1.6.0
[INFO] [stderr]    Compiling chrono-tz-build v0.3.0
[INFO] [stderr]    Compiling zstd-safe v7.2.0
[INFO] [stderr]    Compiling either v1.13.0
[INFO] [stderr]     Checking whoami v1.5.1
[INFO] [stderr]     Checking unic-segment v0.9.0
[INFO] [stderr]     Checking clap_builder v4.5.10
[INFO] [stderr]     Checking slug v0.1.5
[INFO] [stderr]     Checking globwalk v0.9.1
[INFO] [stderr]     Checking unic-langid-macros v0.9.5
[INFO] [stderr]    Compiling itertools v0.12.1
[INFO] [stderr]    Compiling clap_derive v4.5.8
[INFO] [stderr]    Compiling stacker v0.1.15
[INFO] [stderr]     Checking futures-lite v2.3.0
[INFO] [stderr]     Checking humansize v2.1.3
[INFO] [stderr]    Compiling chrono-tz v0.9.0
[INFO] [stderr]     Checking dirs-sys-next v0.1.2
[INFO] [stderr]    Compiling fs-err v2.11.0
[INFO] [stderr]    Compiling cookie v0.18.1
[INFO] [stderr]    Compiling slog v2.7.0
[INFO] [stderr]     Checking unicode-width v0.1.13
[INFO] [stderr]     Checking sync_wrapper v1.0.1
[INFO] [stderr]     Checking console v0.15.8
[INFO] [stderr]     Checking dirs-next v2.0.0
[INFO] [stderr]     Checking miniz_oxide v0.7.4
[INFO] [stderr]     Checking unic-langid v0.9.5
[INFO] [stderr]     Checking brotli-decompressor v4.0.1
[INFO] [stderr]    Compiling sea-bae v0.2.0
[INFO] [stderr]     Checking axum-core v0.4.5
[INFO] [stderr]    Compiling sea-schema-derive v0.3.0
[INFO] [stderr]     Checking os_pipe v1.2.0
[INFO] [stderr]     Checking shared_child v1.0.0
[INFO] [stderr]    Compiling axum-macros v0.4.2
[INFO] [stderr]    Compiling async-stream-impl v0.3.5
[INFO] [stderr]     Checking aliasable v0.1.3
[INFO] [stderr]     Checking rustls-webpki v0.102.6
[INFO] [stderr]     Checking sdd v1.7.0
[INFO] [stderr]     Checking heck v0.4.1
[INFO] [stderr]     Checking scc v2.1.5
[INFO] [stderr]    Compiling sea-orm-macros v1.1.0
[INFO] [stderr]     Checking flate2 v1.0.30
[INFO] [stderr]     Checking async-stream v0.3.5
[INFO] [stderr]     Checking duct v0.13.7
[INFO] [stderr]     Checking brotli v6.0.0
[INFO] [stderr]     Checking smallvec v1.13.2
[INFO] [stderr]     Checking chrono v0.4.38
[INFO] [stderr]     Checking parking_lot_core v0.9.10
[INFO] [stderr] error: could not compile `rustix` (lib)
[INFO] [stderr] 
[INFO] [stderr] Caused by:
[INFO] [stderr]   process didn't exit successfully: `/opt/rustwide/rustup-home/toolchains/5b237c915528dadada3f674b90c7c80368b632be/bin/rustc --crate-name rustix --edition=2021 /opt/rustwide/cargo-home/registry/src/index.crates.io-1949cf8c6b5b557f/rustix-0.38.34/src/lib.rs --error-format=json --json=diagnostic-rendered-ansi,artifacts,future-incompat,unused-externs-silent --crate-type lib --emit=dep-info,metadata -C embed-bitcode=no -C debuginfo=2 --cfg 'feature="alloc"' --cfg 'feature="default"' --cfg 'feature="event"' --cfg 'feature="fs"' --cfg 'feature="libc-extra-traits"' --cfg 'feature="net"' --cfg 'feature="pipe"' --cfg 'feature="process"' --cfg 'feature="std"' --cfg 'feature="time"' --cfg 'feature="use-libc-auxv"' --check-cfg 'cfg(docsrs,test)' --check-cfg 'cfg(feature, values("all-apis", "alloc", "cc", "default", "event", "fs", "io_uring", "itoa", "libc", "libc-extra-traits", "libc_errno", "linux_4_11", "linux_latest", "mm", "mount", "net", "once_cell", "param", "pipe", "process", "procfs", "pty", "rand", "runtime", "rustc-dep-of-std", "shm", "std", "stdio", "system", "termios", "thread", "time", "use-explicitly-provided-auxv", "use-libc", "use-libc-auxv"))' -C metadata=b92ce09b9f6b987d -C extra-filename=-7af55db4c90dc122 --out-dir /opt/rustwide/target/debug/build/rustix/7af55db4c90dc122/out --extern bitflags=/opt/rustwide/target/debug/build/bitflags/2b23c89994425946/out/libbitflags-2b23c89994425946.rmeta --extern linux_raw_sys=/opt/rustwide/target/debug/build/linux-raw-sys/0b325b62feae3f22/out/liblinux_raw_sys-0b325b62feae3f22.rmeta --cap-lints allow --cap-lints=forbid --force-warn=unused_crate_dependencies --cfg static_assertions --cfg linux_raw --cfg linux_like --cfg linux_kernel` (signal: 9, SIGKILL: kill)
[INFO] [stderr] warning: build failed, waiting for other jobs to finish...
[INFO] [stderr] warning: libsqlite3-sys@0.30.1: sqlite3/sqlite3.c: In function 'sqlite3ShadowTableName':
[INFO] [stderr] warning: libsqlite3-sys@0.30.1: sqlite3/sqlite3.c:123928:9: warning: assignment discards 'const' qualifier from pointer target type [-Wdiscarded-qualifiers]
[INFO] [stderr] warning: libsqlite3-sys@0.30.1: 123928 |   zTail = strrchr(zName, '_');
[INFO] [stderr] warning: libsqlite3-sys@0.30.1:        |         ^
[INFO] [stderr] warning: libsqlite3-sys@0.30.1: cc: fatal error: Killed signal terminated program cc1
[INFO] [stderr] warning: libsqlite3-sys@0.30.1: compilation terminated.
[INFO] [stderr] error: failed to run custom build command for `libsqlite3-sys v0.30.1`
[INFO] [stderr] note: To improve backtraces for build dependencies, set the CARGO_PROFILE_DEV_BUILD_OVERRIDE_DEBUG=true environment variable to enable debug information generation.
[INFO] [stderr] 
[INFO] [stderr] Caused by:
[INFO] [stderr]   process didn't exit successfully: `/opt/rustwide/target/debug/build/libsqlite3-sys/fb7f3e24855d19e7/out/build_script_build` (exit status: 1)
[INFO] [stderr]   --- stdout
[INFO] [stderr]   cargo:rerun-if-env-changed=LIBSQLITE3_SYS_USE_PKG_CONFIG
[INFO] [stderr]   cargo:include=/opt/rustwide/cargo-home/registry/src/index.crates.io-1949cf8c6b5b557f/libsqlite3-sys-0.30.1/sqlite3
[INFO] [stderr]   cargo:rerun-if-changed=sqlite3/sqlite3.c
[INFO] [stderr]   cargo:rerun-if-changed=sqlite3/wasm32-wasi-vfs.c
[INFO] [stderr]   cargo:rerun-if-env-changed=SQLITE_MAX_VARIABLE_NUMBER
[INFO] [stderr]   cargo:rerun-if-env-changed=SQLITE_MAX_EXPR_DEPTH
[INFO] [stderr]   cargo:rerun-if-env-changed=SQLITE_MAX_COLUMN
[INFO] [stderr]   cargo:rerun-if-env-changed=LIBSQLITE3_FLAGS
[INFO] [stderr]   OUT_DIR = Some(/opt/rustwide/target/debug/build/libsqlite3-sys/d181a776af730cbf/out)
[INFO] [stderr]   TARGET = Some(x86_64-unknown-linux-gnu)
[INFO] [stderr]   OPT_LEVEL = Some(0)
[INFO] [stderr]   HOST = Some(x86_64-unknown-linux-gnu)
[INFO] [stderr]   cargo:rerun-if-env-changed=CC_x86_64-unknown-linux-gnu
[INFO] [stderr]   CC_x86_64-unknown-linux-gnu = None
[INFO] [stderr]   cargo:rerun-if-env-changed=CC_x86_64_unknown_linux_gnu
[INFO] [stderr]   CC_x86_64_unknown_linux_gnu = None
[INFO] [stderr]   cargo:rerun-if-env-changed=HOST_CC
[INFO] [stderr]   HOST_CC = None
[INFO] [stderr]   cargo:rerun-if-env-changed=CC
[INFO] [stderr]   CC = None
[INFO] [stderr]   cargo:rerun-if-env-changed=CC_ENABLE_DEBUG_OUTPUT
[INFO] [stderr]   RUSTC_WRAPPER = None
[INFO] [stderr]   cargo:rerun-if-env-changed=CRATE_CC_NO_DEFAULTS
[INFO] [stderr]   CRATE_CC_NO_DEFAULTS = None
[INFO] [stderr]   DEBUG = Some(true)
[INFO] [stderr]   CARGO_CFG_TARGET_FEATURE = Some(fxsr,sse,sse2,x87)
[INFO] [stderr]   cargo:rerun-if-env-changed=CFLAGS_x86_64-unknown-linux-gnu
[INFO] [stderr]   CFLAGS_x86_64-unknown-linux-gnu = None
[INFO] [stderr]   cargo:rerun-if-env-changed=CFLAGS_x86_64_unknown_linux_gnu
[INFO] [stderr]   CFLAGS_x86_64_unknown_linux_gnu = None
[INFO] [stderr]   cargo:rerun-if-env-changed=HOST_CFLAGS
[INFO] [stderr]   HOST_CFLAGS = None
[INFO] [stderr]   cargo:rerun-if-env-changed=CFLAGS
[INFO] [stderr]   CFLAGS = None
[INFO] [stderr]   cargo:warning=sqlite3/sqlite3.c: In function 'sqlite3ShadowTableName':
[INFO] [stderr]   cargo:warning=sqlite3/sqlite3.c:123928:9: warning: assignment discards 'const' qualifier from pointer target type [-Wdiscarded-qualifiers]
[INFO] [stderr]   cargo:warning=123928 |   zTail = strrchr(zName, '_');
[INFO] [stderr]   cargo:warning=       |         ^
[INFO] [stderr]   cargo:warning=cc: fatal error: Killed signal terminated program cc1
[INFO] [stderr]   cargo:warning=compilation terminated.
[INFO] [stderr] 
[INFO] [stderr]   --- stderr
[INFO] [stderr] 
[INFO] [stderr] 
[INFO] [stderr]   error occurred: Command "cc" "-O0" "-ffunction-sections" "-fdata-sections" "-fPIC" "-gdwarf-4" "-fno-omit-frame-pointer" "-m64" "-DSQLITE_CORE" "-DSQLITE_DEFAULT_FOREIGN_KEYS=1" "-DSQLITE_ENABLE_API_ARMOR" "-DSQLITE_ENABLE_COLUMN_METADATA" "-DSQLITE_ENABLE_DBSTAT_VTAB" "-DSQLITE_ENABLE_FTS3" "-DSQLITE_ENABLE_FTS3_PARENTHESIS" "-DSQLITE_ENABLE_FTS5" "-DSQLITE_ENABLE_JSON1" "-DSQLITE_ENABLE_LOAD_EXTENSION=1" "-DSQLITE_ENABLE_MEMORY_MANAGEMENT" "-DSQLITE_ENABLE_RTREE" "-DSQLITE_ENABLE_STAT4" "-DSQLITE_SOUNDEX" "-DSQLITE_THREADSAFE=1" "-DSQLITE_USE_URI" "-DHAVE_USLEEP=1" "-DHAVE_ISNAN" "-D_POSIX_THREAD_SAFE_FUNCTIONS" "-DHAVE_LOCALTIME_R" "-DSQLITE_ENABLE_UNLOCK_NOTIFY" "-o" "/opt/rustwide/target/debug/build/libsqlite3-sys/d181a776af730cbf/out/0343851c9008f270-sqlite3.o" "-c" "sqlite3/sqlite3.c" with args cc did not execute successfully (status code exit status: 1).
[INFO] [stderr] 
[INFO] [stderr] 
[INFO] running `Command { std: "docker" "inspect" "521a10d05f4960dab5a808a20e1db6cf4476c81b91644a99bd97e050a226a5e5", kill_on_drop: false }`
[INFO] running `Command { std: "docker" "rm" "-f" "521a10d05f4960dab5a808a20e1db6cf4476c81b91644a99bd97e050a226a5e5", kill_on_drop: false }`
[INFO] [stdout] 521a10d05f4960dab5a808a20e1db6cf4476c81b91644a99bd97e050a226a5e5
