[INFO] cloning repository https://github.com/harofax/wedge_of_life
[INFO] running `Command { std: "git" "-c" "credential.helper=" "-c" "credential.helper=/workspace/cargo-home/bin/git-credential-null" "clone" "--bare" "https://github.com/harofax/wedge_of_life" "/workspace/cache/git-repos/https%3A%2F%2Fgithub.com%2Fharofax%2Fwedge_of_life", kill_on_drop: false }`
[INFO] [stderr] Cloning into bare repository '/workspace/cache/git-repos/https%3A%2F%2Fgithub.com%2Fharofax%2Fwedge_of_life'...
[INFO] running `Command { std: "git" "rev-parse" "HEAD", kill_on_drop: false }`
[INFO] [stdout] 5b34c87fe53750131ab841cd5244e5bad983f6c5
[INFO] checking harofax/wedge_of_life against 5b237c915528dadada3f674b90c7c80368b632be for pr-133502-29
[INFO] running `Command { std: "git" "clone" "/workspace/cache/git-repos/https%3A%2F%2Fgithub.com%2Fharofax%2Fwedge_of_life" "/workspace/builds/worker-1-tc2/source", kill_on_drop: false }`
[INFO] [stderr] Cloning into '/workspace/builds/worker-1-tc2/source'...
[INFO] [stderr] done.
[INFO] started tweaking git repo https://github.com/harofax/wedge_of_life
[INFO] finished tweaking git repo https://github.com/harofax/wedge_of_life
[INFO] tweaked toml for git repo https://github.com/harofax/wedge_of_life written to /workspace/builds/worker-1-tc2/source/Cargo.toml
[INFO] validating manifest of git repo https://github.com/harofax/wedge_of_life on toolchain 5b237c915528dadada3f674b90c7c80368b632be
[INFO] running `Command { std: CARGO_HOME="/workspace/cargo-home" RUSTUP_HOME="/workspace/rustup-home" "/workspace/cargo-home/bin/cargo" "+5b237c915528dadada3f674b90c7c80368b632be" "metadata" "--manifest-path" "Cargo.toml" "--no-deps", kill_on_drop: false }`
[INFO] crate git repo https://github.com/harofax/wedge_of_life already has a lockfile, it will not be regenerated
[INFO] running `Command { std: CARGO_HOME="/workspace/cargo-home" RUSTUP_HOME="/workspace/rustup-home" "/workspace/cargo-home/bin/cargo" "+5b237c915528dadada3f674b90c7c80368b632be" "fetch" "--manifest-path" "Cargo.toml", kill_on_drop: false }`
[INFO] [stderr]     Blocking waiting for file lock on package cache
[INFO] [stderr]     Blocking waiting for file lock on package cache
[INFO] [stderr]  Downloading crates ...
[INFO] [stderr]   Downloaded specs-derive v0.4.1
[INFO] [stderr]   Downloaded tuple_utils v0.3.0
[INFO] [stderr]   Downloaded shred v0.10.2
[INFO] [stderr]   Downloaded shrev v1.1.1
[INFO] [stderr]   Downloaded specs v0.16.1
[INFO] [stderr]   Downloaded ndk-glue v0.1.0
[INFO] [stderr]   Downloaded rusttype v0.7.9
[INFO] [stderr]   Downloaded tynm v0.1.6
[INFO] [stderr]   Downloaded line_drawing v0.7.0
[INFO] [stderr]   Downloaded bracket-lib v0.8.1
[INFO] [stderr]   Downloaded andrew v0.2.1
[INFO] [stderr]   Downloaded mopa v0.2.2
[INFO] [stderr]   Downloaded wayland-sys v0.23.6
[INFO] [stderr]   Downloaded calloop v0.4.4
[INFO] [stderr]   Downloaded wayland-scanner v0.23.6
[INFO] [stderr]   Downloaded wayland-commons v0.23.6
[INFO] [stderr]   Downloaded hibitset v0.6.3
[INFO] [stderr]   Downloaded wasm-timer v0.1.3
[INFO] [stderr]   Downloaded send_wrapper v0.2.0
[INFO] [stderr]   Downloaded ndk v0.1.0
[INFO] [stderr]   Downloaded bytemuck v1.5.0
[INFO] [stderr]   Downloaded crossbeam-utils v0.8.1
[INFO] [stderr]   Downloaded crossbeam-epoch v0.9.1
[INFO] [stderr]   Downloaded rltk v0.8.1
[INFO] [stderr]   Downloaded ultraviolet v0.4.6
[INFO] [stderr]   Downloaded wide v0.4.6
[INFO] [stderr]   Downloaded atom v0.3.6
[INFO] [stderr]   Downloaded wayland-client v0.23.6
[INFO] [stderr]   Downloaded glutin v0.24.1
[INFO] [stderr]   Downloaded smithay-client-toolkit v0.6.6
[INFO] [stderr]   Downloaded wayland-protocols v0.23.6
[INFO] [stderr]   Downloaded gl_generator v0.13.1
[INFO] [stderr]   Downloaded ndk-sys v0.1.0
[INFO] [stderr]   Downloaded slotmap v0.3.0
[INFO] [stderr]   Downloaded futures v0.1.30
[INFO] [stderr]   Downloaded glow v0.4.0
[INFO] [stderr]   Downloaded bracket-geometry v0.8.1
[INFO] [stderr]   Downloaded bracket-random v0.8.0
[INFO] [stderr]   Downloaded bracket-color v0.8.1
[INFO] [stderr]   Downloaded image v0.23.13
[INFO] [stderr]   Downloaded winit v0.22.2
[INFO] [stderr]   Downloaded libc v0.2.85
[INFO] [stderr]   Downloaded bracket-algorithm-traits v0.8.1
[INFO] [stderr]   Downloaded rand_xorshift v0.2.0
[INFO] [stderr]   Downloaded bracket-pathfinding v0.8.1
[INFO] [stderr]   Downloaded bracket-noise v0.8.1
[INFO] [stderr]   Downloaded console_error_panic_hook v0.1.6
[INFO] [stderr]   Downloaded object-pool v0.4.4
[INFO] [stderr]   Downloaded bracket-terminal v0.8.1
[INFO] running `Command { std: "docker" "create" "-v" "/var/lib/crater-agent-workspace/builds/worker-1-tc2/source:/opt/rustwide/workdir:ro,Z" "-v" "/var/lib/crater-agent-workspace/builds/worker-1-tc2/target:/opt/rustwide/target:rw,Z" "-v" "/var/lib/crater-agent-workspace/cargo-home:/opt/rustwide/cargo-home:ro,Z" "-v" "/var/lib/crater-agent-workspace/rustup-home:/opt/rustwide/rustup-home:ro,Z" "-m" "1610612736" "--network" "none" "ghcr.io/rust-lang/crates-build-env/linux@sha256:3111399a4047eeb3a02b7a90e478d715f38a8c6669b5c4b49d30a17385265909" "sleep" "infinity", kill_on_drop: false }`
[INFO] [stdout] 57f103aff98183e777461640cea5b9f2cf3ada6e08d971c2dd2f8b1ac3207d35
[INFO] running `Command { std: "docker" "start" "57f103aff98183e777461640cea5b9f2cf3ada6e08d971c2dd2f8b1ac3207d35", kill_on_drop: false }`
[INFO] running `Command { std: "docker" "inspect" "57f103aff98183e777461640cea5b9f2cf3ada6e08d971c2dd2f8b1ac3207d35", kill_on_drop: false }`
[INFO] running `Command { std: "docker" "exec" "-e" "SOURCE_DIR=/opt/rustwide/workdir" "-e" "CARGO_HOME=/opt/rustwide/cargo-home" "-e" "RUSTUP_HOME=/opt/rustwide/rustup-home" "-e" "CARGO_TARGET_DIR=/opt/rustwide/target" "-w" "/opt/rustwide/workdir" "--user" "0:0" "57f103aff98183e777461640cea5b9f2cf3ada6e08d971c2dd2f8b1ac3207d35" "/opt/rustwide/cargo-home/bin/cargo" "+5b237c915528dadada3f674b90c7c80368b632be" "metadata" "--no-deps" "--format-version=1", kill_on_drop: false }`
[INFO] running `Command { std: "docker" "inspect" "57f103aff98183e777461640cea5b9f2cf3ada6e08d971c2dd2f8b1ac3207d35", kill_on_drop: false }`
[INFO] running `Command { std: "docker" "exec" "-e" "SOURCE_DIR=/opt/rustwide/workdir" "-e" "CARGO_HOME=/opt/rustwide/cargo-home" "-e" "RUSTUP_HOME=/opt/rustwide/rustup-home" "-e" "CARGO_TARGET_DIR=/opt/rustwide/target" "-e" "CARGO_INCREMENTAL=0" "-e" "RUST_BACKTRACE=full" "-e" "RUSTFLAGS=--cap-lints=forbid" "-e" "RUSTDOCFLAGS=--cap-lints=forbid" "-w" "/opt/rustwide/workdir" "--user" "0:0" "57f103aff98183e777461640cea5b9f2cf3ada6e08d971c2dd2f8b1ac3207d35" "/opt/rustwide/cargo-home/bin/cargo" "+5b237c915528dadada3f674b90c7c80368b632be" "check" "--frozen" "--all" "--all-targets" "--message-format=json", kill_on_drop: false }`
[INFO] [stderr]    Compiling libc v0.2.85
[INFO] [stderr]    Compiling xml-rs v0.8.3
[INFO] [stderr]    Compiling maybe-uninit v2.0.0
[INFO] [stderr]    Compiling num-traits v0.2.14
[INFO] [stderr]    Compiling khronos_api v3.1.0
[INFO] [stderr]    Compiling proc-macro2 v0.4.30
[INFO] [stderr]    Compiling log v0.4.14
[INFO] [stderr]     Checking byteorder v1.4.2
[INFO] [stderr]    Compiling crossbeam-utils v0.7.2
[INFO] [stderr]    Compiling nix v0.14.1
[INFO] [stderr]    Compiling memchr v2.3.4
[INFO] [stderr]     Checking libloading v0.6.7
[INFO] [stderr]     Checking void v1.0.2
[INFO] [stderr]    Compiling crossbeam-utils v0.8.1
[INFO] [stderr]     Checking net2 v0.2.37
[INFO] [stderr]     Checking iovec v0.1.4
[INFO] [stderr]     Checking dlib v0.4.2
[INFO] [stderr]    Compiling gl_generator v0.14.0
[INFO] [stderr]     Checking mio v0.6.23
[INFO] [stderr]    Compiling getrandom v0.1.16
[INFO] [stderr]     Checking lazycell v1.3.0
[INFO] [stderr]    Compiling quote v0.6.13
[INFO] [stderr]     Checking approx v0.3.2
[INFO] [stderr]     Checking ordered-float v1.1.1
[INFO] [stderr]     Checking wayland-sys v0.23.6
[INFO] [stderr]    Compiling wayland-scanner v0.23.6
[INFO] [stderr]     Checking stb_truetype v0.3.1
[INFO] [stderr]     Checking lock_api v0.3.4
[INFO] [stderr]    Compiling memoffset v0.5.6
[INFO] [stderr]    Compiling memoffset v0.6.1
[INFO] [stderr]    Compiling wide v0.4.6
[INFO] [stderr]    Compiling const_fn v0.4.5
[INFO] [stderr]     Checking bytemuck v1.5.0
[INFO] [stderr]    Compiling x11-dl v2.18.5
[INFO] [stderr]     Checking mio-extras v2.0.6
[INFO] [stderr]     Checking rusttype v0.8.3
[INFO] [stderr]    Compiling num-integer v0.1.44
[INFO] [stderr]    Compiling crossbeam-epoch v0.8.2
[INFO] [stderr]    Compiling crc32fast v1.2.1
[INFO] [stderr]     Checking walkdir v2.3.1
[INFO] [stderr]     Checking rand_core v0.5.1
[INFO] [stderr]     Checking rusttype v0.7.9
[INFO] [stderr]     Checking line_drawing v0.7.0
[INFO] [stderr]     Checking parking_lot_core v0.7.2
[INFO] [stdout] error[E0432]: unresolved import `core::intrinsics::exp2f32`
[INFO] [stdout]    --> /opt/rustwide/cargo-home/registry/src/index.crates.io-1949cf8c6b5b557f/wide-0.4.6/src/m_f32x4.rs:341:11
[INFO] [stdout]     |
[INFO] [stdout] 341 |       use core::intrinsics::exp2f32;
[INFO] [stdout]     |           ^^^^^^^^^^^^^^^^^^-------
[INFO] [stdout]     |                             |
[INFO] [stdout]     |                             no `exp2f32` in `intrinsics`
[INFO] [stdout] 
[INFO] [stdout] 
[INFO] [stdout] error[E0432]: unresolved import `core::intrinsics::expf32`
[INFO] [stdout]    --> /opt/rustwide/cargo-home/registry/src/index.crates.io-1949cf8c6b5b557f/wide-0.4.6/src/m_f32x4.rs:356:11
[INFO] [stdout]     |
[INFO] [stdout] 356 |       use core::intrinsics::expf32;
[INFO] [stdout]     |           ^^^^^^^^^^^^^^^^^^------
[INFO] [stdout]     |                             |
[INFO] [stdout]     |                             no `expf32` in `intrinsics`
[INFO] [stdout]     |
[INFO] [stdout] help: a similar name exists in the module
[INFO] [stdout]     |
[INFO] [stdout] 356 -       use core::intrinsics::expf32;
[INFO] [stdout] 356 +       use core::intrinsics::exp2;
[INFO] [stdout]     |
[INFO] [stdout] 
[INFO] [stdout] 
[INFO] [stdout] error[E0432]: unresolved import `core::intrinsics::log10f32`
[INFO] [stdout]    --> /opt/rustwide/cargo-home/registry/src/index.crates.io-1949cf8c6b5b557f/wide-0.4.6/src/m_f32x4.rs:371:11
[INFO] [stdout]     |
[INFO] [stdout] 371 |       use core::intrinsics::log10f32;
[INFO] [stdout]     |           ^^^^^^^^^^^^^^^^^^--------
[INFO] [stdout]     |                             |
[INFO] [stdout]     |                             no `log10f32` in `intrinsics`
[INFO] [stdout] 
[INFO] [stdout] 
[INFO] [stdout] error[E0432]: unresolved import `core::intrinsics::log2f32`
[INFO] [stdout]    --> /opt/rustwide/cargo-home/registry/src/index.crates.io-1949cf8c6b5b557f/wide-0.4.6/src/m_f32x4.rs:386:11
[INFO] [stdout]     |
[INFO] [stdout] 386 |       use core::intrinsics::log2f32;
[INFO] [stdout]     |           ^^^^^^^^^^^^^^^^^^-------
[INFO] [stdout]     |                             |
[INFO] [stdout]     |                             no `log2f32` in `intrinsics`
[INFO] [stdout] 
[INFO] [stdout] 
[INFO] [stdout] error[E0432]: unresolved import `core::intrinsics::logf32`
[INFO] [stdout]    --> /opt/rustwide/cargo-home/registry/src/index.crates.io-1949cf8c6b5b557f/wide-0.4.6/src/m_f32x4.rs:422:11
[INFO] [stdout]     |
[INFO] [stdout] 422 |       use core::intrinsics::logf32;
[INFO] [stdout]     |           ^^^^^^^^^^^^^^^^^^------
[INFO] [stdout]     |                             |
[INFO] [stdout]     |                             no `logf32` in `intrinsics`
[INFO] [stdout]     |
[INFO] [stdout] help: a similar name exists in the module
[INFO] [stdout]     |
[INFO] [stdout] 422 -       use core::intrinsics::logf32;
[INFO] [stdout] 422 +       use core::intrinsics::powf32;
[INFO] [stdout]     |
[INFO] [stdout] 
[INFO] [stdout] 
[INFO] [stderr]    Compiling parking_lot_core v0.6.2
[INFO] [stderr]     Checking adler32 v1.2.0
[INFO] [stdout] error[E0635]: unknown feature `stdsimd`
[INFO] [stdout]  --> /opt/rustwide/cargo-home/registry/src/index.crates.io-1949cf8c6b5b557f/wide-0.4.6/src/lib.rs:3:52
[INFO] [stdout]   |
[INFO] [stdout] 3 | #![cfg_attr(feature = "toolchain_nightly", feature(stdsimd))]
[INFO] [stdout]   |                                                    ^^^^^^^
[INFO] [stdout] 
[INFO] [stdout] 
[INFO] [stderr]     Checking xdg v2.2.0
[INFO] [stderr]    Compiling cc v1.0.66
[INFO] [stderr]    Compiling rayon-core v1.9.0
[INFO] [stderr]     Checking crossbeam-epoch v0.9.1
[INFO] [stderr]     Checking parking_lot v0.10.2
[INFO] [stdout] Some errors have detailed explanations: E0432, E0635.
[INFO] [stdout] 
[INFO] [stdout] For more information about an error, try `rustc --explain E0432`.
[INFO] [stdout] 
[INFO] [stderr] error: could not compile `wide` (lib) due to 6 previous errors
[INFO] [stderr] warning: build failed, waiting for other jobs to finish...
[INFO] running `Command { std: "docker" "inspect" "57f103aff98183e777461640cea5b9f2cf3ada6e08d971c2dd2f8b1ac3207d35", kill_on_drop: false }`
[INFO] running `Command { std: "docker" "rm" "-f" "57f103aff98183e777461640cea5b9f2cf3ada6e08d971c2dd2f8b1ac3207d35", kill_on_drop: false }`
[INFO] [stdout] 57f103aff98183e777461640cea5b9f2cf3ada6e08d971c2dd2f8b1ac3207d35
