[INFO] cloning repository https://github.com/davidmovas/rust-demo-web-server
[INFO] running `Command { std: "git" "-c" "credential.helper=" "-c" "credential.helper=/workspace/cargo-home/bin/git-credential-null" "clone" "--bare" "https://github.com/davidmovas/rust-demo-web-server" "/workspace/cache/git-repos/https%3A%2F%2Fgithub.com%2Fdavidmovas%2Frust-demo-web-server", kill_on_drop: false }`
[INFO] [stderr] Cloning into bare repository '/workspace/cache/git-repos/https%3A%2F%2Fgithub.com%2Fdavidmovas%2Frust-demo-web-server'...
[INFO] running `Command { std: "git" "rev-parse" "HEAD", kill_on_drop: false }`
[INFO] [stdout] e0c5127e42f4ba3afcbdda6c464a035aedba428d
[INFO] checking davidmovas/rust-demo-web-server against 5b237c915528dadada3f674b90c7c80368b632be for pr-133502-29
[INFO] running `Command { std: "git" "clone" "/workspace/cache/git-repos/https%3A%2F%2Fgithub.com%2Fdavidmovas%2Frust-demo-web-server" "/workspace/builds/worker-7-tc2/source", kill_on_drop: false }`
[INFO] [stderr] Cloning into '/workspace/builds/worker-7-tc2/source'...
[INFO] [stderr] done.
[INFO] started tweaking git repo https://github.com/davidmovas/rust-demo-web-server
[INFO] finished tweaking git repo https://github.com/davidmovas/rust-demo-web-server
[INFO] tweaked toml for git repo https://github.com/davidmovas/rust-demo-web-server written to /workspace/builds/worker-7-tc2/source/Cargo.toml
[INFO] validating manifest of git repo https://github.com/davidmovas/rust-demo-web-server on toolchain 5b237c915528dadada3f674b90c7c80368b632be
[INFO] running `Command { std: CARGO_HOME="/workspace/cargo-home" RUSTUP_HOME="/workspace/rustup-home" "/workspace/cargo-home/bin/cargo" "+5b237c915528dadada3f674b90c7c80368b632be" "metadata" "--manifest-path" "Cargo.toml" "--no-deps", kill_on_drop: false }`
[INFO] crate git repo https://github.com/davidmovas/rust-demo-web-server already has a lockfile, it will not be regenerated
[INFO] running `Command { std: CARGO_HOME="/workspace/cargo-home" RUSTUP_HOME="/workspace/rustup-home" "/workspace/cargo-home/bin/cargo" "+5b237c915528dadada3f674b90c7c80368b632be" "fetch" "--manifest-path" "Cargo.toml", kill_on_drop: false }`
[INFO] [stderr]     Blocking waiting for file lock on package cache
[INFO] [stderr]     Blocking waiting for file lock on package cache
[INFO] [stderr]  Downloading crates ...
[INFO] [stderr]   Downloaded validator_types v0.16.0
[INFO] [stderr]   Downloaded validator v0.16.1
[INFO] [stderr]   Downloaded compression-core v0.4.28
[INFO] [stderr]   Downloaded compression-codecs v0.4.28
[INFO] [stderr]   Downloaded async-compression v0.4.28
[INFO] [stderr]   Downloaded redis v0.23.3
[INFO] [stderr]   Downloaded validator_derive v0.16.0
[INFO] running `Command { std: "docker" "create" "-v" "/var/lib/crater-agent-workspace/builds/worker-7-tc2/source:/opt/rustwide/workdir:ro,Z" "-v" "/var/lib/crater-agent-workspace/builds/worker-7-tc2/target:/opt/rustwide/target:rw,Z" "-v" "/var/lib/crater-agent-workspace/cargo-home:/opt/rustwide/cargo-home:ro,Z" "-v" "/var/lib/crater-agent-workspace/rustup-home:/opt/rustwide/rustup-home:ro,Z" "-m" "1610612736" "--network" "none" "ghcr.io/rust-lang/crates-build-env/linux@sha256:3111399a4047eeb3a02b7a90e478d715f38a8c6669b5c4b49d30a17385265909" "sleep" "infinity", kill_on_drop: false }`
[INFO] [stdout] 10c739776d0c8306be34fd76da8744837182a372e6549f7cea7df793455054ef
[INFO] running `Command { std: "docker" "start" "10c739776d0c8306be34fd76da8744837182a372e6549f7cea7df793455054ef", kill_on_drop: false }`
[INFO] running `Command { std: "docker" "inspect" "10c739776d0c8306be34fd76da8744837182a372e6549f7cea7df793455054ef", kill_on_drop: false }`
[INFO] running `Command { std: "docker" "exec" "-e" "SOURCE_DIR=/opt/rustwide/workdir" "-e" "CARGO_HOME=/opt/rustwide/cargo-home" "-e" "RUSTUP_HOME=/opt/rustwide/rustup-home" "-e" "CARGO_TARGET_DIR=/opt/rustwide/target" "-w" "/opt/rustwide/workdir" "--user" "0:0" "10c739776d0c8306be34fd76da8744837182a372e6549f7cea7df793455054ef" "/opt/rustwide/cargo-home/bin/cargo" "+5b237c915528dadada3f674b90c7c80368b632be" "metadata" "--no-deps" "--format-version=1", kill_on_drop: false }`
[INFO] running `Command { std: "docker" "inspect" "10c739776d0c8306be34fd76da8744837182a372e6549f7cea7df793455054ef", kill_on_drop: false }`
[INFO] running `Command { std: "docker" "exec" "-e" "SOURCE_DIR=/opt/rustwide/workdir" "-e" "CARGO_HOME=/opt/rustwide/cargo-home" "-e" "RUSTUP_HOME=/opt/rustwide/rustup-home" "-e" "CARGO_TARGET_DIR=/opt/rustwide/target" "-e" "CARGO_INCREMENTAL=0" "-e" "RUST_BACKTRACE=full" "-e" "RUSTFLAGS=--cap-lints=forbid" "-e" "RUSTDOCFLAGS=--cap-lints=forbid" "-w" "/opt/rustwide/workdir" "--user" "0:0" "10c739776d0c8306be34fd76da8744837182a372e6549f7cea7df793455054ef" "/opt/rustwide/cargo-home/bin/cargo" "+5b237c915528dadada3f674b90c7c80368b632be" "check" "--frozen" "--all" "--all-targets" "--message-format=json", kill_on_drop: false }`
[INFO] [stderr]     Checking serde v1.0.219
[INFO] [stderr]    Compiling jobserver v0.1.34
[INFO] [stderr]     Checking parking_lot_core v0.9.11
[INFO] [stderr]     Checking futures-util v0.3.31
[INFO] [stderr]     Checking tracing v0.1.41
[INFO] [stderr]    Compiling ahash v0.7.8
[INFO] [stderr]    Compiling pest v2.8.1
[INFO] [stderr]     Checking miniz_oxide v0.8.9
[INFO] [stderr]    Compiling syn v1.0.109
[INFO] [stderr]    Compiling aho-corasick v1.1.3
[INFO] [stderr]     Checking regex-syntax v0.8.6
[INFO] [stderr]    Compiling time-core v0.1.4
[INFO] [stderr]    Compiling mime_guess v2.0.5
[INFO] [stderr]     Checking rand_chacha v0.3.1
[INFO] [stderr]    Compiling proc-macro-error-attr v1.0.4
[INFO] [stderr]    Compiling time-macros v0.2.22
[INFO] [stderr]     Checking crypto-common v0.1.6
[INFO] [stderr]     Checking parking_lot v0.12.4
[INFO] [stderr]    Compiling cc v1.2.34
[INFO] [stderr]     Checking num-integer v0.1.46
[INFO] [stderr]    Compiling pin-project-internal v1.1.10
[INFO] [stderr]     Checking hashbrown v0.12.3
[INFO] [stderr]     Checking tokio v1.47.1
[INFO] [stderr]     Checking compression-core v0.4.28
[INFO] [stderr]     Checking flate2 v1.1.2
[INFO] [stderr]     Checking dlv-list v0.3.0
[INFO] [stderr]     Checking num-bigint v0.4.6
[INFO] [stderr]     Checking digest v0.10.7
[INFO] [stderr]     Checking rand v0.8.5
[INFO] [stderr]     Checking unicode-normalization v0.1.24
[INFO] [stderr]     Checking ordered-multimap v0.4.3
[INFO] [stderr]    Compiling pest_meta v2.8.1
[INFO] [stderr]     Checking unicode-bidi v0.3.18
[INFO] [stderr]    Compiling if_chain v1.0.2
[INFO] [stderr]     Checking pem v3.0.5
[INFO] [stderr]     Checking time v0.3.41
[INFO] [stderr]     Checking pin-project v1.1.10
[INFO] [stderr]     Checking nom v7.1.3
[INFO] [stderr]     Checking password-hash v0.5.0
[INFO] [stderr]     Checking rust-ini v0.18.0
[INFO] [stderr]     Checking blake2 v0.10.6
[INFO] [stderr]     Checking idna v0.4.0
[INFO] [stderr]     Checking regex-automata v0.4.10
[INFO] [stderr]     Checking getrandom v0.3.3
[INFO] [stderr]     Checking socket2 v0.4.10
[INFO] [stderr]     Checking sha1_smol v1.0.1
[INFO] [stderr]     Checking arc-swap v1.7.1
[INFO] [stderr]     Checking argon2 v0.5.3
[INFO] [stderr]     Checking thiserror v1.0.69
[INFO] [stderr]     Checking tower v0.4.13
[INFO] [stderr]     Checking dotenv v0.15.0
[INFO] [stderr]    Compiling proc-macro-error v1.0.4
[INFO] [stderr]    Compiling validator_types v0.16.0
[INFO] [stderr]    Compiling zstd-sys v2.0.15+zstd.1.5.7
[INFO] [stderr]    Compiling ring v0.17.14
[INFO] [stderr]    Compiling pest_generator v2.8.1
[INFO] [stderr]    Compiling pest_derive v2.8.1
[INFO] [stderr]     Checking regex v1.11.2
[INFO] [stderr]     Checking futures-executor v0.3.31
[INFO] [stderr]     Checking multer v3.1.0
[INFO] [stderr]     Checking axum-core v0.4.5
[INFO] [stderr]     Checking futures v0.3.31
[INFO] [stderr]     Checking serde_json v1.0.143
[INFO] [stderr]     Checking url v2.5.7
[INFO] [stderr]     Checking simple_asn1 v0.6.3
[INFO] [stderr]     Checking json5 v0.4.1
[INFO] [stderr]     Checking ron v0.7.1
[INFO] [stderr]     Checking serde_path_to_error v0.1.17
[INFO] [stderr]     Checking serde_urlencoded v0.7.1
[INFO] [stderr]     Checking toml v0.5.11
[INFO] [stderr]     Checking tracing-subscriber v0.3.19
[INFO] [stderr]     Checking uuid v1.18.0
[INFO] [stderr]     Checking chrono v0.4.41
[INFO] [stderr]     Checking config v0.13.4
[INFO] [stderr]    Compiling validator_derive v0.16.0
[INFO] [stderr]     Checking tokio-util v0.7.16
[INFO] [stderr]     Checking hyper v1.7.0
[INFO] [stderr]     Checking tower v0.5.2
[INFO] [stderr]     Checking tokio-retry v0.3.0
[INFO] [stderr]     Checking jsonwebtoken v9.3.1
[INFO] [stderr]     Checking validator v0.16.1
[INFO] [stderr]     Checking combine v4.6.7
[INFO] [stderr]     Checking hyper-util v0.1.16
[INFO] [stderr]    Compiling zstd-safe v7.2.4
[INFO] [stderr]     Checking axum v0.7.9
[INFO] [stderr]     Checking zstd v0.13.3
[INFO] [stderr]     Checking compression-codecs v0.4.28
[INFO] [stderr]     Checking async-compression v0.4.28
[INFO] [stderr]     Checking tower-http v0.5.2
[INFO] [stderr]     Checking redis v0.23.3
[INFO] [stdout] error[E0277]: the trait bound `!: FromRedisValue` is not satisfied
[INFO] [stdout]    --> /opt/rustwide/cargo-home/registry/src/index.crates.io-1949cf8c6b5b557f/redis-0.23.3/src/script.rs:176:21
[INFO] [stdout]     |
[INFO] [stdout] 176 |                     self.load_cmd().query_async(con).await?;
[INFO] [stdout]     |                     ^^^^^^^^^^^^^^^^^^^^^^^^^^^^^^^^ the trait `FromRedisValue` is not implemented for `!`
[INFO] [stdout]     |
[INFO] [stdout]     = help: the following other types implement trait `FromRedisValue`:
[INFO] [stdout]               ()
[INFO] [stdout]               (T12,)
[INFO] [stdout]               (T11, T12)
[INFO] [stdout]               (T10, T11, T12)
[INFO] [stdout]               (T9, T10, T11, T12)
[INFO] [stdout]               (T8, T9, T10, T11, T12)
[INFO] [stdout]               (T7, T8, T9, T10, T11, T12)
[INFO] [stdout]               (T6, T7, T8, T9, T10, T11, T12)
[INFO] [stdout]             and 42 others
[INFO] [stdout]     = note: this error might have been caused by changes to Rust's type-inference algorithm (see issue #148922 <https://github.com/rust-lang/rust/issues/148922> for more information)
[INFO] [stdout]     = help: you might have intended to use the type `()` here instead
[INFO] [stdout] note: required by a bound in `Cmd::query_async`
[INFO] [stdout]    --> /opt/rustwide/cargo-home/registry/src/index.crates.io-1949cf8c6b5b557f/redis-0.23.3/src/cmd.rs:429:36
[INFO] [stdout]     |
[INFO] [stdout] 320 | impl Cmd {
[INFO] [stdout] ...
[INFO] [stdout] 429 |     pub async fn query_async<C, T: FromRedisValue>(&self, con: &mut C) -> RedisResult<T>
[INFO] [stdout]     |                                    ^^^^^^^^^^^^^^ required by this bound in `Cmd::query_async`
[INFO] [stdout] 
[INFO] [stdout] 
[INFO] [stdout] error[E0277]: the trait bound `!: FromRedisValue` is not satisfied
[INFO] [stdout]    --> /opt/rustwide/cargo-home/registry/src/index.crates.io-1949cf8c6b5b557f/redis-0.23.3/src/script.rs:176:37
[INFO] [stdout]     |
[INFO] [stdout] 176 |                     self.load_cmd().query_async(con).await?;
[INFO] [stdout]     |                                     ^^^^^^^^^^^ the trait `FromRedisValue` is not implemented for `!`
[INFO] [stdout]     |
[INFO] [stdout]     = help: the following other types implement trait `FromRedisValue`:
[INFO] [stdout]               ()
[INFO] [stdout]               (T12,)
[INFO] [stdout]               (T11, T12)
[INFO] [stdout]               (T10, T11, T12)
[INFO] [stdout]               (T9, T10, T11, T12)
[INFO] [stdout]               (T8, T9, T10, T11, T12)
[INFO] [stdout]               (T7, T8, T9, T10, T11, T12)
[INFO] [stdout]               (T6, T7, T8, T9, T10, T11, T12)
[INFO] [stdout]             and 42 others
[INFO] [stdout]     = note: this error might have been caused by changes to Rust's type-inference algorithm (see issue #148922 <https://github.com/rust-lang/rust/issues/148922> for more information)
[INFO] [stdout]     = help: you might have intended to use the type `()` here instead
[INFO] [stdout] note: required by a bound in `Cmd::query_async`
[INFO] [stdout]    --> /opt/rustwide/cargo-home/registry/src/index.crates.io-1949cf8c6b5b557f/redis-0.23.3/src/cmd.rs:429:36
[INFO] [stdout]     |
[INFO] [stdout] 320 | impl Cmd {
[INFO] [stdout] ...
[INFO] [stdout] 429 |     pub async fn query_async<C, T: FromRedisValue>(&self, con: &mut C) -> RedisResult<T>
[INFO] [stdout]     |                                    ^^^^^^^^^^^^^^ required by this bound in `Cmd::query_async`
[INFO] [stdout] 
[INFO] [stdout] 
[INFO] [stdout] error[E0277]: the trait bound `!: FromRedisValue` is not satisfied
[INFO] [stdout]    --> /opt/rustwide/cargo-home/registry/src/index.crates.io-1949cf8c6b5b557f/redis-0.23.3/src/script.rs:176:54
[INFO] [stdout]     |
[INFO] [stdout] 176 |                     self.load_cmd().query_async(con).await?;
[INFO] [stdout]     |                                                      ^^^^^ the trait `FromRedisValue` is not implemented for `!`
[INFO] [stdout]     |
[INFO] [stdout]     = help: the following other types implement trait `FromRedisValue`:
[INFO] [stdout]               ()
[INFO] [stdout]               (T12,)
[INFO] [stdout]               (T11, T12)
[INFO] [stdout]               (T10, T11, T12)
[INFO] [stdout]               (T9, T10, T11, T12)
[INFO] [stdout]               (T8, T9, T10, T11, T12)
[INFO] [stdout]               (T7, T8, T9, T10, T11, T12)
[INFO] [stdout]               (T6, T7, T8, T9, T10, T11, T12)
[INFO] [stdout]             and 42 others
[INFO] [stdout]     = note: this error might have been caused by changes to Rust's type-inference algorithm (see issue #148922 <https://github.com/rust-lang/rust/issues/148922> for more information)
[INFO] [stdout]     = help: you might have intended to use the type `()` here instead
[INFO] [stdout] note: required by a bound in `Cmd::query_async`
[INFO] [stdout]    --> /opt/rustwide/cargo-home/registry/src/index.crates.io-1949cf8c6b5b557f/redis-0.23.3/src/cmd.rs:429:36
[INFO] [stdout]     |
[INFO] [stdout] 320 | impl Cmd {
[INFO] [stdout] ...
[INFO] [stdout] 429 |     pub async fn query_async<C, T: FromRedisValue>(&self, con: &mut C) -> RedisResult<T>
[INFO] [stdout]     |                                    ^^^^^^^^^^^^^^ required by this bound in `Cmd::query_async`
[INFO] [stdout] 
[INFO] [stdout] 
[INFO] [stdout] error[E0277]: the trait bound `!: FromRedisValue` is not satisfied
[INFO] [stdout]    --> /opt/rustwide/cargo-home/registry/src/index.crates.io-1949cf8c6b5b557f/redis-0.23.3/src/script.rs:150:37
[INFO] [stdout]     |
[INFO] [stdout] 150 |                     self.load_cmd().query(con)?;
[INFO] [stdout]     |                                     ^^^^^ the trait `FromRedisValue` is not implemented for `!`
[INFO] [stdout]     |
[INFO] [stdout]     = help: the following other types implement trait `FromRedisValue`:
[INFO] [stdout]               ()
[INFO] [stdout]               (T12,)
[INFO] [stdout]               (T11, T12)
[INFO] [stdout]               (T10, T11, T12)
[INFO] [stdout]               (T9, T10, T11, T12)
[INFO] [stdout]               (T8, T9, T10, T11, T12)
[INFO] [stdout]               (T7, T8, T9, T10, T11, T12)
[INFO] [stdout]               (T6, T7, T8, T9, T10, T11, T12)
[INFO] [stdout]             and 42 others
[INFO] [stdout]     = note: this error might have been caused by changes to Rust's type-inference algorithm (see issue #148922 <https://github.com/rust-lang/rust/issues/148922> for more information)
[INFO] [stdout]     = help: you might have intended to use the type `()` here instead
[INFO] [stdout] note: required by a bound in `Cmd::query`
[INFO] [stdout]    --> /opt/rustwide/cargo-home/registry/src/index.crates.io-1949cf8c6b5b557f/redis-0.23.3/src/cmd.rs:419:21
[INFO] [stdout]     |
[INFO] [stdout] 320 | impl Cmd {
[INFO] [stdout] ...
[INFO] [stdout] 419 |     pub fn query<T: FromRedisValue>(&self, con: &mut dyn ConnectionLike) -> RedisResult<T> {
[INFO] [stdout]     |                     ^^^^^^^^^^^^^^ required by this bound in `Cmd::query`
[INFO] [stdout] 
[INFO] [stdout] 
[INFO] [stdout] For more information about this error, try `rustc --explain E0277`.
[INFO] [stdout] 
[INFO] [stderr] error: could not compile `redis` (lib) due to 4 previous errors; 1 warning emitted
[INFO] running `Command { std: "docker" "inspect" "10c739776d0c8306be34fd76da8744837182a372e6549f7cea7df793455054ef", kill_on_drop: false }`
[INFO] running `Command { std: "docker" "rm" "-f" "10c739776d0c8306be34fd76da8744837182a372e6549f7cea7df793455054ef", kill_on_drop: false }`
[INFO] [stdout] 10c739776d0c8306be34fd76da8744837182a372e6549f7cea7df793455054ef
