[INFO] cloning repository https://github.com/danielaperalesestrada/hnswlib
[INFO] running `Command { std: "git" "-c" "credential.helper=" "-c" "credential.helper=/workspace/cargo-home/bin/git-credential-null" "clone" "--bare" "https://github.com/danielaperalesestrada/hnswlib" "/workspace/cache/git-repos/https%3A%2F%2Fgithub.com%2Fdanielaperalesestrada%2Fhnswlib", kill_on_drop: false }`
[INFO] [stderr] Cloning into bare repository '/workspace/cache/git-repos/https%3A%2F%2Fgithub.com%2Fdanielaperalesestrada%2Fhnswlib'...
[INFO] running `Command { std: "git" "rev-parse" "HEAD", kill_on_drop: false }`
[INFO] [stdout] 02b86f8435797f16bd955e59dd14a23323ec35b1
[INFO] checking danielaperalesestrada/hnswlib against 5b237c915528dadada3f674b90c7c80368b632be for pr-133502-29
[INFO] running `Command { std: "git" "clone" "/workspace/cache/git-repos/https%3A%2F%2Fgithub.com%2Fdanielaperalesestrada%2Fhnswlib" "/workspace/builds/worker-6-tc2/source", kill_on_drop: false }`
[INFO] [stderr] Cloning into '/workspace/builds/worker-6-tc2/source'...
[INFO] [stderr] done.
[INFO] started tweaking git repo https://github.com/danielaperalesestrada/hnswlib
[INFO] finished tweaking git repo https://github.com/danielaperalesestrada/hnswlib
[INFO] tweaked toml for git repo https://github.com/danielaperalesestrada/hnswlib written to /workspace/builds/worker-6-tc2/source/Cargo.toml
[INFO] validating manifest of git repo https://github.com/danielaperalesestrada/hnswlib on toolchain 5b237c915528dadada3f674b90c7c80368b632be
[INFO] running `Command { std: CARGO_HOME="/workspace/cargo-home" RUSTUP_HOME="/workspace/rustup-home" "/workspace/cargo-home/bin/cargo" "+5b237c915528dadada3f674b90c7c80368b632be" "metadata" "--manifest-path" "Cargo.toml" "--no-deps", kill_on_drop: false }`
[INFO] crate git repo https://github.com/danielaperalesestrada/hnswlib already has a lockfile, it will not be regenerated
[INFO] running `Command { std: CARGO_HOME="/workspace/cargo-home" RUSTUP_HOME="/workspace/rustup-home" "/workspace/cargo-home/bin/cargo" "+5b237c915528dadada3f674b90c7c80368b632be" "fetch" "--manifest-path" "Cargo.toml", kill_on_drop: false }`
[INFO] [stderr]     Blocking waiting for file lock on package cache
[ERROR] error running command: no output for 300 seconds
[INFO] checking danielaperalesestrada/hnswlib against 5b237c915528dadada3f674b90c7c80368b632be for pr-133502-29
[INFO] running `Command { std: "git" "clone" "/workspace/cache/git-repos/https%3A%2F%2Fgithub.com%2Fdanielaperalesestrada%2Fhnswlib" "/workspace/builds/worker-6-tc2/source", kill_on_drop: false }`
[INFO] [stderr] Cloning into '/workspace/builds/worker-6-tc2/source'...
[INFO] [stderr] done.
[INFO] started tweaking git repo https://github.com/danielaperalesestrada/hnswlib
[INFO] finished tweaking git repo https://github.com/danielaperalesestrada/hnswlib
[INFO] tweaked toml for git repo https://github.com/danielaperalesestrada/hnswlib written to /workspace/builds/worker-6-tc2/source/Cargo.toml
[INFO] validating manifest of git repo https://github.com/danielaperalesestrada/hnswlib on toolchain 5b237c915528dadada3f674b90c7c80368b632be
[INFO] running `Command { std: CARGO_HOME="/workspace/cargo-home" RUSTUP_HOME="/workspace/rustup-home" "/workspace/cargo-home/bin/cargo" "+5b237c915528dadada3f674b90c7c80368b632be" "metadata" "--manifest-path" "Cargo.toml" "--no-deps", kill_on_drop: false }`
[INFO] crate git repo https://github.com/danielaperalesestrada/hnswlib already has a lockfile, it will not be regenerated
[INFO] running `Command { std: CARGO_HOME="/workspace/cargo-home" RUSTUP_HOME="/workspace/rustup-home" "/workspace/cargo-home/bin/cargo" "+5b237c915528dadada3f674b90c7c80368b632be" "fetch" "--manifest-path" "Cargo.toml", kill_on_drop: false }`
[INFO] [stderr]     Blocking waiting for file lock on package cache
[INFO] [stderr]     Blocking waiting for file lock on package cache
[INFO] [stderr]     Blocking waiting for file lock on package cache
[INFO] [stderr]  Downloading crates ...
[INFO] [stderr]   Downloaded either v1.13.0
[INFO] [stderr]   Downloaded cc v1.2.13
[INFO] [stderr]   Downloaded once_cell v1.20.3
[INFO] [stderr]   Downloaded syn v2.0.98
[INFO] running `Command { std: "docker" "create" "-v" "/var/lib/crater-agent-workspace/builds/worker-6-tc2/source:/opt/rustwide/workdir:ro,Z" "-v" "/var/lib/crater-agent-workspace/builds/worker-6-tc2/target:/opt/rustwide/target:rw,Z" "-v" "/var/lib/crater-agent-workspace/cargo-home:/opt/rustwide/cargo-home:ro,Z" "-v" "/var/lib/crater-agent-workspace/rustup-home:/opt/rustwide/rustup-home:ro,Z" "-m" "1610612736" "--network" "none" "ghcr.io/rust-lang/crates-build-env/linux@sha256:3111399a4047eeb3a02b7a90e478d715f38a8c6669b5c4b49d30a17385265909" "sleep" "infinity", kill_on_drop: false }`
[INFO] [stdout] bfff6c8db036b0a4eb8ef4e50680811ef167b1331c7ae48c787eae1cdc5e8b3a
[INFO] running `Command { std: "docker" "start" "bfff6c8db036b0a4eb8ef4e50680811ef167b1331c7ae48c787eae1cdc5e8b3a", kill_on_drop: false }`
[INFO] running `Command { std: "docker" "inspect" "bfff6c8db036b0a4eb8ef4e50680811ef167b1331c7ae48c787eae1cdc5e8b3a", kill_on_drop: false }`
[INFO] running `Command { std: "docker" "exec" "-e" "SOURCE_DIR=/opt/rustwide/workdir" "-e" "CARGO_HOME=/opt/rustwide/cargo-home" "-e" "RUSTUP_HOME=/opt/rustwide/rustup-home" "-e" "CARGO_TARGET_DIR=/opt/rustwide/target" "-w" "/opt/rustwide/workdir" "--user" "0:0" "bfff6c8db036b0a4eb8ef4e50680811ef167b1331c7ae48c787eae1cdc5e8b3a" "/opt/rustwide/cargo-home/bin/cargo" "+5b237c915528dadada3f674b90c7c80368b632be" "metadata" "--no-deps" "--format-version=1", kill_on_drop: false }`
[INFO] running `Command { std: "docker" "inspect" "bfff6c8db036b0a4eb8ef4e50680811ef167b1331c7ae48c787eae1cdc5e8b3a", kill_on_drop: false }`
[INFO] running `Command { std: "docker" "exec" "-e" "SOURCE_DIR=/opt/rustwide/workdir" "-e" "CARGO_HOME=/opt/rustwide/cargo-home" "-e" "RUSTUP_HOME=/opt/rustwide/rustup-home" "-e" "CARGO_TARGET_DIR=/opt/rustwide/target" "-e" "CARGO_INCREMENTAL=0" "-e" "RUST_BACKTRACE=full" "-e" "RUSTFLAGS=--cap-lints=forbid" "-e" "RUSTDOCFLAGS=--cap-lints=forbid" "-w" "/opt/rustwide/workdir" "--user" "0:0" "bfff6c8db036b0a4eb8ef4e50680811ef167b1331c7ae48c787eae1cdc5e8b3a" "/opt/rustwide/cargo-home/bin/cargo" "+5b237c915528dadada3f674b90c7c80368b632be" "check" "--frozen" "--all" "--all-targets" "--message-format=json", kill_on_drop: false }`
[INFO] [stderr]    Compiling proc-macro2 v1.0.93
[INFO] [stderr]    Compiling unicode-ident v1.0.16
[INFO] [stderr]    Compiling libc v0.2.169
[INFO] [stderr]    Compiling crossbeam-utils v0.8.21
[INFO] [stderr]     Checking byteorder v1.5.0
[INFO] [stderr]    Compiling getrandom v0.3.1
[INFO] [stderr]    Compiling rustix v0.38.44
[INFO] [stderr]    Compiling rayon-core v1.12.1
[INFO] [stderr]     Checking bitflags v2.8.0
[INFO] [stderr]     Checking linux-raw-sys v0.4.15
[INFO] [stderr]     Checking once_cell v1.20.3
[INFO] [stderr]     Checking either v1.13.0
[INFO] [stderr]    Compiling cc v1.2.13
[INFO] [stderr]     Checking crossbeam-epoch v0.9.18
[INFO] [stderr]    Compiling quote v1.0.38
[INFO] [stderr]     Checking crossbeam-deque v0.8.6
[INFO] [stderr]     Checking getrandom v0.2.15
[INFO] [stderr]    Compiling syn v2.0.98
[INFO] [stderr]     Checking rand_core v0.6.4
[INFO] [stderr]    Compiling hnswlib v0.8.2 (/opt/rustwide/workdir)
[INFO] [stderr]     Checking rayon v1.10.0
[INFO] [stderr]     Checking tempfile v3.16.0
[INFO] [stderr]    Compiling zerocopy-derive v0.7.35
[INFO] [stderr]    Compiling thiserror-impl v1.0.69
[INFO] [stderr] warning: hnswlib@0.8.2: src/bindings.cpp: In function 'void load_index_from_hnsw_data(Index<float>*, const hnswlib::HnswDataView*, size_t)':
[INFO] [stderr] warning: hnswlib@0.8.2: src/bindings.cpp:632:77: error: no matching function for call to 'hnswlib::HierarchicalNSWAdaptive<float>::HierarchicalNSWAdaptive(hnswlib::SpaceInterface<float>*&, const hnswlib::HnswDataView&, bool, const size_t&, bool, bool&)'
[INFO] [stderr] warning: hnswlib@0.8.2:   632 |                                                             index->normalize);
[INFO] [stderr] warning: hnswlib@0.8.2:       |                                                                             ^
[INFO] [stderr] warning: hnswlib@0.8.2: src/bindings.cpp:632:77: note: there is 1 candidate
[INFO] [stderr] warning: hnswlib@0.8.2: In file included from src/bindings.cpp:4:
[INFO] [stderr] warning: hnswlib@0.8.2: src/../hnswlib/hnswalg_adaptive.h:51:5: note: candidate 1: 'hnswlib::HierarchicalNSWAdaptive<dist_t>::HierarchicalNSWAdaptive(hnswlib::SpaceInterface<dist_t>*, size_t, size_t, size_t, size_t, bool, bool, bool, const std::string&) [with dist_t = float; size_t = long unsigned int; std::string = std::__cxx11::basic_string<char>]'
[INFO] [stderr] warning: hnswlib@0.8.2:    51 |     HierarchicalNSWAdaptive(SpaceInterface<dist_t>* s, size_t max_elements,
[INFO] [stderr] warning: hnswlib@0.8.2:       |     ^~~~~~~~~~~~~~~~~~~~~~~
[INFO] [stderr] warning: hnswlib@0.8.2: src/../hnswlib/hnswalg_adaptive.h:51:63: note: no known conversion for argument 2 from 'const hnswlib::HnswDataView' {aka 'const hnswlib::HnswData<const char>'} to 'size_t' {aka 'long unsigned int'}
[INFO] [stderr] warning: hnswlib@0.8.2:    51 |     HierarchicalNSWAdaptive(SpaceInterface<dist_t>* s, size_t max_elements,
[INFO] [stderr] warning: hnswlib@0.8.2:       |                                                        ~~~~~~~^~~~~~~~~~~~
[INFO] [stderr] warning: hnswlib@0.8.2: src/bindings.cpp: In instantiation of 'void Index<dist_t, data_t>::load_index(const std::string&, bool, bool, size_t) [with dist_t = float; data_t = float; std::string = std::__cxx11::basic_string<char>; size_t = long unsigned int]':
[INFO] [stderr] warning: hnswlib@0.8.2: src/bindings.cpp:322:24:   required from here
[INFO] [stderr] warning: hnswlib@0.8.2:   322 |       index->load_index(path_to_index, allow_replace_deleted, is_persistent_index, max_elements);
[INFO] [stderr] warning: hnswlib@0.8.2:       |       ~~~~~~~~~~~~~~~~~^~~~~~~~~~~~~~~~~~~~~~~~~~~~~~~~~~~~~~~~~~~~~~~~~~~~~~~~~~~~~~~~~~~~~~~~~
[INFO] [stderr] warning: hnswlib@0.8.2: src/bindings.cpp:97:16: error: no matching function for call to 'hnswlib::HierarchicalNSWAdaptive<float>::HierarchicalNSWAdaptive(hnswlib::SpaceInterface<float>*&, const std::string&, bool, const size_t&, const bool&, bool&, const bool&)'
[INFO] [stderr] warning: hnswlib@0.8.2:    97 |     appr_alg = new hnswlib::HierarchicalNSWAdaptive<dist_t>(l2space, path_to_index, false, max_elements, allow_replace_deleted, normalize, is_persistent_index);
[INFO] [stderr] warning: hnswlib@0.8.2:       |                ^~~~~~~~~~~~~~~~~~~~~~~~~~~~~~~~~~~~~~~~~~~~~~~~~~~~~~~~~~~~~~~~~~~~~~~~~~~~~~~~~~~~~~~~~~~~~~~~~~~~~~~~~~~~~~~~~~~~~~~~~~~~~~~~~~~~~~~~~~~~~~~~
[INFO] [stderr] warning: hnswlib@0.8.2: src/bindings.cpp:97:16: note: there is 1 candidate
[INFO] [stderr] warning: hnswlib@0.8.2: src/../hnswlib/hnswalg_adaptive.h:51:5: note: candidate 1: 'hnswlib::HierarchicalNSWAdaptive<dist_t>::HierarchicalNSWAdaptive(hnswlib::SpaceInterface<dist_t>*, size_t, size_t, size_t, size_t, bool, bool, bool, const std::string&) [with dist_t = float; size_t = long unsigned int; std::string = std::__cxx11::basic_string<char>]'
[INFO] [stderr] warning: hnswlib@0.8.2:    51 |     HierarchicalNSWAdaptive(SpaceInterface<dist_t>* s, size_t max_elements,
[INFO] [stderr] warning: hnswlib@0.8.2:       |     ^~~~~~~~~~~~~~~~~~~~~~~
[INFO] [stderr] warning: hnswlib@0.8.2: src/../hnswlib/hnswalg_adaptive.h:51:63: note: no known conversion for argument 2 from 'const std::string' {aka 'const std::__cxx11::basic_string<char>'} to 'size_t' {aka 'long unsigned int'}
[INFO] [stderr] warning: hnswlib@0.8.2:    51 |     HierarchicalNSWAdaptive(SpaceInterface<dist_t>* s, size_t max_elements,
[INFO] [stderr] warning: hnswlib@0.8.2:       |                                                        ~~~~~~~^~~~~~~~~~~~
[INFO] [stderr] error: failed to run custom build command for `hnswlib v0.8.2 (/opt/rustwide/workdir)`
[INFO] [stderr] note: To improve backtraces for build dependencies, set the CARGO_PROFILE_DEV_BUILD_OVERRIDE_DEBUG=true environment variable to enable debug information generation.
[INFO] [stderr] 
[INFO] [stderr] Caused by:
[INFO] [stderr]   process didn't exit successfully: `/opt/rustwide/target/debug/build/hnswlib/7e059390659a7f2a/out/build_script_build` (exit status: 1)
[INFO] [stderr]   --- stdout
[INFO] [stderr]   cargo:rerun-if-changed=src/bindings.cpp
[INFO] [stderr]   OUT_DIR = Some(/opt/rustwide/target/debug/build/hnswlib/e6aa72f45e73a61e/out)
[INFO] [stderr]   OPT_LEVEL = Some(0)
[INFO] [stderr]   TARGET = Some(x86_64-unknown-linux-gnu)
[INFO] [stderr]   HOST = Some(x86_64-unknown-linux-gnu)
[INFO] [stderr]   cargo:rerun-if-env-changed=CXX_x86_64-unknown-linux-gnu
[INFO] [stderr]   CXX_x86_64-unknown-linux-gnu = None
[INFO] [stderr]   cargo:rerun-if-env-changed=CXX_x86_64_unknown_linux_gnu
[INFO] [stderr]   CXX_x86_64_unknown_linux_gnu = None
[INFO] [stderr]   cargo:rerun-if-env-changed=HOST_CXX
[INFO] [stderr]   HOST_CXX = None
[INFO] [stderr]   cargo:rerun-if-env-changed=CXX
[INFO] [stderr]   CXX = None
[INFO] [stderr]   cargo:rerun-if-env-changed=CC_ENABLE_DEBUG_OUTPUT
[INFO] [stderr]   RUSTC_WRAPPER = None
[INFO] [stderr]   cargo:rerun-if-env-changed=CRATE_CC_NO_DEFAULTS
[INFO] [stderr]   CRATE_CC_NO_DEFAULTS = None
[INFO] [stderr]   DEBUG = Some(true)
[INFO] [stderr]   CARGO_CFG_TARGET_FEATURE = Some(fxsr,sse,sse2,x87)
[INFO] [stderr]   cargo:rerun-if-env-changed=CXXFLAGS_x86_64-unknown-linux-gnu
[INFO] [stderr]   CXXFLAGS_x86_64-unknown-linux-gnu = None
[INFO] [stderr]   cargo:rerun-if-env-changed=CXXFLAGS_x86_64_unknown_linux_gnu
[INFO] [stderr]   CXXFLAGS_x86_64_unknown_linux_gnu = None
[INFO] [stderr]   cargo:rerun-if-env-changed=HOST_CXXFLAGS
[INFO] [stderr]   HOST_CXXFLAGS = None
[INFO] [stderr]   cargo:rerun-if-env-changed=CXXFLAGS
[INFO] [stderr]   CXXFLAGS = None
[INFO] [stderr]   CARGO_ENCODED_RUSTFLAGS = Some(--cap-lints=forbid)
[INFO] [stderr]   cargo:warning=src/bindings.cpp: In function 'void load_index_from_hnsw_data(Index<float>*, const hnswlib::HnswDataView*, size_t)':
[INFO] [stderr]   cargo:warning=src/bindings.cpp:632:77: error: no matching function for call to 'hnswlib::HierarchicalNSWAdaptive<float>::HierarchicalNSWAdaptive(hnswlib::SpaceInterface<float>*&, const hnswlib::HnswDataView&, bool, const size_t&, bool, bool&)'
[INFO] [stderr]   cargo:warning=  632 |                                                             index->normalize);
[INFO] [stderr]   cargo:warning=      |                                                                             ^
[INFO] [stderr]   cargo:warning=src/bindings.cpp:632:77: note: there is 1 candidate
[INFO] [stderr]   cargo:warning=In file included from src/bindings.cpp:4:
[INFO] [stderr]   cargo:warning=src/../hnswlib/hnswalg_adaptive.h:51:5: note: candidate 1: 'hnswlib::HierarchicalNSWAdaptive<dist_t>::HierarchicalNSWAdaptive(hnswlib::SpaceInterface<dist_t>*, size_t, size_t, size_t, size_t, bool, bool, bool, const std::string&) [with dist_t = float; size_t = long unsigned int; std::string = std::__cxx11::basic_string<char>]'
[INFO] [stderr]   cargo:warning=   51 |     HierarchicalNSWAdaptive(SpaceInterface<dist_t>* s, size_t max_elements,
[INFO] [stderr]   cargo:warning=      |     ^~~~~~~~~~~~~~~~~~~~~~~
[INFO] [stderr]   cargo:warning=src/../hnswlib/hnswalg_adaptive.h:51:63: note: no known conversion for argument 2 from 'const hnswlib::HnswDataView' {aka 'const hnswlib::HnswData<const char>'} to 'size_t' {aka 'long unsigned int'}
[INFO] [stderr]   cargo:warning=   51 |     HierarchicalNSWAdaptive(SpaceInterface<dist_t>* s, size_t max_elements,
[INFO] [stderr]   cargo:warning=      |                                                        ~~~~~~~^~~~~~~~~~~~
[INFO] [stderr]   cargo:warning=src/bindings.cpp: In instantiation of 'void Index<dist_t, data_t>::load_index(const std::string&, bool, bool, size_t) [with dist_t = float; data_t = float; std::string = std::__cxx11::basic_string<char>; size_t = long unsigned int]':
[INFO] [stderr]   cargo:warning=src/bindings.cpp:322:24:   required from here
[INFO] [stderr]   cargo:warning=  322 |       index->load_index(path_to_index, allow_replace_deleted, is_persistent_index, max_elements);
[INFO] [stderr]   cargo:warning=      |       ~~~~~~~~~~~~~~~~~^~~~~~~~~~~~~~~~~~~~~~~~~~~~~~~~~~~~~~~~~~~~~~~~~~~~~~~~~~~~~~~~~~~~~~~~~
[INFO] [stderr]   cargo:warning=src/bindings.cpp:97:16: error: no matching function for call to 'hnswlib::HierarchicalNSWAdaptive<float>::HierarchicalNSWAdaptive(hnswlib::SpaceInterface<float>*&, const std::string&, bool, const size_t&, const bool&, bool&, const bool&)'
[INFO] [stderr]   cargo:warning=   97 |     appr_alg = new hnswlib::HierarchicalNSWAdaptive<dist_t>(l2space, path_to_index, false, max_elements, allow_replace_deleted, normalize, is_persistent_index);
[INFO] [stderr]   cargo:warning=      |                ^~~~~~~~~~~~~~~~~~~~~~~~~~~~~~~~~~~~~~~~~~~~~~~~~~~~~~~~~~~~~~~~~~~~~~~~~~~~~~~~~~~~~~~~~~~~~~~~~~~~~~~~~~~~~~~~~~~~~~~~~~~~~~~~~~~~~~~~~~~~~~~~
[INFO] [stderr]   cargo:warning=src/bindings.cpp:97:16: note: there is 1 candidate
[INFO] [stderr]   cargo:warning=src/../hnswlib/hnswalg_adaptive.h:51:5: note: candidate 1: 'hnswlib::HierarchicalNSWAdaptive<dist_t>::HierarchicalNSWAdaptive(hnswlib::SpaceInterface<dist_t>*, size_t, size_t, size_t, size_t, bool, bool, bool, const std::string&) [with dist_t = float; size_t = long unsigned int; std::string = std::__cxx11::basic_string<char>]'
[INFO] [stderr]   cargo:warning=   51 |     HierarchicalNSWAdaptive(SpaceInterface<dist_t>* s, size_t max_elements,
[INFO] [stderr]   cargo:warning=      |     ^~~~~~~~~~~~~~~~~~~~~~~
[INFO] [stderr]   cargo:warning=src/../hnswlib/hnswalg_adaptive.h:51:63: note: no known conversion for argument 2 from 'const std::string' {aka 'const std::__cxx11::basic_string<char>'} to 'size_t' {aka 'long unsigned int'}
[INFO] [stderr]   cargo:warning=   51 |     HierarchicalNSWAdaptive(SpaceInterface<dist_t>* s, size_t max_elements,
[INFO] [stderr]   cargo:warning=      |                                                        ~~~~~~~^~~~~~~~~~~~
[INFO] [stderr] 
[INFO] [stderr]   --- stderr
[INFO] [stderr] 
[INFO] [stderr] 
[INFO] [stderr]   error occurred in cc-rs: Command LC_ALL="C" "c++" "-O0" "-ffunction-sections" "-fdata-sections" "-fPIC" "-gdwarf-4" "-fno-omit-frame-pointer" "-m64" "-Wall" "-Wextra" "-std=c++11" "-Ofast" "-DHAVE_CXX0X" "-fPIC" "-ftree-vectorize" "-w" "-o" "/opt/rustwide/target/debug/build/hnswlib/e6aa72f45e73a61e/out/0602fb52cb66f316-bindings.o" "-c" "src/bindings.cpp" with args c++ did not execute successfully (status code exit status: 1).
[INFO] [stderr] 
[INFO] [stderr] 
[INFO] [stderr] warning: build failed, waiting for other jobs to finish...
[INFO] running `Command { std: "docker" "inspect" "bfff6c8db036b0a4eb8ef4e50680811ef167b1331c7ae48c787eae1cdc5e8b3a", kill_on_drop: false }`
[INFO] running `Command { std: "docker" "rm" "-f" "bfff6c8db036b0a4eb8ef4e50680811ef167b1331c7ae48c787eae1cdc5e8b3a", kill_on_drop: false }`
[INFO] [stdout] bfff6c8db036b0a4eb8ef4e50680811ef167b1331c7ae48c787eae1cdc5e8b3a
