[INFO] cloning repository https://github.com/counter-strike-tools/cs2-dumper
[INFO] running `Command { std: "git" "-c" "credential.helper=" "-c" "credential.helper=/workspace/cargo-home/bin/git-credential-null" "clone" "--bare" "https://github.com/counter-strike-tools/cs2-dumper" "/workspace/cache/git-repos/https%3A%2F%2Fgithub.com%2Fcounter-strike-tools%2Fcs2-dumper", kill_on_drop: false }`
[INFO] [stderr] Cloning into bare repository '/workspace/cache/git-repos/https%3A%2F%2Fgithub.com%2Fcounter-strike-tools%2Fcs2-dumper'...
[INFO] running `Command { std: "git" "rev-parse" "HEAD", kill_on_drop: false }`
[INFO] [stdout] 908edfd14f5fafb778f031e43d652ac0d673f524
[INFO] checking counter-strike-tools/cs2-dumper against 5b237c915528dadada3f674b90c7c80368b632be for pr-133502-29
[INFO] running `Command { std: "git" "clone" "/workspace/cache/git-repos/https%3A%2F%2Fgithub.com%2Fcounter-strike-tools%2Fcs2-dumper" "/workspace/builds/worker-3-tc2/source", kill_on_drop: false }`
[INFO] [stderr] Cloning into '/workspace/builds/worker-3-tc2/source'...
[INFO] [stderr] done.
[INFO] started tweaking git repo https://github.com/counter-strike-tools/cs2-dumper
[INFO] finished tweaking git repo https://github.com/counter-strike-tools/cs2-dumper
[INFO] tweaked toml for git repo https://github.com/counter-strike-tools/cs2-dumper written to /workspace/builds/worker-3-tc2/source/Cargo.toml
[INFO] validating manifest of git repo https://github.com/counter-strike-tools/cs2-dumper on toolchain 5b237c915528dadada3f674b90c7c80368b632be
[INFO] running `Command { std: CARGO_HOME="/workspace/cargo-home" RUSTUP_HOME="/workspace/rustup-home" "/workspace/cargo-home/bin/cargo" "+5b237c915528dadada3f674b90c7c80368b632be" "metadata" "--manifest-path" "Cargo.toml" "--no-deps", kill_on_drop: false }`
[INFO] crate git repo https://github.com/counter-strike-tools/cs2-dumper already has a lockfile, it will not be regenerated
[INFO] running `Command { std: CARGO_HOME="/workspace/cargo-home" RUSTUP_HOME="/workspace/rustup-home" "/workspace/cargo-home/bin/cargo" "+5b237c915528dadada3f674b90c7c80368b632be" "fetch" "--manifest-path" "Cargo.toml", kill_on_drop: false }`
[INFO] [stderr]     Blocking waiting for file lock on package cache
[ERROR] error running command: no output for 300 seconds
[INFO] checking counter-strike-tools/cs2-dumper against 5b237c915528dadada3f674b90c7c80368b632be for pr-133502-29
[INFO] running `Command { std: "git" "clone" "/workspace/cache/git-repos/https%3A%2F%2Fgithub.com%2Fcounter-strike-tools%2Fcs2-dumper" "/workspace/builds/worker-3-tc2/source", kill_on_drop: false }`
[INFO] [stderr] Cloning into '/workspace/builds/worker-3-tc2/source'...
[INFO] [stderr] done.
[INFO] started tweaking git repo https://github.com/counter-strike-tools/cs2-dumper
[INFO] finished tweaking git repo https://github.com/counter-strike-tools/cs2-dumper
[INFO] tweaked toml for git repo https://github.com/counter-strike-tools/cs2-dumper written to /workspace/builds/worker-3-tc2/source/Cargo.toml
[INFO] validating manifest of git repo https://github.com/counter-strike-tools/cs2-dumper on toolchain 5b237c915528dadada3f674b90c7c80368b632be
[INFO] running `Command { std: CARGO_HOME="/workspace/cargo-home" RUSTUP_HOME="/workspace/rustup-home" "/workspace/cargo-home/bin/cargo" "+5b237c915528dadada3f674b90c7c80368b632be" "metadata" "--manifest-path" "Cargo.toml" "--no-deps", kill_on_drop: false }`
[INFO] crate git repo https://github.com/counter-strike-tools/cs2-dumper already has a lockfile, it will not be regenerated
[INFO] running `Command { std: CARGO_HOME="/workspace/cargo-home" RUSTUP_HOME="/workspace/rustup-home" "/workspace/cargo-home/bin/cargo" "+5b237c915528dadada3f674b90c7c80368b632be" "fetch" "--manifest-path" "Cargo.toml", kill_on_drop: false }`
[INFO] [stderr]     Blocking waiting for file lock on package cache
[INFO] [stderr]     Updating crates.io index
[INFO] [stderr]     Updating git repository `https://github.com/memflow/memflow-native`
[INFO] [stderr]     Blocking waiting for file lock on package cache
[ERROR] error running command: no output for 300 seconds
[INFO] checking counter-strike-tools/cs2-dumper against 5b237c915528dadada3f674b90c7c80368b632be for pr-133502-29
[INFO] running `Command { std: "git" "clone" "/workspace/cache/git-repos/https%3A%2F%2Fgithub.com%2Fcounter-strike-tools%2Fcs2-dumper" "/workspace/builds/worker-3-tc2/source", kill_on_drop: false }`
[INFO] [stderr] Cloning into '/workspace/builds/worker-3-tc2/source'...
[INFO] [stderr] done.
[INFO] started tweaking git repo https://github.com/counter-strike-tools/cs2-dumper
[INFO] finished tweaking git repo https://github.com/counter-strike-tools/cs2-dumper
[INFO] tweaked toml for git repo https://github.com/counter-strike-tools/cs2-dumper written to /workspace/builds/worker-3-tc2/source/Cargo.toml
[INFO] validating manifest of git repo https://github.com/counter-strike-tools/cs2-dumper on toolchain 5b237c915528dadada3f674b90c7c80368b632be
[INFO] running `Command { std: CARGO_HOME="/workspace/cargo-home" RUSTUP_HOME="/workspace/rustup-home" "/workspace/cargo-home/bin/cargo" "+5b237c915528dadada3f674b90c7c80368b632be" "metadata" "--manifest-path" "Cargo.toml" "--no-deps", kill_on_drop: false }`
[INFO] crate git repo https://github.com/counter-strike-tools/cs2-dumper already has a lockfile, it will not be regenerated
[INFO] running `Command { std: CARGO_HOME="/workspace/cargo-home" RUSTUP_HOME="/workspace/rustup-home" "/workspace/cargo-home/bin/cargo" "+5b237c915528dadada3f674b90c7c80368b632be" "fetch" "--manifest-path" "Cargo.toml", kill_on_drop: false }`
[INFO] [stderr]     Blocking waiting for file lock on package cache
[INFO] [stderr]     Blocking waiting for file lock on package cache
[INFO] [stderr]  Downloading crates ...
[INFO] [stderr]   Downloaded pelite-macros v0.1.1
[INFO] [stderr]   Downloaded memflow v0.2.4
[INFO] [stderr]   Downloaded coarsetime v0.1.37
[INFO] [stderr]   Downloaded unix-exec-output-catcher v0.2.4
[INFO] [stderr]   Downloaded derive_pod v0.1.2
[INFO] [stderr]   Downloaded dataview v1.0.2
[INFO] [stderr]   Downloaded tstr_proc_macros v0.2.2
[INFO] [stderr]   Downloaded abi_stable_shared v0.10.3
[INFO] [stderr]   Downloaded tarc v0.1.6
[INFO] [stderr]   Downloaded typed-arena v2.0.2
[INFO] [stderr]   Downloaded cglue-macro v0.2.3
[INFO] [stderr]   Downloaded core_extensions_proc_macros v1.5.4
[INFO] [stderr]   Downloaded as_derive_utils v0.10.3
[INFO] [stderr]   Downloaded memflow-derive v0.2.4
[INFO] [stderr]   Downloaded tstr v0.2.4
[INFO] [stderr]   Downloaded generational-arena v0.2.9
[INFO] [stderr]   Downloaded repr_offset v0.2.2
[INFO] [stderr]   Downloaded mac-sys-info v0.1.13
[INFO] [stderr]   Downloaded cglue v0.2.14
[INFO] [stderr]   Downloaded cglue-gen v0.2.9
[INFO] [stderr]   Downloaded core_extensions v1.5.4
[INFO] [stderr]   Downloaded abi_stable_derive v0.10.3
[INFO] [stderr]   Downloaded procfs v0.15.1
[INFO] [stderr]   Downloaded pelite v0.10.0
[INFO] [stderr]   Downloaded pelite v0.9.0
[INFO] [stderr]   Downloaded wasix v0.13.2
[INFO] [stderr]   Downloaded dataview v0.1.2
[INFO] [stderr]   Downloaded x86_64 v0.14.13
[INFO] [stderr]   Downloaded goblin v0.8.2
[INFO] [stderr]   Downloaded abi_stable v0.10.3
[INFO] [stderr]   Downloaded fixed-slice-vec v0.10.0
[INFO] [stderr]   Downloaded libproc v0.14.11
[INFO] running `Command { std: "docker" "create" "-v" "/var/lib/crater-agent-workspace/builds/worker-3-tc2/source:/opt/rustwide/workdir:ro,Z" "-v" "/var/lib/crater-agent-workspace/builds/worker-3-tc2/target:/opt/rustwide/target:rw,Z" "-v" "/var/lib/crater-agent-workspace/cargo-home:/opt/rustwide/cargo-home:ro,Z" "-v" "/var/lib/crater-agent-workspace/rustup-home:/opt/rustwide/rustup-home:ro,Z" "-m" "1610612736" "--network" "none" "ghcr.io/rust-lang/crates-build-env/linux@sha256:3111399a4047eeb3a02b7a90e478d715f38a8c6669b5c4b49d30a17385265909" "sleep" "infinity", kill_on_drop: false }`
[INFO] [stdout] 27b6e8349e1badf84b7b9eaf98d0da4ce626b2b05ef8aa1c30ce76a1fb204866
[INFO] running `Command { std: "docker" "start" "27b6e8349e1badf84b7b9eaf98d0da4ce626b2b05ef8aa1c30ce76a1fb204866", kill_on_drop: false }`
[INFO] running `Command { std: "docker" "inspect" "27b6e8349e1badf84b7b9eaf98d0da4ce626b2b05ef8aa1c30ce76a1fb204866", kill_on_drop: false }`
[INFO] running `Command { std: "docker" "exec" "-e" "SOURCE_DIR=/opt/rustwide/workdir" "-e" "CARGO_HOME=/opt/rustwide/cargo-home" "-e" "RUSTUP_HOME=/opt/rustwide/rustup-home" "-e" "CARGO_TARGET_DIR=/opt/rustwide/target" "-w" "/opt/rustwide/workdir" "--user" "0:0" "27b6e8349e1badf84b7b9eaf98d0da4ce626b2b05ef8aa1c30ce76a1fb204866" "/opt/rustwide/cargo-home/bin/cargo" "+5b237c915528dadada3f674b90c7c80368b632be" "metadata" "--no-deps" "--format-version=1", kill_on_drop: false }`
[INFO] running `Command { std: "docker" "inspect" "27b6e8349e1badf84b7b9eaf98d0da4ce626b2b05ef8aa1c30ce76a1fb204866", kill_on_drop: false }`
[INFO] running `Command { std: "docker" "exec" "-e" "SOURCE_DIR=/opt/rustwide/workdir" "-e" "CARGO_HOME=/opt/rustwide/cargo-home" "-e" "RUSTUP_HOME=/opt/rustwide/rustup-home" "-e" "CARGO_TARGET_DIR=/opt/rustwide/target" "-e" "CARGO_INCREMENTAL=0" "-e" "RUST_BACKTRACE=full" "-e" "RUSTFLAGS=--cap-lints=forbid" "-e" "RUSTDOCFLAGS=--cap-lints=forbid" "-w" "/opt/rustwide/workdir" "--user" "0:0" "27b6e8349e1badf84b7b9eaf98d0da4ce626b2b05ef8aa1c30ce76a1fb204866" "/opt/rustwide/cargo-home/bin/cargo" "+5b237c915528dadada3f674b90c7c80368b632be" "check" "--frozen" "--all" "--all-targets" "--message-format=json", kill_on_drop: false }`
[INFO] [stderr]    Compiling proc-macro2 v1.0.107
[INFO] [stderr]    Compiling unicode-ident v1.0.24
[INFO] [stderr]    Compiling quote v1.0.47
[INFO] [stderr]    Compiling libc v0.2.189
[INFO] [stderr]    Compiling serde_core v1.0.229
[INFO] [stderr]     Checking cfg-if v1.0.4
[INFO] [stderr]    Compiling serde v1.0.229
[INFO] [stderr]    Compiling syn v1.0.109
[INFO] [stderr]    Compiling winnow v1.0.4
[INFO] [stderr]    Compiling hashbrown v0.17.1
[INFO] [stderr]    Compiling equivalent v1.0.2
[INFO] [stderr]    Compiling toml_datetime v1.1.1+spec-1.1.0
[INFO] [stderr]    Compiling core_extensions v1.5.4
[INFO] [stderr]    Compiling crossbeam-utils v0.8.22
[INFO] [stderr]    Compiling zmij v1.0.23
[INFO] [stderr]    Compiling parking_lot_core v0.8.6
[INFO] [stderr]     Checking instant v0.1.13
[INFO] [stderr]    Compiling ident_case v1.0.1
[INFO] [stderr]    Compiling fnv v1.0.7
[INFO] [stderr]    Compiling semver v1.0.28
[INFO] [stderr]    Compiling version_check v0.9.5
[INFO] [stderr]    Compiling paste v1.0.15
[INFO] [stderr]    Compiling either v1.17.0
[INFO] [stderr]    Compiling autocfg v1.5.1
[INFO] [stderr]     Checking smallvec v1.15.2
[INFO] [stderr]    Compiling serde_json v1.0.151
[INFO] [stderr]     Checking scopeguard v1.2.0
[INFO] [stderr]    Compiling tstr_proc_macros v0.2.2
[INFO] [stderr]    Compiling zerocopy v0.8.55
[INFO] [stderr]    Compiling core_extensions_proc_macros v1.5.4
[INFO] [stderr]    Compiling strsim v0.11.1
[INFO] [stderr]     Checking lock_api v0.4.14
[INFO] [stderr]    Compiling rustc_version v0.4.1
[INFO] [stderr]    Compiling indexmap v2.14.0
[INFO] [stderr]    Compiling itertools v0.10.5
[INFO] [stderr]    Compiling abi_stable_shared v0.10.3
[INFO] [stderr]     Checking memchr v2.8.3
[INFO] [stderr]     Checking no-std-compat v0.4.1
[INFO] [stderr]    Compiling ahash v0.8.12
[INFO] [stderr]    Compiling syn v3.0.3
[INFO] [stderr]    Compiling syn v2.0.119
[INFO] [stderr]    Compiling lazy_static v1.5.0
[INFO] [stderr]     Checking itoa v1.0.18
[INFO] [stderr]    Compiling rustversion v1.0.23
[INFO] [stderr]     Checking tstr v0.2.4
[INFO] [stderr]    Compiling typed-arena v2.0.2
[INFO] [stderr]     Checking repr_offset v0.2.2
[INFO] [stderr]    Compiling num-traits v0.2.19
[INFO] [stderr]    Compiling cglue v0.2.14
[INFO] [stderr]    Compiling toml_parser v1.1.3+spec-1.1.0
[INFO] [stderr]     Checking parking_lot v0.11.2
[INFO] [stderr]     Checking crossbeam-channel v0.5.16
[INFO] [stderr]     Checking libloading v0.7.4
[INFO] [stderr]     Checking generational-arena v0.2.9
[INFO] [stderr]    Compiling derive_pod v0.1.2
[INFO] [stderr]     Checking toml_write v0.1.2
[INFO] [stderr]    Compiling toml_edit v0.25.13+spec-1.1.0
[INFO] [stderr]    Compiling pelite-macros v0.1.1
[INFO] [stderr]     Checking winnow v0.7.15
[INFO] [stderr]     Checking log v0.4.33
[INFO] [stderr]     Checking option-ext v0.2.0
[INFO] [stderr]     Checking once_cell v1.21.4
[INFO] [stderr]     Checking dirs-sys v0.4.1
[INFO] [stderr]     Checking dataview v1.0.2
[INFO] [stderr]     Checking volatile v0.4.6
[INFO] [stderr]     Checking bit_field v0.10.3
[INFO] [stderr]     Checking plain v0.2.3
[INFO] [stderr]     Checking dataview v0.1.2
[INFO] [stderr]     Checking tarc v0.1.6
[INFO] [stderr]     Checking bitflags v2.13.1
[INFO] [stderr]     Checking allocator-api2 v0.2.21
[INFO] [stderr]     Checking iana-time-zone v0.1.65
[INFO] [stderr]     Checking pelite v0.9.0
[INFO] [stderr]     Checking itertools v0.12.1
[INFO] [stderr]     Checking dirs v5.0.1
[INFO] [stderr]    Compiling proc-macro-crate v3.5.0
[INFO] [stderr]     Checking coarsetime v0.1.37
[INFO] [stderr]     Checking memmap v0.7.0
[INFO] [stderr]     Checking libloading v0.8.9
[INFO] [stderr]     Checking rangemap v1.7.1
[INFO] [stderr]     Checking fixed-slice-vec v0.10.0
[INFO] [stderr]     Checking bumpalo v3.20.3
[INFO] [stderr]     Checking bitflags v1.3.2
[INFO] [stderr]    Compiling siphasher v1.0.3
[INFO] [stderr]    Compiling time-core v0.1.9
[INFO] [stderr]    Compiling num-conv v0.2.2
[INFO] [stderr]    Compiling fastrand v2.5.0
[INFO] [stderr]     Checking deranged v0.5.8
[INFO] [stderr]    Compiling phf_shared v0.13.1
[INFO] [stderr]    Compiling time-macros v0.2.32
[INFO] [stderr]    Compiling anyhow v1.0.104
[INFO] [stderr]     Checking num_threads v0.1.7
[INFO] [stderr]     Checking x86_64 v0.14.13
[INFO] [stderr]    Compiling phf_generator v0.13.1
[INFO] [stderr]     Checking powerfmt v0.2.0
[INFO] [stderr]     Checking termcolor v1.4.1
[INFO] [stderr]     Checking pelite v0.10.0
[INFO] [stderr]     Checking utf8parse v0.2.2
[INFO] [stderr]     Checking anstyle-parse v1.0.0
[INFO] [stderr]     Checking colorchoice v1.0.5
[INFO] [stderr]     Checking is_terminal_polyfill v1.70.2
[INFO] [stderr]     Checking anstyle-query v1.1.5
[INFO] [stderr]     Checking anstyle v1.0.14
[INFO] [stderr]     Checking clap_lex v1.1.0
[INFO] [stderr]    Compiling heck v0.5.0
[INFO] [stderr]     Checking anstream v1.0.0
[INFO] [stderr]     Checking clap_builder v4.6.5
[INFO] [stderr]    Compiling darling_core v0.20.11
[INFO] [stderr]    Compiling as_derive_utils v0.10.3
[INFO] [stderr]    Compiling cglue-gen v0.2.9
[INFO] [stderr]     Checking time v0.3.55
[INFO] [stderr]     Checking hashbrown v0.14.5
[INFO] [stderr]     Checking simplelog v0.12.2
[INFO] [stderr]    Compiling serde_derive v1.0.229
[INFO] [stderr]    Compiling clap_derive v4.6.4
[INFO] [stderr]    Compiling scroll_derive v0.12.1
[INFO] [stderr]    Compiling phf_macros v0.13.1
[INFO] [stderr]    Compiling abi_stable_derive v0.10.3
[INFO] [stderr]    Compiling cglue-macro v0.2.3
[INFO] [stderr]    Compiling darling_macro v0.20.11
[INFO] [stderr]     Checking scroll v0.12.0
[INFO] [stderr]     Checking phf v0.13.1
[INFO] [stderr]     Checking goblin v0.8.2
[INFO] [stderr]     Checking clap v4.6.5
[INFO] [stderr]    Compiling darling v0.20.11
[INFO] [stderr]    Compiling memflow-derive v0.2.4
[INFO] [stderr]     Checking serde_spanned v0.6.9
[INFO] [stderr]     Checking toml_datetime v0.6.11
[INFO] [stderr]     Checking toml_edit v0.22.27
[INFO] [stderr]     Checking chrono v0.4.45
[INFO] [stderr]     Checking toml v0.8.23
[INFO] [stderr]     Checking abi_stable v0.10.3
[INFO] [stderr]     Checking memflow v0.2.4
[INFO] [stderr]     Checking memory-utils v0.1.3 (/opt/rustwide/workdir/crates/memory)
[INFO] [stderr]     Checking source2-layout v0.1.3 (/opt/rustwide/workdir/crates/source2)
[INFO] [stderr]     Checking cs2-dumper-core v0.1.3 (/opt/rustwide/workdir/crates/core)
[INFO] [stdout] error[E0433]: cannot find module or crate `memflow_native` in this scope
[INFO] [stdout]    --> crates/core/src/offsets.rs:319:18
[INFO] [stdout]     |
[INFO] [stdout] 319 |         let os = memflow_native::create_os(&OsArgs::default(), LibArc::default())?;
[INFO] [stdout]     |                  ^^^^^^^^^^^^^^ use of unresolved module or unlinked crate `memflow_native`
[INFO] [stdout]     |
[INFO] [stdout]     = help: if you wanted to use a crate named `memflow_native`, use `cargo add memflow_native` to add it to your `Cargo.toml`
[INFO] [stdout] 
[INFO] [stdout] 
[INFO] [stderr]     Checking cs2-output v0.1.3 (/opt/rustwide/workdir/crates/output)
[INFO] [stdout] For more information about this error, try `rustc --explain E0433`.
[INFO] [stdout] 
[INFO] [stderr] error: could not compile `cs2-dumper-core` (lib test) due to 1 previous error
[INFO] [stderr] warning: build failed, waiting for other jobs to finish...
[INFO] running `Command { std: "docker" "inspect" "27b6e8349e1badf84b7b9eaf98d0da4ce626b2b05ef8aa1c30ce76a1fb204866", kill_on_drop: false }`
[INFO] running `Command { std: "docker" "rm" "-f" "27b6e8349e1badf84b7b9eaf98d0da4ce626b2b05ef8aa1c30ce76a1fb204866", kill_on_drop: false }`
[INFO] [stdout] 27b6e8349e1badf84b7b9eaf98d0da4ce626b2b05ef8aa1c30ce76a1fb204866
