[INFO] cloning repository https://github.com/brefchan/near-zero-to-hero
[INFO] running `Command { std: "git" "-c" "credential.helper=" "-c" "credential.helper=/workspace/cargo-home/bin/git-credential-null" "clone" "--bare" "https://github.com/brefchan/near-zero-to-hero" "/workspace/cache/git-repos/https%3A%2F%2Fgithub.com%2Fbrefchan%2Fnear-zero-to-hero", kill_on_drop: false }`
[INFO] [stderr] Cloning into bare repository '/workspace/cache/git-repos/https%3A%2F%2Fgithub.com%2Fbrefchan%2Fnear-zero-to-hero'...
[INFO] running `Command { std: "git" "rev-parse" "HEAD", kill_on_drop: false }`
[INFO] [stdout] f419aaa7c40754d43ef3ea04a1bcbeea736d9e84
[INFO] checking brefchan/near-zero-to-hero against 5b237c915528dadada3f674b90c7c80368b632be for pr-133502-29
[INFO] running `Command { std: "git" "clone" "/workspace/cache/git-repos/https%3A%2F%2Fgithub.com%2Fbrefchan%2Fnear-zero-to-hero" "/workspace/builds/worker-2-tc2/source", kill_on_drop: false }`
[INFO] [stderr] Cloning into '/workspace/builds/worker-2-tc2/source'...
[INFO] [stderr] done.
[INFO] started tweaking git repo https://github.com/brefchan/near-zero-to-hero
[INFO] finished tweaking git repo https://github.com/brefchan/near-zero-to-hero
[INFO] tweaked toml for git repo https://github.com/brefchan/near-zero-to-hero written to /workspace/builds/worker-2-tc2/source/Cargo.toml
[INFO] validating manifest of git repo https://github.com/brefchan/near-zero-to-hero on toolchain 5b237c915528dadada3f674b90c7c80368b632be
[INFO] running `Command { std: CARGO_HOME="/workspace/cargo-home" RUSTUP_HOME="/workspace/rustup-home" "/workspace/cargo-home/bin/cargo" "+5b237c915528dadada3f674b90c7c80368b632be" "metadata" "--manifest-path" "Cargo.toml" "--no-deps", kill_on_drop: false }`
[INFO] crate git repo https://github.com/brefchan/near-zero-to-hero already has a lockfile, it will not be regenerated
[INFO] running `Command { std: CARGO_HOME="/workspace/cargo-home" RUSTUP_HOME="/workspace/rustup-home" "/workspace/cargo-home/bin/cargo" "+5b237c915528dadada3f674b90c7c80368b632be" "fetch" "--manifest-path" "Cargo.toml", kill_on_drop: false }`
[INFO] [stderr]     Blocking waiting for file lock on package cache
[INFO] [stderr]     Updating crates.io index
[INFO] [stderr]     Blocking waiting for file lock on package cache
[ERROR] error running command: no output for 300 seconds
[INFO] checking brefchan/near-zero-to-hero against 5b237c915528dadada3f674b90c7c80368b632be for pr-133502-29
[INFO] running `Command { std: "git" "clone" "/workspace/cache/git-repos/https%3A%2F%2Fgithub.com%2Fbrefchan%2Fnear-zero-to-hero" "/workspace/builds/worker-2-tc2/source", kill_on_drop: false }`
[INFO] [stderr] Cloning into '/workspace/builds/worker-2-tc2/source'...
[INFO] [stderr] done.
[INFO] started tweaking git repo https://github.com/brefchan/near-zero-to-hero
[INFO] finished tweaking git repo https://github.com/brefchan/near-zero-to-hero
[INFO] tweaked toml for git repo https://github.com/brefchan/near-zero-to-hero written to /workspace/builds/worker-2-tc2/source/Cargo.toml
[INFO] validating manifest of git repo https://github.com/brefchan/near-zero-to-hero on toolchain 5b237c915528dadada3f674b90c7c80368b632be
[INFO] running `Command { std: CARGO_HOME="/workspace/cargo-home" RUSTUP_HOME="/workspace/rustup-home" "/workspace/cargo-home/bin/cargo" "+5b237c915528dadada3f674b90c7c80368b632be" "metadata" "--manifest-path" "Cargo.toml" "--no-deps", kill_on_drop: false }`
[INFO] crate git repo https://github.com/brefchan/near-zero-to-hero already has a lockfile, it will not be regenerated
[INFO] running `Command { std: CARGO_HOME="/workspace/cargo-home" RUSTUP_HOME="/workspace/rustup-home" "/workspace/cargo-home/bin/cargo" "+5b237c915528dadada3f674b90c7c80368b632be" "fetch" "--manifest-path" "Cargo.toml", kill_on_drop: false }`
[INFO] [stderr]     Blocking waiting for file lock on package cache
[INFO] [stderr]     Blocking waiting for file lock on package cache
[INFO] [stderr]  Downloading crates ...
[INFO] [stderr]   Downloaded sha2 v0.9.5
[INFO] [stderr]   Downloaded borsh-derive v0.8.2
[INFO] [stderr]   Downloaded near-sdk v4.0.0-pre.4
[INFO] [stderr]   Downloaded borsh-derive-internal v0.8.2
[INFO] [stderr]   Downloaded borsh v0.8.2
[INFO] [stderr]   Downloaded near-sys v0.1.0
[INFO] [stderr]   Downloaded borsh-schema-derive-internal v0.8.2
[INFO] [stderr]   Downloaded num-bigint v0.3.2
[INFO] [stderr]   Downloaded near-sdk-macros v4.0.0-pre.4
[INFO] [stderr]   Downloaded libc v0.2.99
[INFO] running `Command { std: "docker" "create" "-v" "/var/lib/crater-agent-workspace/builds/worker-2-tc2/source:/opt/rustwide/workdir:ro,Z" "-v" "/var/lib/crater-agent-workspace/builds/worker-2-tc2/target:/opt/rustwide/target:rw,Z" "-v" "/var/lib/crater-agent-workspace/cargo-home:/opt/rustwide/cargo-home:ro,Z" "-v" "/var/lib/crater-agent-workspace/rustup-home:/opt/rustwide/rustup-home:ro,Z" "-m" "1610612736" "--network" "none" "ghcr.io/rust-lang/crates-build-env/linux@sha256:3111399a4047eeb3a02b7a90e478d715f38a8c6669b5c4b49d30a17385265909" "sleep" "infinity", kill_on_drop: false }`
[INFO] [stdout] 920b535e0e4029638584bb0c494564a93c882bf2d863a4736949ee2817c68bdb
[INFO] running `Command { std: "docker" "start" "920b535e0e4029638584bb0c494564a93c882bf2d863a4736949ee2817c68bdb", kill_on_drop: false }`
[INFO] running `Command { std: "docker" "inspect" "920b535e0e4029638584bb0c494564a93c882bf2d863a4736949ee2817c68bdb", kill_on_drop: false }`
[INFO] running `Command { std: "docker" "exec" "-e" "SOURCE_DIR=/opt/rustwide/workdir" "-e" "CARGO_HOME=/opt/rustwide/cargo-home" "-e" "RUSTUP_HOME=/opt/rustwide/rustup-home" "-e" "CARGO_TARGET_DIR=/opt/rustwide/target" "-w" "/opt/rustwide/workdir" "--user" "0:0" "920b535e0e4029638584bb0c494564a93c882bf2d863a4736949ee2817c68bdb" "/opt/rustwide/cargo-home/bin/cargo" "+5b237c915528dadada3f674b90c7c80368b632be" "metadata" "--no-deps" "--format-version=1", kill_on_drop: false }`
[INFO] running `Command { std: "docker" "inspect" "920b535e0e4029638584bb0c494564a93c882bf2d863a4736949ee2817c68bdb", kill_on_drop: false }`
[INFO] running `Command { std: "docker" "exec" "-e" "SOURCE_DIR=/opt/rustwide/workdir" "-e" "CARGO_HOME=/opt/rustwide/cargo-home" "-e" "RUSTUP_HOME=/opt/rustwide/rustup-home" "-e" "CARGO_TARGET_DIR=/opt/rustwide/target" "-e" "CARGO_INCREMENTAL=0" "-e" "RUST_BACKTRACE=full" "-e" "RUSTFLAGS=--cap-lints=forbid" "-e" "RUSTDOCFLAGS=--cap-lints=forbid" "-w" "/opt/rustwide/workdir" "--user" "0:0" "920b535e0e4029638584bb0c494564a93c882bf2d863a4736949ee2817c68bdb" "/opt/rustwide/cargo-home/bin/cargo" "+5b237c915528dadada3f674b90c7c80368b632be" "check" "--frozen" "--all" "--all-targets" "--message-format=json", kill_on_drop: false }`
[INFO] [stderr]    Compiling proc-macro2 v1.0.28
[INFO] [stderr]    Compiling syn v1.0.57
[INFO] [stderr]    Compiling typenum v1.13.0
[INFO] [stderr]    Compiling serde_json v1.0.66
[INFO] [stderr]    Compiling num-traits v0.2.14
[INFO] [stderr]    Compiling num-bigint v0.3.2
[INFO] [stderr]    Compiling num-rational v0.3.2
[INFO] [stderr]     Checking cpufeatures v0.1.5
[INFO] [stderr]     Checking aho-corasick v0.7.18
[INFO] [stderr]    Compiling libc v0.2.99
[INFO] [stderr]     Checking keccak v0.1.0
[INFO] [stderr]    Compiling wee_alloc v0.4.5
[INFO] [stderr]     Checking memory_units v0.4.0
[INFO] [stderr]     Checking near-sys v0.1.0
[INFO] [stderr]    Compiling quote v1.0.9
[INFO] [stderr]     Checking regex v1.5.4
[INFO] [stderr]     Checking num-integer v0.1.44
[INFO] [stderr]     Checking near-runtime-utils v4.0.0-pre.1
[INFO] [stderr]     Checking generic-array v0.14.4
[INFO] [stdout] error[E0308]: mismatched types
[INFO] [stdout]   --> /opt/rustwide/cargo-home/registry/src/index.crates.io-1949cf8c6b5b557f/num-bigint-0.3.2/src/biguint/convert.rs:70:19
[INFO] [stdout]    |
[INFO] [stdout] 70 |         .div_ceil(&big_digit::BITS.into())
[INFO] [stdout]    |          -------- ^^^^^^^^^^^^^^^^^^^^^^^ expected `u64`, found `&_`
[INFO] [stdout]    |          |
[INFO] [stdout]    |          arguments to this method are incorrect
[INFO] [stdout]    |
[INFO] [stdout]    = note:   expected type `u64`
[INFO] [stdout]            found reference `&_`
[INFO] [stdout] note: method defined here
[INFO] [stdout]   --> /rustc/5b237c915528dadada3f674b90c7c80368b632be/library/core/src/num/uint_macros.rs:3811:21
[INFO] [stdout]   --> /rustc/5b237c915528dadada3f674b90c7c80368b632be/library/core/src/num/mod.rs:1327:4
[INFO] [stdout]   ::: /rustc/5b237c915528dadada3f674b90c7c80368b632be/library/core/src/num/mod.rs:1351:5
[INFO] [stdout]    |
[INFO] [stdout]    = note: in this macro invocation
[INFO] [stdout] note: the `div_ceil` call is resolved to the method in `core::num::<impl u64>`, shadowing the method of the same name on trait `num_integer::Integer`
[INFO] [stdout]   --> /opt/rustwide/cargo-home/registry/src/index.crates.io-1949cf8c6b5b557f/num-bigint-0.3.2/src/biguint/convert.rs:70:10
[INFO] [stdout]    |
[INFO] [stdout] 70 |         .div_ceil(&big_digit::BITS.into())
[INFO] [stdout]    |          ^^^^^^^^ refers to `core::num::<impl u64>::div_ceil`
[INFO] [stdout]    = note: this error originates in the macro `uint_impl` (in Nightly builds, run with -Z macro-backtrace for more info)
[INFO] [stdout] help: consider removing the borrow
[INFO] [stdout]    |
[INFO] [stdout] 70 -         .div_ceil(&big_digit::BITS.into())
[INFO] [stdout] 70 +         .div_ceil(big_digit::BITS.into())
[INFO] [stdout]    |
[INFO] [stdout] help: you might have meant to call the other method; you can use the fully-qualified path to call it explicitly
[INFO] [stdout]    |
[INFO] [stdout] 68 ~     let big_digits = <_ as num_integer::Integer>::div_ceil(&(v.len() as u64)
[INFO] [stdout] 69 ~         .saturating_mul(bits.into()), &big_digit::BITS.into())
[INFO] [stdout]    |
[INFO] [stdout] 
[INFO] [stdout] 
[INFO] [stdout] error[E0308]: mismatched types
[INFO] [stdout]    --> /opt/rustwide/cargo-home/registry/src/index.crates.io-1949cf8c6b5b557f/num-bigint-0.3.2/src/biguint/convert.rs:585:19
[INFO] [stdout]     |
[INFO] [stdout] 585 |         .div_ceil(&u64::from(bits))
[INFO] [stdout]     |          -------- ^^^^^^^^^^^^^^^^ expected `u64`, found `&u64`
[INFO] [stdout]     |          |
[INFO] [stdout]     |          arguments to this method are incorrect
[INFO] [stdout]     |
[INFO] [stdout] note: method defined here
[INFO] [stdout]    --> /rustc/5b237c915528dadada3f674b90c7c80368b632be/library/core/src/num/uint_macros.rs:3811:21
[INFO] [stdout]    --> /rustc/5b237c915528dadada3f674b90c7c80368b632be/library/core/src/num/mod.rs:1327:4
[INFO] [stdout]    ::: /rustc/5b237c915528dadada3f674b90c7c80368b632be/library/core/src/num/mod.rs:1351:5
[INFO] [stdout]     |
[INFO] [stdout]     = note: in this macro invocation
[INFO] [stdout] note: the `div_ceil` call is resolved to the method in `core::num::<impl u64>`, shadowing the method of the same name on trait `num_integer::Integer`
[INFO] [stdout]    --> /opt/rustwide/cargo-home/registry/src/index.crates.io-1949cf8c6b5b557f/num-bigint-0.3.2/src/biguint/convert.rs:585:10
[INFO] [stdout]     |
[INFO] [stdout] 585 |         .div_ceil(&u64::from(bits))
[INFO] [stdout]     |          ^^^^^^^^ refers to `core::num::<impl u64>::div_ceil`
[INFO] [stdout]     = note: this error originates in the macro `uint_impl` (in Nightly builds, run with -Z macro-backtrace for more info)
[INFO] [stdout] help: consider removing the borrow
[INFO] [stdout]     |
[INFO] [stdout] 585 -         .div_ceil(&u64::from(bits))
[INFO] [stdout] 585 +         .div_ceil(u64::from(bits))
[INFO] [stdout]     |
[INFO] [stdout] help: you might have meant to call the other method; you can use the fully-qualified path to call it explicitly
[INFO] [stdout]     |
[INFO] [stdout] 583 ~     let digits = <_ as num_integer::Integer>::div_ceil(&u
[INFO] [stdout] 584 ~         .bits(), &u64::from(bits))
[INFO] [stdout]     |
[INFO] [stdout] 
[INFO] [stdout] 
[INFO] [stdout] error[E0308]: mismatched types
[INFO] [stdout]    --> /opt/rustwide/cargo-home/registry/src/index.crates.io-1949cf8c6b5b557f/num-bigint-0.3.2/src/biguint/convert.rs:613:19
[INFO] [stdout]     |
[INFO] [stdout] 613 |         .div_ceil(&u64::from(bits))
[INFO] [stdout]     |          -------- ^^^^^^^^^^^^^^^^ expected `u64`, found `&u64`
[INFO] [stdout]     |          |
[INFO] [stdout]     |          arguments to this method are incorrect
[INFO] [stdout]     |
[INFO] [stdout] note: method defined here
[INFO] [stdout]    --> /rustc/5b237c915528dadada3f674b90c7c80368b632be/library/core/src/num/uint_macros.rs:3811:21
[INFO] [stdout]    --> /rustc/5b237c915528dadada3f674b90c7c80368b632be/library/core/src/num/mod.rs:1327:4
[INFO] [stdout]    ::: /rustc/5b237c915528dadada3f674b90c7c80368b632be/library/core/src/num/mod.rs:1351:5
[INFO] [stdout]     |
[INFO] [stdout]     = note: in this macro invocation
[INFO] [stdout] note: the `div_ceil` call is resolved to the method in `core::num::<impl u64>`, shadowing the method of the same name on trait `num_integer::Integer`
[INFO] [stdout]    --> /opt/rustwide/cargo-home/registry/src/index.crates.io-1949cf8c6b5b557f/num-bigint-0.3.2/src/biguint/convert.rs:613:10
[INFO] [stdout]     |
[INFO] [stdout] 613 |         .div_ceil(&u64::from(bits))
[INFO] [stdout]     |          ^^^^^^^^ refers to `core::num::<impl u64>::div_ceil`
[INFO] [stdout]     = note: this error originates in the macro `uint_impl` (in Nightly builds, run with -Z macro-backtrace for more info)
[INFO] [stdout] help: consider removing the borrow
[INFO] [stdout]     |
[INFO] [stdout] 613 -         .div_ceil(&u64::from(bits))
[INFO] [stdout] 613 +         .div_ceil(u64::from(bits))
[INFO] [stdout]     |
[INFO] [stdout] help: you might have meant to call the other method; you can use the fully-qualified path to call it explicitly
[INFO] [stdout]     |
[INFO] [stdout] 611 ~     let digits = <_ as num_integer::Integer>::div_ceil(&u
[INFO] [stdout] 612 ~         .bits(), &u64::from(bits))
[INFO] [stdout]     |
[INFO] [stdout] 
[INFO] [stdout] 
[INFO] [stderr]     Checking digest v0.9.0
[INFO] [stderr]     Checking block-buffer v0.9.0
[INFO] [stdout] error[E0308]: mismatched types
[INFO] [stdout]    --> /opt/rustwide/cargo-home/registry/src/index.crates.io-1949cf8c6b5b557f/num-bigint-0.3.2/src/biguint.rs:393:54
[INFO] [stdout]     |
[INFO] [stdout] 393 |                 let root_scale = extra_bits.div_ceil(&n64);
[INFO] [stdout]     |                                             -------- ^^^^ expected `u64`, found `&u64`
[INFO] [stdout]     |                                             |
[INFO] [stdout]     |                                             arguments to this method are incorrect
[INFO] [stdout]     |
[INFO] [stdout] note: method defined here
[INFO] [stdout]    --> /rustc/5b237c915528dadada3f674b90c7c80368b632be/library/core/src/num/uint_macros.rs:3811:21
[INFO] [stdout]    --> /rustc/5b237c915528dadada3f674b90c7c80368b632be/library/core/src/num/mod.rs:1327:4
[INFO] [stdout]    ::: /rustc/5b237c915528dadada3f674b90c7c80368b632be/library/core/src/num/mod.rs:1351:5
[INFO] [stdout]     |
[INFO] [stdout]     = note: in this macro invocation
[INFO] [stdout] note: the `div_ceil` call is resolved to the method in `core::num::<impl u64>`, shadowing the method of the same name on trait `num_integer::Integer`
[INFO] [stdout]    --> /opt/rustwide/cargo-home/registry/src/index.crates.io-1949cf8c6b5b557f/num-bigint-0.3.2/src/biguint.rs:393:45
[INFO] [stdout]     |
[INFO] [stdout] 393 |                 let root_scale = extra_bits.div_ceil(&n64);
[INFO] [stdout]     |                                             ^^^^^^^^ refers to `core::num::<impl u64>::div_ceil`
[INFO] [stdout]     = note: this error originates in the macro `uint_impl` (in Nightly builds, run with -Z macro-backtrace for more info)
[INFO] [stdout] help: consider removing the borrow
[INFO] [stdout]     |
[INFO] [stdout] 393 -                 let root_scale = extra_bits.div_ceil(&n64);
[INFO] [stdout] 393 +                 let root_scale = extra_bits.div_ceil(n64);
[INFO] [stdout]     |
[INFO] [stdout] help: you might have meant to call the other method; you can use the fully-qualified path to call it explicitly
[INFO] [stdout]     |
[INFO] [stdout] 393 -                 let root_scale = extra_bits.div_ceil(&n64);
[INFO] [stdout] 393 +                 let root_scale = <_ as num_integer::Integer>::div_ceil(&extra_bits, &n64);
[INFO] [stdout]     |
[INFO] [stdout] 
[INFO] [stdout] 
[INFO] [stderr]     Checking sha2 v0.9.5
[INFO] [stderr]     Checking sha3 v0.9.1
[INFO] [stdout] For more information about this error, try `rustc --explain E0308`.
[INFO] [stdout] 
[INFO] [stderr] error: could not compile `num-bigint` (lib) due to 4 previous errors
[INFO] [stderr] warning: build failed, waiting for other jobs to finish...
[INFO] running `Command { std: "docker" "inspect" "920b535e0e4029638584bb0c494564a93c882bf2d863a4736949ee2817c68bdb", kill_on_drop: false }`
[INFO] running `Command { std: "docker" "rm" "-f" "920b535e0e4029638584bb0c494564a93c882bf2d863a4736949ee2817c68bdb", kill_on_drop: false }`
[INFO] [stdout] 920b535e0e4029638584bb0c494564a93c882bf2d863a4736949ee2817c68bdb
