[INFO] cloning repository https://github.com/blockchain-analysis-study/my-substrate
[INFO] running `Command { std: "git" "-c" "credential.helper=" "-c" "credential.helper=/workspace/cargo-home/bin/git-credential-null" "clone" "--bare" "https://github.com/blockchain-analysis-study/my-substrate" "/workspace/cache/git-repos/https%3A%2F%2Fgithub.com%2Fblockchain-analysis-study%2Fmy-substrate", kill_on_drop: false }`
[INFO] [stderr] Cloning into bare repository '/workspace/cache/git-repos/https%3A%2F%2Fgithub.com%2Fblockchain-analysis-study%2Fmy-substrate'...
[INFO] running `Command { std: "git" "rev-parse" "HEAD", kill_on_drop: false }`
[INFO] [stdout] 6bf0d2a94fea1a05afd0699a787e7cab22b497fe
[INFO] checking blockchain-analysis-study/my-substrate against 5b237c915528dadada3f674b90c7c80368b632be for pr-133502-29
[INFO] running `Command { std: "git" "clone" "/workspace/cache/git-repos/https%3A%2F%2Fgithub.com%2Fblockchain-analysis-study%2Fmy-substrate" "/workspace/builds/worker-2-tc2/source", kill_on_drop: false }`
[INFO] [stderr] Cloning into '/workspace/builds/worker-2-tc2/source'...
[INFO] [stderr] done.
[INFO] started tweaking git repo https://github.com/blockchain-analysis-study/my-substrate
[INFO] finished tweaking git repo https://github.com/blockchain-analysis-study/my-substrate
[INFO] tweaked toml for git repo https://github.com/blockchain-analysis-study/my-substrate written to /workspace/builds/worker-2-tc2/source/Cargo.toml
[INFO] validating manifest of git repo https://github.com/blockchain-analysis-study/my-substrate on toolchain 5b237c915528dadada3f674b90c7c80368b632be
[INFO] running `Command { std: CARGO_HOME="/workspace/cargo-home" RUSTUP_HOME="/workspace/rustup-home" "/workspace/cargo-home/bin/cargo" "+5b237c915528dadada3f674b90c7c80368b632be" "metadata" "--manifest-path" "Cargo.toml" "--no-deps", kill_on_drop: false }`
[INFO] crate git repo https://github.com/blockchain-analysis-study/my-substrate already has a lockfile, it will not be regenerated
[INFO] running `Command { std: CARGO_HOME="/workspace/cargo-home" RUSTUP_HOME="/workspace/rustup-home" "/workspace/cargo-home/bin/cargo" "+5b237c915528dadada3f674b90c7c80368b632be" "fetch" "--manifest-path" "Cargo.toml", kill_on_drop: false }`
[INFO] [stderr] warning: node-template/runtime/Cargo.toml: `default_features` is deprecated in favor of `default-features` and will not work in the 2024 edition
[INFO] [stderr] (in the `aura` dependency)
[INFO] [stderr] warning: node-template/runtime/Cargo.toml: `default_features` is deprecated in favor of `default-features` and will not work in the 2024 edition
[INFO] [stderr] (in the `balances` dependency)
[INFO] [stderr] warning: node-template/runtime/Cargo.toml: `default_features` is deprecated in favor of `default-features` and will not work in the 2024 edition
[INFO] [stderr] (in the `client` dependency)
[INFO] [stderr] warning: node-template/runtime/Cargo.toml: `default_features` is deprecated in favor of `default-features` and will not work in the 2024 edition
[INFO] [stderr] (in the `consensus` dependency)
[INFO] [stderr] warning: node-template/runtime/Cargo.toml: `default_features` is deprecated in favor of `default-features` and will not work in the 2024 edition
[INFO] [stderr] (in the `consensus-aura` dependency)
[INFO] [stderr] warning: node-template/runtime/Cargo.toml: `default_features` is deprecated in favor of `default-features` and will not work in the 2024 edition
[INFO] [stderr] (in the `executive` dependency)
[INFO] [stderr] warning: node-template/runtime/Cargo.toml: `default_features` is deprecated in favor of `default-features` and will not work in the 2024 edition
[INFO] [stderr] (in the `indices` dependency)
[INFO] [stderr] warning: node-template/runtime/Cargo.toml: `default_features` is deprecated in favor of `default-features` and will not work in the 2024 edition
[INFO] [stderr] (in the `primitives` dependency)
[INFO] [stderr] warning: node-template/runtime/Cargo.toml: `default_features` is deprecated in favor of `default-features` and will not work in the 2024 edition
[INFO] [stderr] (in the `rstd` dependency)
[INFO] [stderr] warning: node-template/runtime/Cargo.toml: `default_features` is deprecated in favor of `default-features` and will not work in the 2024 edition
[INFO] [stderr] (in the `runtime-io` dependency)
[INFO] [stderr] warning: node-template/runtime/Cargo.toml: `default_features` is deprecated in favor of `default-features` and will not work in the 2024 edition
[INFO] [stderr] (in the `runtime-primitives` dependency)
[INFO] [stderr] warning: node-template/runtime/Cargo.toml: `default_features` is deprecated in favor of `default-features` and will not work in the 2024 edition
[INFO] [stderr] (in the `sudo` dependency)
[INFO] [stderr] warning: node-template/runtime/Cargo.toml: `default_features` is deprecated in favor of `default-features` and will not work in the 2024 edition
[INFO] [stderr] (in the `support` dependency)
[INFO] [stderr] warning: node-template/runtime/Cargo.toml: `default_features` is deprecated in favor of `default-features` and will not work in the 2024 edition
[INFO] [stderr] (in the `system` dependency)
[INFO] [stderr] warning: node-template/runtime/Cargo.toml: `default_features` is deprecated in favor of `default-features` and will not work in the 2024 edition
[INFO] [stderr] (in the `timestamp` dependency)
[INFO] [stderr] warning: node-template/runtime/Cargo.toml: `default_features` is deprecated in favor of `default-features` and will not work in the 2024 edition
[INFO] [stderr] (in the `version` dependency)
[INFO] [stderr] warning: `node-template-runtime` (manifest) generated 16 warnings
[INFO] [stderr]     Blocking waiting for file lock on package cache
[INFO] [stderr]     Blocking waiting for file lock on package cache
[INFO] [stderr]  Downloading crates ...
[INFO] [stderr]   Downloaded rustc-demangle v0.1.14
[INFO] [stderr]   Downloaded cc v1.0.26
[INFO] [stderr]   Downloaded crunchy v0.2.1
[INFO] [stderr]   Downloaded hash256-std-hasher v0.12.2
[INFO] [stderr]   Downloaded elastic-array v0.10.2
[INFO] [stderr]   Downloaded parity-codec-derive v3.3.0
[INFO] [stderr]   Downloaded opaque-debug v0.2.2
[INFO] [stderr]   Downloaded hmac v0.7.0
[INFO] [stderr]   Downloaded keccak-hasher v0.12.2
[INFO] [stderr]   Downloaded trie-root v0.12.2
[INFO] [stderr]   Downloaded memory-db v0.12.2
[INFO] [stderr]   Downloaded digest v0.8.0
[INFO] [stderr]   Downloaded hash-db v0.12.2
[INFO] [stderr]   Downloaded tinytemplate v1.0.1
[INFO] [stderr]   Downloaded impl-codec v0.2.0
[INFO] [stderr]   Downloaded proc-macro-crate v0.1.3
[INFO] [stderr]   Downloaded merlin v1.0.3
[INFO] [stderr]   Downloaded impl-serde v0.1.1
[INFO] [stderr]   Downloaded hex-literal v0.2.0
[INFO] [stderr]   Downloaded fixed-hash v0.3.2
[INFO] [stderr]   Downloaded crossbeam-deque v0.2.0
[INFO] [stderr]   Downloaded tokio-executor v0.1.7
[INFO] [stderr]   Downloaded subtle v2.0.0
[INFO] [stderr]   Downloaded wasmi-validation v0.1.0
[INFO] [stderr]   Downloaded heapsize v0.4.2
[INFO] [stderr]   Downloaded primitive-types v0.2.1
[INFO] [stderr]   Downloaded strum_macros v0.14.0
[INFO] [stderr]   Downloaded crossbeam-utils v0.2.2
[INFO] [stderr]   Downloaded crossbeam-epoch v0.3.1
[INFO] [stderr]   Downloaded tokio-timer v0.2.10
[INFO] [stderr]   Downloaded hashmap_core v0.1.10
[INFO] [stderr]   Downloaded csv-core v0.1.5
[INFO] [stderr]   Downloaded trie-bench v0.12.2
[INFO] [stderr]   Downloaded generic-array v0.12.0
[INFO] [stderr]   Downloaded pbkdf2 v0.3.0
[INFO] [stderr]   Downloaded once_cell v0.1.8
[INFO] [stderr]   Downloaded clear_on_drop v0.2.3
[INFO] [stderr]   Downloaded strum v0.14.0
[INFO] [stderr]   Downloaded assert_matches v1.3.0
[INFO] [stderr]   Downloaded trie-standardmap v0.12.2
[INFO] [stderr]   Downloaded stdweb-derive v0.5.1
[INFO] [stderr]   Downloaded unsigned-varint v0.2.2
[INFO] [stderr]   Downloaded parity-multiaddr v0.4.0
[INFO] [stderr]   Downloaded tokio-sync v0.1.5
[INFO] [stderr]   Downloaded trie-db v0.12.2
[INFO] [stderr]   Downloaded parity-codec v3.5.1
[INFO] [stderr]   Downloaded ed25519-dalek v1.0.0-pre.1
[INFO] [stderr]   Downloaded uint v0.6.1
[INFO] [stderr]   Downloaded wasm-bindgen-macro v0.2.42
[INFO] [stderr]   Downloaded wasm-bindgen-macro-support v0.2.42
[INFO] [stderr]   Downloaded stdweb-internal-macros v0.2.7
[INFO] [stderr]   Downloaded termion v1.5.2
[INFO] [stderr]   Downloaded error-chain v0.12.0
[INFO] [stderr]   Downloaded cmake v0.1.35
[INFO] [stderr]   Downloaded tokio v0.1.19
[INFO] [stderr]   Downloaded tokio-threadpool v0.1.14
[INFO] [stderr]   Downloaded ctor v0.1.9
[INFO] [stderr]   Downloaded environmental v1.0.1
[INFO] [stderr]   Downloaded integer-sqrt v0.1.2
[INFO] [stderr]   Downloaded libp2p v0.7.0
[INFO] [stderr]   Downloaded base-x v0.2.4
[INFO] [stderr]   Downloaded quick-error v0.1.4
[INFO] [stderr]   Downloaded nohash-hasher v0.1.1
[INFO] [stderr]   Downloaded rw-stream-sink v0.1.1
[INFO] [stderr]   Downloaded stdweb-internal-runtime v0.1.4
[INFO] [stderr]   Downloaded parity-multihash v0.1.1
[INFO] [stderr]   Downloaded sha-1 v0.8.1
[INFO] [stderr]   Downloaded data-encoding v2.1.2
[INFO] [stderr]   Downloaded vergen v3.0.4
[INFO] [stderr]   Downloaded hashbrown v0.1.8
[INFO] [stderr]   Downloaded hex-literal-impl v0.2.0
[INFO] [stderr]   Downloaded wasm-bindgen-shared v0.2.42
[INFO] [stderr]   Downloaded libp2p-yamux v0.7.0
[INFO] [stderr]   Downloaded libp2p-websocket v0.7.0
[INFO] [stderr]   Downloaded security-framework-sys v0.2.3
[INFO] [stderr]   Downloaded libp2p-floodsub v0.7.0
[INFO] [stderr]   Downloaded wabt v0.7.4
[INFO] [stderr]   Downloaded yamux v0.2.0
[INFO] [stderr]   Downloaded MacTypes-sys v2.1.0
[INFO] [stderr]   Downloaded core-foundation v0.5.1
[INFO] [stderr]   Downloaded get_if_addrs v0.5.3
[INFO] [stderr]   Downloaded libp2p-noise v0.5.0
[INFO] [stderr]   Downloaded tiny-bip39 v0.6.2
[INFO] [stderr]   Downloaded security-framework v0.2.2
[INFO] [stderr]   Downloaded openssl-sys v0.9.43
[INFO] [stderr]   Downloaded stream-cipher v0.3.0
[INFO] [stderr]   Downloaded aes-ctr v0.3.0
[INFO] [stderr]   Downloaded proc-macro-hack-impl v0.4.1
[INFO] [stderr]   Downloaded bs58 v0.2.2
[INFO] [stderr]   Downloaded libp2p-core v0.7.0
[INFO] [stderr]   Downloaded websocket v0.22.3
[INFO] [stderr]   Downloaded rayon v1.0.3
[INFO] [stderr]   Downloaded syn v0.15.32
[INFO] [stderr]   Downloaded regex v1.1.6
[INFO] [stderr]   Downloaded secp256k1 v0.12.2
[INFO] [stderr]   Downloaded tk-listen v0.2.1
[INFO] [stderr]   Downloaded stdweb v0.4.16
[INFO] [stderr]   Downloaded bitmask v0.5.0
[INFO] [stderr]   Downloaded paste v0.1.5
[INFO] [stderr]   Downloaded shell32-sys v0.1.2
[INFO] [stderr]   Downloaded rhododendron v0.5.0
[INFO] [stderr]   Downloaded wasm-bindgen v0.2.42
[INFO] [stderr]   Downloaded aesni v0.6.0
[INFO] [stderr]   Downloaded bindgen v0.47.3
[INFO] [stderr]   Downloaded jsonrpc-core v10.1.0
[INFO] [stderr]   Downloaded app_dirs v1.2.1
[INFO] [stderr]   Downloaded protobuf v2.5.0
[INFO] [stderr]   Downloaded csv v1.0.7
[INFO] [stderr]   Downloaded jsonrpc-ws-server v10.1.0
[INFO] [stderr]   Downloaded wabt-sys v0.5.4
[INFO] [stderr]   Downloaded cexpr v0.3.5
[INFO] [stderr]   Downloaded generic-array v0.9.0
[INFO] [stderr]   Downloaded libp2p-secio v0.7.0
[INFO] [stderr]   Downloaded libp2p-core-derive v0.7.0
[INFO] [stderr]   Downloaded jsonrpc-derive v10.1.0
[INFO] [stderr]   Downloaded jsonrpc-server-utils v10.1.0
[INFO] [stderr]   Downloaded scrypt v0.1.2
[INFO] [stderr]   Downloaded wasm-bindgen-backend v0.2.42
[INFO] [stderr]   Downloaded libp2p-kad v0.7.0
[INFO] [stderr]   Downloaded ctrlc v3.1.2
[INFO] [stderr]   Downloaded get_if_addrs-sys v0.1.1
[INFO] [stderr]   Downloaded block-modes v0.3.3
[INFO] [stderr]   Downloaded tokio-dns-unofficial v0.4.0
[INFO] [stderr]   Downloaded hex-literal-impl v0.1.2
[INFO] [stderr]   Downloaded which v2.0.1
[INFO] [stderr]   Downloaded wasm-bindgen-futures v0.3.19
[INFO] [stderr]   Downloaded unicase v2.3.0
[INFO] [stderr]   Downloaded libp2p-ratelimit v0.7.0
[INFO] [stderr]   Downloaded proc-macro-hack v0.4.1
[INFO] [stderr]   Downloaded fs-swap v0.2.4
[INFO] [stderr]   Downloaded want v0.0.6
[INFO] [stderr]   Downloaded fdlimit v0.1.1
[INFO] [stderr]   Downloaded wasm-bindgen-webidl v0.2.42
[INFO] [stderr]   Downloaded block-cipher-trait v0.6.2
[INFO] [stderr]   Downloaded libp2p-ping v0.7.0
[INFO] [stderr]   Downloaded linked_hash_set v0.1.3
[INFO] [stderr]   Downloaded pwasm-utils v0.6.2
[INFO] [stderr]   Downloaded aio-limited v0.1.0
[INFO] [stderr]   Downloaded jsonrpc-pubsub v10.1.0
[INFO] [stderr]   Downloaded zeroize v0.5.2
[INFO] [stderr]   Downloaded tokio-tls v0.2.1
[INFO] [stderr]   Downloaded hex-literal v0.1.4
[INFO] [stderr]   Downloaded libp2p-dns v0.7.0
[INFO] [stderr]   Downloaded libp2p-plaintext v0.7.0
[INFO] [stderr]   Downloaded libp2p-mplex v0.7.0
[INFO] [stderr]   Downloaded twofish v0.2.0
[INFO] [stderr]   Downloaded owning_ref v0.3.3
[INFO] [stderr]   Downloaded interleaved-ordered v0.1.1
[INFO] [stderr]   Downloaded asn1_der_derive v0.1.1
[INFO] [stderr]   Downloaded native-tls v0.2.2
[INFO] [stderr]   Downloaded ref_thread_local v0.0.0
[INFO] [stderr]   Downloaded pbkdf2 v0.2.3
[INFO] [stderr]   Downloaded erased-serde v0.3.9
[INFO] [stderr]   Downloaded crossbeam v0.6.0
[INFO] [stderr]   Downloaded clang-sys v0.26.4
[INFO] [stderr]   Downloaded parking_lot v0.5.5
[INFO] [stderr]   Downloaded libp2p-mdns v0.7.0
[INFO] [stderr]   Downloaded string v0.1.3
[INFO] [stderr]   Downloaded sysinfo v0.8.2
[INFO] [stderr]   Downloaded derive_more v0.14.0
[INFO] [stderr]   Downloaded jsonrpc-http-server v10.1.0
[INFO] [stderr]   Downloaded sha2 v0.7.1
[INFO] [stderr]   Downloaded ws v0.7.9
[INFO] [stderr]   Downloaded x25519-dalek v0.5.2
[INFO] [stderr]   Downloaded rocksdb v0.11.0
[INFO] [stderr]   Downloaded libloading v0.5.0
[INFO] [stderr]   Downloaded sha3 v0.8.1
[INFO] [stderr]   Downloaded hyper v0.12.27
[INFO] [stderr]   Downloaded hyper v0.10.15
[INFO] [stderr]   Downloaded h2 v0.1.18
[INFO] [stderr]   Downloaded twox-hash v1.2.0
[INFO] [stderr]   Downloaded proc-macro2 v0.4.28
[INFO] [stderr]   Downloaded web-sys v0.3.19
[INFO] [stderr]   Downloaded bstr v0.1.2
[INFO] [stderr]   Downloaded parity-ws v0.8.0
[INFO] [stderr]   Downloaded tiny-keccak v1.4.2
[INFO] [stderr]   Downloaded snow v0.5.2
[INFO] [stderr]   Downloaded asn1_der v0.6.1
[INFO] [stderr]   Downloaded libp2p-tcp v0.7.0
[INFO] [stderr]   Downloaded exit-future v0.1.4
[INFO] [stderr]   Downloaded byteorder v0.5.3
[INFO] [stderr]   Downloaded slog-scope v4.1.1
[INFO] [stderr]   Downloaded globset v0.4.3
[INFO] [stderr]   Downloaded parity-crypto v0.3.1
[INFO] [stderr]   Downloaded finality-grandpa v0.7.2
[INFO] [stderr]   Downloaded libp2p-uds v0.7.0
[INFO] [stderr]   Downloaded slog-async v2.3.0
[INFO] [stderr]   Downloaded bigint v4.4.1
[INFO] [stderr]   Downloaded ctr v0.3.2
[INFO] [stderr]   Downloaded rustc-hex v2.0.1
[INFO] [stderr]   Downloaded slog_derive v0.1.1
[INFO] [stderr]   Downloaded aes v0.3.2
[INFO] [stderr]   Downloaded static_slice v0.0.3
[INFO] [stderr]   Downloaded aes-soft v0.3.3
[INFO] [stderr]   Downloaded blake2 v0.8.0
[INFO] [stderr]   Downloaded pretty_assertions v0.5.1
[INFO] [stderr]   Downloaded curve25519-dalek v1.1.3
[INFO] [stderr]   Downloaded multistream-select v0.4.0
[INFO] [stderr]   Downloaded ring v0.14.6
[INFO] [stderr]   Downloaded slog-json v2.3.0
[INFO] [stderr]   Downloaded librocksdb-sys v5.17.2
[INFO] [stderr]   Downloaded nix v0.13.0
[INFO] [stderr]   Downloaded tokio-trace-core v0.1.0
[INFO] [stderr]   Downloaded crypto-mac v0.6.2
[INFO] [stderr]   Downloaded proc-macro-hack v0.5.5
[INFO] [stderr]   Downloaded static_assertions v0.2.5
[INFO] [stderr]   Downloaded safemem v0.3.0
[INFO] [stderr]   Downloaded openssl v0.10.20
[INFO] [stderr]   Downloaded c_linked_list v1.1.1
[INFO] [stderr]   Downloaded parking_lot_core v0.2.14
[INFO] [stderr]   Downloaded weedle v0.8.0
[INFO] [stderr]   Downloaded parity-wasm v0.31.3
[INFO] [stderr]   Downloaded cuckoofilter v0.3.2
[INFO] [stderr]   Downloaded slog v2.4.1
[INFO] [stderr]   Downloaded schnorrkel v0.1.1
[INFO] [stderr]   Downloaded hmac v0.6.3
[INFO] [stderr]   Downloaded names v0.11.0
[INFO] [stderr]   Downloaded libp2p-identify v0.7.0
[INFO] [stderr]   Downloaded js-sys v0.3.19
[INFO] [stderr]   Downloaded rayon-core v1.4.1
[INFO] [stderr]   Downloaded paste-impl v0.1.5
[INFO] [stderr]   Downloaded wasmi v0.4.5
[INFO] [stderr]   Downloaded bumpalo v2.4.1
[INFO] [stderr]   Downloaded safe-mix v1.0.0
[INFO] running `Command { std: "docker" "create" "-v" "/var/lib/crater-agent-workspace/builds/worker-2-tc2/source:/opt/rustwide/workdir:ro,Z" "-v" "/var/lib/crater-agent-workspace/builds/worker-2-tc2/target:/opt/rustwide/target:rw,Z" "-v" "/var/lib/crater-agent-workspace/cargo-home:/opt/rustwide/cargo-home:ro,Z" "-v" "/var/lib/crater-agent-workspace/rustup-home:/opt/rustwide/rustup-home:ro,Z" "-m" "1610612736" "--network" "none" "ghcr.io/rust-lang/crates-build-env/linux@sha256:3111399a4047eeb3a02b7a90e478d715f38a8c6669b5c4b49d30a17385265909" "sleep" "infinity", kill_on_drop: false }`
[INFO] [stdout] dbd502db5d13869daf3da711c61a51b84e6b277cecbb791392b781119f7c5b7e
[INFO] running `Command { std: "docker" "start" "dbd502db5d13869daf3da711c61a51b84e6b277cecbb791392b781119f7c5b7e", kill_on_drop: false }`
[INFO] running `Command { std: "docker" "inspect" "dbd502db5d13869daf3da711c61a51b84e6b277cecbb791392b781119f7c5b7e", kill_on_drop: false }`
[INFO] running `Command { std: "docker" "exec" "-e" "SOURCE_DIR=/opt/rustwide/workdir" "-e" "CARGO_HOME=/opt/rustwide/cargo-home" "-e" "RUSTUP_HOME=/opt/rustwide/rustup-home" "-e" "CARGO_TARGET_DIR=/opt/rustwide/target" "-w" "/opt/rustwide/workdir" "--user" "0:0" "dbd502db5d13869daf3da711c61a51b84e6b277cecbb791392b781119f7c5b7e" "/opt/rustwide/cargo-home/bin/cargo" "+5b237c915528dadada3f674b90c7c80368b632be" "metadata" "--no-deps" "--format-version=1", kill_on_drop: false }`
[INFO] running `Command { std: "docker" "inspect" "dbd502db5d13869daf3da711c61a51b84e6b277cecbb791392b781119f7c5b7e", kill_on_drop: false }`
[INFO] running `Command { std: "docker" "exec" "-e" "SOURCE_DIR=/opt/rustwide/workdir" "-e" "CARGO_HOME=/opt/rustwide/cargo-home" "-e" "RUSTUP_HOME=/opt/rustwide/rustup-home" "-e" "CARGO_TARGET_DIR=/opt/rustwide/target" "-e" "CARGO_INCREMENTAL=0" "-e" "RUST_BACKTRACE=full" "-e" "RUSTFLAGS=--cap-lints=forbid" "-e" "RUSTDOCFLAGS=--cap-lints=forbid" "-w" "/opt/rustwide/workdir" "--user" "0:0" "dbd502db5d13869daf3da711c61a51b84e6b277cecbb791392b781119f7c5b7e" "/opt/rustwide/cargo-home/bin/cargo" "+5b237c915528dadada3f674b90c7c80368b632be" "check" "--frozen" "--all" "--all-targets" "--message-format=json", kill_on_drop: false }`
[INFO] [stderr] warning: node-template/runtime/Cargo.toml: `default_features` is deprecated in favor of `default-features` and will not work in the 2024 edition
[INFO] [stderr] (in the `aura` dependency)
[INFO] [stderr] warning: node-template/runtime/Cargo.toml: `default_features` is deprecated in favor of `default-features` and will not work in the 2024 edition
[INFO] [stderr] (in the `balances` dependency)
[INFO] [stderr] warning: node-template/runtime/Cargo.toml: `default_features` is deprecated in favor of `default-features` and will not work in the 2024 edition
[INFO] [stderr] (in the `client` dependency)
[INFO] [stderr] warning: node-template/runtime/Cargo.toml: `default_features` is deprecated in favor of `default-features` and will not work in the 2024 edition
[INFO] [stderr] (in the `consensus` dependency)
[INFO] [stderr] warning: node-template/runtime/Cargo.toml: `default_features` is deprecated in favor of `default-features` and will not work in the 2024 edition
[INFO] [stderr] (in the `consensus-aura` dependency)
[INFO] [stderr] warning: node-template/runtime/Cargo.toml: `default_features` is deprecated in favor of `default-features` and will not work in the 2024 edition
[INFO] [stderr] (in the `executive` dependency)
[INFO] [stderr] warning: node-template/runtime/Cargo.toml: `default_features` is deprecated in favor of `default-features` and will not work in the 2024 edition
[INFO] [stderr] (in the `indices` dependency)
[INFO] [stderr] warning: node-template/runtime/Cargo.toml: `default_features` is deprecated in favor of `default-features` and will not work in the 2024 edition
[INFO] [stderr] (in the `primitives` dependency)
[INFO] [stderr] warning: node-template/runtime/Cargo.toml: `default_features` is deprecated in favor of `default-features` and will not work in the 2024 edition
[INFO] [stderr] (in the `rstd` dependency)
[INFO] [stderr] warning: node-template/runtime/Cargo.toml: `default_features` is deprecated in favor of `default-features` and will not work in the 2024 edition
[INFO] [stderr] (in the `runtime-io` dependency)
[INFO] [stderr] warning: node-template/runtime/Cargo.toml: `default_features` is deprecated in favor of `default-features` and will not work in the 2024 edition
[INFO] [stderr] (in the `runtime-primitives` dependency)
[INFO] [stderr] warning: node-template/runtime/Cargo.toml: `default_features` is deprecated in favor of `default-features` and will not work in the 2024 edition
[INFO] [stderr] (in the `sudo` dependency)
[INFO] [stderr] warning: node-template/runtime/Cargo.toml: `default_features` is deprecated in favor of `default-features` and will not work in the 2024 edition
[INFO] [stderr] (in the `support` dependency)
[INFO] [stderr] warning: node-template/runtime/Cargo.toml: `default_features` is deprecated in favor of `default-features` and will not work in the 2024 edition
[INFO] [stderr] (in the `system` dependency)
[INFO] [stderr] warning: node-template/runtime/Cargo.toml: `default_features` is deprecated in favor of `default-features` and will not work in the 2024 edition
[INFO] [stderr] (in the `timestamp` dependency)
[INFO] [stderr] warning: node-template/runtime/Cargo.toml: `default_features` is deprecated in favor of `default-features` and will not work in the 2024 edition
[INFO] [stderr] (in the `version` dependency)
[INFO] [stderr] warning: `node-template-runtime` (manifest) generated 16 warnings
[INFO] [stderr]    Compiling arrayvec v0.4.10
[INFO] [stderr]    Compiling cfg-if v0.1.7
[INFO] [stderr]    Compiling byteorder v1.3.1
[INFO] [stderr]    Compiling nodrop v0.1.13
[INFO] [stderr]    Compiling lazy_static v1.3.0
[INFO] [stderr]    Compiling scopeguard v0.3.3
[INFO] [stderr]    Compiling proc-macro2 v0.4.28
[INFO] [stderr]    Compiling memoffset v0.2.1
[INFO] [stderr]    Compiling rayon-core v1.4.1
[INFO] [stderr]    Compiling syn v0.15.32
[INFO] [stderr]    Compiling rayon v1.0.3
[INFO] [stderr]    Compiling either v1.5.2
[INFO] [stderr]    Compiling libc v0.2.51
[INFO] [stderr]    Compiling typenum v1.10.0
[INFO] [stderr]    Compiling rand v0.6.5
[INFO] [stderr]    Compiling serde v1.0.90
[INFO] [stderr]    Compiling rand_core v0.4.0
[INFO] [stderr]    Compiling parking_lot_core v0.4.0
[INFO] [stderr]    Compiling crossbeam-utils v0.2.2
[INFO] [stderr]    Compiling subtle v2.0.0
[INFO] [stderr]     Checking rand_core v0.3.1
[INFO] [stderr]    Compiling memchr v2.2.0
[INFO] [stderr]     Checking rand_isaac v0.1.1
[INFO] [stderr]     Checking rand_hc v0.1.0
[INFO] [stderr]     Checking rand_chacha v0.1.1
[INFO] [stderr]     Checking rand_xorshift v0.1.1
[INFO] [stderr]    Compiling regex v1.1.6
[INFO] [stderr]    Compiling heapsize v0.4.2
[INFO] [stderr]    Compiling num_cpus v1.10.0
[INFO] [stderr]    Compiling crunchy v0.2.1
[INFO] [stderr]     Checking byte-tools v0.3.1
[INFO] [stderr]     Checking opaque-debug v0.2.2
[INFO] [stderr]     Checking rustc-demangle v0.1.14
[INFO] [stderr]     Checking fake-simd v0.1.2
[INFO] [stderr]     Checking block-padding v0.1.4
[INFO] [stderr]    Compiling sr-std v2.0.0 (/opt/rustwide/workdir/core/sr-std)
[INFO] [stderr]     Checking subtle v1.0.0
[INFO] [stderr]    Compiling num-traits v0.2.6
[INFO] [stderr]    Compiling crossbeam-epoch v0.3.1
[INFO] [stderr]     Checking rand v0.5.6
[INFO] [stderr]     Checking arrayref v0.3.5
[INFO] [stderr]     Checking constant_time_eq v0.1.3
[INFO] [stderr]    Compiling sr-io v2.0.0 (/opt/rustwide/workdir/core/sr-io)
[INFO] [stderr]     Checking hash-db v0.12.2
[INFO] [stderr]    Compiling crossbeam-deque v0.2.0
[INFO] [stderr]     Checking aho-corasick v0.7.3
[INFO] [stderr]     Checking rustc-hex v2.0.1
[INFO] [stderr]     Checking hash256-std-hasher v0.12.2
[INFO] [stderr]    Compiling quote v0.6.12
[INFO] [stderr]     Checking parity-wasm v0.31.3
[INFO] [stderr]     Checking hashbrown v0.1.8
[INFO] [stderr]     Checking static_assertions v0.2.5
[INFO] [stderr]     Checking uint v0.6.1
[INFO] [stderr]     Checking blake2-rfc v0.2.18
[INFO] [stderr]     Checking memory_units v0.3.0
[INFO] [stderr]     Checking hex v0.3.2
[INFO] [stderr]     Checking base58 v0.1.0
[INFO] [stderr]     Checking elastic-array v0.10.2
[INFO] [stderr]     Checking hashmap_core v0.1.10
[INFO] [stderr]     Checking byte-tools v0.2.0
[INFO] [stderr]     Checking tiny-keccak v1.4.2
[INFO] [stderr]     Checking memory-db v0.12.2
[INFO] [stderr]    Compiling generic-array v0.12.0
[INFO] [stderr]     Checking trie-root v0.12.2
[INFO] [stderr]     Checking generic-array v0.8.3
[INFO] [stderr]     Checking twox-hash v1.2.0
[INFO] [stderr]     Checking trie-db v0.12.2
[INFO] [stderr]     Checking digest v0.6.2
[INFO] [stderr]     Checking crypto-mac v0.4.0
[INFO] [stderr]     Checking block-buffer v0.2.0
[INFO] [stderr]    Compiling protobuf v2.5.0
[INFO] [stderr]     Checking environmental v1.0.1
[INFO] [stderr]     Checking integer-sqrt v0.1.2
[INFO] [stderr]     Checking digest v0.8.0
[INFO] [stderr]     Checking block-buffer v0.7.3
[INFO] [stderr]     Checking crypto-mac v0.7.0
[INFO] [stderr]     Checking hmac v0.4.2
[INFO] [stderr]     Checking parking_lot v0.7.1
[INFO] [stderr]     Checking hmac-drbg v0.1.2
[INFO] [stderr]     Checking sha2 v0.6.0
[INFO] [stderr]     Checking hmac v0.7.0
[INFO] [stderr]    Compiling pkg-config v0.3.14
[INFO] [stderr]     Checking sha2 v0.8.0
[INFO] [stderr]     Checking sha3 v0.8.1
[INFO] [stderr]     Checking bytes v0.4.12
[INFO] [stderr]    Compiling log v0.4.6
[INFO] [stderr]     Checking libsecp256k1 v0.2.2
[INFO] [stderr]     Checking fixed-hash v0.3.2
[INFO] [stderr]    Compiling httparse v1.3.3
[INFO] [stderr]    Compiling openssl v0.10.20
[INFO] [stderr]     Checking once_cell v0.1.8
[INFO] [stderr]     Checking tokio-io v0.1.12
[INFO] [stderr]     Checking tokio-executor v0.1.7
[INFO] [stderr]     Checking wasmi-validation v0.1.0
[INFO] [stderr]    Compiling native-tls v0.2.2
[INFO] [stderr]    Compiling unicase v1.4.2
[INFO] [stderr]    Compiling snow v0.5.2
[INFO] [stderr]    Compiling slog v2.4.1
[INFO] [stderr]     Checking untrusted v0.6.2
[INFO] [stderr]     Checking crossbeam-epoch v0.7.1
[INFO] [stderr]     Checking sha-1 v0.8.1
[INFO] [stderr]     Checking blake2 v0.8.0
[INFO] [stderr]     Checking tokio-timer v0.2.10
[INFO] [stderr]     Checking tokio-sync v0.1.5
[INFO] [stderr]     Checking wasmi v0.4.5
[INFO] [stderr]    Compiling safe-mix v1.0.0
[INFO] [stderr]     Checking bs58 v0.2.2
[INFO] [stderr]     Checking data-encoding v2.1.2
[INFO] [stderr]     Checking zeroize v0.5.2
[INFO] [stderr]     Checking crossbeam-deque v0.7.1
[INFO] [stdout] error[E0659]: `panic` is ambiguous
[INFO] [stdout]    --> /opt/rustwide/cargo-home/registry/src/index.crates.io-1949cf8c6b5b557f/wasmi-0.4.5/src/isa.rs:133:18
[INFO] [stdout]     |
[INFO] [stdout] 133 |             _ => panic!("BrTable has incorrect target count"),
[INFO] [stdout]     |                  ^^^^^ ambiguous name
[INFO] [stdout]     |
[INFO] [stdout]     = note: ambiguous because of a conflict between a name from a glob import and an outer scope during import or macro resolution
[INFO] [stdout] note: `panic` could refer to the macro imported here
[INFO] [stdout]    --> /opt/rustwide/cargo-home/registry/src/index.crates.io-1949cf8c6b5b557f/wasmi-0.4.5/src/isa.rs:71:5
[INFO] [stdout]     |
[INFO] [stdout]  71 | use alloc::prelude::v1::*;
[INFO] [stdout]     |     ^^^^^^^^^^^^^^^^^^^^^
[INFO] [stdout]     = help: consider adding an explicit import of `panic` to disambiguate
[INFO] [stdout]     = help: or use `self::panic` to refer to this macro unambiguously
[INFO] [stdout] note: `panic` could also refer to the macro imported here
[INFO] [stdout]    --> /opt/rustwide/cargo-home/registry/src/index.crates.io-1949cf8c6b5b557f/wasmi-0.4.5/src/lib.rs:109:1
[INFO] [stdout]     |
[INFO] [stdout] 109 | #[macro_use]
[INFO] [stdout]     | ^^^^^^^^^^^^
[INFO] [stdout] 
[INFO] [stdout] 
[INFO] [stdout] error[E0659]: `panic` is ambiguous
[INFO] [stdout]    --> /opt/rustwide/cargo-home/registry/src/index.crates.io-1949cf8c6b5b557f/wasmi-0.4.5/src/isa.rs:565:22
[INFO] [stdout]     |
[INFO] [stdout] 565 |                 _ => panic!("branch relocation points to a non-branch instruction"),
[INFO] [stdout]     |                      ^^^^^ ambiguous name
[INFO] [stdout]     |
[INFO] [stdout]     = note: ambiguous because of a conflict between a name from a glob import and an outer scope during import or macro resolution
[INFO] [stdout] note: `panic` could refer to the macro imported here
[INFO] [stdout]    --> /opt/rustwide/cargo-home/registry/src/index.crates.io-1949cf8c6b5b557f/wasmi-0.4.5/src/isa.rs:71:5
[INFO] [stdout]     |
[INFO] [stdout]  71 | use alloc::prelude::v1::*;
[INFO] [stdout]     |     ^^^^^^^^^^^^^^^^^^^^^
[INFO] [stdout]     = help: consider adding an explicit import of `panic` to disambiguate
[INFO] [stdout]     = help: or use `self::panic` to refer to this macro unambiguously
[INFO] [stdout] note: `panic` could also refer to the macro imported here
[INFO] [stdout]    --> /opt/rustwide/cargo-home/registry/src/index.crates.io-1949cf8c6b5b557f/wasmi-0.4.5/src/lib.rs:109:1
[INFO] [stdout]     |
[INFO] [stdout] 109 | #[macro_use]
[INFO] [stdout]     | ^^^^^^^^^^^^
[INFO] [stdout] 
[INFO] [stdout] 
[INFO] [stdout] error[E0659]: `panic` is ambiguous
[INFO] [stdout]    --> /opt/rustwide/cargo-home/registry/src/index.crates.io-1949cf8c6b5b557f/wasmi-0.4.5/src/isa.rs:569:22
[INFO] [stdout]     |
[INFO] [stdout] 569 |                 _ => panic!("brtable relocation points to not brtable instruction"),
[INFO] [stdout]     |                      ^^^^^ ambiguous name
[INFO] [stdout]     |
[INFO] [stdout]     = note: ambiguous because of a conflict between a name from a glob import and an outer scope during import or macro resolution
[INFO] [stdout] note: `panic` could refer to the macro imported here
[INFO] [stdout]    --> /opt/rustwide/cargo-home/registry/src/index.crates.io-1949cf8c6b5b557f/wasmi-0.4.5/src/isa.rs:71:5
[INFO] [stdout]     |
[INFO] [stdout]  71 | use alloc::prelude::v1::*;
[INFO] [stdout]     |     ^^^^^^^^^^^^^^^^^^^^^
[INFO] [stdout]     = help: consider adding an explicit import of `panic` to disambiguate
[INFO] [stdout]     = help: or use `self::panic` to refer to this macro unambiguously
[INFO] [stdout] note: `panic` could also refer to the macro imported here
[INFO] [stdout]    --> /opt/rustwide/cargo-home/registry/src/index.crates.io-1949cf8c6b5b557f/wasmi-0.4.5/src/lib.rs:109:1
[INFO] [stdout]     |
[INFO] [stdout] 109 | #[macro_use]
[INFO] [stdout]     | ^^^^^^^^^^^^
[INFO] [stdout] 
[INFO] [stdout] 
[INFO] [stdout] error[E0659]: `panic` is ambiguous
[INFO] [stdout]    --> /opt/rustwide/cargo-home/registry/src/index.crates.io-1949cf8c6b5b557f/wasmi-0.4.5/src/isa.rs:621:54
[INFO] [stdout]     |
[INFO] [stdout] 621 |             InstructionInternal::BrTableTarget(_) => panic!("Executed BrTableTarget"),
[INFO] [stdout]     |                                                      ^^^^^ ambiguous name
[INFO] [stdout]     |
[INFO] [stdout]     = note: ambiguous because of a conflict between a name from a glob import and an outer scope during import or macro resolution
[INFO] [stdout] note: `panic` could refer to the macro imported here
[INFO] [stdout]    --> /opt/rustwide/cargo-home/registry/src/index.crates.io-1949cf8c6b5b557f/wasmi-0.4.5/src/isa.rs:71:5
[INFO] [stdout]     |
[INFO] [stdout]  71 | use alloc::prelude::v1::*;
[INFO] [stdout]     |     ^^^^^^^^^^^^^^^^^^^^^
[INFO] [stdout]     = help: consider adding an explicit import of `panic` to disambiguate
[INFO] [stdout]     = help: or use `self::panic` to refer to this macro unambiguously
[INFO] [stdout] note: `panic` could also refer to the macro imported here
[INFO] [stdout]    --> /opt/rustwide/cargo-home/registry/src/index.crates.io-1949cf8c6b5b557f/wasmi-0.4.5/src/lib.rs:109:1
[INFO] [stdout]     |
[INFO] [stdout] 109 | #[macro_use]
[INFO] [stdout]     | ^^^^^^^^^^^^
[INFO] [stdout] 
[INFO] [stdout] 
[INFO] [stdout] error[E0659]: `panic` is ambiguous
[INFO] [stdout]    --> /opt/rustwide/cargo-home/registry/src/index.crates.io-1949cf8c6b5b557f/wasmi-0.4.5/src/module.rs:313:13
[INFO] [stdout]     |
[INFO] [stdout] 313 | /             debug_assert!(
[INFO] [stdout] 314 | |                 funcs.len() == bodies.len(),
[INFO] [stdout] 315 | |                 "Due to validation func and body counts must match"
[INFO] [stdout] 316 | |             );
[INFO] [stdout]     | |_____________^ ambiguous name
[INFO] [stdout]     |
[INFO] [stdout]     = note: ambiguous because of a conflict between a name from a glob import and an outer scope during import or macro resolution
[INFO] [stdout] note: `panic` could refer to the macro imported here
[INFO] [stdout]    --> /opt/rustwide/cargo-home/registry/src/index.crates.io-1949cf8c6b5b557f/wasmi-0.4.5/src/module.rs:2:5
[INFO] [stdout]     |
[INFO] [stdout]   2 | use alloc::prelude::v1::*;
[INFO] [stdout]     |     ^^^^^^^^^^^^^^^^^^^^^
[INFO] [stdout]     = help: consider adding an explicit import of `panic` to disambiguate
[INFO] [stdout]     = help: or use `self::panic` to refer to this macro unambiguously
[INFO] [stdout] note: `panic` could also refer to the macro imported here
[INFO] [stdout]    --> /opt/rustwide/cargo-home/registry/src/index.crates.io-1949cf8c6b5b557f/wasmi-0.4.5/src/lib.rs:109:1
[INFO] [stdout]     |
[INFO] [stdout] 109 | #[macro_use]
[INFO] [stdout]     | ^^^^^^^^^^^^
[INFO] [stdout] 
[INFO] [stdout] 
[INFO] [stdout] error[E0659]: `panic` is ambiguous
[INFO] [stdout]    --> /opt/rustwide/cargo-home/registry/src/index.crates.io-1949cf8c6b5b557f/wasmi-0.4.5/src/module.rs:425:22
[INFO] [stdout]     |
[INFO] [stdout] 425 |                 _ => panic!("Due to validation elem segment offset should evaluate to i32"),
[INFO] [stdout]     |                      ^^^^^ ambiguous name
[INFO] [stdout]     |
[INFO] [stdout]     = note: ambiguous because of a conflict between a name from a glob import and an outer scope during import or macro resolution
[INFO] [stdout] note: `panic` could refer to the macro imported here
[INFO] [stdout]    --> /opt/rustwide/cargo-home/registry/src/index.crates.io-1949cf8c6b5b557f/wasmi-0.4.5/src/module.rs:2:5
[INFO] [stdout]     |
[INFO] [stdout]   2 | use alloc::prelude::v1::*;
[INFO] [stdout]     |     ^^^^^^^^^^^^^^^^^^^^^
[INFO] [stdout]     = help: consider adding an explicit import of `panic` to disambiguate
[INFO] [stdout]     = help: or use `self::panic` to refer to this macro unambiguously
[INFO] [stdout] note: `panic` could also refer to the macro imported here
[INFO] [stdout]    --> /opt/rustwide/cargo-home/registry/src/index.crates.io-1949cf8c6b5b557f/wasmi-0.4.5/src/lib.rs:109:1
[INFO] [stdout]     |
[INFO] [stdout] 109 | #[macro_use]
[INFO] [stdout]     | ^^^^^^^^^^^^
[INFO] [stdout] 
[INFO] [stdout] 
[INFO] [stdout] error[E0659]: `panic` is ambiguous
[INFO] [stdout]    --> /opt/rustwide/cargo-home/registry/src/index.crates.io-1949cf8c6b5b557f/wasmi-0.4.5/src/module.rs:454:22
[INFO] [stdout]     |
[INFO] [stdout] 454 |                 _ => panic!("Due to validation data segment offset should evaluate to i32"),
[INFO] [stdout]     |                      ^^^^^ ambiguous name
[INFO] [stdout]     |
[INFO] [stdout]     = note: ambiguous because of a conflict between a name from a glob import and an outer scope during import or macro resolution
[INFO] [stdout] note: `panic` could refer to the macro imported here
[INFO] [stdout]    --> /opt/rustwide/cargo-home/registry/src/index.crates.io-1949cf8c6b5b557f/wasmi-0.4.5/src/module.rs:2:5
[INFO] [stdout]     |
[INFO] [stdout]   2 | use alloc::prelude::v1::*;
[INFO] [stdout]     |     ^^^^^^^^^^^^^^^^^^^^^
[INFO] [stdout]     = help: consider adding an explicit import of `panic` to disambiguate
[INFO] [stdout]     = help: or use `self::panic` to refer to this macro unambiguously
[INFO] [stdout] note: `panic` could also refer to the macro imported here
[INFO] [stdout]    --> /opt/rustwide/cargo-home/registry/src/index.crates.io-1949cf8c6b5b557f/wasmi-0.4.5/src/lib.rs:109:1
[INFO] [stdout]     |
[INFO] [stdout] 109 | #[macro_use]
[INFO] [stdout]     | ^^^^^^^^^^^^
[INFO] [stdout] 
[INFO] [stdout] 
[INFO] [stdout] error[E0659]: `panic` is ambiguous
[INFO] [stdout]    --> /opt/rustwide/cargo-home/registry/src/index.crates.io-1949cf8c6b5b557f/wasmi-0.4.5/src/module.rs:713:13
[INFO] [stdout]     |
[INFO] [stdout] 713 |             panic!("assert_no_start called on module with `start` function");
[INFO] [stdout]     |             ^^^^^ ambiguous name
[INFO] [stdout]     |
[INFO] [stdout]     = note: ambiguous because of a conflict between a name from a glob import and an outer scope during import or macro resolution
[INFO] [stdout] note: `panic` could refer to the macro imported here
[INFO] [stdout]    --> /opt/rustwide/cargo-home/registry/src/index.crates.io-1949cf8c6b5b557f/wasmi-0.4.5/src/module.rs:2:5
[INFO] [stdout]     |
[INFO] [stdout]   2 | use alloc::prelude::v1::*;
[INFO] [stdout]     |     ^^^^^^^^^^^^^^^^^^^^^
[INFO] [stdout]     = help: consider adding an explicit import of `panic` to disambiguate
[INFO] [stdout]     = help: or use `self::panic` to refer to this macro unambiguously
[INFO] [stdout] note: `panic` could also refer to the macro imported here
[INFO] [stdout]    --> /opt/rustwide/cargo-home/registry/src/index.crates.io-1949cf8c6b5b557f/wasmi-0.4.5/src/lib.rs:109:1
[INFO] [stdout]     |
[INFO] [stdout] 109 | #[macro_use]
[INFO] [stdout]     | ^^^^^^^^^^^^
[INFO] [stdout] 
[INFO] [stdout] 
[INFO] [stdout] error[E0659]: `panic` is ambiguous
[INFO] [stdout]    --> /opt/rustwide/cargo-home/registry/src/index.crates.io-1949cf8c6b5b557f/wasmi-0.4.5/src/module.rs:728:5
[INFO] [stdout]     |
[INFO] [stdout] 728 | /     debug_assert!(
[INFO] [stdout] 729 | |         code.len() == 2,
[INFO] [stdout] 730 | |         "Due to validation `code`.len() should be 2"
[INFO] [stdout] 731 | |     );
[INFO] [stdout]     | |_____^ ambiguous name
[INFO] [stdout]     |
[INFO] [stdout]     = note: ambiguous because of a conflict between a name from a glob import and an outer scope during import or macro resolution
[INFO] [stdout] note: `panic` could refer to the macro imported here
[INFO] [stdout]    --> /opt/rustwide/cargo-home/registry/src/index.crates.io-1949cf8c6b5b557f/wasmi-0.4.5/src/module.rs:2:5
[INFO] [stdout]     |
[INFO] [stdout]   2 | use alloc::prelude::v1::*;
[INFO] [stdout]     |     ^^^^^^^^^^^^^^^^^^^^^
[INFO] [stdout]     = help: consider adding an explicit import of `panic` to disambiguate
[INFO] [stdout]     = help: or use `self::panic` to refer to this macro unambiguously
[INFO] [stdout] note: `panic` could also refer to the macro imported here
[INFO] [stdout]    --> /opt/rustwide/cargo-home/registry/src/index.crates.io-1949cf8c6b5b557f/wasmi-0.4.5/src/lib.rs:109:1
[INFO] [stdout]     |
[INFO] [stdout] 109 | #[macro_use]
[INFO] [stdout]     | ^^^^^^^^^^^^
[INFO] [stdout] 
[INFO] [stdout] 
[INFO] [stdout] error[E0659]: `panic` is ambiguous
[INFO] [stdout]    --> /opt/rustwide/cargo-home/registry/src/index.crates.io-1949cf8c6b5b557f/wasmi-0.4.5/src/module.rs:743:14
[INFO] [stdout]     |
[INFO] [stdout] 743 |         _ => panic!("Due to validation init should be a const expr"),
[INFO] [stdout]     |              ^^^^^ ambiguous name
[INFO] [stdout]     |
[INFO] [stdout]     = note: ambiguous because of a conflict between a name from a glob import and an outer scope during import or macro resolution
[INFO] [stdout] note: `panic` could refer to the macro imported here
[INFO] [stdout]    --> /opt/rustwide/cargo-home/registry/src/index.crates.io-1949cf8c6b5b557f/wasmi-0.4.5/src/module.rs:2:5
[INFO] [stdout]     |
[INFO] [stdout]   2 | use alloc::prelude::v1::*;
[INFO] [stdout]     |     ^^^^^^^^^^^^^^^^^^^^^
[INFO] [stdout]     = help: consider adding an explicit import of `panic` to disambiguate
[INFO] [stdout]     = help: or use `self::panic` to refer to this macro unambiguously
[INFO] [stdout] note: `panic` could also refer to the macro imported here
[INFO] [stdout]    --> /opt/rustwide/cargo-home/registry/src/index.crates.io-1949cf8c6b5b557f/wasmi-0.4.5/src/lib.rs:109:1
[INFO] [stdout]     |
[INFO] [stdout] 109 | #[macro_use]
[INFO] [stdout]     | ^^^^^^^^^^^^
[INFO] [stdout] 
[INFO] [stdout] 
[INFO] [stdout] error[E0659]: `panic` is ambiguous
[INFO] [stdout]    --> /opt/rustwide/cargo-home/registry/src/index.crates.io-1949cf8c6b5b557f/wasmi-0.4.5/src/prepare/compile.rs:59:44
[INFO] [stdout]     |
[INFO] [stdout]  59 |             BlockFrameType::Loop { .. } => panic!("loop doesn't use end label"),
[INFO] [stdout]     |                                            ^^^^^ ambiguous name
[INFO] [stdout]     |
[INFO] [stdout]     = note: ambiguous because of a conflict between a name from a glob import and an outer scope during import or macro resolution
[INFO] [stdout] note: `panic` could refer to the macro imported here
[INFO] [stdout]    --> /opt/rustwide/cargo-home/registry/src/index.crates.io-1949cf8c6b5b557f/wasmi-0.4.5/src/prepare/compile.rs:2:5
[INFO] [stdout]     |
[INFO] [stdout]   2 | use alloc::prelude::v1::*;
[INFO] [stdout]     |     ^^^^^^^^^^^^^^^^^^^^^
[INFO] [stdout]     = help: consider adding an explicit import of `panic` to disambiguate
[INFO] [stdout]     = help: or use `self::panic` to refer to this macro unambiguously
[INFO] [stdout] note: `panic` could also refer to the macro imported here
[INFO] [stdout]    --> /opt/rustwide/cargo-home/registry/src/index.crates.io-1949cf8c6b5b557f/wasmi-0.4.5/src/lib.rs:109:1
[INFO] [stdout]     |
[INFO] [stdout] 109 | #[macro_use]
[INFO] [stdout]     | ^^^^^^^^^^^^
[INFO] [stdout] 
[INFO] [stdout] 
[INFO] [stdout] error[E0659]: `panic` is ambiguous
[INFO] [stdout]     --> /opt/rustwide/cargo-home/registry/src/index.crates.io-1949cf8c6b5b557f/wasmi-0.4.5/src/prepare/compile.rs:1244:13
[INFO] [stdout]      |
[INFO] [stdout] 1244 |             panic!("Trying to resolve already resolved label");
[INFO] [stdout]      |             ^^^^^ ambiguous name
[INFO] [stdout]      |
[INFO] [stdout]      = note: ambiguous because of a conflict between a name from a glob import and an outer scope during import or macro resolution
[INFO] [stdout] note: `panic` could refer to the macro imported here
[INFO] [stdout]     --> /opt/rustwide/cargo-home/registry/src/index.crates.io-1949cf8c6b5b557f/wasmi-0.4.5/src/prepare/compile.rs:2:5
[INFO] [stdout]      |
[INFO] [stdout]    2 | use alloc::prelude::v1::*;
[INFO] [stdout]      |     ^^^^^^^^^^^^^^^^^^^^^
[INFO] [stdout]      = help: consider adding an explicit import of `panic` to disambiguate
[INFO] [stdout]      = help: or use `self::panic` to refer to this macro unambiguously
[INFO] [stdout] note: `panic` could also refer to the macro imported here
[INFO] [stdout]     --> /opt/rustwide/cargo-home/registry/src/index.crates.io-1949cf8c6b5b557f/wasmi-0.4.5/src/lib.rs:109:1
[INFO] [stdout]      |
[INFO] [stdout]  109 | #[macro_use]
[INFO] [stdout]      | ^^^^^^^^^^^^
[INFO] [stdout] 
[INFO] [stdout] 
[INFO] [stdout] error[E0659]: `panic` is ambiguous
[INFO] [stdout]     --> /opt/rustwide/cargo-home/registry/src/index.crates.io-1949cf8c6b5b557f/wasmi-0.4.5/src/prepare/compile.rs:1262:9
[INFO] [stdout]      |
[INFO] [stdout] 1262 | /         assert!(
[INFO] [stdout] 1263 | |             {
[INFO] [stdout] 1264 | |                 self.labels
[INFO] [stdout] 1265 | |                     .iter()
[INFO] [stdout] ...    |
[INFO] [stdout] 1272 | |             self.labels
[INFO] [stdout] 1273 | |         );
[INFO] [stdout]      | |_________^ ambiguous name
[INFO] [stdout]      |
[INFO] [stdout]      = note: ambiguous because of a conflict between a name from a glob import and an outer scope during import or macro resolution
[INFO] [stdout] note: `panic` could refer to the macro imported here
[INFO] [stdout]     --> /opt/rustwide/cargo-home/registry/src/index.crates.io-1949cf8c6b5b557f/wasmi-0.4.5/src/prepare/compile.rs:2:5
[INFO] [stdout]      |
[INFO] [stdout]    2 | use alloc::prelude::v1::*;
[INFO] [stdout]      |     ^^^^^^^^^^^^^^^^^^^^^
[INFO] [stdout]      = help: consider adding an explicit import of `panic` to disambiguate
[INFO] [stdout]      = help: or use `self::panic` to refer to this macro unambiguously
[INFO] [stdout] note: `panic` could also refer to the macro imported here
[INFO] [stdout]     --> /opt/rustwide/cargo-home/registry/src/index.crates.io-1949cf8c6b5b557f/wasmi-0.4.5/src/lib.rs:109:1
[INFO] [stdout]      |
[INFO] [stdout]  109 | #[macro_use]
[INFO] [stdout]      | ^^^^^^^^^^^^
[INFO] [stdout] 
[INFO] [stdout] 
[INFO] [stdout] error[E0659]: `panic` is ambiguous
[INFO] [stdout]     --> /opt/rustwide/cargo-home/registry/src/index.crates.io-1949cf8c6b5b557f/wasmi-0.4.5/src/runner.rs:1265:41
[INFO] [stdout]      |
[INFO] [stdout] 1265 | ...   FuncInstanceInternal::Host { .. } => panic!("Host functions can't be called as internally defined functions; Thus FunctionCo...
[INFO] [stdout]      |                                            ^^^^^ ambiguous name
[INFO] [stdout]      |
[INFO] [stdout]      = note: ambiguous because of a conflict between a name from a glob import and an outer scope during import or macro resolution
[INFO] [stdout] note: `panic` could refer to the macro imported here
[INFO] [stdout]     --> /opt/rustwide/cargo-home/registry/src/index.crates.io-1949cf8c6b5b557f/wasmi-0.4.5/src/runner.rs:2:5
[INFO] [stdout]      |
[INFO] [stdout]    2 | use alloc::prelude::v1::*;
[INFO] [stdout]      |     ^^^^^^^^^^^^^^^^^^^^^
[INFO] [stdout]      = help: consider adding an explicit import of `panic` to disambiguate
[INFO] [stdout]      = help: or use `self::panic` to refer to this macro unambiguously
[INFO] [stdout] note: `panic` could also refer to the macro imported here
[INFO] [stdout]     --> /opt/rustwide/cargo-home/registry/src/index.crates.io-1949cf8c6b5b557f/wasmi-0.4.5/src/lib.rs:109:1
[INFO] [stdout]      |
[INFO] [stdout]  109 | #[macro_use]
[INFO] [stdout]      | ^^^^^^^^^^^^
[INFO] [stdout] 
[INFO] [stdout] 
[INFO] [stderr]     Checking mio-uds v0.6.7
[INFO] [stderr]     Checking crossbeam-queue v0.1.2
[INFO] [stderr]     Checking unicode-normalization v0.1.8
[INFO] [stderr]    Compiling proc-macro-hack-impl v0.4.1
[INFO] [stderr]     Checking tokio-current-thread v0.1.6
[INFO] [stderr]     Checking tokio-trace-core v0.1.0
[INFO] [stderr]     Checking tokio-codec v0.1.1
[INFO] [stderr]     Checking rw-stream-sink v0.1.1
[INFO] [stderr]     Checking tokio-threadpool v0.1.14
[INFO] [stderr]     Checking tokio-reactor v0.1.9
[INFO] [stderr]     Checking unsigned-varint v0.2.2
[INFO] [stderr]     Checking bitmask v0.5.0
[INFO] [stderr]     Checking percent-encoding v1.0.1
[INFO] [stderr]     Checking sha1 v0.6.0
[INFO] [stderr]     Checking parity-multihash v0.1.1
[INFO] [stderr]     Checking multistream-select v0.4.0
[INFO] [stderr]     Checking block-cipher-trait v0.6.2
[INFO] [stderr]     Checking strum v0.14.0
[INFO] [stderr]    Compiling smallvec v0.6.9
[INFO] [stderr]     Checking aes-soft v0.3.3
[INFO] [stderr]     Checking parking_lot_core v0.3.1
[INFO] [stderr]    Compiling proc-macro-hack v0.4.1
[INFO] [stderr]     Checking stream-cipher v0.3.0
[INFO] [stderr]     Checking safemem v0.3.0
[INFO] [stderr]    Compiling hex-literal-impl v0.1.2
[INFO] [stderr]     Checking tokio-udp v0.1.3
[INFO] [stderr]     Checking tokio-uds v0.2.5
[INFO] [stderr]     Checking tokio-tcp v0.1.3
[INFO] [stdout] For more information about this error, try `rustc --explain E0659`.
[INFO] [stdout] 
[INFO] [stderr] error: could not compile `wasmi` (lib) due to 14 previous errors
[INFO] [stderr] warning: build failed, waiting for other jobs to finish...
[INFO] running `Command { std: "docker" "inspect" "dbd502db5d13869daf3da711c61a51b84e6b277cecbb791392b781119f7c5b7e", kill_on_drop: false }`
[INFO] running `Command { std: "docker" "rm" "-f" "dbd502db5d13869daf3da711c61a51b84e6b277cecbb791392b781119f7c5b7e", kill_on_drop: false }`
[INFO] [stdout] dbd502db5d13869daf3da711c61a51b84e6b277cecbb791392b781119f7c5b7e
