[INFO] cloning repository https://github.com/bicarlsen/leptos-conditional-outlet-mre
[INFO] running `Command { std: "git" "-c" "credential.helper=" "-c" "credential.helper=/workspace/cargo-home/bin/git-credential-null" "clone" "--bare" "https://github.com/bicarlsen/leptos-conditional-outlet-mre" "/workspace/cache/git-repos/https%3A%2F%2Fgithub.com%2Fbicarlsen%2Fleptos-conditional-outlet-mre", kill_on_drop: false }`
[INFO] [stderr] Cloning into bare repository '/workspace/cache/git-repos/https%3A%2F%2Fgithub.com%2Fbicarlsen%2Fleptos-conditional-outlet-mre'...
[INFO] running `Command { std: "git" "rev-parse" "HEAD", kill_on_drop: false }`
[INFO] [stdout] 1729f8e303078e4a3cb75f38a1eb537e3991f24b
[INFO] checking bicarlsen/leptos-conditional-outlet-mre/1729f8e303078e4a3cb75f38a1eb537e3991f24b against 012c0bd4d516934012c9a1ecb26e9eb283d2ed75 for pr-133502-29
[INFO] running `Command { std: "git" "clone" "/workspace/cache/git-repos/https%3A%2F%2Fgithub.com%2Fbicarlsen%2Fleptos-conditional-outlet-mre" "/workspace/builds/worker-0-tc1/source", kill_on_drop: false }`
[INFO] [stderr] Cloning into '/workspace/builds/worker-0-tc1/source'...
[INFO] [stderr] done.
[INFO] removed /workspace/builds/worker-0-tc1/source/rust-toolchain.toml
[INFO] started tweaking git repo https://github.com/bicarlsen/leptos-conditional-outlet-mre
[INFO] finished tweaking git repo https://github.com/bicarlsen/leptos-conditional-outlet-mre
[INFO] tweaked toml for git repo https://github.com/bicarlsen/leptos-conditional-outlet-mre written to /workspace/builds/worker-0-tc1/source/Cargo.toml
[INFO] validating manifest of git repo https://github.com/bicarlsen/leptos-conditional-outlet-mre on toolchain 012c0bd4d516934012c9a1ecb26e9eb283d2ed75
[INFO] running `Command { std: CARGO_HOME="/workspace/cargo-home" RUSTUP_HOME="/workspace/rustup-home" "/workspace/cargo-home/bin/cargo" "+012c0bd4d516934012c9a1ecb26e9eb283d2ed75" "metadata" "--manifest-path" "Cargo.toml" "--no-deps", kill_on_drop: false }`
[INFO] crate git repo https://github.com/bicarlsen/leptos-conditional-outlet-mre already has a lockfile, it will not be regenerated
[INFO] running `Command { std: CARGO_HOME="/workspace/cargo-home" RUSTUP_HOME="/workspace/rustup-home" "/workspace/cargo-home/bin/cargo" "+012c0bd4d516934012c9a1ecb26e9eb283d2ed75" "fetch" "--manifest-path" "Cargo.toml", kill_on_drop: false }`
[INFO] [stderr]     Updating git repository `https://github.com/leptos-rs/leptos.git`
[INFO] [stderr]     Blocking waiting for file lock on package cache
[INFO] [stderr]  Downloading crates ...
[INFO] [stderr]   Downloaded wasm-bindgen-test v0.3.39
[INFO] [stderr]   Downloaded typed-builder-macro v0.18.0
[INFO] [stderr]   Downloaded wasm-bindgen-test-macro v0.3.39
[INFO] [stderr]   Downloaded attribute-derive v0.9.2
[INFO] [stderr]   Downloaded attribute-derive-macro v0.9.2
[INFO] [stderr]   Downloaded quote-use v0.8.0
[INFO] [stderr]   Downloaded typed-builder v0.18.0
[INFO] [stderr]   Downloaded const_format v0.2.32
[INFO] [stderr]   Downloaded rstml v0.11.2
[INFO] [stderr]   Downloaded xxhash-rust v0.8.7
[INFO] [stderr]   Downloaded manyhow-macros v0.10.4
[INFO] [stderr]   Downloaded toml v0.8.14
[INFO] [stderr]   Downloaded guardian v1.1.0
[INFO] [stderr]   Downloaded manyhow v0.10.4
[INFO] [stderr]   Downloaded proc-macro-utils v0.8.0
[INFO] [stderr]   Downloaded wasm-streams v0.4.0
[INFO] [stderr]   Downloaded quote-use-macros v0.8.0
[INFO] [stderr]   Downloaded toml_edit v0.22.14
[INFO] [stderr]   Downloaded const_format_proc_macros v0.2.32
[INFO] [stderr]   Downloaded derive-where v1.2.7
[INFO] [stderr]   Downloaded web-sys v0.3.67
[INFO] [stderr]   Downloaded uuid v1.6.1
[INFO] running `Command { std: "docker" "create" "-v" "/var/lib/crater-agent-workspace/builds/worker-0-tc1/source:/opt/rustwide/workdir:ro,Z" "-v" "/var/lib/crater-agent-workspace/builds/worker-0-tc1/target:/opt/rustwide/target:rw,Z" "-v" "/var/lib/crater-agent-workspace/cargo-home:/opt/rustwide/cargo-home:ro,Z" "-v" "/var/lib/crater-agent-workspace/rustup-home:/opt/rustwide/rustup-home:ro,Z" "-m" "1610612736" "--network" "none" "ghcr.io/rust-lang/crates-build-env/linux@sha256:3111399a4047eeb3a02b7a90e478d715f38a8c6669b5c4b49d30a17385265909" "sleep" "infinity", kill_on_drop: false }`
[INFO] [stdout] 3685638541c2c6562a3862082bf68ef9fae215e8b91a0bb2387b0e73896c199d
[INFO] running `Command { std: "docker" "start" "3685638541c2c6562a3862082bf68ef9fae215e8b91a0bb2387b0e73896c199d", kill_on_drop: false }`
[INFO] running `Command { std: "docker" "inspect" "3685638541c2c6562a3862082bf68ef9fae215e8b91a0bb2387b0e73896c199d", kill_on_drop: false }`
[INFO] running `Command { std: "docker" "exec" "-e" "SOURCE_DIR=/opt/rustwide/workdir" "-e" "CARGO_HOME=/opt/rustwide/cargo-home" "-e" "RUSTUP_HOME=/opt/rustwide/rustup-home" "-e" "CARGO_TARGET_DIR=/opt/rustwide/target" "-w" "/opt/rustwide/workdir" "--user" "0:0" "3685638541c2c6562a3862082bf68ef9fae215e8b91a0bb2387b0e73896c199d" "/opt/rustwide/cargo-home/bin/cargo" "+012c0bd4d516934012c9a1ecb26e9eb283d2ed75" "metadata" "--no-deps" "--format-version=1", kill_on_drop: false }`
[INFO] running `Command { std: "docker" "inspect" "3685638541c2c6562a3862082bf68ef9fae215e8b91a0bb2387b0e73896c199d", kill_on_drop: false }`
[INFO] running `Command { std: "docker" "exec" "-e" "SOURCE_DIR=/opt/rustwide/workdir" "-e" "CARGO_HOME=/opt/rustwide/cargo-home" "-e" "RUSTUP_HOME=/opt/rustwide/rustup-home" "-e" "CARGO_TARGET_DIR=/opt/rustwide/target" "-e" "CARGO_INCREMENTAL=0" "-e" "RUST_BACKTRACE=full" "-e" "RUSTFLAGS=--cap-lints=forbid" "-e" "RUSTDOCFLAGS=--cap-lints=forbid" "-w" "/opt/rustwide/workdir" "--user" "0:0" "3685638541c2c6562a3862082bf68ef9fae215e8b91a0bb2387b0e73896c199d" "/opt/rustwide/cargo-home/bin/cargo" "+012c0bd4d516934012c9a1ecb26e9eb283d2ed75" "check" "--frozen" "--all" "--all-targets" "--message-format=json", kill_on_drop: false }`
[INFO] [stderr]    Compiling proc-macro2 v1.0.70
[INFO] [stderr]    Compiling serde v1.0.193
[INFO] [stderr]    Compiling wasm-bindgen-shared v0.2.90
[INFO] [stderr]    Compiling bumpalo v3.14.0
[INFO] [stderr]     Checking memchr v2.6.4
[INFO] [stderr]    Compiling wasm-bindgen v0.2.90
[INFO] [stderr]    Compiling thiserror v1.0.51
[INFO] [stderr]    Compiling libc v0.2.151
[INFO] [stderr]     Checking futures-sink v0.3.30
[INFO] [stderr]    Compiling parking_lot_core v0.9.9
[INFO] [stderr]     Checking futures-io v0.3.30
[INFO] [stderr]    Compiling smallvec v1.11.2
[INFO] [stderr]     Checking futures-task v0.3.30
[INFO] [stderr]    Compiling crossbeam-utils v0.8.20
[INFO] [stderr]     Checking hashbrown v0.14.3
[INFO] [stderr]     Checking itoa v1.0.10
[INFO] [stderr]     Checking futures-channel v0.3.30
[INFO] [stderr]    Compiling proc-macro-error v1.0.4
[INFO] [stderr]     Checking throw_error v0.1.0 (https://github.com/leptos-rs/leptos.git?branch=leptos_0.7#b174f55b)
[INFO] [stderr]    Compiling slotmap v1.0.7
[INFO] [stderr]    Compiling unicode-segmentation v1.10.1
[INFO] [stderr]    Compiling serde_json v1.0.108
[INFO] [stderr]    Compiling proc-macro2-diagnostics v0.10.1
[INFO] [stderr]     Checking send_wrapper v0.6.0
[INFO] [stderr]     Checking bytes v1.5.0
[INFO] [stderr]    Compiling xxhash-rust v0.8.7
[INFO] [stderr]    Compiling paste v1.0.14
[INFO] [stderr]     Checking ryu v1.0.16
[INFO] [stderr]     Checking or_poisoned v0.1.0 (https://github.com/leptos-rs/leptos.git?branch=leptos_0.7#b174f55b)
[INFO] [stderr]     Checking unicode-normalization v0.1.22
[INFO] [stderr]    Compiling camino v1.1.6
[INFO] [stderr]    Compiling anyhow v1.0.75
[INFO] [stderr]     Checking winnow v0.6.13
[INFO] [stderr]     Checking utf8-width v0.1.7
[INFO] [stderr]     Checking either v1.9.0
[INFO] [stderr]     Checking unicode-bidi v0.3.14
[INFO] [stderr]    Compiling convert_case v0.6.0
[INFO] [stderr]     Checking guardian v1.1.0
[INFO] [stderr]    Compiling yansi v1.0.0-rc.1
[INFO] [stderr]     Checking itertools v0.12.1
[INFO] [stderr]     Checking concurrent-queue v2.5.0
[INFO] [stderr]     Checking aho-corasick v1.1.2
[INFO] [stderr]     Checking http v0.2.11
[INFO] [stderr]     Checking indexmap v2.1.0
[INFO] [stderr]     Checking html-escape v0.2.13
[INFO] [stderr]    Compiling lock_api v0.4.11
[INFO] [stderr]     Checking event-listener v5.3.1
[INFO] [stderr]     Checking either_of v0.1.0 (https://github.com/leptos-rs/leptos.git?branch=leptos_0.7#b174f55b)
[INFO] [stderr]    Compiling quote v1.0.33
[INFO] [stderr]     Checking idna v0.5.0
[INFO] [stderr]     Checking const_str_slice_concat v0.1.0 (https://github.com/leptos-rs/leptos.git?branch=leptos_0.7#b174f55b)
[INFO] [stderr]     Checking next_tuple v0.1.0-alpha (https://github.com/leptos-rs/leptos.git?branch=leptos_0.7#b174f55b)
[INFO] [stderr]     Checking drain_filter_polyfill v0.1.3
[INFO] [stderr]     Checking event-listener-strategy v0.5.2
[INFO] [stderr]    Compiling collection_literals v1.0.1
[INFO] [stderr]    Compiling interpolator v0.5.0
[INFO] [stderr]    Compiling syn v2.0.41
[INFO] [stderr]    Compiling proc-macro-utils v0.8.0
[INFO] [stderr]     Checking async-lock v3.4.0
[INFO] [stderr]    Compiling const_format_proc_macros v0.2.32
[INFO] [stderr]    Compiling proc-macro-error-attr v1.0.4
[INFO] [stderr]     Checking parking_lot v0.12.1
[INFO] [stderr]     Checking regex-syntax v0.8.2
[INFO] [stderr]     Checking linear-map v1.2.0
[INFO] [stderr]    Compiling prettyplease v0.2.15
[INFO] [stderr]     Checking url v2.5.0
[INFO] [stderr]     Checking nom v7.1.3
[INFO] [stderr]    Compiling getrandom v0.2.11
[INFO] [stderr]     Checking dashmap v5.5.3
[INFO] [stderr]    Compiling walkdir v2.4.0
[INFO] [stderr]    Compiling manyhow-macros v0.10.4
[INFO] [stderr]     Checking http v1.1.0
[INFO] [stderr]     Checking tracing-core v0.1.32
[INFO] [stderr]     Checking pathdiff v0.2.1
[INFO] [stderr]    Compiling pin-project-lite v0.2.14
[INFO] [stderr]    Compiling uuid v1.6.1
[INFO] [stderr]    Compiling const_format v0.2.32
[INFO] [stderr]     Checking regex-automata v0.4.3
[INFO] [stderr]     Checking regex v1.10.2
[INFO] [stderr]    Compiling wasm-bindgen-backend v0.2.90
[INFO] [stderr]    Compiling server_fn_macro v0.7.0-alpha (https://github.com/leptos-rs/leptos.git?branch=leptos_0.7#b174f55b)
[INFO] [stderr]    Compiling manyhow v0.10.4
[INFO] [stderr]    Compiling serde_derive v1.0.193
[INFO] [stderr]    Compiling thiserror-impl v1.0.51
[INFO] [stderr]    Compiling futures-macro v0.3.30
[INFO] [stderr]    Compiling derive-where v1.2.7
[INFO] [stderr]    Compiling tracing-attributes v0.1.27
[INFO] [stderr]    Compiling pin-project-internal v1.1.3
[INFO] [stderr]    Compiling syn_derive v0.1.8
[INFO] [stderr]    Compiling typed-builder-macro v0.18.0
[INFO] [stderr]    Compiling server_fn_macro_default v0.7.0-alpha (https://github.com/leptos-rs/leptos.git?branch=leptos_0.7#b174f55b)
[INFO] [stderr]    Compiling wasm-bindgen-test-macro v0.3.39
[INFO] [stderr]     Checking futures-util v0.3.30
[INFO] [stderr]    Compiling wasm-bindgen-macro-support v0.2.90
[INFO] [stderr]     Checking pin-project v1.1.3
[INFO] [stderr]    Compiling rstml v0.11.2
[INFO] [stderr]     Checking typed-builder v0.18.0
[INFO] [stderr]    Compiling wasm-bindgen-macro v0.2.90
[INFO] [stderr]    Compiling tracing v0.1.40
[INFO] [stderr]    Compiling quote-use-macros v0.8.0
[INFO] [stderr]    Compiling quote-use v0.8.0
[INFO] [stderr]    Compiling attribute-derive-macro v0.9.2
[INFO] [stderr]    Compiling attribute-derive v0.9.2
[INFO] [stderr]     Checking js-sys v0.3.67
[INFO] [stderr]     Checking console_error_panic_hook v0.1.7
[INFO] [stderr]     Checking futures-executor v0.3.30
[INFO] [stderr]     Checking futures v0.3.30
[INFO] [stderr]     Checking serde_spanned v0.6.6
[INFO] [stderr]     Checking hydration_context v0.2.0-alpha (https://github.com/leptos-rs/leptos.git?branch=leptos_0.7#b174f55b)
[INFO] [stderr]     Checking toml_datetime v0.6.6
[INFO] [stderr]     Checking oco_ref v0.2.0 (https://github.com/leptos-rs/leptos.git?branch=leptos_0.7#b174f55b)
[INFO] [stderr]     Checking serde_qs v0.12.0
[INFO] [stderr]     Checking toml_edit v0.22.14
[INFO] [stderr]    Compiling leptos_hot_reload v0.7.0-alpha (https://github.com/leptos-rs/leptos.git?branch=leptos_0.7#b174f55b)
[INFO] [stderr]     Checking wasm-bindgen-futures v0.4.39
[INFO] [stderr]     Checking web-sys v0.3.67
[INFO] [stderr]     Checking any_spawner v0.1.1 (https://github.com/leptos-rs/leptos.git?branch=leptos_0.7#b174f55b)
[INFO] [stderr]     Checking wasm-bindgen-test v0.3.39
[INFO] [stderr]     Checking reactive_graph v0.1.0-alpha (https://github.com/leptos-rs/leptos.git?branch=leptos_0.7#b174f55b)
[INFO] [stderr]    Compiling leptos_macro v0.7.0-alpha (https://github.com/leptos-rs/leptos.git?branch=leptos_0.7#b174f55b)
[INFO] [stderr]     Checking toml v0.8.14
[INFO] [stderr]     Checking config v0.14.0
[INFO] [stderr]     Checking leptos_config v0.7.0-alpha (https://github.com/leptos-rs/leptos.git?branch=leptos_0.7#b174f55b)
[INFO] [stderr]     Checking gloo-utils v0.2.0
[INFO] [stderr]     Checking tachys v0.1.0-alpha3 (https://github.com/leptos-rs/leptos.git?branch=leptos_0.7#b174f55b)
[INFO] [stderr]     Checking wasm-streams v0.4.0
[INFO] [stderr]     Checking console_log v1.0.0
[INFO] [stderr]     Checking gloo-net v0.5.0
[INFO] [stderr]     Checking server_fn v0.7.0-alpha (https://github.com/leptos-rs/leptos.git?branch=leptos_0.7#b174f55b)
[INFO] [stdout] error[E0658]: use of unstable library feature `unsized_const_params`
[INFO] [stdout]    --> /opt/rustwide/cargo-home/git/checkouts/leptos-79e4740403520456/b174f55/tachys/src/html/attribute/custom.rs:165:6
[INFO] [stdout]     |
[INFO] [stdout] 165 | impl<const K: &'static str> CustomAttributeKey
[INFO] [stdout]     |      ^^^^^^^^^^^^^^^^^^^^^
[INFO] [stdout]     |
[INFO] [stdout]     = help: add `#![feature(unsized_const_params)]` to the crate attributes to enable
[INFO] [stdout]     = note: this compiler was built on 2026-10-01; consider upgrading it if it is out of date
[INFO] [stdout]     = note: required for `str` to implement `ConstParamTy_`
[INFO] [stdout]     = note: 1 redundant requirement hidden
[INFO] [stdout]     = note: required for `&'static str` to implement `ConstParamTy_`
[INFO] [stdout] 
[INFO] [stdout] 
[INFO] [stdout] error[E0658]: use of unstable library feature `unsized_const_params`
[INFO] [stdout]    --> /opt/rustwide/cargo-home/git/checkouts/leptos-79e4740403520456/b174f55/tachys/src/html/attribute/value.rs:139:9
[INFO] [stdout]     |
[INFO] [stdout] 139 | impl<R, const V: &'static str> AttributeValue<R>
[INFO] [stdout]     |         ^^^^^^^^^^^^^^^^^^^^^
[INFO] [stdout]     |
[INFO] [stdout]     = help: add `#![feature(unsized_const_params)]` to the crate attributes to enable
[INFO] [stdout]     = note: this compiler was built on 2026-10-01; consider upgrading it if it is out of date
[INFO] [stdout]     = note: required for `str` to implement `ConstParamTy_`
[INFO] [stdout]     = note: 1 redundant requirement hidden
[INFO] [stdout]     = note: required for `&'static str` to implement `ConstParamTy_`
[INFO] [stdout] 
[INFO] [stdout] 
[INFO] [stdout] error[E0658]: use of unstable library feature `unsized_const_params`
[INFO] [stdout]    --> /opt/rustwide/cargo-home/git/checkouts/leptos-79e4740403520456/b174f55/tachys/src/html/class.rs:345:9
[INFO] [stdout]     |
[INFO] [stdout] 345 | impl<R, const V: &'static str> IntoClass<R>
[INFO] [stdout]     |         ^^^^^^^^^^^^^^^^^^^^^
[INFO] [stdout]     |
[INFO] [stdout]     = help: add `#![feature(unsized_const_params)]` to the crate attributes to enable
[INFO] [stdout]     = note: this compiler was built on 2026-10-01; consider upgrading it if it is out of date
[INFO] [stdout]     = note: required for `str` to implement `ConstParamTy_`
[INFO] [stdout]     = note: 1 redundant requirement hidden
[INFO] [stdout]     = note: required for `&'static str` to implement `ConstParamTy_`
[INFO] [stdout] 
[INFO] [stdout] 
[INFO] [stdout] error[E0658]: use of unstable library feature `unsized_const_params`
[INFO] [stdout]   --> /opt/rustwide/cargo-home/git/checkouts/leptos-79e4740403520456/b174f55/tachys/src/html/element/custom.rs:86:6
[INFO] [stdout]    |
[INFO] [stdout] 86 | impl<const K: &'static str> CustomElementKey
[INFO] [stdout]    |      ^^^^^^^^^^^^^^^^^^^^^
[INFO] [stdout]    |
[INFO] [stdout]    = help: add `#![feature(unsized_const_params)]` to the crate attributes to enable
[INFO] [stdout]    = note: this compiler was built on 2026-10-01; consider upgrading it if it is out of date
[INFO] [stdout]    = note: required for `str` to implement `ConstParamTy_`
[INFO] [stdout]    = note: 1 redundant requirement hidden
[INFO] [stdout]    = note: required for `&'static str` to implement `ConstParamTy_`
[INFO] [stdout] 
[INFO] [stdout] 
[INFO] [stdout] error[E0658]: use of unstable library feature `unsized_const_params`
[INFO] [stdout]    --> /opt/rustwide/cargo-home/git/checkouts/leptos-79e4740403520456/b174f55/tachys/src/html/style.rs:418:10
[INFO] [stdout]     |
[INFO] [stdout] 418 | impl<'a, const V: &'static str, R> IntoStyle<R> for (&'a str, Static<V>)
[INFO] [stdout]     |          ^^^^^^^^^^^^^^^^^^^^^
[INFO] [stdout]     |
[INFO] [stdout]     = help: add `#![feature(unsized_const_params)]` to the crate attributes to enable
[INFO] [stdout]     = note: this compiler was built on 2026-10-01; consider upgrading it if it is out of date
[INFO] [stdout]     = note: required for `str` to implement `ConstParamTy_`
[INFO] [stdout]     = note: 1 redundant requirement hidden
[INFO] [stdout]     = note: required for `&'static str` to implement `ConstParamTy_`
[INFO] [stdout] 
[INFO] [stdout] 
[INFO] [stdout] error[E0658]: use of unstable library feature `unsized_const_params`
[INFO] [stdout]    --> /opt/rustwide/cargo-home/git/checkouts/leptos-79e4740403520456/b174f55/tachys/src/html/style.rs:455:6
[INFO] [stdout]     |
[INFO] [stdout] 455 | impl<const V: &'static str, R> IntoStyle<R> for (Arc<str>, Static<V>)
[INFO] [stdout]     |      ^^^^^^^^^^^^^^^^^^^^^
[INFO] [stdout]     |
[INFO] [stdout]     = help: add `#![feature(unsized_const_params)]` to the crate attributes to enable
[INFO] [stdout]     = note: this compiler was built on 2026-10-01; consider upgrading it if it is out of date
[INFO] [stdout]     = note: required for `str` to implement `ConstParamTy_`
[INFO] [stdout]     = note: 1 redundant requirement hidden
[INFO] [stdout]     = note: required for `&'static str` to implement `ConstParamTy_`
[INFO] [stdout] 
[INFO] [stdout] 
[INFO] [stdout] error[E0658]: use of unstable library feature `unsized_const_params`
[INFO] [stdout]    --> /opt/rustwide/cargo-home/git/checkouts/leptos-79e4740403520456/b174f55/tachys/src/html/style.rs:492:6
[INFO] [stdout]     |
[INFO] [stdout] 492 | impl<const V: &'static str, R> IntoStyle<R>
[INFO] [stdout]     |      ^^^^^^^^^^^^^^^^^^^^^
[INFO] [stdout]     |
[INFO] [stdout]     = help: add `#![feature(unsized_const_params)]` to the crate attributes to enable
[INFO] [stdout]     = note: this compiler was built on 2026-10-01; consider upgrading it if it is out of date
[INFO] [stdout]     = note: required for `str` to implement `ConstParamTy_`
[INFO] [stdout]     = note: 1 redundant requirement hidden
[INFO] [stdout]     = note: required for `&'static str` to implement `ConstParamTy_`
[INFO] [stdout] 
[INFO] [stdout] 
[INFO] [stdout] error[E0658]: use of unstable library feature `unsized_const_params`
[INFO] [stdout]   --> /opt/rustwide/cargo-home/git/checkouts/leptos-79e4740403520456/b174f55/tachys/src/view/static_types.rs:28:40
[INFO] [stdout]    |
[INFO] [stdout] 28 | pub struct StaticAttr<K: AttributeKey, const V: &'static str> {
[INFO] [stdout]    |                                        ^^^^^^^^^^^^^^^^^^^^^
[INFO] [stdout]    |
[INFO] [stdout]    = help: add `#![feature(unsized_const_params)]` to the crate attributes to enable
[INFO] [stdout]    = note: this compiler was built on 2026-10-01; consider upgrading it if it is out of date
[INFO] [stdout]    = note: required for `str` to implement `ConstParamTy_`
[INFO] [stdout]    = note: 1 redundant requirement hidden
[INFO] [stdout]    = note: required for `&'static str` to implement `ConstParamTy_`
[INFO] [stdout] 
[INFO] [stdout] 
[INFO] [stdout] error[E0658]: use of unstable library feature `unsized_const_params`
[INFO] [stdout]   --> /opt/rustwide/cargo-home/git/checkouts/leptos-79e4740403520456/b174f55/tachys/src/view/static_types.rs:28:40
[INFO] [stdout]    |
[INFO] [stdout] 27 | #[derive(Debug)]
[INFO] [stdout]    |          ----- in this derive macro expansion
[INFO] [stdout] 28 | pub struct StaticAttr<K: AttributeKey, const V: &'static str> {
[INFO] [stdout]    |                                        ^^^^^^^^^^^^^^^^^^^^^
[INFO] [stdout]    |
[INFO] [stdout]    = help: add `#![feature(unsized_const_params)]` to the crate attributes to enable
[INFO] [stdout]    = note: this compiler was built on 2026-10-01; consider upgrading it if it is out of date
[INFO] [stdout]    = note: required for `str` to implement `ConstParamTy_`
[INFO] [stdout]    = note: 1 redundant requirement hidden
[INFO] [stdout]    = note: required for `&'static str` to implement `ConstParamTy_`
[INFO] [stdout] 
[INFO] [stdout] 
[INFO] [stdout] error[E0658]: use of unstable library feature `unsized_const_params`
[INFO] [stdout]   --> /opt/rustwide/cargo-home/git/checkouts/leptos-79e4740403520456/b174f55/tachys/src/view/static_types.rs:32:23
[INFO] [stdout]    |
[INFO] [stdout] 32 | impl<K: AttributeKey, const V: &'static str> Clone for StaticAttr<K, V> {
[INFO] [stdout]    |                       ^^^^^^^^^^^^^^^^^^^^^
[INFO] [stdout]    |
[INFO] [stdout]    = help: add `#![feature(unsized_const_params)]` to the crate attributes to enable
[INFO] [stdout]    = note: this compiler was built on 2026-10-01; consider upgrading it if it is out of date
[INFO] [stdout]    = note: required for `str` to implement `ConstParamTy_`
[INFO] [stdout]    = note: 1 redundant requirement hidden
[INFO] [stdout]    = note: required for `&'static str` to implement `ConstParamTy_`
[INFO] [stdout] 
[INFO] [stdout] 
[INFO] [stdout] error[E0658]: use of unstable library feature `unsized_const_params`
[INFO] [stdout]   --> /opt/rustwide/cargo-home/git/checkouts/leptos-79e4740403520456/b174f55/tachys/src/view/static_types.rs:38:23
[INFO] [stdout]    |
[INFO] [stdout] 38 | impl<K: AttributeKey, const V: &'static str> PartialEq for StaticAttr<K, V> {
[INFO] [stdout]    |                       ^^^^^^^^^^^^^^^^^^^^^
[INFO] [stdout]    |
[INFO] [stdout]    = help: add `#![feature(unsized_const_params)]` to the crate attributes to enable
[INFO] [stdout]    = note: this compiler was built on 2026-10-01; consider upgrading it if it is out of date
[INFO] [stdout]    = note: required for `str` to implement `ConstParamTy_`
[INFO] [stdout]    = note: 1 redundant requirement hidden
[INFO] [stdout]    = note: required for `&'static str` to implement `ConstParamTy_`
[INFO] [stdout] 
[INFO] [stdout] 
[INFO] [stdout] error[E0658]: use of unstable library feature `unsized_const_params`
[INFO] [stdout]   --> /opt/rustwide/cargo-home/git/checkouts/leptos-79e4740403520456/b174f55/tachys/src/view/static_types.rs:45:37
[INFO] [stdout]    |
[INFO] [stdout] 45 | pub fn static_attr<K: AttributeKey, const V: &'static str>() -> StaticAttr<K, V>
[INFO] [stdout]    |                                     ^^^^^^^^^^^^^^^^^^^^^
[INFO] [stdout]    |
[INFO] [stdout]    = help: add `#![feature(unsized_const_params)]` to the crate attributes to enable
[INFO] [stdout]    = note: this compiler was built on 2026-10-01; consider upgrading it if it is out of date
[INFO] [stdout]    = note: required for `str` to implement `ConstParamTy_`
[INFO] [stdout]    = note: 1 redundant requirement hidden
[INFO] [stdout]    = note: required for `&'static str` to implement `ConstParamTy_`
[INFO] [stdout] 
[INFO] [stdout] 
[INFO] [stdout] error[E0658]: use of unstable library feature `unsized_const_params`
[INFO] [stdout]   --> /opt/rustwide/cargo-home/git/checkouts/leptos-79e4740403520456/b174f55/tachys/src/view/static_types.rs:50:9
[INFO] [stdout]    |
[INFO] [stdout] 50 | impl<K, const V: &'static str> ToTemplate for StaticAttr<K, V>
[INFO] [stdout]    |         ^^^^^^^^^^^^^^^^^^^^^
[INFO] [stdout]    |
[INFO] [stdout]    = help: add `#![feature(unsized_const_params)]` to the crate attributes to enable
[INFO] [stdout]    = note: this compiler was built on 2026-10-01; consider upgrading it if it is out of date
[INFO] [stdout]    = note: required for `str` to implement `ConstParamTy_`
[INFO] [stdout]    = note: 1 redundant requirement hidden
[INFO] [stdout]    = note: required for `&'static str` to implement `ConstParamTy_`
[INFO] [stdout] 
[INFO] [stdout] 
[INFO] [stdout] error[E0658]: use of unstable library feature `unsized_const_params`
[INFO] [stdout]   --> /opt/rustwide/cargo-home/git/checkouts/leptos-79e4740403520456/b174f55/tachys/src/view/static_types.rs:69:9
[INFO] [stdout]    |
[INFO] [stdout] 69 | impl<K, const V: &'static str, R> Attribute<R> for StaticAttr<K, V>
[INFO] [stdout]    |         ^^^^^^^^^^^^^^^^^^^^^
[INFO] [stdout]    |
[INFO] [stdout]    = help: add `#![feature(unsized_const_params)]` to the crate attributes to enable
[INFO] [stdout]    = note: this compiler was built on 2026-10-01; consider upgrading it if it is out of date
[INFO] [stdout]    = note: required for `str` to implement `ConstParamTy_`
[INFO] [stdout]    = note: 1 redundant requirement hidden
[INFO] [stdout]    = note: required for `&'static str` to implement `ConstParamTy_`
[INFO] [stdout] 
[INFO] [stdout] 
[INFO] [stdout] error[E0658]: use of unstable library feature `unsized_const_params`
[INFO] [stdout]    --> /opt/rustwide/cargo-home/git/checkouts/leptos-79e4740403520456/b174f55/tachys/src/view/static_types.rs:113:9
[INFO] [stdout]     |
[INFO] [stdout] 113 | impl<K, const V: &'static str, R> NextAttribute<R> for StaticAttr<K, V>
[INFO] [stdout]     |         ^^^^^^^^^^^^^^^^^^^^^
[INFO] [stdout]     |
[INFO] [stdout]     = help: add `#![feature(unsized_const_params)]` to the crate attributes to enable
[INFO] [stdout]     = note: this compiler was built on 2026-10-01; consider upgrading it if it is out of date
[INFO] [stdout]     = note: required for `str` to implement `ConstParamTy_`
[INFO] [stdout]     = note: 1 redundant requirement hidden
[INFO] [stdout]     = note: required for `&'static str` to implement `ConstParamTy_`
[INFO] [stdout] 
[INFO] [stdout] 
[INFO] [stdout] error[E0658]: use of unstable library feature `unsized_const_params`
[INFO] [stdout]    --> /opt/rustwide/cargo-home/git/checkouts/leptos-79e4740403520456/b174f55/tachys/src/view/static_types.rs:129:19
[INFO] [stdout]     |
[INFO] [stdout] 129 | pub struct Static<const V: &'static str>;
[INFO] [stdout]     |                   ^^^^^^^^^^^^^^^^^^^^^
[INFO] [stdout]     |
[INFO] [stdout]     = help: add `#![feature(unsized_const_params)]` to the crate attributes to enable
[INFO] [stdout]     = note: this compiler was built on 2026-10-01; consider upgrading it if it is out of date
[INFO] [stdout]     = note: required for `str` to implement `ConstParamTy_`
[INFO] [stdout]     = note: 1 redundant requirement hidden
[INFO] [stdout]     = note: required for `&'static str` to implement `ConstParamTy_`
[INFO] [stdout] 
[INFO] [stdout] 
[INFO] [stdout] error[E0658]: use of unstable library feature `unsized_const_params`
[INFO] [stdout]    --> /opt/rustwide/cargo-home/git/checkouts/leptos-79e4740403520456/b174f55/tachys/src/view/static_types.rs:129:19
[INFO] [stdout]     |
[INFO] [stdout] 128 | #[derive(Debug, Clone, Copy)]
[INFO] [stdout]     |          ----- in this derive macro expansion
[INFO] [stdout] 129 | pub struct Static<const V: &'static str>;
[INFO] [stdout]     |                   ^^^^^^^^^^^^^^^^^^^^^
[INFO] [stdout]     |
[INFO] [stdout]     = help: add `#![feature(unsized_const_params)]` to the crate attributes to enable
[INFO] [stdout]     = note: this compiler was built on 2026-10-01; consider upgrading it if it is out of date
[INFO] [stdout]     = note: required for `str` to implement `ConstParamTy_`
[INFO] [stdout]     = note: 1 redundant requirement hidden
[INFO] [stdout]     = note: required for `&'static str` to implement `ConstParamTy_`
[INFO] [stdout] 
[INFO] [stdout] 
[INFO] [stdout] error[E0658]: use of unstable library feature `unsized_const_params`
[INFO] [stdout]    --> /opt/rustwide/cargo-home/git/checkouts/leptos-79e4740403520456/b174f55/tachys/src/view/static_types.rs:129:19
[INFO] [stdout]     |
[INFO] [stdout] 128 | #[derive(Debug, Clone, Copy)]
[INFO] [stdout]     |                 ----- in this derive macro expansion
[INFO] [stdout] 129 | pub struct Static<const V: &'static str>;
[INFO] [stdout]     |                   ^^^^^^^^^^^^^^^^^^^^^
[INFO] [stdout]     |
[INFO] [stdout]     = help: add `#![feature(unsized_const_params)]` to the crate attributes to enable
[INFO] [stdout]     = note: this compiler was built on 2026-10-01; consider upgrading it if it is out of date
[INFO] [stdout]     = note: required for `str` to implement `ConstParamTy_`
[INFO] [stdout]     = note: 1 redundant requirement hidden
[INFO] [stdout]     = note: required for `&'static str` to implement `ConstParamTy_`
[INFO] [stdout] 
[INFO] [stdout] 
[INFO] [stdout] error[E0658]: use of unstable library feature `unsized_const_params`
[INFO] [stdout]    --> /opt/rustwide/cargo-home/git/checkouts/leptos-79e4740403520456/b174f55/tachys/src/view/static_types.rs:129:19
[INFO] [stdout]     |
[INFO] [stdout] 128 | #[derive(Debug, Clone, Copy)]
[INFO] [stdout]     |                        ---- in this derive macro expansion
[INFO] [stdout] 129 | pub struct Static<const V: &'static str>;
[INFO] [stdout]     |                   ^^^^^^^^^^^^^^^^^^^^^
[INFO] [stdout]     |
[INFO] [stdout]     = help: add `#![feature(unsized_const_params)]` to the crate attributes to enable
[INFO] [stdout]     = note: this compiler was built on 2026-10-01; consider upgrading it if it is out of date
[INFO] [stdout]     = note: required for `str` to implement `ConstParamTy_`
[INFO] [stdout]     = note: 1 redundant requirement hidden
[INFO] [stdout]     = note: required for `&'static str` to implement `ConstParamTy_`
[INFO] [stdout] 
[INFO] [stdout] 
[INFO] [stdout] error[E0658]: use of unstable library feature `unsized_const_params`
[INFO] [stdout]    --> /opt/rustwide/cargo-home/git/checkouts/leptos-79e4740403520456/b174f55/tachys/src/view/static_types.rs:131:6
[INFO] [stdout]     |
[INFO] [stdout] 131 | impl<const V: &'static str> PartialEq for Static<V> {
[INFO] [stdout]     |      ^^^^^^^^^^^^^^^^^^^^^
[INFO] [stdout]     |
[INFO] [stdout]     = help: add `#![feature(unsized_const_params)]` to the crate attributes to enable
[INFO] [stdout]     = note: this compiler was built on 2026-10-01; consider upgrading it if it is out of date
[INFO] [stdout]     = note: required for `str` to implement `ConstParamTy_`
[INFO] [stdout]     = note: 1 redundant requirement hidden
[INFO] [stdout]     = note: required for `&'static str` to implement `ConstParamTy_`
[INFO] [stdout] 
[INFO] [stdout] 
[INFO] [stdout] error[E0658]: use of unstable library feature `unsized_const_params`
[INFO] [stdout]    --> /opt/rustwide/cargo-home/git/checkouts/leptos-79e4740403520456/b174f55/tachys/src/view/static_types.rs:138:6
[INFO] [stdout]     |
[INFO] [stdout] 138 | impl<const V: &'static str> AsRef<str> for Static<V> {
[INFO] [stdout]     |      ^^^^^^^^^^^^^^^^^^^^^
[INFO] [stdout]     |
[INFO] [stdout]     = help: add `#![feature(unsized_const_params)]` to the crate attributes to enable
[INFO] [stdout]     = note: this compiler was built on 2026-10-01; consider upgrading it if it is out of date
[INFO] [stdout]     = note: required for `str` to implement `ConstParamTy_`
[INFO] [stdout]     = note: 1 redundant requirement hidden
[INFO] [stdout]     = note: required for `&'static str` to implement `ConstParamTy_`
[INFO] [stdout] 
[INFO] [stdout] 
[INFO] [stdout] error[E0658]: use of unstable library feature `unsized_const_params`
[INFO] [stdout]    --> /opt/rustwide/cargo-home/git/checkouts/leptos-79e4740403520456/b174f55/tachys/src/view/static_types.rs:144:6
[INFO] [stdout]     |
[INFO] [stdout] 144 | impl<const V: &'static str, R: Renderer> Render<R> for Static<V>
[INFO] [stdout]     |      ^^^^^^^^^^^^^^^^^^^^^
[INFO] [stdout]     |
[INFO] [stdout]     = help: add `#![feature(unsized_const_params)]` to the crate attributes to enable
[INFO] [stdout]     = note: this compiler was built on 2026-10-01; consider upgrading it if it is out of date
[INFO] [stdout]     = note: required for `str` to implement `ConstParamTy_`
[INFO] [stdout]     = note: 1 redundant requirement hidden
[INFO] [stdout]     = note: required for `&'static str` to implement `ConstParamTy_`
[INFO] [stdout] 
[INFO] [stdout] 
[INFO] [stdout] error[E0658]: use of unstable library feature `unsized_const_params`
[INFO] [stdout]    --> /opt/rustwide/cargo-home/git/checkouts/leptos-79e4740403520456/b174f55/tachys/src/view/static_types.rs:159:6
[INFO] [stdout]     |
[INFO] [stdout] 159 | impl<const V: &'static str, R> RenderHtml<R> for Static<V>
[INFO] [stdout]     |      ^^^^^^^^^^^^^^^^^^^^^
[INFO] [stdout]     |
[INFO] [stdout]     = help: add `#![feature(unsized_const_params)]` to the crate attributes to enable
[INFO] [stdout]     = note: this compiler was built on 2026-10-01; consider upgrading it if it is out of date
[INFO] [stdout]     = note: required for `str` to implement `ConstParamTy_`
[INFO] [stdout]     = note: 1 redundant requirement hidden
[INFO] [stdout]     = note: required for `&'static str` to implement `ConstParamTy_`
[INFO] [stdout] 
[INFO] [stdout] 
[INFO] [stdout] error[E0658]: use of unstable library feature `unsized_const_params`
[INFO] [stdout]    --> /opt/rustwide/cargo-home/git/checkouts/leptos-79e4740403520456/b174f55/tachys/src/view/static_types.rs:217:9
[INFO] [stdout]     |
[INFO] [stdout] 217 | impl<R, const V: &'static str> AddAnyAttr<R> for Static<V>
[INFO] [stdout]     |         ^^^^^^^^^^^^^^^^^^^^^
[INFO] [stdout]     |
[INFO] [stdout]     = help: add `#![feature(unsized_const_params)]` to the crate attributes to enable
[INFO] [stdout]     = note: this compiler was built on 2026-10-01; consider upgrading it if it is out of date
[INFO] [stdout]     = note: required for `str` to implement `ConstParamTy_`
[INFO] [stdout]     = note: 1 redundant requirement hidden
[INFO] [stdout]     = note: required for `&'static str` to implement `ConstParamTy_`
[INFO] [stdout] 
[INFO] [stdout] 
[INFO] [stdout] error[E0658]: use of unstable library feature `unsized_const_params`
[INFO] [stdout]    --> /opt/rustwide/cargo-home/git/checkouts/leptos-79e4740403520456/b174f55/tachys/src/view/static_types.rs:236:6
[INFO] [stdout]     |
[INFO] [stdout] 236 | impl<const V: &'static str> ToTemplate for Static<V> {
[INFO] [stdout]     |      ^^^^^^^^^^^^^^^^^^^^^
[INFO] [stdout]     |
[INFO] [stdout]     = help: add `#![feature(unsized_const_params)]` to the crate attributes to enable
[INFO] [stdout]     = note: this compiler was built on 2026-10-01; consider upgrading it if it is out of date
[INFO] [stdout]     = note: required for `str` to implement `ConstParamTy_`
[INFO] [stdout]     = note: 1 redundant requirement hidden
[INFO] [stdout]     = note: required for `&'static str` to implement `ConstParamTy_`
[INFO] [stdout] 
[INFO] [stdout] 
[INFO] [stdout] For more information about this error, try `rustc --explain E0658`.
[INFO] [stdout] 
[INFO] [stderr] error: could not compile `tachys` (lib) due to 25 previous errors
[INFO] running `Command { std: "docker" "inspect" "3685638541c2c6562a3862082bf68ef9fae215e8b91a0bb2387b0e73896c199d", kill_on_drop: false }`
[INFO] running `Command { std: "docker" "rm" "-f" "3685638541c2c6562a3862082bf68ef9fae215e8b91a0bb2387b0e73896c199d", kill_on_drop: false }`
[INFO] [stdout] 3685638541c2c6562a3862082bf68ef9fae215e8b91a0bb2387b0e73896c199d
