[INFO] cloning repository https://github.com/balogun14/SQLite-Viewer
[INFO] running `Command { std: "git" "-c" "credential.helper=" "-c" "credential.helper=/workspace/cargo-home/bin/git-credential-null" "clone" "--bare" "https://github.com/balogun14/SQLite-Viewer" "/workspace/cache/git-repos/https%3A%2F%2Fgithub.com%2Fbalogun14%2FSQLite-Viewer", kill_on_drop: false }`
[INFO] [stderr] Cloning into bare repository '/workspace/cache/git-repos/https%3A%2F%2Fgithub.com%2Fbalogun14%2FSQLite-Viewer'...
[INFO] running `Command { std: "git" "rev-parse" "HEAD", kill_on_drop: false }`
[INFO] [stdout] 193e45b5fde187c11a0c6c2dc59421d8ba8e5afd
[INFO] checking balogun14/SQLite-Viewer against 5b237c915528dadada3f674b90c7c80368b632be for pr-133502-29
[INFO] running `Command { std: "git" "clone" "/workspace/cache/git-repos/https%3A%2F%2Fgithub.com%2Fbalogun14%2FSQLite-Viewer" "/workspace/builds/worker-1-tc2/source", kill_on_drop: false }`
[INFO] [stderr] Cloning into '/workspace/builds/worker-1-tc2/source'...
[INFO] [stderr] done.
[INFO] removed /workspace/builds/worker-1-tc2/source/.cargo/config.toml
[INFO] started tweaking git repo https://github.com/balogun14/SQLite-Viewer
[INFO] finished tweaking git repo https://github.com/balogun14/SQLite-Viewer
[INFO] tweaked toml for git repo https://github.com/balogun14/SQLite-Viewer written to /workspace/builds/worker-1-tc2/source/Cargo.toml
[INFO] validating manifest of git repo https://github.com/balogun14/SQLite-Viewer on toolchain 5b237c915528dadada3f674b90c7c80368b632be
[INFO] running `Command { std: CARGO_HOME="/workspace/cargo-home" RUSTUP_HOME="/workspace/rustup-home" "/workspace/cargo-home/bin/cargo" "+5b237c915528dadada3f674b90c7c80368b632be" "metadata" "--manifest-path" "Cargo.toml" "--no-deps", kill_on_drop: false }`
[INFO] crate git repo https://github.com/balogun14/SQLite-Viewer already has a lockfile, it will not be regenerated
[INFO] running `Command { std: CARGO_HOME="/workspace/cargo-home" RUSTUP_HOME="/workspace/rustup-home" "/workspace/cargo-home/bin/cargo" "+5b237c915528dadada3f674b90c7c80368b632be" "fetch" "--manifest-path" "Cargo.toml", kill_on_drop: false }`
[INFO] [stderr]     Blocking waiting for file lock on package cache
[INFO] [stderr]     Blocking waiting for file lock on package cache
[INFO] [stderr]  Downloading crates ...
[INFO] [stderr]   Downloaded jsonrpc-lite v0.5.0
[INFO] [stderr]   Downloaded lapce-wasi-experimental-http v0.10.0
[INFO] [stderr]   Downloaded lsp-types v0.94.1
[INFO] running `Command { std: "docker" "create" "-v" "/var/lib/crater-agent-workspace/builds/worker-1-tc2/source:/opt/rustwide/workdir:ro,Z" "-v" "/var/lib/crater-agent-workspace/builds/worker-1-tc2/target:/opt/rustwide/target:rw,Z" "-v" "/var/lib/crater-agent-workspace/cargo-home:/opt/rustwide/cargo-home:ro,Z" "-v" "/var/lib/crater-agent-workspace/rustup-home:/opt/rustwide/rustup-home:ro,Z" "-m" "1610612736" "--network" "none" "ghcr.io/rust-lang/crates-build-env/linux@sha256:3111399a4047eeb3a02b7a90e478d715f38a8c6669b5c4b49d30a17385265909" "sleep" "infinity", kill_on_drop: false }`
[INFO] [stdout] ac20d2773f151bd17e7f6c63fc459e66692ed6c7f0933decdeb6e37da1b8a9b2
[INFO] running `Command { std: "docker" "start" "ac20d2773f151bd17e7f6c63fc459e66692ed6c7f0933decdeb6e37da1b8a9b2", kill_on_drop: false }`
[INFO] running `Command { std: "docker" "inspect" "ac20d2773f151bd17e7f6c63fc459e66692ed6c7f0933decdeb6e37da1b8a9b2", kill_on_drop: false }`
[INFO] running `Command { std: "docker" "exec" "-e" "SOURCE_DIR=/opt/rustwide/workdir" "-e" "CARGO_HOME=/opt/rustwide/cargo-home" "-e" "RUSTUP_HOME=/opt/rustwide/rustup-home" "-e" "CARGO_TARGET_DIR=/opt/rustwide/target" "-w" "/opt/rustwide/workdir" "--user" "0:0" "ac20d2773f151bd17e7f6c63fc459e66692ed6c7f0933decdeb6e37da1b8a9b2" "/opt/rustwide/cargo-home/bin/cargo" "+5b237c915528dadada3f674b90c7c80368b632be" "metadata" "--no-deps" "--format-version=1", kill_on_drop: false }`
[INFO] running `Command { std: "docker" "inspect" "ac20d2773f151bd17e7f6c63fc459e66692ed6c7f0933decdeb6e37da1b8a9b2", kill_on_drop: false }`
[INFO] running `Command { std: "docker" "exec" "-e" "SOURCE_DIR=/opt/rustwide/workdir" "-e" "CARGO_HOME=/opt/rustwide/cargo-home" "-e" "RUSTUP_HOME=/opt/rustwide/rustup-home" "-e" "CARGO_TARGET_DIR=/opt/rustwide/target" "-e" "CARGO_INCREMENTAL=0" "-e" "RUST_BACKTRACE=full" "-e" "RUSTFLAGS=--cap-lints=forbid" "-e" "RUSTDOCFLAGS=--cap-lints=forbid" "-w" "/opt/rustwide/workdir" "--user" "0:0" "ac20d2773f151bd17e7f6c63fc459e66692ed6c7f0933decdeb6e37da1b8a9b2" "/opt/rustwide/cargo-home/bin/cargo" "+5b237c915528dadada3f674b90c7c80368b632be" "check" "--frozen" "--all" "--all-targets" "--message-format=json", kill_on_drop: false }`
[INFO] [stderr]     Checking lapce-sqlite-viewer v0.1.1 (/opt/rustwide/workdir)
[INFO] [stdout] error[E0433]: cannot find module or crate `lapce_plugin` in this scope
[INFO] [stdout]   --> src/lib.rs:10:5
[INFO] [stdout]    |
[INFO] [stdout] 10 | use lapce_plugin::{
[INFO] [stdout]    |     ^^^^^^^^^^^^ use of unresolved module or unlinked crate `lapce_plugin`
[INFO] [stdout]    |
[INFO] [stdout]    = help: if you wanted to use a crate named `lapce_plugin`, use `cargo add lapce_plugin` to add it to your `Cargo.toml`
[INFO] [stdout] 
[INFO] [stdout] 
[INFO] [stdout] error[E0433]: cannot find module or crate `lapce_plugin` in this scope
[INFO] [stdout]   --> src/lib.rs:10:5
[INFO] [stdout]    |
[INFO] [stdout] 10 | use lapce_plugin::{
[INFO] [stdout]    |     ^^^^^^^^^^^^ use of unresolved module or unlinked crate `lapce_plugin`
[INFO] [stdout]    |
[INFO] [stdout]    = help: if you wanted to use a crate named `lapce_plugin`, use `cargo add lapce_plugin` to add it to your `Cargo.toml`
[INFO] [stdout] 
[INFO] [stdout] 
[INFO] [stdout] error[E0432]: unresolved import `anyhow`
[INFO] [stdout]  --> src/lib.rs:9:5
[INFO] [stdout]   |
[INFO] [stdout] 9 | use anyhow::Result;
[INFO] [stdout]   |     ^^^^^^ use of unresolved module or unlinked crate `anyhow`
[INFO] [stdout]   |
[INFO] [stdout]   = help: if you wanted to use a crate named `anyhow`, use `cargo add anyhow` to add it to your `Cargo.toml`
[INFO] [stdout] 
[INFO] [stdout] 
[INFO] [stdout] error[E0432]: unresolved import `lapce_plugin`
[INFO] [stdout]   --> src/lib.rs:10:5
[INFO] [stdout]    |
[INFO] [stdout] 10 | use lapce_plugin::{
[INFO] [stdout]    |     ^^^^^^^^^^^^ use of unresolved module or unlinked crate `lapce_plugin`
[INFO] [stdout]    |
[INFO] [stdout]    = help: if you wanted to use a crate named `lapce_plugin`, use `cargo add lapce_plugin` to add it to your `Cargo.toml`
[INFO] [stdout] 
[INFO] [stdout] 
[INFO] [stdout] error[E0432]: unresolved import `serde_json`
[INFO] [stdout]   --> src/lib.rs:27:5
[INFO] [stdout]    |
[INFO] [stdout] 27 | use serde_json::Value;
[INFO] [stdout]    |     ^^^^^^^^^^ use of unresolved module or unlinked crate `serde_json`
[INFO] [stdout]    |
[INFO] [stdout]    = help: if you wanted to use a crate named `serde_json`, use `cargo add serde_json` to add it to your `Cargo.toml`
[INFO] [stdout] 
[INFO] [stdout] 
[INFO] [stdout] error[E0432]: unresolved import `anyhow`
[INFO] [stdout]  --> src/lib.rs:9:5
[INFO] [stdout]   |
[INFO] [stdout] 9 | use anyhow::Result;
[INFO] [stdout]   |     ^^^^^^ use of unresolved module or unlinked crate `anyhow`
[INFO] [stdout]   |
[INFO] [stdout]   = help: if you wanted to use a crate named `anyhow`, use `cargo add anyhow` to add it to your `Cargo.toml`
[INFO] [stdout] 
[INFO] [stdout] 
[INFO] [stdout] error[E0432]: unresolved import `lapce_plugin`
[INFO] [stdout]   --> src/lib.rs:10:5
[INFO] [stdout]    |
[INFO] [stdout] 10 | use lapce_plugin::{
[INFO] [stdout]    |     ^^^^^^^^^^^^ use of unresolved module or unlinked crate `lapce_plugin`
[INFO] [stdout]    |
[INFO] [stdout]    = help: if you wanted to use a crate named `lapce_plugin`, use `cargo add lapce_plugin` to add it to your `Cargo.toml`
[INFO] [stdout] 
[INFO] [stdout] 
[INFO] [stdout] error[E0432]: unresolved import `serde_json`
[INFO] [stdout]   --> src/lib.rs:27:5
[INFO] [stdout]    |
[INFO] [stdout] 27 | use serde_json::Value;
[INFO] [stdout]    |     ^^^^^^^^^^ use of unresolved module or unlinked crate `serde_json`
[INFO] [stdout]    |
[INFO] [stdout]    = help: if you wanted to use a crate named `serde_json`, use `cargo add serde_json` to add it to your `Cargo.toml`
[INFO] [stdout] 
[INFO] [stdout] 
[INFO] [stdout] error[E0433]: cannot find module or crate `lapce_plugin` in this scope
[INFO] [stdout]    --> src/lib.rs:114:43
[INFO] [stdout]     |
[INFO] [stdout] 114 |                 completion_provider: Some(lapce_plugin::psp_types::lsp_types::CompletionOptions {
[INFO] [stdout]     |                                           ^^^^^^^^^^^^ use of unresolved module or unlinked crate `lapce_plugin`
[INFO] [stdout]     |
[INFO] [stdout]     = help: if you wanted to use a crate named `lapce_plugin`, use `cargo add lapce_plugin` to add it to your `Cargo.toml`
[INFO] [stdout] 
[INFO] [stdout] 
[INFO] [stdout] error[E0433]: cannot find module or crate `lapce_plugin` in this scope
[INFO] [stdout]    --> src/lib.rs:114:43
[INFO] [stdout]     |
[INFO] [stdout] 114 |                 completion_provider: Some(lapce_plugin::psp_types::lsp_types::CompletionOptions {
[INFO] [stdout]     |                                           ^^^^^^^^^^^^ use of unresolved module or unlinked crate `lapce_plugin`
[INFO] [stdout]     |
[INFO] [stdout]     = help: if you wanted to use a crate named `lapce_plugin`, use `cargo add lapce_plugin` to add it to your `Cargo.toml`
[INFO] [stdout] 
[INFO] [stdout] 
[INFO] [stdout] error[E0433]: cannot find module or crate `serde_json` in this scope
[INFO] [stdout]   --> src/lib.rs:91:40
[INFO] [stdout]    |
[INFO] [stdout] 91 |         let params: InitializeParams = serde_json::from_value(params)?;
[INFO] [stdout]    |                                        ^^^^^^^^^^ use of unresolved module or unlinked crate `serde_json`
[INFO] [stdout]    |
[INFO] [stdout]    = help: if you wanted to use a crate named `serde_json`, use `cargo add serde_json` to add it to your `Cargo.toml`
[INFO] [stdout] 
[INFO] [stdout] 
[INFO] [stdout] error[E0433]: cannot find module or crate `serde_json` in this scope
[INFO] [stdout]    --> src/lib.rs:165:35
[INFO] [stdout]     |
[INFO] [stdout] 165 |         let params: HoverParams = serde_json::from_value(params)?;
[INFO] [stdout]     |                                   ^^^^^^^^^^ use of unresolved module or unlinked crate `serde_json`
[INFO] [stdout]     |
[INFO] [stdout]     = help: if you wanted to use a crate named `serde_json`, use `cargo add serde_json` to add it to your `Cargo.toml`
[INFO] [stdout] 
[INFO] [stdout] 
[INFO] [stdout] error[E0433]: cannot find module or crate `serde_json` in this scope
[INFO] [stdout]    --> src/lib.rs:246:37
[INFO] [stdout]     |
[INFO] [stdout] 246 |                 if let Ok(params) = serde_json::from_value::<DidOpenTextDocumentParams>(params) {
[INFO] [stdout]     |                                     ^^^^^^^^^^ use of unresolved module or unlinked crate `serde_json`
[INFO] [stdout]     |
[INFO] [stdout]     = help: if you wanted to use a crate named `serde_json`, use `cargo add serde_json` to add it to your `Cargo.toml`
[INFO] [stdout] 
[INFO] [stdout] 
[INFO] [stdout] error[E0433]: cannot find module or crate `serde_json` in this scope
[INFO] [stdout]    --> src/lib.rs:253:37
[INFO] [stdout]     |
[INFO] [stdout] 253 |                 if let Ok(params) = serde_json::from_value::<DidChangeTextDocumentParams>(params) {
[INFO] [stdout]     |                                     ^^^^^^^^^^ use of unresolved module or unlinked crate `serde_json`
[INFO] [stdout]     |
[INFO] [stdout]     = help: if you wanted to use a crate named `serde_json`, use `cargo add serde_json` to add it to your `Cargo.toml`
[INFO] [stdout] 
[INFO] [stdout] 
[INFO] [stdout] error[E0433]: cannot find module or crate `serde_json` in this scope
[INFO] [stdout]    --> src/lib.rs:261:37
[INFO] [stdout]     |
[INFO] [stdout] 261 |                 if let Ok(params) = serde_json::from_value::<DidSaveTextDocumentParams>(params) {
[INFO] [stdout]     |                                     ^^^^^^^^^^ use of unresolved module or unlinked crate `serde_json`
[INFO] [stdout]     |
[INFO] [stdout]     = help: if you wanted to use a crate named `serde_json`, use `cargo add serde_json` to add it to your `Cargo.toml`
[INFO] [stdout] 
[INFO] [stdout] 
[INFO] [stdout] Some errors have detailed explanations: E0432, E0433.
[INFO] [stdout] 
[INFO] [stdout] For more information about an error, try `rustc --explain E0432`.
[INFO] [stdout] 
[INFO] [stderr] error: could not compile `lapce-sqlite-viewer` (lib) due to 10 previous errors
[INFO] [stderr] warning: build failed, waiting for other jobs to finish...
[INFO] [stdout] error[E0433]: cannot find module or crate `serde_json` in this scope
[INFO] [stdout]   --> src/lib.rs:91:40
[INFO] [stdout]    |
[INFO] [stdout] 91 |         let params: InitializeParams = serde_json::from_value(params)?;
[INFO] [stdout]    |                                        ^^^^^^^^^^ use of unresolved module or unlinked crate `serde_json`
[INFO] [stdout]    |
[INFO] [stdout]    = help: if you wanted to use a crate named `serde_json`, use `cargo add serde_json` to add it to your `Cargo.toml`
[INFO] [stdout] 
[INFO] [stdout] 
[INFO] [stdout] error[E0433]: cannot find module or crate `serde_json` in this scope
[INFO] [stdout]    --> src/lib.rs:165:35
[INFO] [stdout]     |
[INFO] [stdout] 165 |         let params: HoverParams = serde_json::from_value(params)?;
[INFO] [stdout]     |                                   ^^^^^^^^^^ use of unresolved module or unlinked crate `serde_json`
[INFO] [stdout]     |
[INFO] [stdout]     = help: if you wanted to use a crate named `serde_json`, use `cargo add serde_json` to add it to your `Cargo.toml`
[INFO] [stdout] 
[INFO] [stdout] 
[INFO] [stdout] error[E0433]: cannot find module or crate `serde_json` in this scope
[INFO] [stdout]    --> src/lib.rs:246:37
[INFO] [stdout]     |
[INFO] [stdout] 246 |                 if let Ok(params) = serde_json::from_value::<DidOpenTextDocumentParams>(params) {
[INFO] [stdout]     |                                     ^^^^^^^^^^ use of unresolved module or unlinked crate `serde_json`
[INFO] [stdout]     |
[INFO] [stdout]     = help: if you wanted to use a crate named `serde_json`, use `cargo add serde_json` to add it to your `Cargo.toml`
[INFO] [stdout] 
[INFO] [stdout] 
[INFO] [stdout] error[E0433]: cannot find module or crate `serde_json` in this scope
[INFO] [stdout]    --> src/lib.rs:253:37
[INFO] [stdout]     |
[INFO] [stdout] 253 |                 if let Ok(params) = serde_json::from_value::<DidChangeTextDocumentParams>(params) {
[INFO] [stdout]     |                                     ^^^^^^^^^^ use of unresolved module or unlinked crate `serde_json`
[INFO] [stdout]     |
[INFO] [stdout]     = help: if you wanted to use a crate named `serde_json`, use `cargo add serde_json` to add it to your `Cargo.toml`
[INFO] [stdout] 
[INFO] [stdout] 
[INFO] [stdout] error[E0433]: cannot find module or crate `serde_json` in this scope
[INFO] [stdout]    --> src/lib.rs:261:37
[INFO] [stdout]     |
[INFO] [stdout] 261 |                 if let Ok(params) = serde_json::from_value::<DidSaveTextDocumentParams>(params) {
[INFO] [stdout]     |                                     ^^^^^^^^^^ use of unresolved module or unlinked crate `serde_json`
[INFO] [stdout]     |
[INFO] [stdout]     = help: if you wanted to use a crate named `serde_json`, use `cargo add serde_json` to add it to your `Cargo.toml`
[INFO] [stdout] 
[INFO] [stdout] 
[INFO] [stdout] Some errors have detailed explanations: E0432, E0433.
[INFO] [stdout] 
[INFO] [stdout] For more information about an error, try `rustc --explain E0432`.
[INFO] [stdout] 
[INFO] [stderr] error: could not compile `lapce-sqlite-viewer` (lib test) due to 10 previous errors
[INFO] running `Command { std: "docker" "inspect" "ac20d2773f151bd17e7f6c63fc459e66692ed6c7f0933decdeb6e37da1b8a9b2", kill_on_drop: false }`
[INFO] running `Command { std: "docker" "rm" "-f" "ac20d2773f151bd17e7f6c63fc459e66692ed6c7f0933decdeb6e37da1b8a9b2", kill_on_drop: false }`
[INFO] [stdout] ac20d2773f151bd17e7f6c63fc459e66692ed6c7f0933decdeb6e37da1b8a9b2
