[INFO] cloning repository https://github.com/atarng/my_fe_code_plugin
[INFO] running `Command { std: "git" "-c" "credential.helper=" "-c" "credential.helper=/workspace/cargo-home/bin/git-credential-null" "clone" "--bare" "https://github.com/atarng/my_fe_code_plugin" "/workspace/cache/git-repos/https%3A%2F%2Fgithub.com%2Fatarng%2Fmy_fe_code_plugin", kill_on_drop: false }`
[INFO] [stderr] Cloning into bare repository '/workspace/cache/git-repos/https%3A%2F%2Fgithub.com%2Fatarng%2Fmy_fe_code_plugin'...
[INFO] running `Command { std: "git" "rev-parse" "HEAD", kill_on_drop: false }`
[INFO] [stdout] 7ee8125ea1f453342cc2dc2c9cb58f605bb96a75
[INFO] checking atarng/my_fe_code_plugin against 5b237c915528dadada3f674b90c7c80368b632be for pr-133502-29
[INFO] running `Command { std: "git" "clone" "/workspace/cache/git-repos/https%3A%2F%2Fgithub.com%2Fatarng%2Fmy_fe_code_plugin" "/workspace/builds/worker-6-tc2/source", kill_on_drop: false }`
[INFO] [stderr] Cloning into '/workspace/builds/worker-6-tc2/source'...
[INFO] [stderr] done.
[INFO] started tweaking git repo https://github.com/atarng/my_fe_code_plugin
[INFO] finished tweaking git repo https://github.com/atarng/my_fe_code_plugin
[INFO] tweaked toml for git repo https://github.com/atarng/my_fe_code_plugin written to /workspace/builds/worker-6-tc2/source/Cargo.toml
[INFO] validating manifest of git repo https://github.com/atarng/my_fe_code_plugin on toolchain 5b237c915528dadada3f674b90c7c80368b632be
[INFO] running `Command { std: CARGO_HOME="/workspace/cargo-home" RUSTUP_HOME="/workspace/rustup-home" "/workspace/cargo-home/bin/cargo" "+5b237c915528dadada3f674b90c7c80368b632be" "metadata" "--manifest-path" "Cargo.toml" "--no-deps", kill_on_drop: false }`
[INFO] crate git repo https://github.com/atarng/my_fe_code_plugin already has a lockfile, it will not be regenerated
[INFO] running `Command { std: CARGO_HOME="/workspace/cargo-home" RUSTUP_HOME="/workspace/rustup-home" "/workspace/cargo-home/bin/cargo" "+5b237c915528dadada3f674b90c7c80368b632be" "fetch" "--manifest-path" "Cargo.toml", kill_on_drop: false }`
[INFO] [stderr]     Blocking waiting for file lock on package cache
[INFO] [stderr]     Updating git repository `https://github.com/DivineDragonFanClub/engage`
[INFO] [stderr]     Updating git repository `https://github.com/ultimate-research/skyline-rs`
[INFO] [stderr]     Updating git repository `https://github.com/DivineDragonFanClub/unity`
[INFO] [stderr]     Updating git repository `https://github.com/Raytwo/lazysimd`
[INFO] [stderr]     Updating git repository `https://github.com/Raytwo/skyline-rs`
[INFO] [stderr]     Updating crates.io index
[INFO] [stderr]     Updating git repository `https://github.com/ultimate-research/nnsdk-rs`
[INFO] [stderr]     Blocking waiting for file lock on package cache
[ERROR] error running command: no output for 300 seconds
[INFO] checking atarng/my_fe_code_plugin against 5b237c915528dadada3f674b90c7c80368b632be for pr-133502-29
[INFO] running `Command { std: "git" "clone" "/workspace/cache/git-repos/https%3A%2F%2Fgithub.com%2Fatarng%2Fmy_fe_code_plugin" "/workspace/builds/worker-6-tc2/source", kill_on_drop: false }`
[INFO] [stderr] Cloning into '/workspace/builds/worker-6-tc2/source'...
[INFO] [stderr] done.
[INFO] started tweaking git repo https://github.com/atarng/my_fe_code_plugin
[INFO] finished tweaking git repo https://github.com/atarng/my_fe_code_plugin
[INFO] tweaked toml for git repo https://github.com/atarng/my_fe_code_plugin written to /workspace/builds/worker-6-tc2/source/Cargo.toml
[INFO] validating manifest of git repo https://github.com/atarng/my_fe_code_plugin on toolchain 5b237c915528dadada3f674b90c7c80368b632be
[INFO] running `Command { std: CARGO_HOME="/workspace/cargo-home" RUSTUP_HOME="/workspace/rustup-home" "/workspace/cargo-home/bin/cargo" "+5b237c915528dadada3f674b90c7c80368b632be" "metadata" "--manifest-path" "Cargo.toml" "--no-deps", kill_on_drop: false }`
[INFO] crate git repo https://github.com/atarng/my_fe_code_plugin already has a lockfile, it will not be regenerated
[INFO] running `Command { std: CARGO_HOME="/workspace/cargo-home" RUSTUP_HOME="/workspace/rustup-home" "/workspace/cargo-home/bin/cargo" "+5b237c915528dadada3f674b90c7c80368b632be" "fetch" "--manifest-path" "Cargo.toml", kill_on_drop: false }`
[INFO] [stderr]     Blocking waiting for file lock on package cache
[INFO] [stderr]     Blocking waiting for file lock on package cache
[INFO] [stderr]  Downloading crates ...
[INFO] [stderr]   Downloaded deluxe v0.5.0
[INFO] [stderr]   Downloaded deluxe-macros v0.5.0
[INFO] [stderr]   Downloaded deluxe-core v0.5.0
[INFO] [stderr]   Downloaded libc-nnsdk v0.3.0
[INFO] [stderr]   Downloaded libc-nnsdk v0.2.0
[INFO] [stderr]   Downloaded thiserror-impl v1.0.66
[INFO] [stderr]   Downloaded thiserror v1.0.66
[INFO] [stderr]   Downloaded if_chain v1.0.2
[INFO] [stderr]   Downloaded syn v2.0.86
[INFO] [stderr]   Downloaded memoffset v0.8.0
[INFO] running `Command { std: "docker" "create" "-v" "/var/lib/crater-agent-workspace/builds/worker-6-tc2/source:/opt/rustwide/workdir:ro,Z" "-v" "/var/lib/crater-agent-workspace/builds/worker-6-tc2/target:/opt/rustwide/target:rw,Z" "-v" "/var/lib/crater-agent-workspace/cargo-home:/opt/rustwide/cargo-home:ro,Z" "-v" "/var/lib/crater-agent-workspace/rustup-home:/opt/rustwide/rustup-home:ro,Z" "-m" "1610612736" "--network" "none" "ghcr.io/rust-lang/crates-build-env/linux@sha256:3111399a4047eeb3a02b7a90e478d715f38a8c6669b5c4b49d30a17385265909" "sleep" "infinity", kill_on_drop: false }`
[INFO] [stdout] 23a5507745ff73d24eadc9de15ffa317937257885ed75cc8e03ab01960b74aa0
[INFO] running `Command { std: "docker" "start" "23a5507745ff73d24eadc9de15ffa317937257885ed75cc8e03ab01960b74aa0", kill_on_drop: false }`
[INFO] running `Command { std: "docker" "inspect" "23a5507745ff73d24eadc9de15ffa317937257885ed75cc8e03ab01960b74aa0", kill_on_drop: false }`
[INFO] running `Command { std: "docker" "exec" "-e" "SOURCE_DIR=/opt/rustwide/workdir" "-e" "CARGO_HOME=/opt/rustwide/cargo-home" "-e" "RUSTUP_HOME=/opt/rustwide/rustup-home" "-e" "CARGO_TARGET_DIR=/opt/rustwide/target" "-w" "/opt/rustwide/workdir" "--user" "0:0" "23a5507745ff73d24eadc9de15ffa317937257885ed75cc8e03ab01960b74aa0" "/opt/rustwide/cargo-home/bin/cargo" "+5b237c915528dadada3f674b90c7c80368b632be" "metadata" "--no-deps" "--format-version=1", kill_on_drop: false }`
[INFO] running `Command { std: "docker" "inspect" "23a5507745ff73d24eadc9de15ffa317937257885ed75cc8e03ab01960b74aa0", kill_on_drop: false }`
[INFO] running `Command { std: "docker" "exec" "-e" "SOURCE_DIR=/opt/rustwide/workdir" "-e" "CARGO_HOME=/opt/rustwide/cargo-home" "-e" "RUSTUP_HOME=/opt/rustwide/rustup-home" "-e" "CARGO_TARGET_DIR=/opt/rustwide/target" "-e" "CARGO_INCREMENTAL=0" "-e" "RUST_BACKTRACE=full" "-e" "RUSTFLAGS=--cap-lints=forbid" "-e" "RUSTDOCFLAGS=--cap-lints=forbid" "-w" "/opt/rustwide/workdir" "--user" "0:0" "23a5507745ff73d24eadc9de15ffa317937257885ed75cc8e03ab01960b74aa0" "/opt/rustwide/cargo-home/bin/cargo" "+5b237c915528dadada3f674b90c7c80368b632be" "check" "--frozen" "--all" "--all-targets" "--message-format=json", kill_on_drop: false }`
[INFO] [stderr]    Compiling proc-macro2 v1.0.89
[INFO] [stderr]    Compiling unicode-ident v1.0.13
[INFO] [stderr]    Compiling syn v1.0.109
[INFO] [stderr]    Compiling skyline_macro v0.2.0 (https://github.com/Raytwo/skyline-rs?branch=preview#3ce8983f)
[INFO] [stderr]    Compiling hashbrown v0.15.0
[INFO] [stderr]    Compiling toml_datetime v0.6.8
[INFO] [stderr]    Compiling strsim v0.10.0
[INFO] [stderr]    Compiling arrayvec v0.7.6
[INFO] [stderr]    Compiling autocfg v1.4.0
[INFO] [stderr]    Compiling once_cell v1.20.2
[INFO] [stderr]    Compiling thiserror v1.0.66
[INFO] [stderr]    Compiling if_chain v1.0.2
[INFO] [stderr]     Checking libc-nnsdk v0.3.0
[INFO] [stderr]     Checking libc-nnsdk v0.2.0
[INFO] [stderr]    Compiling skyline_macro v0.2.0 (https://github.com/ultimate-research/skyline-rs#ba4706a6)
[INFO] [stderr]     Checking nnsdk v0.3.0 (https://github.com/ultimate-research/nnsdk-rs#602e6217)
[INFO] [stderr]     Checking static_assertions v1.1.0
[INFO] [stderr]     Checking bitflags v2.6.0
[INFO] [stderr]    Compiling memoffset v0.8.0
[INFO] [stderr]    Compiling quote v1.0.37
[INFO] [stderr]    Compiling indexmap v2.6.0
[INFO] [stderr]    Compiling syn v2.0.86
[INFO] [stderr]    Compiling toml_edit v0.19.15
[INFO] [stderr]    Compiling proc-macro-crate v1.3.1
[INFO] [stderr]    Compiling deluxe-core v0.5.0
[INFO] [stderr]    Compiling modular-bitfield-impl v0.11.2
[INFO] [stderr]    Compiling lazysimd_macro v0.1.0 (https://github.com/Raytwo/lazysimd#3effca0f)
[INFO] [stderr]    Compiling thiserror-impl v1.0.66
[INFO] [stderr]     Checking skyline v0.2.1 (https://github.com/Raytwo/skyline-rs?branch=preview#3ce8983f)
[INFO] [stdout] error[E0557]: feature has been removed
[INFO] [stdout]  --> /opt/rustwide/cargo-home/git/checkouts/skyline-rs-0864d900e8047414/3ce8983/src/lib.rs:6:5
[INFO] [stdout]   |
[INFO] [stdout] 6 |     start,
[INFO] [stdout]   |     ^^^^^ feature has been removed
[INFO] [stdout]   |
[INFO] [stdout]   = note: removed in 1.86.0; see <https://github.com/rust-lang/rust/pull/134299> for more information
[INFO] [stdout]   = note: not portable enough and never RFC'd
[INFO] [stdout] 
[INFO] [stdout] 
[INFO] [stdout] error[E0557]: feature has been removed
[INFO] [stdout]  --> /opt/rustwide/cargo-home/git/checkouts/skyline-rs-0864d900e8047414/3ce8983/src/lib.rs:6:5
[INFO] [stdout]   |
[INFO] [stdout] 6 |     start,
[INFO] [stdout]   |     ^^^^^ feature has been removed
[INFO] [stdout]   |
[INFO] [stdout]   = note: removed in 1.86.0; see <https://github.com/rust-lang/rust/pull/134299> for more information
[INFO] [stdout]   = note: not portable enough and never RFC'd
[INFO] [stdout] 
[INFO] [stdout] 
[INFO] [stdout] For more information about this error, try `rustc --explain E0557`.
[INFO] [stdout] 
[INFO] [stderr] error: could not compile `skyline` (lib) due to 1 previous error
[INFO] [stderr] warning: build failed, waiting for other jobs to finish...
[INFO] [stdout] For more information about this error, try `rustc --explain E0557`.
[INFO] [stdout] 
[INFO] [stderr] error: could not compile `skyline` (lib) due to 1 previous error
[INFO] running `Command { std: "docker" "inspect" "23a5507745ff73d24eadc9de15ffa317937257885ed75cc8e03ab01960b74aa0", kill_on_drop: false }`
[INFO] running `Command { std: "docker" "rm" "-f" "23a5507745ff73d24eadc9de15ffa317937257885ed75cc8e03ab01960b74aa0", kill_on_drop: false }`
[INFO] [stdout] 23a5507745ff73d24eadc9de15ffa317937257885ed75cc8e03ab01960b74aa0
