[INFO] cloning repository https://github.com/apearlinspring/gs-tbk-identity-audit-prototype
[INFO] running `Command { std: "git" "-c" "credential.helper=" "-c" "credential.helper=/workspace/cargo-home/bin/git-credential-null" "clone" "--bare" "https://github.com/apearlinspring/gs-tbk-identity-audit-prototype" "/workspace/cache/git-repos/https%3A%2F%2Fgithub.com%2Fapearlinspring%2Fgs-tbk-identity-audit-prototype", kill_on_drop: false }`
[INFO] [stderr] Cloning into bare repository '/workspace/cache/git-repos/https%3A%2F%2Fgithub.com%2Fapearlinspring%2Fgs-tbk-identity-audit-prototype'...
[INFO] running `Command { std: "git" "rev-parse" "HEAD", kill_on_drop: false }`
[INFO] [stdout] 326599a412d7be6fc73320f6ed6ffbdbbc705fbf
[INFO] checking apearlinspring/gs-tbk-identity-audit-prototype against 5b237c915528dadada3f674b90c7c80368b632be for pr-133502-29
[INFO] running `Command { std: "git" "clone" "/workspace/cache/git-repos/https%3A%2F%2Fgithub.com%2Fapearlinspring%2Fgs-tbk-identity-audit-prototype" "/workspace/builds/worker-4-tc2/source", kill_on_drop: false }`
[INFO] [stderr] Cloning into '/workspace/builds/worker-4-tc2/source'...
[INFO] [stderr] done.
[INFO] started tweaking git repo https://github.com/apearlinspring/gs-tbk-identity-audit-prototype
[INFO] finished tweaking git repo https://github.com/apearlinspring/gs-tbk-identity-audit-prototype
[INFO] tweaked toml for git repo https://github.com/apearlinspring/gs-tbk-identity-audit-prototype written to /workspace/builds/worker-4-tc2/source/Cargo.toml
[INFO] validating manifest of git repo https://github.com/apearlinspring/gs-tbk-identity-audit-prototype on toolchain 5b237c915528dadada3f674b90c7c80368b632be
[INFO] running `Command { std: CARGO_HOME="/workspace/cargo-home" RUSTUP_HOME="/workspace/rustup-home" "/workspace/cargo-home/bin/cargo" "+5b237c915528dadada3f674b90c7c80368b632be" "metadata" "--manifest-path" "Cargo.toml" "--no-deps", kill_on_drop: false }`
[INFO] crate git repo https://github.com/apearlinspring/gs-tbk-identity-audit-prototype already has a lockfile, it will not be regenerated
[INFO] running `Command { std: CARGO_HOME="/workspace/cargo-home" RUSTUP_HOME="/workspace/rustup-home" "/workspace/cargo-home/bin/cargo" "+5b237c915528dadada3f674b90c7c80368b632be" "fetch" "--manifest-path" "Cargo.toml", kill_on_drop: false }`
[INFO] [stderr] warning: unused workspace dependency `anyhow`
[INFO] [stderr]  --> Cargo.toml:6:1
[INFO] [stderr]   |
[INFO] [stderr] 6 | anyhow = "1.0"
[INFO] [stderr]   | ^^^^^^
[INFO] [stderr]   |
[INFO] [stderr]   = note: `cargo::unused_workspace_dependencies` is set to `warn` by default
[INFO] [stderr] help: consider removing the workspace dependency `anyhow`
[INFO] [stderr] warning: unused workspace dependency `bincode`
[INFO] [stderr]  --> Cargo.toml:7:1
[INFO] [stderr]   |
[INFO] [stderr] 7 | bincode = "1.3.1"
[INFO] [stderr]   | ^^^^^^^
[INFO] [stderr]   |
[INFO] [stderr] help: consider removing the workspace dependency `bincode`
[INFO] [stderr] warning: unused workspace dependency `chrono`
[INFO] [stderr]  --> Cargo.toml:8:1
[INFO] [stderr]   |
[INFO] [stderr] 8 | chrono = "0.4"
[INFO] [stderr]   | ^^^^^^
[INFO] [stderr]   |
[INFO] [stderr] help: consider removing the workspace dependency `chrono`
[INFO] [stderr] warning: unused workspace dependency `cl_encrypt`
[INFO] [stderr]   --> Cargo.toml:17:25
[INFO] [stderr]    |
[INFO] [stderr] 17 | [workspace.dependencies.cl_encrypt]
[INFO] [stderr]    |                         ^^^^^^^^^^
[INFO] [stderr]    |
[INFO] [stderr] help: consider removing the workspace dependency `cl_encrypt`
[INFO] [stderr] warning: unused workspace dependency `class_group`
[INFO] [stderr]   --> Cargo.toml:20:25
[INFO] [stderr]    |
[INFO] [stderr] 20 | [workspace.dependencies.class_group]
[INFO] [stderr]    |                         ^^^^^^^^^^^
[INFO] [stderr]    |
[INFO] [stderr] help: consider removing the workspace dependency `class_group`
[INFO] [stderr] warning: unused workspace dependency `crossbeam-channel`
[INFO] [stderr]  --> Cargo.toml:9:1
[INFO] [stderr]   |
[INFO] [stderr] 9 | crossbeam-channel = "0.5.1"
[INFO] [stderr]   | ^^^^^^^^^^^^^^^^^
[INFO] [stderr]   |
[INFO] [stderr] help: consider removing the workspace dependency `crossbeam-channel`
[INFO] [stderr] warning: unused workspace dependency `curv-kzen`
[INFO] [stderr]   --> Cargo.toml:23:25
[INFO] [stderr]    |
[INFO] [stderr] 23 | [workspace.dependencies.curv-kzen]
[INFO] [stderr]    |                         ^^^^^^^^^
[INFO] [stderr]    |
[INFO] [stderr] help: consider removing the workspace dependency `curv-kzen`
[INFO] [stderr] warning: unused workspace dependency `gs_tbk_scheme`
[INFO] [stderr]   --> Cargo.toml:27:25
[INFO] [stderr]    |
[INFO] [stderr] 27 | [workspace.dependencies.gs_tbk_scheme]
[INFO] [stderr]    |                         ^^^^^^^^^^^^^
[INFO] [stderr]    |
[INFO] [stderr] help: consider removing the workspace dependency `gs_tbk_scheme`
[INFO] [stderr] warning: unused workspace dependency `id_info_process`
[INFO] [stderr]   --> Cargo.toml:30:25
[INFO] [stderr]    |
[INFO] [stderr] 30 | [workspace.dependencies.id_info_process]
[INFO] [stderr]    |                         ^^^^^^^^^^^^^^^
[INFO] [stderr]    |
[INFO] [stderr] help: consider removing the workspace dependency `id_info_process`
[INFO] [stderr] warning: unused workspace dependency `intergration_test`
[INFO] [stderr]   --> Cargo.toml:33:25
[INFO] [stderr]    |
[INFO] [stderr] 33 | [workspace.dependencies.intergration_test]
[INFO] [stderr]    |                         ^^^^^^^^^^^^^^^^^
[INFO] [stderr]    |
[INFO] [stderr] help: consider removing the workspace dependency `intergration_test`
[INFO] [stderr] warning: unused workspace dependency `node`
[INFO] [stderr]   --> Cargo.toml:36:25
[INFO] [stderr]    |
[INFO] [stderr] 36 | [workspace.dependencies.node]
[INFO] [stderr]    |                         ^^^^
[INFO] [stderr]    |
[INFO] [stderr] help: consider removing the workspace dependency `node`
[INFO] [stderr] warning: unused workspace dependency `num`
[INFO] [stderr]   --> Cargo.toml:10:1
[INFO] [stderr]    |
[INFO] [stderr] 10 | num = "0.2"
[INFO] [stderr]    | ^^^
[INFO] [stderr]    |
[INFO] [stderr] help: consider removing the workspace dependency `num`
[INFO] [stderr] warning: unused workspace dependency `proxy`
[INFO] [stderr]   --> Cargo.toml:39:25
[INFO] [stderr]    |
[INFO] [stderr] 39 | [workspace.dependencies.proxy]
[INFO] [stderr]    |                         ^^^^^
[INFO] [stderr]    |
[INFO] [stderr] help: consider removing the workspace dependency `proxy`
[INFO] [stderr] warning: unused workspace dependency `regex`
[INFO] [stderr]   --> Cargo.toml:11:1
[INFO] [stderr]    |
[INFO] [stderr] 11 | regex = "1.5.0"
[INFO] [stderr]    | ^^^^^
[INFO] [stderr]    |
[INFO] [stderr] help: consider removing the workspace dependency `regex`
[INFO] [stderr] warning: unused workspace dependency `serde`
[INFO] [stderr]   --> Cargo.toml:42:25
[INFO] [stderr]    |
[INFO] [stderr] 42 | [workspace.dependencies.serde]
[INFO] [stderr]    |                         ^^^^^
[INFO] [stderr]    |
[INFO] [stderr] help: consider removing the workspace dependency `serde`
[INFO] [stderr] warning: unused workspace dependency `serde_json`
[INFO] [stderr]   --> Cargo.toml:12:1
[INFO] [stderr]    |
[INFO] [stderr] 12 | serde_json = "1.0"
[INFO] [stderr]    | ^^^^^^^^^^
[INFO] [stderr]    |
[INFO] [stderr] help: consider removing the workspace dependency `serde_json`
[INFO] [stderr] warning: unused workspace dependency `sha2`
[INFO] [stderr]   --> Cargo.toml:13:1
[INFO] [stderr]    |
[INFO] [stderr] 13 | sha2 = "0.9"
[INFO] [stderr]    | ^^^^
[INFO] [stderr]    |
[INFO] [stderr] help: consider removing the workspace dependency `sha2`
[INFO] [stderr] warning: unused workspace dependency `thiserror`
[INFO] [stderr]   --> Cargo.toml:14:1
[INFO] [stderr]    |
[INFO] [stderr] 14 | thiserror = "1.0.23"
[INFO] [stderr]    | ^^^^^^^^^
[INFO] [stderr]    |
[INFO] [stderr] help: consider removing the workspace dependency `thiserror`
[INFO] [stderr] warning: unused workspace dependency `time`
[INFO] [stderr]   --> Cargo.toml:15:1
[INFO] [stderr]    |
[INFO] [stderr] 15 | time = "0.1"
[INFO] [stderr]    | ^^^^
[INFO] [stderr]    |
[INFO] [stderr] help: consider removing the workspace dependency `time`
[INFO] [stderr] warning: unused workspace dependency `tokio`
[INFO] [stderr]   --> Cargo.toml:46:25
[INFO] [stderr]    |
[INFO] [stderr] 46 | [workspace.dependencies.tokio]
[INFO] [stderr]    |                         ^^^^^
[INFO] [stderr]    |
[INFO] [stderr] help: consider removing the workspace dependency `tokio`
[INFO] [stderr] warning: unused workspace dependency `user`
[INFO] [stderr]   --> Cargo.toml:50:25
[INFO] [stderr]    |
[INFO] [stderr] 50 | [workspace.dependencies.user]
[INFO] [stderr]    |                         ^^^^
[INFO] [stderr]    |
[INFO] [stderr] help: consider removing the workspace dependency `user`
[INFO] [stderr] warning: workspace (manifest) generated 21 warnings
[INFO] [stderr] warning: unused build dependency `cc`
[INFO] [stderr]   --> crates/id_info_process/Cargo.toml:16:1
[INFO] [stderr]    |
[INFO] [stderr] 16 | cc = "1.0"
[INFO] [stderr]    | ^^^^^^^^^^
[INFO] [stderr]    |
[INFO] [stderr]    = note: `cargo::unused_dependencies` is set to `warn` by default
[INFO] [stderr] help: consider removing the dependency on `cc`
[INFO] [stderr] warning: `id_info_process` (manifest) generated 1 warning
[INFO] [stderr]     Blocking waiting for file lock on package cache
[INFO] [stderr]     Updating crates.io index
[INFO] [stderr]     Updating git repository `https://github.com/ZenGo-X/curv.git`
[INFO] [stderr]     Blocking waiting for file lock on package cache
[ERROR] error running command: no output for 300 seconds
[INFO] checking apearlinspring/gs-tbk-identity-audit-prototype against 5b237c915528dadada3f674b90c7c80368b632be for pr-133502-29
[INFO] running `Command { std: "git" "clone" "/workspace/cache/git-repos/https%3A%2F%2Fgithub.com%2Fapearlinspring%2Fgs-tbk-identity-audit-prototype" "/workspace/builds/worker-4-tc2/source", kill_on_drop: false }`
[INFO] [stderr] Cloning into '/workspace/builds/worker-4-tc2/source'...
[INFO] [stderr] done.
[INFO] started tweaking git repo https://github.com/apearlinspring/gs-tbk-identity-audit-prototype
[INFO] finished tweaking git repo https://github.com/apearlinspring/gs-tbk-identity-audit-prototype
[INFO] tweaked toml for git repo https://github.com/apearlinspring/gs-tbk-identity-audit-prototype written to /workspace/builds/worker-4-tc2/source/Cargo.toml
[INFO] validating manifest of git repo https://github.com/apearlinspring/gs-tbk-identity-audit-prototype on toolchain 5b237c915528dadada3f674b90c7c80368b632be
[INFO] running `Command { std: CARGO_HOME="/workspace/cargo-home" RUSTUP_HOME="/workspace/rustup-home" "/workspace/cargo-home/bin/cargo" "+5b237c915528dadada3f674b90c7c80368b632be" "metadata" "--manifest-path" "Cargo.toml" "--no-deps", kill_on_drop: false }`
[INFO] crate git repo https://github.com/apearlinspring/gs-tbk-identity-audit-prototype already has a lockfile, it will not be regenerated
[INFO] running `Command { std: CARGO_HOME="/workspace/cargo-home" RUSTUP_HOME="/workspace/rustup-home" "/workspace/cargo-home/bin/cargo" "+5b237c915528dadada3f674b90c7c80368b632be" "fetch" "--manifest-path" "Cargo.toml", kill_on_drop: false }`
[INFO] [stderr] warning: unused workspace dependency `anyhow`
[INFO] [stderr]  --> Cargo.toml:6:1
[INFO] [stderr]   |
[INFO] [stderr] 6 | anyhow = "1.0"
[INFO] [stderr]   | ^^^^^^
[INFO] [stderr]   |
[INFO] [stderr]   = note: `cargo::unused_workspace_dependencies` is set to `warn` by default
[INFO] [stderr] help: consider removing the workspace dependency `anyhow`
[INFO] [stderr] warning: unused workspace dependency `bincode`
[INFO] [stderr]  --> Cargo.toml:7:1
[INFO] [stderr]   |
[INFO] [stderr] 7 | bincode = "1.3.1"
[INFO] [stderr]   | ^^^^^^^
[INFO] [stderr]   |
[INFO] [stderr] help: consider removing the workspace dependency `bincode`
[INFO] [stderr] warning: unused workspace dependency `chrono`
[INFO] [stderr]  --> Cargo.toml:8:1
[INFO] [stderr]   |
[INFO] [stderr] 8 | chrono = "0.4"
[INFO] [stderr]   | ^^^^^^
[INFO] [stderr]   |
[INFO] [stderr] help: consider removing the workspace dependency `chrono`
[INFO] [stderr] warning: unused workspace dependency `cl_encrypt`
[INFO] [stderr]   --> Cargo.toml:17:25
[INFO] [stderr]    |
[INFO] [stderr] 17 | [workspace.dependencies.cl_encrypt]
[INFO] [stderr]    |                         ^^^^^^^^^^
[INFO] [stderr]    |
[INFO] [stderr] help: consider removing the workspace dependency `cl_encrypt`
[INFO] [stderr] warning: unused workspace dependency `class_group`
[INFO] [stderr]   --> Cargo.toml:20:25
[INFO] [stderr]    |
[INFO] [stderr] 20 | [workspace.dependencies.class_group]
[INFO] [stderr]    |                         ^^^^^^^^^^^
[INFO] [stderr]    |
[INFO] [stderr] help: consider removing the workspace dependency `class_group`
[INFO] [stderr] warning: unused workspace dependency `crossbeam-channel`
[INFO] [stderr]  --> Cargo.toml:9:1
[INFO] [stderr]   |
[INFO] [stderr] 9 | crossbeam-channel = "0.5.1"
[INFO] [stderr]   | ^^^^^^^^^^^^^^^^^
[INFO] [stderr]   |
[INFO] [stderr] help: consider removing the workspace dependency `crossbeam-channel`
[INFO] [stderr] warning: unused workspace dependency `curv-kzen`
[INFO] [stderr]   --> Cargo.toml:23:25
[INFO] [stderr]    |
[INFO] [stderr] 23 | [workspace.dependencies.curv-kzen]
[INFO] [stderr]    |                         ^^^^^^^^^
[INFO] [stderr]    |
[INFO] [stderr] help: consider removing the workspace dependency `curv-kzen`
[INFO] [stderr] warning: unused workspace dependency `gs_tbk_scheme`
[INFO] [stderr]   --> Cargo.toml:27:25
[INFO] [stderr]    |
[INFO] [stderr] 27 | [workspace.dependencies.gs_tbk_scheme]
[INFO] [stderr]    |                         ^^^^^^^^^^^^^
[INFO] [stderr]    |
[INFO] [stderr] help: consider removing the workspace dependency `gs_tbk_scheme`
[INFO] [stderr] warning: unused workspace dependency `id_info_process`
[INFO] [stderr]   --> Cargo.toml:30:25
[INFO] [stderr]    |
[INFO] [stderr] 30 | [workspace.dependencies.id_info_process]
[INFO] [stderr]    |                         ^^^^^^^^^^^^^^^
[INFO] [stderr]    |
[INFO] [stderr] help: consider removing the workspace dependency `id_info_process`
[INFO] [stderr] warning: unused workspace dependency `intergration_test`
[INFO] [stderr]   --> Cargo.toml:33:25
[INFO] [stderr]    |
[INFO] [stderr] 33 | [workspace.dependencies.intergration_test]
[INFO] [stderr]    |                         ^^^^^^^^^^^^^^^^^
[INFO] [stderr]    |
[INFO] [stderr] help: consider removing the workspace dependency `intergration_test`
[INFO] [stderr] warning: unused workspace dependency `node`
[INFO] [stderr]   --> Cargo.toml:36:25
[INFO] [stderr]    |
[INFO] [stderr] 36 | [workspace.dependencies.node]
[INFO] [stderr]    |                         ^^^^
[INFO] [stderr]    |
[INFO] [stderr] help: consider removing the workspace dependency `node`
[INFO] [stderr] warning: unused workspace dependency `num`
[INFO] [stderr]   --> Cargo.toml:10:1
[INFO] [stderr]    |
[INFO] [stderr] 10 | num = "0.2"
[INFO] [stderr]    | ^^^
[INFO] [stderr]    |
[INFO] [stderr] help: consider removing the workspace dependency `num`
[INFO] [stderr] warning: unused workspace dependency `proxy`
[INFO] [stderr]   --> Cargo.toml:39:25
[INFO] [stderr]    |
[INFO] [stderr] 39 | [workspace.dependencies.proxy]
[INFO] [stderr]    |                         ^^^^^
[INFO] [stderr]    |
[INFO] [stderr] help: consider removing the workspace dependency `proxy`
[INFO] [stderr] warning: unused workspace dependency `regex`
[INFO] [stderr]   --> Cargo.toml:11:1
[INFO] [stderr]    |
[INFO] [stderr] 11 | regex = "1.5.0"
[INFO] [stderr]    | ^^^^^
[INFO] [stderr]    |
[INFO] [stderr] help: consider removing the workspace dependency `regex`
[INFO] [stderr] warning: unused workspace dependency `serde`
[INFO] [stderr]   --> Cargo.toml:42:25
[INFO] [stderr]    |
[INFO] [stderr] 42 | [workspace.dependencies.serde]
[INFO] [stderr]    |                         ^^^^^
[INFO] [stderr]    |
[INFO] [stderr] help: consider removing the workspace dependency `serde`
[INFO] [stderr] warning: unused workspace dependency `serde_json`
[INFO] [stderr]   --> Cargo.toml:12:1
[INFO] [stderr]    |
[INFO] [stderr] 12 | serde_json = "1.0"
[INFO] [stderr]    | ^^^^^^^^^^
[INFO] [stderr]    |
[INFO] [stderr] help: consider removing the workspace dependency `serde_json`
[INFO] [stderr] warning: unused workspace dependency `sha2`
[INFO] [stderr]   --> Cargo.toml:13:1
[INFO] [stderr]    |
[INFO] [stderr] 13 | sha2 = "0.9"
[INFO] [stderr]    | ^^^^
[INFO] [stderr]    |
[INFO] [stderr] help: consider removing the workspace dependency `sha2`
[INFO] [stderr] warning: unused workspace dependency `thiserror`
[INFO] [stderr]   --> Cargo.toml:14:1
[INFO] [stderr]    |
[INFO] [stderr] 14 | thiserror = "1.0.23"
[INFO] [stderr]    | ^^^^^^^^^
[INFO] [stderr]    |
[INFO] [stderr] help: consider removing the workspace dependency `thiserror`
[INFO] [stderr] warning: unused workspace dependency `time`
[INFO] [stderr]   --> Cargo.toml:15:1
[INFO] [stderr]    |
[INFO] [stderr] 15 | time = "0.1"
[INFO] [stderr]    | ^^^^
[INFO] [stderr]    |
[INFO] [stderr] help: consider removing the workspace dependency `time`
[INFO] [stderr] warning: unused workspace dependency `tokio`
[INFO] [stderr]   --> Cargo.toml:46:25
[INFO] [stderr]    |
[INFO] [stderr] 46 | [workspace.dependencies.tokio]
[INFO] [stderr]    |                         ^^^^^
[INFO] [stderr]    |
[INFO] [stderr] help: consider removing the workspace dependency `tokio`
[INFO] [stderr] warning: unused workspace dependency `user`
[INFO] [stderr]   --> Cargo.toml:50:25
[INFO] [stderr]    |
[INFO] [stderr] 50 | [workspace.dependencies.user]
[INFO] [stderr]    |                         ^^^^
[INFO] [stderr]    |
[INFO] [stderr] help: consider removing the workspace dependency `user`
[INFO] [stderr] warning: workspace (manifest) generated 21 warnings
[INFO] [stderr] warning: unused build dependency `cc`
[INFO] [stderr]   --> crates/id_info_process/Cargo.toml:16:1
[INFO] [stderr]    |
[INFO] [stderr] 16 | cc = "1.0"
[INFO] [stderr]    | ^^^^^^^^^^
[INFO] [stderr]    |
[INFO] [stderr]    = note: `cargo::unused_dependencies` is set to `warn` by default
[INFO] [stderr] help: consider removing the dependency on `cc`
[INFO] [stderr] warning: `id_info_process` (manifest) generated 1 warning
[INFO] [stderr]     Blocking waiting for file lock on package cache
[INFO] [stderr]     Blocking waiting for file lock on package cache
[INFO] [stderr]  Downloading crates ...
[INFO] [stderr]   Downloaded ff-zeroize v0.6.3
[INFO] [stderr]   Downloaded secp256k1 v0.20.3
[INFO] [stderr]   Downloaded ff_derive-zeroize v0.6.2
[INFO] [stderr]   Downloaded rust-gmp-kzen v0.5.1
[INFO] [stderr]   Downloaded p256 v0.9.0
[INFO] [stderr]   Downloaded cryptoxide v0.1.3
[INFO] [stderr]   Downloaded tokio v1.33.0
[INFO] [stderr]   Downloaded pairing-plus v0.19.0
[INFO] [stderr]   Downloaded regex v1.10.0
[INFO] [stderr]   Downloaded regex-syntax v0.8.0
[INFO] [stderr]   Downloaded thread-id v4.2.1
[INFO] [stderr]   Downloaded regex-automata v0.4.1
[INFO] [stderr]   Downloaded rug v1.22.0
[INFO] [stderr]   Downloaded proptest v0.10.1
[INFO] [stderr]   Downloaded rustix v0.38.21
[INFO] [stderr]   Downloaded which v2.0.1
[INFO] [stderr]   Downloaded bindgen v0.50.1
[INFO] [stderr]   Downloaded clang-sys v0.28.1
[INFO] [stderr]   Downloaded cexpr v0.3.6
[INFO] [stderr]   Downloaded curv-kzen v0.9.0
[INFO] [stderr]   Downloaded gmp-mpfr-sys v1.6.1
[INFO] [stderr]   Downloaded merkle-cbt v0.3.2
[INFO] running `Command { std: "docker" "create" "-v" "/var/lib/crater-agent-workspace/builds/worker-4-tc2/source:/opt/rustwide/workdir:ro,Z" "-v" "/var/lib/crater-agent-workspace/builds/worker-4-tc2/target:/opt/rustwide/target:rw,Z" "-v" "/var/lib/crater-agent-workspace/cargo-home:/opt/rustwide/cargo-home:ro,Z" "-v" "/var/lib/crater-agent-workspace/rustup-home:/opt/rustwide/rustup-home:ro,Z" "-m" "1610612736" "--network" "none" "ghcr.io/rust-lang/crates-build-env/linux@sha256:3111399a4047eeb3a02b7a90e478d715f38a8c6669b5c4b49d30a17385265909" "sleep" "infinity", kill_on_drop: false }`
[INFO] [stdout] 0f1b10db31736fd9c19ab8e6b3d5ea058a3b52c129ccaacf328df400835b8722
[INFO] running `Command { std: "docker" "start" "0f1b10db31736fd9c19ab8e6b3d5ea058a3b52c129ccaacf328df400835b8722", kill_on_drop: false }`
[INFO] running `Command { std: "docker" "inspect" "0f1b10db31736fd9c19ab8e6b3d5ea058a3b52c129ccaacf328df400835b8722", kill_on_drop: false }`
[INFO] running `Command { std: "docker" "exec" "-e" "SOURCE_DIR=/opt/rustwide/workdir" "-e" "CARGO_HOME=/opt/rustwide/cargo-home" "-e" "RUSTUP_HOME=/opt/rustwide/rustup-home" "-e" "CARGO_TARGET_DIR=/opt/rustwide/target" "-w" "/opt/rustwide/workdir" "--user" "0:0" "0f1b10db31736fd9c19ab8e6b3d5ea058a3b52c129ccaacf328df400835b8722" "/opt/rustwide/cargo-home/bin/cargo" "+5b237c915528dadada3f674b90c7c80368b632be" "metadata" "--no-deps" "--format-version=1", kill_on_drop: false }`
[INFO] running `Command { std: "docker" "inspect" "0f1b10db31736fd9c19ab8e6b3d5ea058a3b52c129ccaacf328df400835b8722", kill_on_drop: false }`
[INFO] running `Command { std: "docker" "exec" "-e" "SOURCE_DIR=/opt/rustwide/workdir" "-e" "CARGO_HOME=/opt/rustwide/cargo-home" "-e" "RUSTUP_HOME=/opt/rustwide/rustup-home" "-e" "CARGO_TARGET_DIR=/opt/rustwide/target" "-e" "CARGO_INCREMENTAL=0" "-e" "RUST_BACKTRACE=full" "-e" "RUSTFLAGS=--cap-lints=forbid" "-e" "RUSTDOCFLAGS=--cap-lints=forbid" "-w" "/opt/rustwide/workdir" "--user" "0:0" "0f1b10db31736fd9c19ab8e6b3d5ea058a3b52c129ccaacf328df400835b8722" "/opt/rustwide/cargo-home/bin/cargo" "+5b237c915528dadada3f674b90c7c80368b632be" "check" "--frozen" "--all" "--all-targets" "--message-format=json", kill_on_drop: false }`
[INFO] [stderr] warning: unused workspace dependency `anyhow`
[INFO] [stderr]  --> Cargo.toml:6:1
[INFO] [stderr]   |
[INFO] [stderr] 6 | anyhow = "1.0"
[INFO] [stderr]   | ^^^^^^
[INFO] [stderr]   |
[INFO] [stderr]   = note: `cargo::unused_workspace_dependencies` is set to `warn` by default
[INFO] [stderr] help: consider removing the workspace dependency `anyhow`
[INFO] [stderr] warning: unused workspace dependency `bincode`
[INFO] [stderr]  --> Cargo.toml:7:1
[INFO] [stderr]   |
[INFO] [stderr] 7 | bincode = "1.3.1"
[INFO] [stderr]   | ^^^^^^^
[INFO] [stderr]   |
[INFO] [stderr] help: consider removing the workspace dependency `bincode`
[INFO] [stderr] warning: unused workspace dependency `chrono`
[INFO] [stderr]  --> Cargo.toml:8:1
[INFO] [stderr]   |
[INFO] [stderr] 8 | chrono = "0.4"
[INFO] [stderr]   | ^^^^^^
[INFO] [stderr]   |
[INFO] [stderr] help: consider removing the workspace dependency `chrono`
[INFO] [stderr] warning: unused workspace dependency `cl_encrypt`
[INFO] [stderr]   --> Cargo.toml:17:25
[INFO] [stderr]    |
[INFO] [stderr] 17 | [workspace.dependencies.cl_encrypt]
[INFO] [stderr]    |                         ^^^^^^^^^^
[INFO] [stderr]    |
[INFO] [stderr] help: consider removing the workspace dependency `cl_encrypt`
[INFO] [stderr] warning: unused workspace dependency `class_group`
[INFO] [stderr]   --> Cargo.toml:20:25
[INFO] [stderr]    |
[INFO] [stderr] 20 | [workspace.dependencies.class_group]
[INFO] [stderr]    |                         ^^^^^^^^^^^
[INFO] [stderr]    |
[INFO] [stderr] help: consider removing the workspace dependency `class_group`
[INFO] [stderr] warning: unused workspace dependency `crossbeam-channel`
[INFO] [stderr]  --> Cargo.toml:9:1
[INFO] [stderr]   |
[INFO] [stderr] 9 | crossbeam-channel = "0.5.1"
[INFO] [stderr]   | ^^^^^^^^^^^^^^^^^
[INFO] [stderr]   |
[INFO] [stderr] help: consider removing the workspace dependency `crossbeam-channel`
[INFO] [stderr] warning: unused workspace dependency `curv-kzen`
[INFO] [stderr]   --> Cargo.toml:23:25
[INFO] [stderr]    |
[INFO] [stderr] 23 | [workspace.dependencies.curv-kzen]
[INFO] [stderr]    |                         ^^^^^^^^^
[INFO] [stderr]    |
[INFO] [stderr] help: consider removing the workspace dependency `curv-kzen`
[INFO] [stderr] warning: unused workspace dependency `gs_tbk_scheme`
[INFO] [stderr]   --> Cargo.toml:27:25
[INFO] [stderr]    |
[INFO] [stderr] 27 | [workspace.dependencies.gs_tbk_scheme]
[INFO] [stderr]    |                         ^^^^^^^^^^^^^
[INFO] [stderr]    |
[INFO] [stderr] help: consider removing the workspace dependency `gs_tbk_scheme`
[INFO] [stderr] warning: unused workspace dependency `id_info_process`
[INFO] [stderr]   --> Cargo.toml:30:25
[INFO] [stderr]    |
[INFO] [stderr] 30 | [workspace.dependencies.id_info_process]
[INFO] [stderr]    |                         ^^^^^^^^^^^^^^^
[INFO] [stderr]    |
[INFO] [stderr] help: consider removing the workspace dependency `id_info_process`
[INFO] [stderr] warning: unused workspace dependency `intergration_test`
[INFO] [stderr]   --> Cargo.toml:33:25
[INFO] [stderr]    |
[INFO] [stderr] 33 | [workspace.dependencies.intergration_test]
[INFO] [stderr]    |                         ^^^^^^^^^^^^^^^^^
[INFO] [stderr]    |
[INFO] [stderr] help: consider removing the workspace dependency `intergration_test`
[INFO] [stderr] warning: unused workspace dependency `node`
[INFO] [stderr]   --> Cargo.toml:36:25
[INFO] [stderr]    |
[INFO] [stderr] 36 | [workspace.dependencies.node]
[INFO] [stderr]    |                         ^^^^
[INFO] [stderr]    |
[INFO] [stderr] help: consider removing the workspace dependency `node`
[INFO] [stderr] warning: unused workspace dependency `num`
[INFO] [stderr]   --> Cargo.toml:10:1
[INFO] [stderr]    |
[INFO] [stderr] 10 | num = "0.2"
[INFO] [stderr]    | ^^^
[INFO] [stderr]    |
[INFO] [stderr] help: consider removing the workspace dependency `num`
[INFO] [stderr] warning: unused workspace dependency `proxy`
[INFO] [stderr]   --> Cargo.toml:39:25
[INFO] [stderr]    |
[INFO] [stderr] 39 | [workspace.dependencies.proxy]
[INFO] [stderr]    |                         ^^^^^
[INFO] [stderr]    |
[INFO] [stderr] help: consider removing the workspace dependency `proxy`
[INFO] [stderr] warning: unused workspace dependency `regex`
[INFO] [stderr]   --> Cargo.toml:11:1
[INFO] [stderr]    |
[INFO] [stderr] 11 | regex = "1.5.0"
[INFO] [stderr]    | ^^^^^
[INFO] [stderr]    |
[INFO] [stderr] help: consider removing the workspace dependency `regex`
[INFO] [stderr] warning: unused workspace dependency `serde`
[INFO] [stderr]   --> Cargo.toml:42:25
[INFO] [stderr]    |
[INFO] [stderr] 42 | [workspace.dependencies.serde]
[INFO] [stderr]    |                         ^^^^^
[INFO] [stderr]    |
[INFO] [stderr] help: consider removing the workspace dependency `serde`
[INFO] [stderr] warning: unused workspace dependency `serde_json`
[INFO] [stderr]   --> Cargo.toml:12:1
[INFO] [stderr]    |
[INFO] [stderr] 12 | serde_json = "1.0"
[INFO] [stderr]    | ^^^^^^^^^^
[INFO] [stderr]    |
[INFO] [stderr] help: consider removing the workspace dependency `serde_json`
[INFO] [stderr] warning: unused workspace dependency `sha2`
[INFO] [stderr]   --> Cargo.toml:13:1
[INFO] [stderr]    |
[INFO] [stderr] 13 | sha2 = "0.9"
[INFO] [stderr]    | ^^^^
[INFO] [stderr]    |
[INFO] [stderr] help: consider removing the workspace dependency `sha2`
[INFO] [stderr] warning: unused workspace dependency `thiserror`
[INFO] [stderr]   --> Cargo.toml:14:1
[INFO] [stderr]    |
[INFO] [stderr] 14 | thiserror = "1.0.23"
[INFO] [stderr]    | ^^^^^^^^^
[INFO] [stderr]    |
[INFO] [stderr] help: consider removing the workspace dependency `thiserror`
[INFO] [stderr] warning: unused workspace dependency `time`
[INFO] [stderr]   --> Cargo.toml:15:1
[INFO] [stderr]    |
[INFO] [stderr] 15 | time = "0.1"
[INFO] [stderr]    | ^^^^
[INFO] [stderr]    |
[INFO] [stderr] help: consider removing the workspace dependency `time`
[INFO] [stderr] warning: unused workspace dependency `tokio`
[INFO] [stderr]   --> Cargo.toml:46:25
[INFO] [stderr]    |
[INFO] [stderr] 46 | [workspace.dependencies.tokio]
[INFO] [stderr]    |                         ^^^^^
[INFO] [stderr]    |
[INFO] [stderr] help: consider removing the workspace dependency `tokio`
[INFO] [stderr] warning: unused workspace dependency `user`
[INFO] [stderr]   --> Cargo.toml:50:25
[INFO] [stderr]    |
[INFO] [stderr] 50 | [workspace.dependencies.user]
[INFO] [stderr]    |                         ^^^^
[INFO] [stderr]    |
[INFO] [stderr] help: consider removing the workspace dependency `user`
[INFO] [stderr] warning: workspace (manifest) generated 21 warnings
[INFO] [stderr] warning: unused build dependency `cc`
[INFO] [stderr]   --> crates/id_info_process/Cargo.toml:16:1
[INFO] [stderr]    |
[INFO] [stderr] 16 | cc = "1.0"
[INFO] [stderr]    | ^^^^^^^^^^
[INFO] [stderr]    |
[INFO] [stderr]    = note: `cargo::unused_dependencies` is set to `warn` by default
[INFO] [stderr] help: consider removing the dependency on `cc`
[INFO] [stderr] warning: `id_info_process` (manifest) generated 1 warning
[INFO] [stderr]    Compiling libc v0.2.149
[INFO] [stderr]    Compiling num-traits v0.2.17
[INFO] [stderr]    Compiling num-integer v0.1.45
[INFO] [stderr]    Compiling autocfg v0.1.8
[INFO] [stderr]     Checking rand_core v0.4.2
[INFO] [stderr]     Checking subtle v2.4.1
[INFO] [stderr]     Checking const-oid v0.6.2
[INFO] [stderr]    Compiling generic-array v0.14.7
[INFO] [stderr]    Compiling num-bigint v0.2.6
[INFO] [stderr]    Compiling memchr v2.6.4
[INFO] [stderr]    Compiling serde_json v1.0.107
[INFO] [stderr]     Checking generic-array v0.12.4
[INFO] [stderr]    Compiling syn v2.0.38
[INFO] [stderr]     Checking merkle-cbt v0.3.2
[INFO] [stderr]     Checking cryptoxide v0.1.3
[INFO] [stderr]    Compiling version_check v0.1.5
[INFO] [stderr]     Checking rand_core v0.3.1
[INFO] [stderr]    Compiling rand_pcg v0.1.2
[INFO] [stderr]    Compiling rand_chacha v0.1.1
[INFO] [stderr]    Compiling rand v0.6.5
[INFO] [stderr]     Checking rand_jitter v0.1.4
[INFO] [stderr]     Checking rand_isaac v0.1.1
[INFO] [stderr]     Checking rand_xorshift v0.1.1
[INFO] [stderr]     Checking rand_hc v0.1.0
[INFO] [stderr]    Compiling glob v0.3.1
[INFO] [stderr]    Compiling adler v1.0.2
[INFO] [stderr]    Compiling gimli v0.28.0
[INFO] [stderr]     Checking der v0.4.5
[INFO] [stderr]     Checking digest v0.8.1
[INFO] [stderr]     Checking block-buffer v0.7.3
[INFO] [stderr]    Compiling nom v4.2.3
[INFO] [stderr]    Compiling miniz_oxide v0.7.1
[INFO] [stderr]    Compiling regex-syntax v0.8.0
[INFO] [stderr]    Compiling rustc-demangle v0.1.23
[INFO] [stderr]    Compiling proc-macro2 v0.4.30
[INFO] [stderr]     Checking digest v0.9.0
[INFO] [stderr]     Checking block-buffer v0.9.0
[INFO] [stderr]     Checking crypto-mac v0.11.1
[INFO] [stderr]     Checking sha2 v0.8.2
[INFO] [stderr]     Checking sha2 v0.9.9
[INFO] [stderr]     Checking hmac v0.11.0
[INFO] [stderr]     Checking spki v0.4.1
[INFO] [stderr]     Checking sha3 v0.9.1
[INFO] [stderr]     Checking pkcs8 v0.7.6
[INFO] [stderr]    Compiling clang-sys v0.28.1
[INFO] [stderr]    Compiling unicode-width v0.1.11
[INFO] [stderr]    Compiling quick-error v1.2.3
[INFO] [stderr]    Compiling humantime v1.3.0
[INFO] [stderr]    Compiling textwrap v0.11.0
[INFO] [stderr]    Compiling bindgen v0.50.1
[INFO] [stderr]    Compiling object v0.32.1
[INFO] [stderr]    Compiling aho-corasick v1.1.2
[INFO] [stderr]    Compiling cc v1.0.83
[INFO] [stderr]    Compiling atty v0.2.14
[INFO] [stderr]    Compiling log v0.4.20
[INFO] [stderr]    Compiling strsim v0.8.0
[INFO] [stderr]     Checking getrandom v0.2.10
[INFO] [stderr]     Checking getrandom v0.1.16
[INFO] [stderr]     Checking rand_os v0.1.3
[INFO] [stderr]     Checking rand v0.4.6
[INFO] [stderr]     Checking rand_core v0.6.4
[INFO] [stderr]     Checking rand_core v0.5.1
[INFO] [stderr]     Checking time v0.1.45
[INFO] [stderr]     Checking ff v0.10.1
[INFO] [stderr]     Checking rand_chacha v0.2.2
[INFO] [stderr]     Checking group v0.10.0
[INFO] [stderr]     Checking rand_xorshift v0.2.0
[INFO] [stderr]     Checking signature v1.3.2
[INFO] [stderr]     Checking rand v0.7.3
[INFO] [stderr]    Compiling bitflags v1.3.2
[INFO] [stderr]    Compiling ansi_term v0.12.1
[INFO] [stderr]    Compiling vec_map v0.8.2
[INFO] [stderr]    Compiling termcolor v1.3.0
[INFO] [stderr]    Compiling fxhash v0.2.1
[INFO] [stderr]    Compiling cexpr v0.3.6
[INFO] [stderr]    Compiling quote v0.6.13
[INFO] [stderr]    Compiling clap v2.34.0
[INFO] [stderr]    Compiling cfg-if v0.1.10
[INFO] [stderr]    Compiling peeking_take_while v0.1.2
[INFO] [stderr]    Compiling shlex v0.1.1
[INFO] [stderr]     Checking parking_lot_core v0.9.8
[INFO] [stderr]    Compiling anyhow v1.0.75
[INFO] [stderr]     Checking rand_chacha v0.3.1
[INFO] [stderr]     Checking socket2 v0.5.4
[INFO] [stderr]     Checking num_cpus v1.16.0
[INFO] [stderr]     Checking parking_lot v0.12.1
[INFO] [stderr]     Checking mio v0.8.8
[INFO] [stderr]     Checking signal-hook-registry v1.4.1
[INFO] [stderr]    Compiling num-complex v0.2.4
[INFO] [stderr]    Compiling num-iter v0.1.43
[INFO] [stderr]    Compiling num-rational v0.2.4
[INFO] [stderr]     Checking destructure_traitobject v0.2.0
[INFO] [stderr]     Checking bytes v1.5.0
[INFO] [stderr]    Compiling futures-core v0.3.29
[INFO] [stderr]     Checking yaml-rust v0.4.5
[INFO] [stderr]     Checking unsafe-any-ors v1.0.0
[INFO] [stderr]     Checking rand v0.8.5
[INFO] [stderr]     Checking ordered-float v2.10.1
[INFO] [stderr]    Compiling secp256k1-sys v0.4.2
[INFO] [stderr]    Compiling backtrace v0.3.69
[INFO] [stderr]    Compiling libloading v0.5.2
[INFO] [stderr]    Compiling futures-task v0.3.29
[INFO] [stderr]     Checking chrono v0.4.31
[INFO] [stderr]    Compiling regex-automata v0.4.1
[INFO] [stderr]     Checking typemap-ors v1.0.0
[INFO] [stderr]    Compiling ff_derive-zeroize v0.6.2
[INFO] [stderr]     Checking thread-id v4.2.1
[INFO] [stderr]    Compiling derivative v2.2.0
[INFO] [stderr]     Checking arc-swap v1.6.0
[INFO] [stderr]     Checking log-mdc v0.1.0
[INFO] [stderr]    Compiling futures-util v0.3.29
[INFO] [stderr]     Checking tracing-core v0.1.32
[INFO] [stderr]     Checking crossbeam-channel v0.5.8
[INFO] [stderr]     Checking futures-sink v0.3.29
[INFO] [stderr]     Checking futures-io v0.3.29
[INFO] [stderr]    Compiling cl_encrypt v0.1.0 (/opt/rustwide/workdir/crates/cl_encrypt)
[INFO] [stderr]    Compiling memoffset v0.9.0
[INFO] [stderr]    Compiling rustix v0.38.21
[INFO] [stderr]     Checking num v0.2.1
[INFO] [stderr]    Compiling crossbeam-epoch v0.9.15
[INFO] [stderr]     Checking bitflags v2.4.0
[INFO] [stderr]     Checking tracing v0.1.40
[INFO] [stderr]     Checking linux-raw-sys v0.4.10
[INFO] [stderr]    Compiling gmp-mpfr-sys v1.6.1
[INFO] [stderr]    Compiling rayon-core v1.12.0
[INFO] [stderr]     Checking either v1.9.0
[INFO] [stderr]     Checking anstyle v1.0.4
[INFO] [stderr]     Checking clap_lex v0.5.1
[INFO] [stderr]     Checking half v1.8.2
[INFO] [stderr]    Compiling az v1.2.1
[INFO] [stderr]     Checking ciborium-io v0.2.1
[INFO] [stderr]     Checking plotters-backend v0.3.5
[INFO] [stderr]     Checking clap_builder v4.4.6
[INFO] [stderr]     Checking itertools v0.10.5
[INFO] [stderr]     Checking crossbeam-deque v0.8.3
[INFO] [stderr]     Checking ciborium-ll v0.2.1
[INFO] [stderr]    Compiling addr2line v0.21.0
[INFO] [stderr]     Checking plotters-svg v0.3.5
[INFO] [stderr]     Checking wait-timeout v0.2.0
[INFO] [stderr]    Compiling rug v1.22.0
[INFO] [stderr]     Checking walkdir v2.4.0
[INFO] [stderr]     Checking bit-set v0.5.3
[INFO] [stderr]     Checking plotters v0.3.5
[INFO] [stderr]     Checking oorandom v11.1.3
[INFO] [stderr]     Checking regex-syntax v0.6.29
[INFO] [stderr]     Checking rayon v1.8.0
[INFO] [stderr]    Compiling regex v1.10.0
[INFO] [stderr]    Compiling env_logger v0.6.2
[INFO] [stderr]     Checking criterion-plot v0.5.0
[INFO] [stderr]    Compiling failure v0.1.8
[INFO] [stderr]     Checking tempfile v3.8.1
[INFO] [stderr]     Checking is-terminal v0.4.9
[INFO] [stderr]    Compiling which v2.0.1
[INFO] [stderr]     Checking rusty-fork v0.3.0
[INFO] [stderr]     Checking proptest v0.10.1
[INFO] [stderr]     Checking clap v4.4.6
[INFO] [stderr]    Compiling serde_derive v1.0.188
[INFO] [stderr]    Compiling zeroize_derive v1.4.2
[INFO] [stderr]    Compiling thiserror-impl v1.0.49
[INFO] [stderr]    Compiling tokio-macros v2.1.0
[INFO] [stderr]    Compiling futures-macro v0.3.29
[INFO] [stderr]     Checking tokio v1.33.0
[INFO] [stderr]     Checking zeroize v1.4.3
[INFO] [stderr]     Checking crypto-bigint v0.2.11
[INFO] [stderr]     Checking ff-zeroize v0.6.3
[INFO] [stderr]     Checking curve25519-dalek v3.2.0
[INFO] [stderr]     Checking pairing-plus v0.19.0
[INFO] [stderr]     Checking elliptic-curve v0.10.6
[INFO] [stderr]     Checking thiserror v1.0.49
[INFO] [stderr]     Checking ecdsa v0.12.4
[INFO] [stderr]     Checking p256 v0.9.0
[INFO] [stderr]     Checking serde v1.0.188
[INFO] [stderr] error: failed to run custom build command for `gmp-mpfr-sys v1.6.1`
[INFO] [stderr] note: To improve backtraces for build dependencies, set the CARGO_PROFILE_DEV_BUILD_OVERRIDE_DEBUG=true environment variable to enable debug information generation.
[INFO] [stderr] 
[INFO] [stderr] Caused by:
[INFO] [stderr]   process didn't exit successfully: `/opt/rustwide/target/debug/build/gmp-mpfr-sys/97994cb42613f390/out/build_script_build` (exit status: 101)
[INFO] [stderr]   --- stdout
[INFO] [stderr]   cargo:rerun-if-env-changed=GMP_MPFR_SYS_CACHE
[INFO] [stderr]   $ mkdir -p "/opt/rustwide/target/debug/build/gmp-mpfr-sys/4f68e46b8d8a1ffa/out/lib"
[INFO] [stderr]   $ mkdir -p "/opt/rustwide/target/debug/build/gmp-mpfr-sys/4f68e46b8d8a1ffa/out/include"
[INFO] [stderr]   $ mkdir -p "/opt/rustwide/target/debug/build/gmp-mpfr-sys/4f68e46b8d8a1ffa/out/build"
[INFO] [stderr]   $ ln -s "/opt/rustwide/cargo-home/registry/src/index.crates.io-1949cf8c6b5b557f/gmp-mpfr-sys-1.6.1/gmp-6.3.0-c" "/opt/rustwide/target/debug/build/gmp-mpfr-sys/4f68e46b8d8a1ffa/out/build/gmp-src"
[INFO] [stderr]   $ mkdir -p "/opt/rustwide/target/debug/build/gmp-mpfr-sys/4f68e46b8d8a1ffa/out/build/gmp-build"
[INFO] [stderr]   $ cd "/opt/rustwide/target/debug/build/gmp-mpfr-sys/4f68e46b8d8a1ffa/out/build/gmp-build"
[INFO] [stderr]   $ cd "/opt/rustwide/target/debug/build/gmp-mpfr-sys/4f68e46b8d8a1ffa/out/build/gmp-build" && "sh" "-c" "../gmp-src/configure --enable-fat --disable-shared --with-pic"
[INFO] [stderr]   checking build system type... zen3-pc-linux-gnu
[INFO] [stderr]   checking host system type... zen3-pc-linux-gnu
[INFO] [stderr]   checking for a BSD-compatible install... /usr/bin/install -c
[INFO] [stderr]   checking whether build environment is sane... yes
[INFO] [stderr]   checking for a thread-safe mkdir -p... ../gmp-src/install-sh -c -d
[INFO] [stderr]   checking for gawk... no
[INFO] [stderr]   checking for mawk... mawk
[INFO] [stderr]   checking whether make sets $(MAKE)... yes
[INFO] [stderr]   checking whether make supports nested variables... yes
[INFO] [stderr]   checking whether to enable maintainer-specific portions of Makefiles... no
[INFO] [stderr]   checking ABI=64
[INFO] [stderr]   checking compiler gcc -O2 -pedantic -fomit-frame-pointer -m64 ... no, long long reliability test 1
[INFO] [stderr]   checking whether cc is gcc... yes
[INFO] [stderr]   checking compiler cc -O2 -pedantic -fomit-frame-pointer -m64 ... no, long long reliability test 1
[INFO] [stderr]   checking ABI=x32
[INFO] [stderr]   checking compiler gcc -O2 -pedantic -fomit-frame-pointer -mx32 ... no, program does not run
[INFO] [stderr]   checking whether cc is gcc... yes
[INFO] [stderr]   checking compiler cc -O2 -pedantic -fomit-frame-pointer -mx32 ... no, program does not run
[INFO] [stderr]   checking ABI=32
[INFO] [stderr]   checking compiler gcc -m32 -O2 -pedantic -fomit-frame-pointer ... no, long long reliability test 1
[INFO] [stderr]   checking compiler gcc -O2 -pedantic -fomit-frame-pointer ... no, long long reliability test 1
[INFO] [stderr]   checking compiler icc -no-gcc ... no
[INFO] [stderr]   checking whether cc is gcc... yes
[INFO] [stderr]   checking compiler cc -m32 -O2 -pedantic -fomit-frame-pointer ... no, long long reliability test 1
[INFO] [stderr]   checking compiler cc -O2 -pedantic -fomit-frame-pointer ... no, long long reliability test 1
[INFO] [stderr] 
[INFO] [stderr]   --- stderr
[INFO] [stderr]   configure: error: could not find a working compiler, see config.log for details
[INFO] [stderr] 
[INFO] [stderr]   thread 'main' (1871) panicked at /opt/rustwide/cargo-home/registry/src/index.crates.io-1949cf8c6b5b557f/gmp-mpfr-sys-1.6.1/build.rs:1210:13:
[INFO] [stderr]   Program failed with code 1: cd "/opt/rustwide/target/debug/build/gmp-mpfr-sys/4f68e46b8d8a1ffa/out/build/gmp-build" && "sh" "-c" "../gmp-src/configure --enable-fat --disable-shared --with-pic"
[INFO] [stderr]   stack backtrace:
[INFO] [stderr]      0:     0x61d3e53c8ea1 - std[fba97bcc6c7c281e]::backtrace_rs::backtrace::libunwind::trace
[INFO] [stderr]                                  at /rustc/5b237c915528dadada3f674b90c7c80368b632be/library/std/src/../../backtrace/src/backtrace/libunwind.rs:117:9
[INFO] [stderr]      1:     0x61d3e53c8ea1 - std[fba97bcc6c7c281e]::backtrace_rs::backtrace::trace_unsynchronized::<std[fba97bcc6c7c281e]::sys::backtrace::_print_fmt::{closure#1}>
[INFO] [stderr]                                  at /rustc/5b237c915528dadada3f674b90c7c80368b632be/library/std/src/../../backtrace/src/backtrace/mod.rs:66:14
[INFO] [stderr]      2:     0x61d3e53c8ea1 - std[fba97bcc6c7c281e]::sys::backtrace::_print_fmt
[INFO] [stderr]                                  at /rustc/5b237c915528dadada3f674b90c7c80368b632be/library/std/src/sys/backtrace.rs:74:9
[INFO] [stderr]      3:     0x61d3e53c8ea1 - <<std[fba97bcc6c7c281e]::sys::backtrace::BacktraceLock>::print::DisplayBacktrace as core[cbe985f25e545f7b]::fmt::Display>::fmt
[INFO] [stderr]                                  at /rustc/5b237c915528dadada3f674b90c7c80368b632be/library/std/src/sys/backtrace.rs:44:26
[INFO] [stderr]      4:     0x61d3e53dbcaa - <core[cbe985f25e545f7b]::fmt::rt::Argument>::fmt
[INFO] [stderr]                                  at /rustc/5b237c915528dadada3f674b90c7c80368b632be/library/core/src/fmt/rt.rs:152:76
[INFO] [stderr]      5:     0x61d3e53dbcaa - core[cbe985f25e545f7b]::fmt::write
[INFO] [stderr]      6:     0x61d3e53ce10c - core[cbe985f25e545f7b]::io::write::default_write_fmt::<std[fba97bcc6c7c281e]::sys::stdio::unix::Stderr>
[INFO] [stderr]                                  at /rustc/5b237c915528dadada3f674b90c7c80368b632be/library/core/src/io/write.rs:402:11
[INFO] [stderr]      7:     0x61d3e53ce10c - <std[fba97bcc6c7c281e]::sys::stdio::unix::Stderr as core[cbe985f25e545f7b]::io::write::Write>::write_fmt
[INFO] [stderr]                                  at /rustc/5b237c915528dadada3f674b90c7c80368b632be/library/core/src/io/write.rs:335:13
[INFO] [stderr]      8:     0x61d3e53a9836 - <std[fba97bcc6c7c281e]::sys::backtrace::BacktraceLock>::print
[INFO] [stderr]                                  at /rustc/5b237c915528dadada3f674b90c7c80368b632be/library/std/src/sys/backtrace.rs:47:9
[INFO] [stderr]      9:     0x61d3e53a9836 - std[fba97bcc6c7c281e]::panicking::default_hook::{closure#0}
[INFO] [stderr]                                  at /rustc/5b237c915528dadada3f674b90c7c80368b632be/library/std/src/panicking.rs:289:27
[INFO] [stderr]     10:     0x61d3e53c3491 - std[fba97bcc6c7c281e]::panicking::default_hook
[INFO] [stderr]                                  at /rustc/5b237c915528dadada3f674b90c7c80368b632be/library/std/src/panicking.rs:316:9
[INFO] [stderr]     11:     0x61d3e53c364b - std[fba97bcc6c7c281e]::panicking::panic_with_hook
[INFO] [stderr]                                  at /rustc/5b237c915528dadada3f674b90c7c80368b632be/library/std/src/panicking.rs:811:13
[INFO] [stderr]     12:     0x61d3e53a98e2 - std[fba97bcc6c7c281e]::panicking::panic_handler::{closure#0}
[INFO] [stderr]                                  at /rustc/5b237c915528dadada3f674b90c7c80368b632be/library/std/src/panicking.rs:685:13
[INFO] [stderr]     13:     0x61d3e53a37a9 - std[fba97bcc6c7c281e]::sys::backtrace::__rust_end_short_backtrace::<std[fba97bcc6c7c281e]::panicking::panic_handler::{closure#0}, !>
[INFO] [stderr]                                  at /rustc/5b237c915528dadada3f674b90c7c80368b632be/library/std/src/sys/backtrace.rs:182:18
[INFO] [stderr]     14:     0x61d3e53aa31d - __rustc[8b64a3aaf7c035e0]::rust_begin_unwind
[INFO] [stderr]                                  at /rustc/5b237c915528dadada3f674b90c7c80368b632be/library/std/src/panicking.rs:676:5
[INFO] [stderr]     15:     0x61d3e53dc41c - core[cbe985f25e545f7b]::panicking::panic_fmt
[INFO] [stderr]                                  at /rustc/5b237c915528dadada3f674b90c7c80368b632be/library/core/src/panicking.rs:80:14
[INFO] [stderr]     16:     0x61d3e53812b7 - build_script_build[a8f3c29cee841a2f]::execute
[INFO] [stderr]     17:     0x61d3e538252d - build_script_build[a8f3c29cee841a2f]::configure
[INFO] [stderr]     18:     0x61d3e53816ea - build_script_build[a8f3c29cee841a2f]::build_gmp
[INFO] [stderr]     19:     0x61d3e537742a - build_script_build[a8f3c29cee841a2f]::compile_libs
[INFO] [stderr]     20:     0x61d3e5380e25 - build_script_build[a8f3c29cee841a2f]::main
[INFO] [stderr]     21:     0x61d3e5396afb - <fn() as core[cbe985f25e545f7b]::ops::function::FnOnce<()>>::call_once
[INFO] [stderr]     22:     0x61d3e5393cb6 - std[fba97bcc6c7c281e]::sys::backtrace::__rust_begin_short_backtrace::<fn(), ()>
[INFO] [stderr]     23:     0x61d3e5394559 - std[fba97bcc6c7c281e]::rt::lang_start::<()>::{closure#0}
[INFO] [stderr]     24:     0x61d3e53c2908 - <&dyn core[cbe985f25e545f7b]::ops::function::Fn<(), Output = i32> + core[cbe985f25e545f7b]::panic::unwind_safe::RefUnwindSafe + core[cbe985f25e545f7b]::marker::Sync as core[cbe985f25e545f7b]::ops::function::FnOnce<()>>::call_once
[INFO] [stderr]                                  at /rustc/5b237c915528dadada3f674b90c7c80368b632be/library/core/src/ops/function.rs:287:21
[INFO] [stderr]     25:     0x61d3e53c2908 - std[fba97bcc6c7c281e]::panicking::catch_unwind::do_call::<&dyn core[cbe985f25e545f7b]::ops::function::Fn<(), Output = i32> + core[cbe985f25e545f7b]::panic::unwind_safe::RefUnwindSafe + core[cbe985f25e545f7b]::marker::Sync, i32>
[INFO] [stderr]                                  at /rustc/5b237c915528dadada3f674b90c7c80368b632be/library/std/src/panicking.rs:573:43
[INFO] [stderr]     26:     0x61d3e53c2908 - std[fba97bcc6c7c281e]::panicking::catch_unwind::<i32, &dyn core[cbe985f25e545f7b]::ops::function::Fn<(), Output = i32> + core[cbe985f25e545f7b]::panic::unwind_safe::RefUnwindSafe + core[cbe985f25e545f7b]::marker::Sync>
[INFO] [stderr]                                  at /rustc/5b237c915528dadada3f674b90c7c80368b632be/library/std/src/panicking.rs:541:19
[INFO] [stderr]     27:     0x61d3e53c2908 - std[fba97bcc6c7c281e]::panic::catch_unwind::<&dyn core[cbe985f25e545f7b]::ops::function::Fn<(), Output = i32> + core[cbe985f25e545f7b]::panic::unwind_safe::RefUnwindSafe + core[cbe985f25e545f7b]::marker::Sync, i32>
[INFO] [stderr]                                  at /rustc/5b237c915528dadada3f674b90c7c80368b632be/library/std/src/panic.rs:359:14
[INFO] [stderr]     28:     0x61d3e53c2908 - std[fba97bcc6c7c281e]::rt::lang_start_internal::{closure#0}
[INFO] [stderr]                                  at /rustc/5b237c915528dadada3f674b90c7c80368b632be/library/std/src/rt.rs:175:24
[INFO] [stderr]     29:     0x61d3e53c2908 - std[fba97bcc6c7c281e]::panicking::catch_unwind::do_call::<std[fba97bcc6c7c281e]::rt::lang_start_internal::{closure#0}, isize>
[INFO] [stderr]                                  at /rustc/5b237c915528dadada3f674b90c7c80368b632be/library/std/src/panicking.rs:573:43
[INFO] [stderr]     30:     0x61d3e53c2908 - std[fba97bcc6c7c281e]::panicking::catch_unwind::<isize, std[fba97bcc6c7c281e]::rt::lang_start_internal::{closure#0}>
[INFO] [stderr]                                  at /rustc/5b237c915528dadada3f674b90c7c80368b632be/library/std/src/panicking.rs:541:19
[INFO] [stderr]     31:     0x61d3e53c2908 - std[fba97bcc6c7c281e]::panic::catch_unwind::<std[fba97bcc6c7c281e]::rt::lang_start_internal::{closure#0}, isize>
[INFO] [stderr]                                  at /rustc/5b237c915528dadada3f674b90c7c80368b632be/library/std/src/panic.rs:359:14
[INFO] [stderr]     32:     0x61d3e53c2908 - std[fba97bcc6c7c281e]::rt::lang_start_internal
[INFO] [stderr]                                  at /rustc/5b237c915528dadada3f674b90c7c80368b632be/library/std/src/rt.rs:171:5
[INFO] [stderr]     33:     0x61d3e5393b91 - std[fba97bcc6c7c281e]::rt::lang_start::<()>
[INFO] [stderr]     34:     0x61d3e53826a5 - main
[INFO] [stderr]     35:     0x73ae87754601 - <unknown>
[INFO] [stderr]     36:     0x73ae87754718 - __libc_start_main
[INFO] [stderr]     37:     0x61d3e53726e5 - _start
[INFO] [stderr]     38:                0x0 - <unknown>
[INFO] [stderr] warning: build failed, waiting for other jobs to finish...
[INFO] running `Command { std: "docker" "inspect" "0f1b10db31736fd9c19ab8e6b3d5ea058a3b52c129ccaacf328df400835b8722", kill_on_drop: false }`
[INFO] running `Command { std: "docker" "rm" "-f" "0f1b10db31736fd9c19ab8e6b3d5ea058a3b52c129ccaacf328df400835b8722", kill_on_drop: false }`
[INFO] [stdout] 0f1b10db31736fd9c19ab8e6b3d5ea058a3b52c129ccaacf328df400835b8722
