[INFO] cloning repository https://github.com/aekutetechnologies/agent-m
[INFO] running `Command { std: "git" "-c" "credential.helper=" "-c" "credential.helper=/workspace/cargo-home/bin/git-credential-null" "clone" "--bare" "https://github.com/aekutetechnologies/agent-m" "/workspace/cache/git-repos/https%3A%2F%2Fgithub.com%2Faekutetechnologies%2Fagent-m", kill_on_drop: false }`
[INFO] [stderr] Cloning into bare repository '/workspace/cache/git-repos/https%3A%2F%2Fgithub.com%2Faekutetechnologies%2Fagent-m'...
[INFO] running `Command { std: "git" "rev-parse" "HEAD", kill_on_drop: false }`
[INFO] [stdout] 8d1d9d147d8574588c20f2e321ccfd801504e53b
[INFO] checking aekutetechnologies/agent-m/8d1d9d147d8574588c20f2e321ccfd801504e53b against 012c0bd4d516934012c9a1ecb26e9eb283d2ed75 for pr-133502-29
[INFO] running `Command { std: "git" "clone" "/workspace/cache/git-repos/https%3A%2F%2Fgithub.com%2Faekutetechnologies%2Fagent-m" "/workspace/builds/worker-4-tc1/source", kill_on_drop: false }`
[INFO] [stderr] Cloning into '/workspace/builds/worker-4-tc1/source'...
[INFO] [stderr] done.
[INFO] started tweaking git repo https://github.com/aekutetechnologies/agent-m
[INFO] finished tweaking git repo https://github.com/aekutetechnologies/agent-m
[INFO] tweaked toml for git repo https://github.com/aekutetechnologies/agent-m written to /workspace/builds/worker-4-tc1/source/Cargo.toml
[INFO] validating manifest of git repo https://github.com/aekutetechnologies/agent-m on toolchain 012c0bd4d516934012c9a1ecb26e9eb283d2ed75
[INFO] running `Command { std: CARGO_HOME="/workspace/cargo-home" RUSTUP_HOME="/workspace/rustup-home" "/workspace/cargo-home/bin/cargo" "+012c0bd4d516934012c9a1ecb26e9eb283d2ed75" "metadata" "--manifest-path" "Cargo.toml" "--no-deps", kill_on_drop: false }`
[INFO] crate git repo https://github.com/aekutetechnologies/agent-m already has a lockfile, it will not be regenerated
[INFO] running `Command { std: CARGO_HOME="/workspace/cargo-home" RUSTUP_HOME="/workspace/rustup-home" "/workspace/cargo-home/bin/cargo" "+012c0bd4d516934012c9a1ecb26e9eb283d2ed75" "fetch" "--manifest-path" "Cargo.toml", kill_on_drop: false }`
[INFO] [stderr] warning: unused workspace dependency `libloading`
[INFO] [stderr]   --> Cargo.toml:13:1
[INFO] [stderr]    |
[INFO] [stderr] 13 | libloading = "0.8"
[INFO] [stderr]    | ^^^^^^^^^^
[INFO] [stderr]    |
[INFO] [stderr]    = note: `cargo::unused_workspace_dependencies` is set to `warn` by default
[INFO] [stderr] help: consider removing the workspace dependency `libloading`
[INFO] [stderr] warning: unused workspace dependency `pulldown-cmark`
[INFO] [stderr]   --> Cargo.toml:15:1
[INFO] [stderr]    |
[INFO] [stderr] 15 | pulldown-cmark = "0.13"
[INFO] [stderr]    | ^^^^^^^^^^^^^^
[INFO] [stderr]    |
[INFO] [stderr] help: consider removing the workspace dependency `pulldown-cmark`
[INFO] [stderr] warning: unused workspace dependency `uuid`
[INFO] [stderr]   --> Cargo.toml:64:25
[INFO] [stderr]    |
[INFO] [stderr] 64 | [workspace.dependencies.uuid]
[INFO] [stderr]    |                         ^^^^
[INFO] [stderr]    |
[INFO] [stderr] help: consider removing the workspace dependency `uuid`
[INFO] [stderr] warning: workspace (manifest) generated 3 warnings
[INFO] [stderr]     Updating crates.io index
[INFO] [stderr]  Downloading crates ...
[INFO] [stderr]   Downloaded opentelemetry-http v0.27.0
[INFO] [stderr]   Downloaded opentelemetry_sdk v0.27.1
[INFO] [stderr]   Downloaded opentelemetry-otlp v0.27.0
[INFO] [stderr]   Downloaded serde_yml v0.0.13
[INFO] [stderr]   Downloaded opentelemetry v0.27.1
[INFO] [stderr]   Downloaded landlock v0.4.7
[INFO] [stderr]   Downloaded rustyline v14.0.0
[INFO] [stderr]   Downloaded tracing-opentelemetry v0.28.0
[INFO] [stderr]   Downloaded opentelemetry-proto v0.27.0
[INFO] [stderr]   Downloaded noyalib v0.0.5
[INFO] running `Command { std: "docker" "create" "-v" "/var/lib/crater-agent-workspace/builds/worker-4-tc1/source:/opt/rustwide/workdir:ro,Z" "-v" "/var/lib/crater-agent-workspace/builds/worker-4-tc1/target:/opt/rustwide/target:rw,Z" "-v" "/var/lib/crater-agent-workspace/cargo-home:/opt/rustwide/cargo-home:ro,Z" "-v" "/var/lib/crater-agent-workspace/rustup-home:/opt/rustwide/rustup-home:ro,Z" "-m" "1610612736" "--network" "none" "ghcr.io/rust-lang/crates-build-env/linux@sha256:3111399a4047eeb3a02b7a90e478d715f38a8c6669b5c4b49d30a17385265909" "sleep" "infinity", kill_on_drop: false }`
[INFO] [stdout] bb88ee366a5fe69d0753c2b8f0212fa96b35d627c89347a43d11a71b5079238c
[INFO] running `Command { std: "docker" "start" "bb88ee366a5fe69d0753c2b8f0212fa96b35d627c89347a43d11a71b5079238c", kill_on_drop: false }`
[INFO] running `Command { std: "docker" "inspect" "bb88ee366a5fe69d0753c2b8f0212fa96b35d627c89347a43d11a71b5079238c", kill_on_drop: false }`
[INFO] running `Command { std: "docker" "exec" "-e" "SOURCE_DIR=/opt/rustwide/workdir" "-e" "CARGO_HOME=/opt/rustwide/cargo-home" "-e" "RUSTUP_HOME=/opt/rustwide/rustup-home" "-e" "CARGO_TARGET_DIR=/opt/rustwide/target" "-w" "/opt/rustwide/workdir" "--user" "0:0" "bb88ee366a5fe69d0753c2b8f0212fa96b35d627c89347a43d11a71b5079238c" "/opt/rustwide/cargo-home/bin/cargo" "+012c0bd4d516934012c9a1ecb26e9eb283d2ed75" "metadata" "--no-deps" "--format-version=1", kill_on_drop: false }`
[INFO] running `Command { std: "docker" "inspect" "bb88ee366a5fe69d0753c2b8f0212fa96b35d627c89347a43d11a71b5079238c", kill_on_drop: false }`
[INFO] running `Command { std: "docker" "exec" "-e" "SOURCE_DIR=/opt/rustwide/workdir" "-e" "CARGO_HOME=/opt/rustwide/cargo-home" "-e" "RUSTUP_HOME=/opt/rustwide/rustup-home" "-e" "CARGO_TARGET_DIR=/opt/rustwide/target" "-e" "CARGO_INCREMENTAL=0" "-e" "RUST_BACKTRACE=full" "-e" "RUSTFLAGS=--cap-lints=forbid" "-e" "RUSTDOCFLAGS=--cap-lints=forbid" "-w" "/opt/rustwide/workdir" "--user" "0:0" "bb88ee366a5fe69d0753c2b8f0212fa96b35d627c89347a43d11a71b5079238c" "/opt/rustwide/cargo-home/bin/cargo" "+012c0bd4d516934012c9a1ecb26e9eb283d2ed75" "check" "--frozen" "--all" "--all-targets" "--message-format=json", kill_on_drop: false }`
[INFO] [stderr] warning: unused workspace dependency `libloading`
[INFO] [stderr]   --> Cargo.toml:13:1
[INFO] [stderr]    |
[INFO] [stderr] 13 | libloading = "0.8"
[INFO] [stderr]    | ^^^^^^^^^^
[INFO] [stderr]    |
[INFO] [stderr]    = note: `cargo::unused_workspace_dependencies` is set to `warn` by default
[INFO] [stderr] help: consider removing the workspace dependency `libloading`
[INFO] [stderr] warning: unused workspace dependency `pulldown-cmark`
[INFO] [stderr]   --> Cargo.toml:15:1
[INFO] [stderr]    |
[INFO] [stderr] 15 | pulldown-cmark = "0.13"
[INFO] [stderr]    | ^^^^^^^^^^^^^^
[INFO] [stderr]    |
[INFO] [stderr] help: consider removing the workspace dependency `pulldown-cmark`
[INFO] [stderr] warning: unused workspace dependency `uuid`
[INFO] [stderr]   --> Cargo.toml:64:25
[INFO] [stderr]    |
[INFO] [stderr] 64 | [workspace.dependencies.uuid]
[INFO] [stderr]    |                         ^^^^
[INFO] [stderr]    |
[INFO] [stderr] help: consider removing the workspace dependency `uuid`
[INFO] [stderr] warning: workspace (manifest) generated 3 warnings
[INFO] [stderr]    Compiling serde_core v1.0.229
[INFO] [stderr]    Compiling cc v1.4.0
[INFO] [stderr]     Checking tracing-core v0.1.36
[INFO] [stderr]     Checking futures-io v0.3.33
[INFO] [stderr]     Checking futures-task v0.3.33
[INFO] [stderr]     Checking futures-channel v0.3.33
[INFO] [stderr]    Compiling syn v3.0.3
[INFO] [stderr]     Checking errno v0.3.14
[INFO] [stderr]     Checking mio v1.2.2
[INFO] [stderr]     Checking socket2 v0.6.5
[INFO] [stderr]     Checking getrandom v0.2.17
[INFO] [stderr]    Compiling serde v1.0.229
[INFO] [stderr]    Compiling futures-macro v0.3.33
[INFO] [stderr]    Compiling rustls v0.23.43
[INFO] [stderr]     Checking webpki-roots v1.0.9
[INFO] [stderr]    Compiling thiserror v2.0.19
[INFO] [stderr]     Checking aho-corasick v1.1.5
[INFO] [stderr]    Compiling num-traits v0.2.19
[INFO] [stderr]    Compiling anyhow v1.0.104
[INFO] [stderr]     Checking signal-hook-registry v1.4.8
[INFO] [stderr]     Checking agent-m-plugin-sdk v0.1.0 (/opt/rustwide/workdir/crates/plugin-sdk)
[INFO] [stderr]    Compiling tree-sitter-language v0.1.7
[INFO] [stderr]     Checking num_cpus v1.17.0
[INFO] [stderr]     Checking deadpool-runtime v0.1.4
[INFO] [stderr]    Compiling zerocopy v0.8.56
[INFO] [stderr]    Compiling thiserror-impl v1.0.69
[INFO] [stderr]     Checking rand_core v0.6.4
[INFO] [stderr]     Checking tracing v0.1.44
[INFO] [stderr]    Compiling serde_json v1.0.151
[INFO] [stderr]    Compiling zmij v1.0.23
[INFO] [stderr]    Compiling either v1.17.0
[INFO] [stderr]    Compiling noyalib v0.0.5
[INFO] [stderr]    Compiling enumflags2_derive v0.7.12
[INFO] [stderr]     Checking rustc-hash v2.1.3
[INFO] [stderr]     Checking dirs-sys v0.5.0
[INFO] [stderr]    Compiling pin-project-internal v1.1.13
[INFO] [stderr]    Compiling cfg_aliases v0.1.1
[INFO] [stderr]    Compiling itertools v0.14.0
[INFO] [stderr]     Checking glob v0.3.4
[INFO] [stderr]    Compiling crossbeam-utils v0.8.22
[INFO] [stderr]     Checking streaming-iterator v0.1.9
[INFO] [stderr]     Checking dirs v6.0.0
[INFO] [stderr]    Compiling nix v0.28.0
[INFO] [stderr]     Checking tracing-log v0.2.0
[INFO] [stderr]     Checking thread_local v1.1.10
[INFO] [stderr]     Checking sha1 v0.10.7
[INFO] [stderr]     Checking regex-automata v0.4.18
[INFO] [stderr]     Checking enumflags2 v0.7.12
[INFO] [stderr]     Checking futures-util v0.3.33
[INFO] [stderr]     Checking parking_lot_core v0.9.12
[INFO] [stderr]     Checking signal-hook v0.3.18
[INFO] [stderr]     Checking nibble_vec v0.1.0
[INFO] [stderr]     Checking endian-type v0.1.2
[INFO] [stderr]     Checking data-encoding v2.11.1
[INFO] [stderr]     Checking time v0.3.55
[INFO] [stderr]     Checking signal-hook-mio v0.2.5
[INFO] [stderr]     Checking parking_lot v0.12.5
[INFO] [stderr]     Checking radix_trie v0.2.1
[INFO] [stderr]     Checking crossbeam-channel v0.5.16
[INFO] [stderr]     Checking clap_builder v4.6.5
[INFO] [stderr]    Compiling ring v0.17.14
[INFO] [stderr]    Compiling tree-sitter-python v0.23.6
[INFO] [stderr]    Compiling tree-sitter-rust v0.24.2
[INFO] [stderr]    Compiling tree-sitter-typescript v0.23.2
[INFO] [stderr]     Checking rustix v0.38.44
[INFO] [stderr]     Checking pin-project v1.1.13
[INFO] [stderr]     Checking thiserror v1.0.69
[INFO] [stderr]     Checking opentelemetry v0.27.1
[INFO] [stderr]     Checking fd-lock v4.0.4
[INFO] [stderr]     Checking webpki-roots v0.26.11
[INFO] [stderr]     Checking home v0.5.12
[INFO] [stderr]     Checking unicode-segmentation v1.13.3
[INFO] [stderr]     Checking symlink v0.1.0
[INFO] [stderr]     Checking crossterm v0.28.1
[INFO] [stderr]     Checking indexmap v2.14.0
[INFO] [stderr]     Checking uuid v1.24.0
[INFO] [stderr]    Compiling prost-derive v0.13.5
[INFO] [stderr]     Checking agent-m-plugin-fixture v0.1.0 (/opt/rustwide/workdir/plugins/fixture)
[INFO] [stderr]     Checking agent-m-plugin-test-runner v0.1.0 (/opt/rustwide/workdir/plugins/test-runner)
[INFO] [stderr]     Checking rustyline v14.0.0
[INFO] [stderr]    Compiling tokio-macros v2.7.2
[INFO] [stderr]    Compiling displaydoc v0.2.7
[INFO] [stderr]    Compiling serde_derive v1.0.229
[INFO] [stderr]    Compiling async-trait v0.1.91
[INFO] [stderr]    Compiling thiserror-impl v2.0.19
[INFO] [stderr]    Compiling clap_derive v4.6.4
[INFO] [stderr]     Checking tokio v1.53.1
[INFO] [stderr]     Checking regex v1.13.1
[INFO] [stderr]     Checking matchers v0.2.0
[INFO] [stderr]     Checking tracing-subscriber v0.3.23
[INFO] [stderr]     Checking tinystr v0.8.3
[INFO] [stderr]     Checking zerotrie v0.2.4
[INFO] [stderr]     Checking icu_collections v2.2.0
[INFO] [stderr]    Compiling tree-sitter v0.25.10
[INFO] [stderr]     Checking prost v0.13.5
[INFO] [stderr]     Checking icu_locale_core v2.2.0
[INFO] [stderr]     Checking landlock v0.4.7
[INFO] [stderr]     Checking futures-executor v0.3.33
[INFO] [stderr]     Checking futures v0.3.33
[INFO] [stderr]     Checking clap v4.6.5
[INFO] [stderr]     Checking tracing-appender v0.2.5
[INFO] [stderr]     Checking icu_provider v2.2.0
[INFO] [stderr]     Checking icu_properties v2.2.0
[INFO] [stderr]     Checking icu_normalizer v2.2.0
[INFO] [stderr]     Checking rustls-webpki v0.103.13
[INFO] [stderr]     Checking ppv-lite86 v0.2.21
[INFO] [stderr]     Checking serde_urlencoded v0.7.1
[INFO] [stderr]     Checking chrono v0.4.45
[INFO] [stderr]     Checking assert-json-diff v2.0.2
[INFO] [stderr]     Checking idna_adapter v1.2.2
[INFO] [stderr]     Checking idna v1.1.0
[INFO] [stderr]     Checking rand_chacha v0.3.1
[INFO] [stderr]     Checking url v2.5.8
[INFO] [stderr]     Checking rand v0.8.7
[INFO] [stderr]     Checking serde_yml v0.0.13
[INFO] [stderr]     Checking tungstenite v0.24.0
[INFO] [stderr]     Checking tokio-util v0.7.19
[INFO] [stderr]     Checking tokio-rustls v0.26.4
[INFO] [stderr]     Checking tower v0.5.3
[INFO] [stderr]     Checking deadpool v0.12.3
[INFO] [stderr]     Checking tokio-stream v0.1.19
[INFO] [stderr]     Checking tokio-tungstenite v0.24.0
[INFO] [stderr]     Checking opentelemetry_sdk v0.27.1
[INFO] [stderr]     Checking tonic v0.12.3
[INFO] [stderr]     Checking tower-http v0.6.11
[INFO] [stderr]     Checking h2 v0.4.15
[INFO] [stderr]     Checking opentelemetry-proto v0.27.0
[INFO] [stderr]     Checking tracing-opentelemetry v0.28.0
[INFO] [stderr]     Checking hyper v1.11.0
[INFO] [stderr]     Checking hyper-util v0.1.20
[INFO] [stderr]     Checking hyper-rustls v0.27.9
[INFO] [stderr]     Checking wiremock v0.6.5
[INFO] [stderr]     Checking reqwest v0.12.28
[INFO] [stderr]     Checking agent-m-ai v0.1.0 (/opt/rustwide/workdir/crates/ai)
[INFO] [stderr]     Checking opentelemetry-http v0.27.0
[INFO] [stderr]     Checking agent-m-plugin-jira v0.1.0 (/opt/rustwide/workdir/plugins/jira)
[INFO] [stderr]     Checking agent-m-plugin-bitbucket v0.1.0 (/opt/rustwide/workdir/plugins/bitbucket)
[INFO] [stderr]     Checking agent-m-plugin-github v0.1.0 (/opt/rustwide/workdir/plugins/github)
[INFO] [stderr]     Checking opentelemetry-otlp v0.27.0
[INFO] [stderr]     Checking agent-m-agent v0.1.0 (/opt/rustwide/workdir/crates/agent)
[INFO] [stderr]     Checking agent-m-plugin-loader v0.1.0 (/opt/rustwide/workdir/crates/plugin-loader)
[INFO] [stderr]     Checking agent-m-tools v0.1.0 (/opt/rustwide/workdir/crates/tools)
[INFO] [stderr]     Checking agent-m-mcp v0.1.0 (/opt/rustwide/workdir/crates/mcp)
[INFO] [stderr]     Checking agent-m-flow v0.1.0 (/opt/rustwide/workdir/crates/flow)
[INFO] [stdout] error[E0433]: cannot find module `V1` in `ABI`
[INFO] [stdout]    --> crates/tools/src/sandbox.rs:106:30
[INFO] [stdout]     |
[INFO] [stdout] 106 |     let abi = landlock::ABI::V1::try_new().ok()?;
[INFO] [stdout]     |                              ^^ `V1` is a variant, not a module
[INFO] [stdout]     |
[INFO] [stdout] help: there is an enum variant `landlock::ABI::V1`; try using the variant's enum
[INFO] [stdout]     |
[INFO] [stdout] 106 -     let abi = landlock::ABI::V1::try_new().ok()?;
[INFO] [stdout] 106 +     let abi = landlock::ABI::try_new().ok()?;
[INFO] [stdout]     |
[INFO] [stdout] 
[INFO] [stdout] 
[INFO] [stdout] error[E0433]: cannot find module `V1` in `ABI`
[INFO] [stdout]    --> crates/tools/src/sandbox.rs:106:30
[INFO] [stdout]     |
[INFO] [stdout] 106 |     let abi = landlock::ABI::V1::try_new().ok()?;
[INFO] [stdout]     |                              ^^ `V1` is a variant, not a module
[INFO] [stdout]     |
[INFO] [stdout] help: there is an enum variant `landlock::ABI::V1`; try using the variant's enum
[INFO] [stdout]     |
[INFO] [stdout] 106 -     let abi = landlock::ABI::V1::try_new().ok()?;
[INFO] [stdout] 106 +     let abi = landlock::ABI::try_new().ok()?;
[INFO] [stdout]     |
[INFO] [stdout] 
[INFO] [stdout] 
[INFO] [stdout] error[E0599]: no method named `handle_access` found for struct `Ruleset` in the current scope
[INFO] [stdout]    --> crates/tools/src/sandbox.rs:119:18
[INFO] [stdout]     |
[INFO] [stdout] 118 |             let status = landlock::Ruleset::default()
[INFO] [stdout] 119 |                 .handle_access(read | write)
[INFO] [stdout]     |                  ^^^^^^^^^^^^^ method not found in `Ruleset`
[INFO] [stdout]     |
[INFO] [stdout]    ::: /opt/rustwide/cargo-home/registry/src/index.crates.io-1949cf8c6b5b557f/landlock-0.4.7/src/ruleset.rs:350:8
[INFO] [stdout]     |
[INFO] [stdout] 350 |     fn handle_access<T, U>(mut self, access: T) -> Result<Self, RulesetError>
[INFO] [stdout]     |        ------------- the method is available for `Ruleset` here
[INFO] [stdout]     |
[INFO] [stdout]     = help: items from traits can only be used if the trait is in scope
[INFO] [stdout] help: trait `RulesetAttr` which provides `handle_access` is implemented but not in scope; perhaps you want to import it
[INFO] [stdout]     |
[INFO] [stdout]  14 + use landlock::RulesetAttr;
[INFO] [stdout]     |
[INFO] [stdout] 
[INFO] [stdout] 
[INFO] [stdout] warning: unused import: `std::os::unix::process::CommandExt`
[INFO] [stdout]    --> crates/tools/src/sandbox.rs:103:9
[INFO] [stdout]     |
[INFO] [stdout] 103 |     use std::os::unix::process::CommandExt;
[INFO] [stdout]     |         ^^^^^^^^^^^^^^^^^^^^^^^^^^^^^^^^^^
[INFO] [stdout]     |
[INFO] [stdout]     = note: `#[warn(unused_imports)]` (part of `#[warn(unused)]`) on by default
[INFO] [stdout] 
[INFO] [stdout] 
[INFO] [stdout] error[E0599]: no method named `handle_access` found for struct `Ruleset` in the current scope
[INFO] [stdout]    --> crates/tools/src/sandbox.rs:119:18
[INFO] [stdout]     |
[INFO] [stdout] 118 |             let status = landlock::Ruleset::default()
[INFO] [stdout] 119 |                 .handle_access(read | write)
[INFO] [stdout]     |                  ^^^^^^^^^^^^^ method not found in `Ruleset`
[INFO] [stdout]     |
[INFO] [stdout]    ::: /opt/rustwide/cargo-home/registry/src/index.crates.io-1949cf8c6b5b557f/landlock-0.4.7/src/ruleset.rs:350:8
[INFO] [stdout]     |
[INFO] [stdout] 350 |     fn handle_access<T, U>(mut self, access: T) -> Result<Self, RulesetError>
[INFO] [stdout]     |        ------------- the method is available for `Ruleset` here
[INFO] [stdout]     |
[INFO] [stdout]     = help: items from traits can only be used if the trait is in scope
[INFO] [stdout] help: trait `RulesetAttr` which provides `handle_access` is implemented but not in scope; perhaps you want to import it
[INFO] [stdout]     |
[INFO] [stdout]  14 + use landlock::RulesetAttr;
[INFO] [stdout]     |
[INFO] [stdout] 
[INFO] [stdout] 
[INFO] [stdout] warning: unused import: `std::os::unix::process::CommandExt`
[INFO] [stdout]    --> crates/tools/src/sandbox.rs:103:9
[INFO] [stdout]     |
[INFO] [stdout] 103 |     use std::os::unix::process::CommandExt;
[INFO] [stdout]     |         ^^^^^^^^^^^^^^^^^^^^^^^^^^^^^^^^^^
[INFO] [stdout]     |
[INFO] [stdout]     = note: `#[warn(unused_imports)]` (part of `#[warn(unused)]`) on by default
[INFO] [stdout] 
[INFO] [stdout] 
[INFO] [stdout] Some errors have detailed explanations: E0433, E0599.
[INFO] [stdout] 
[INFO] [stdout] For more information about an error, try `rustc --explain E0433`.
[INFO] [stdout] 
[INFO] [stderr] error: could not compile `agent-m-tools` (lib) due to 2 previous errors; 1 warning emitted
[INFO] [stderr] warning: build failed, waiting for other jobs to finish...
[INFO] [stdout] Some errors have detailed explanations: E0433, E0599.
[INFO] [stdout] 
[INFO] [stdout] For more information about an error, try `rustc --explain E0433`.
[INFO] [stdout] 
[INFO] [stderr] error: could not compile `agent-m-tools` (lib test) due to 2 previous errors; 1 warning emitted
[INFO] running `Command { std: "docker" "inspect" "bb88ee366a5fe69d0753c2b8f0212fa96b35d627c89347a43d11a71b5079238c", kill_on_drop: false }`
[INFO] running `Command { std: "docker" "rm" "-f" "bb88ee366a5fe69d0753c2b8f0212fa96b35d627c89347a43d11a71b5079238c", kill_on_drop: false }`
[INFO] [stdout] bb88ee366a5fe69d0753c2b8f0212fa96b35d627c89347a43d11a71b5079238c
