[INFO] cloning repository https://github.com/JordanAdams/smokey-rust
[INFO] running `Command { std: "git" "-c" "credential.helper=" "-c" "credential.helper=/workspace/cargo-home/bin/git-credential-null" "clone" "--bare" "https://github.com/JordanAdams/smokey-rust" "/workspace/cache/git-repos/https%3A%2F%2Fgithub.com%2FJordanAdams%2Fsmokey-rust", kill_on_drop: false }`
[INFO] [stderr] Cloning into bare repository '/workspace/cache/git-repos/https%3A%2F%2Fgithub.com%2FJordanAdams%2Fsmokey-rust'...
[INFO] running `Command { std: "git" "rev-parse" "HEAD", kill_on_drop: false }`
[INFO] [stdout] e33e1ba675f953abf478fb3586b2b82c31ce9f14
[INFO] checking JordanAdams/smokey-rust/e33e1ba675f953abf478fb3586b2b82c31ce9f14 against 012c0bd4d516934012c9a1ecb26e9eb283d2ed75 for pr-133502-29
[INFO] running `Command { std: "git" "clone" "/workspace/cache/git-repos/https%3A%2F%2Fgithub.com%2FJordanAdams%2Fsmokey-rust" "/workspace/builds/worker-0-tc1/source", kill_on_drop: false }`
[INFO] [stderr] Cloning into '/workspace/builds/worker-0-tc1/source'...
[INFO] [stderr] done.
[INFO] started tweaking git repo https://github.com/JordanAdams/smokey-rust
[INFO] finished tweaking git repo https://github.com/JordanAdams/smokey-rust
[INFO] tweaked toml for git repo https://github.com/JordanAdams/smokey-rust written to /workspace/builds/worker-0-tc1/source/Cargo.toml
[INFO] validating manifest of git repo https://github.com/JordanAdams/smokey-rust on toolchain 012c0bd4d516934012c9a1ecb26e9eb283d2ed75
[INFO] running `Command { std: CARGO_HOME="/workspace/cargo-home" RUSTUP_HOME="/workspace/rustup-home" "/workspace/cargo-home/bin/cargo" "+012c0bd4d516934012c9a1ecb26e9eb283d2ed75" "metadata" "--manifest-path" "Cargo.toml" "--no-deps", kill_on_drop: false }`
[INFO] crate git repo https://github.com/JordanAdams/smokey-rust already has a lockfile, it will not be regenerated
[INFO] running `Command { std: CARGO_HOME="/workspace/cargo-home" RUSTUP_HOME="/workspace/rustup-home" "/workspace/cargo-home/bin/cargo" "+012c0bd4d516934012c9a1ecb26e9eb283d2ed75" "fetch" "--manifest-path" "Cargo.toml", kill_on_drop: false }`
[INFO] [stderr] warning: Cargo.toml: `package.edition` is unspecified, defaulting to `2015` while the latest is `2024`
[INFO] [stderr] warning: `smokey` (manifest) generated 1 warning
[INFO] [stderr]     Updating crates.io index
[INFO] [stderr]  Downloading crates ...
[INFO] [stderr]   Downloaded serde_yaml v0.6.0
[INFO] [stderr]   Downloaded quote v0.3.12
[INFO] [stderr]   Downloaded syn v0.11.4
[INFO] [stderr]   Downloaded serde_derive v0.9.6
[INFO] [stderr]   Downloaded user32-sys v0.2.0
[INFO] [stderr]   Downloaded serde v0.9.6
[INFO] [stderr]   Downloaded metadeps v1.1.1
[INFO] [stderr]   Downloaded gdi32-sys v0.2.0
[INFO] [stderr]   Downloaded unicase v1.4.0
[INFO] [stderr]   Downloaded reqwest v0.4.0
[INFO] [stderr]   Downloaded matches v0.1.4
[INFO] [stderr]   Downloaded num-traits v0.1.36
[INFO] [stderr]   Downloaded serde_urlencoded v0.4.2
[INFO] [stderr]   Downloaded traitobject v0.0.1
[INFO] [stderr]   Downloaded num_cpus v1.2.1
[INFO] [stderr]   Downloaded httparse v1.2.1
[INFO] [stderr]   Downloaded term_size v0.2.2
[INFO] [stderr]   Downloaded security-framework-sys v0.1.10
[INFO] [stderr]   Downloaded lazy_static v0.2.2
[INFO] [stderr]   Downloaded hyper-native-tls v0.2.2
[INFO] [stderr]   Downloaded redox_syscall v0.1.16
[INFO] [stderr]   Downloaded mime v0.2.2
[INFO] [stderr]   Downloaded serde_codegen_internals v0.13.0
[INFO] [stderr]   Downloaded openssl-sys v0.9.6
[INFO] [stderr]   Downloaded unicode-bidi v0.2.4
[INFO] [stderr]   Downloaded native-tls v0.1.1
[INFO] [stderr]   Downloaded schannel v0.1.2
[INFO] [stderr]   Downloaded toml v0.2.1
[INFO] [stderr]   Downloaded error-chain v0.7.2
[INFO] [stderr]   Downloaded time v0.1.36
[INFO] [stderr]   Downloaded rustc-serialize v0.3.22
[INFO] [stderr]   Downloaded serde_json v0.9.5
[INFO] [stderr]   Downloaded security-framework v0.1.10
[INFO] [stderr]   Downloaded unicode-segmentation v1.1.0
[INFO] [stderr]   Downloaded url v1.4.0
[INFO] [stderr]   Downloaded openssl v0.9.6
[INFO] [stderr]   Downloaded hyper v0.10.4
[INFO] [stderr]   Downloaded clap v2.20.3
[INFO] [stderr]   Downloaded unicode-normalization v0.1.4
[INFO] [stderr]   Downloaded idna v0.1.0
[INFO] running `Command { std: "docker" "create" "-v" "/var/lib/crater-agent-workspace/builds/worker-0-tc1/source:/opt/rustwide/workdir:ro,Z" "-v" "/var/lib/crater-agent-workspace/builds/worker-0-tc1/target:/opt/rustwide/target:rw,Z" "-v" "/var/lib/crater-agent-workspace/cargo-home:/opt/rustwide/cargo-home:ro,Z" "-v" "/var/lib/crater-agent-workspace/rustup-home:/opt/rustwide/rustup-home:ro,Z" "-m" "1610612736" "--network" "none" "ghcr.io/rust-lang/crates-build-env/linux@sha256:3111399a4047eeb3a02b7a90e478d715f38a8c6669b5c4b49d30a17385265909" "sleep" "infinity", kill_on_drop: false }`
[INFO] [stdout] a2e490b8dd95d89308a13d9838516ee8b7459cc5d5f1612a5053f9ea570160a8
[INFO] running `Command { std: "docker" "start" "a2e490b8dd95d89308a13d9838516ee8b7459cc5d5f1612a5053f9ea570160a8", kill_on_drop: false }`
[INFO] running `Command { std: "docker" "inspect" "a2e490b8dd95d89308a13d9838516ee8b7459cc5d5f1612a5053f9ea570160a8", kill_on_drop: false }`
[INFO] running `Command { std: "docker" "exec" "-e" "SOURCE_DIR=/opt/rustwide/workdir" "-e" "CARGO_HOME=/opt/rustwide/cargo-home" "-e" "RUSTUP_HOME=/opt/rustwide/rustup-home" "-e" "CARGO_TARGET_DIR=/opt/rustwide/target" "-w" "/opt/rustwide/workdir" "--user" "0:0" "a2e490b8dd95d89308a13d9838516ee8b7459cc5d5f1612a5053f9ea570160a8" "/opt/rustwide/cargo-home/bin/cargo" "+012c0bd4d516934012c9a1ecb26e9eb283d2ed75" "metadata" "--no-deps" "--format-version=1", kill_on_drop: false }`
[INFO] running `Command { std: "docker" "inspect" "a2e490b8dd95d89308a13d9838516ee8b7459cc5d5f1612a5053f9ea570160a8", kill_on_drop: false }`
[INFO] running `Command { std: "docker" "exec" "-e" "SOURCE_DIR=/opt/rustwide/workdir" "-e" "CARGO_HOME=/opt/rustwide/cargo-home" "-e" "RUSTUP_HOME=/opt/rustwide/rustup-home" "-e" "CARGO_TARGET_DIR=/opt/rustwide/target" "-e" "CARGO_INCREMENTAL=0" "-e" "RUST_BACKTRACE=full" "-e" "RUSTFLAGS=--cap-lints=forbid" "-e" "RUSTDOCFLAGS=--cap-lints=forbid" "-w" "/opt/rustwide/workdir" "--user" "0:0" "a2e490b8dd95d89308a13d9838516ee8b7459cc5d5f1612a5053f9ea570160a8" "/opt/rustwide/cargo-home/bin/cargo" "+012c0bd4d516934012c9a1ecb26e9eb283d2ed75" "check" "--frozen" "--all" "--all-targets" "--message-format=json", kill_on_drop: false }`
[INFO] [stderr] warning: Cargo.toml: `package.edition` is unspecified, defaulting to `2015` while the latest is `2024`
[INFO] [stderr] warning: `smokey` (manifest) generated 1 warning
[INFO] [stderr]     Checking libc v0.2.20
[INFO] [stderr]    Compiling error-chain v0.7.2
[INFO] [stderr]    Compiling pkg-config v0.3.9
[INFO] [stderr]    Compiling toml v0.2.1
[INFO] [stderr]    Compiling semver v0.1.20
[INFO] [stderr]     Checking matches v0.1.4
[INFO] [stderr]     Checking unicode-normalization v0.1.4
[INFO] [stderr]    Compiling openssl v0.9.6
[INFO] [stderr]     Checking unicode-bidi v0.2.4
[INFO] [stderr]     Checking bitflags v0.7.0
[INFO] [stderr]     Checking log v0.3.6
[INFO] [stderr]     Checking lazy_static v0.2.2
[INFO] [stderr]    Compiling rustc_version v0.1.7
[INFO] [stderr]     Checking serde v0.9.6
[INFO] [stderr]     Checking num_cpus v1.2.1
[INFO] [stderr]     Checking mime v0.2.2
[INFO] [stderr]     Checking time v0.1.36
[INFO] [stderr]    Compiling unicase v1.4.0
[INFO] [stderr]     Checking idna v0.1.0
[INFO] [stderr]    Compiling hyper v0.10.4
[INFO] [stderr]     Checking itoa v0.3.1
[INFO] [stderr]    Compiling metadeps v1.1.1
[INFO] [stderr]     Checking httparse v1.2.1
[INFO] [stderr]     Checking typeable v0.1.2
[INFO] [stderr]    Compiling quote v0.3.12
[INFO] [stderr]     Checking language-tags v0.2.2
[INFO] [stderr]    Compiling unicode-xid v0.0.4
[INFO] [stderr]     Checking rustc-serialize v0.3.22
[INFO] [stderr]     Checking dtoa v0.4.1
[INFO] [stderr]     Checking traitobject v0.0.1
[INFO] [stderr]    Compiling syn v0.11.4
[INFO] [stderr]     Checking linked-hash-map v0.3.0
[INFO] [stderr]     Checking antidote v1.0.0
[INFO] [stderr]     Checking num-traits v0.1.36
[INFO] [stdout] error[E0310]: the parameter type `T` may not live long enough
[INFO] [stdout]     --> /opt/rustwide/cargo-home/registry/src/index.crates.io-1949cf8c6b5b557f/rustc-serialize-0.3.22/src/serialize.rs:1155:5
[INFO] [stdout]      |
[INFO] [stdout] 1155 |     fn decode<D: Decoder>(d: &mut D) -> Result<Cow<'static, T>, D::Error> {
[INFO] [stdout]      |     ^^^^^^^^^^^^^^^^^^^^^^^^^^^^^^^^^^^^^^^^^^^^^^^^^^^^^^^^^^^^^^^^^^^^^
[INFO] [stdout]      |     |
[INFO] [stdout]      |     the parameter type `T` must be valid for the static lifetime...
[INFO] [stdout]      |     ...so that the type `T` will meet its required lifetime bounds
[INFO] [stdout]      |
[INFO] [stdout] help: consider adding an explicit lifetime bound
[INFO] [stdout]      |
[INFO] [stdout] 1151 | impl<'a, T: ?Sized + 'static> Decodable for Cow<'a, T>
[INFO] [stdout]      |                    +++++++++
[INFO] [stdout] 
[INFO] [stdout] 
[INFO] [stderr]    Compiling openssl-sys v0.9.6
[INFO] [stderr]     Checking term_size v0.2.2
[INFO] [stderr]     Checking yaml-rust v0.3.5
[INFO] [stderr]     Checking unicode-segmentation v1.1.0
[INFO] [stderr]     Checking url v1.4.0
[INFO] [stderr]     Checking ansi_term v0.9.0
[INFO] [stderr]     Checking vec_map v0.6.0
[INFO] [stderr] error: failed to run custom build command for `openssl-sys v0.9.6`
[INFO] [stderr] note: To improve backtraces for build dependencies, set the CARGO_PROFILE_DEV_BUILD_OVERRIDE_DEBUG=true environment variable to enable debug information generation.
[INFO] [stderr] 
[INFO] [stderr] Caused by:
[INFO] [stderr]   process didn't exit successfully: `/opt/rustwide/target/debug/build/openssl-sys/a09d36a8fa523127/out/build_script_build` (exit status: 101)
[INFO] [stderr]   --- stdout
[INFO] [stderr]   cargo:rustc-link-search=native=/usr/lib/x86_64-linux-gnu
[INFO] [stderr]   cargo:rustc-link-lib=ssl
[INFO] [stderr]   cargo:rustc-link-lib=crypto
[INFO] [stderr] 
[INFO] [stderr]   --- stderr
[INFO] [stderr] 
[INFO] [stderr]   thread 'main' (319) panicked at /opt/rustwide/cargo-home/registry/src/index.crates.io-1949cf8c6b5b557f/openssl-sys-0.9.6/build.rs:247:13:
[INFO] [stderr]   header file at `{}` did not include `OPENSSL_VERSION_NUMBER` that this crate recognized, failed to learn about the OpenSSL version number
[INFO] [stderr]   stack backtrace:
[INFO] [stderr]      0:     0x5cb0b16c4ed1 - std[155a6aae0adcfdcb]::backtrace_rs::backtrace::libunwind::trace
[INFO] [stderr]                                  at /rustc/012c0bd4d516934012c9a1ecb26e9eb283d2ed75/library/std/src/../../backtrace/src/backtrace/libunwind.rs:117:9
[INFO] [stderr]      1:     0x5cb0b16c4ed1 - std[155a6aae0adcfdcb]::backtrace_rs::backtrace::trace_unsynchronized::<std[155a6aae0adcfdcb]::sys::backtrace::_print_fmt::{closure#1}>
[INFO] [stderr]                                  at /rustc/012c0bd4d516934012c9a1ecb26e9eb283d2ed75/library/std/src/../../backtrace/src/backtrace/mod.rs:66:14
[INFO] [stderr]      2:     0x5cb0b16c4ed1 - std[155a6aae0adcfdcb]::sys::backtrace::_print_fmt
[INFO] [stderr]                                  at /rustc/012c0bd4d516934012c9a1ecb26e9eb283d2ed75/library/std/src/sys/backtrace.rs:74:9
[INFO] [stderr]      3:     0x5cb0b16c4ed1 - <<std[155a6aae0adcfdcb]::sys::backtrace::BacktraceLock>::print::DisplayBacktrace as core[e500cd04234c180b]::fmt::Display>::fmt
[INFO] [stderr]                                  at /rustc/012c0bd4d516934012c9a1ecb26e9eb283d2ed75/library/std/src/sys/backtrace.rs:44:26
[INFO] [stderr]      4:     0x5cb0b16d8e8a - <core[e500cd04234c180b]::fmt::rt::Argument>::fmt
[INFO] [stderr]                                  at /rustc/012c0bd4d516934012c9a1ecb26e9eb283d2ed75/library/core/src/fmt/rt.rs:152:76
[INFO] [stderr]      5:     0x5cb0b16d8e8a - core[e500cd04234c180b]::fmt::write
[INFO] [stderr]      6:     0x5cb0b16ca1dc - core[e500cd04234c180b]::io::write::default_write_fmt::<std[155a6aae0adcfdcb]::sys::stdio::unix::Stderr>
[INFO] [stderr]                                  at /rustc/012c0bd4d516934012c9a1ecb26e9eb283d2ed75/library/core/src/io/write.rs:402:11
[INFO] [stderr]      7:     0x5cb0b16ca1dc - <std[155a6aae0adcfdcb]::sys::stdio::unix::Stderr as core[e500cd04234c180b]::io::write::Write>::write_fmt
[INFO] [stderr]                                  at /rustc/012c0bd4d516934012c9a1ecb26e9eb283d2ed75/library/core/src/io/write.rs:335:13
[INFO] [stderr]      8:     0x5cb0b16a5ca6 - <std[155a6aae0adcfdcb]::sys::backtrace::BacktraceLock>::print
[INFO] [stderr]                                  at /rustc/012c0bd4d516934012c9a1ecb26e9eb283d2ed75/library/std/src/sys/backtrace.rs:47:9
[INFO] [stderr]      9:     0x5cb0b16a5ca6 - std[155a6aae0adcfdcb]::panicking::default_hook::{closure#0}
[INFO] [stderr]                                  at /rustc/012c0bd4d516934012c9a1ecb26e9eb283d2ed75/library/std/src/panicking.rs:289:27
[INFO] [stderr]     10:     0x5cb0b16c01d1 - std[155a6aae0adcfdcb]::panicking::default_hook
[INFO] [stderr]                                  at /rustc/012c0bd4d516934012c9a1ecb26e9eb283d2ed75/library/std/src/panicking.rs:316:9
[INFO] [stderr]     11:     0x5cb0b16c038b - std[155a6aae0adcfdcb]::panicking::panic_with_hook
[INFO] [stderr]                                  at /rustc/012c0bd4d516934012c9a1ecb26e9eb283d2ed75/library/std/src/panicking.rs:811:13
[INFO] [stderr]     12:     0x5cb0b16a51ac - std[155a6aae0adcfdcb]::panicking::begin_panic::<&str>::{closure#0}
[INFO] [stderr]                                  at /rustc/012c0bd4d516934012c9a1ecb26e9eb283d2ed75/library/std/src/panicking.rs:748:9
[INFO] [stderr]     13:     0x5cb0b169e409 - std[155a6aae0adcfdcb]::sys::backtrace::__rust_end_short_backtrace::<std[155a6aae0adcfdcb]::panicking::begin_panic<&str>::{closure#0}, !>
[INFO] [stderr]                                  at /rustc/012c0bd4d516934012c9a1ecb26e9eb283d2ed75/library/std/src/sys/backtrace.rs:182:18
[INFO] [stderr]     14:     0x5cb0b169b94b - std[155a6aae0adcfdcb]::panicking::begin_panic::<&str>
[INFO] [stderr]                                  at /rustc/012c0bd4d516934012c9a1ecb26e9eb283d2ed75/library/std/src/panicking.rs:747:5
[INFO] [stderr]     15:     0x5cb0b1652557 - build_script_build[3c889c33e3a4359f]::validate_headers
[INFO] [stderr]     16:     0x5cb0b1651257 - build_script_build[3c889c33e3a4359f]::try_pkg_config
[INFO] [stderr]     17:     0x5cb0b16515d7 - build_script_build[3c889c33e3a4359f]::find_openssl_dir
[INFO] [stderr]     18:     0x5cb0b16505cb - build_script_build[3c889c33e3a4359f]::main::{closure#0}
[INFO] [stderr]     19:     0x5cb0b164e070 - <core[e500cd04234c180b]::option::Option<std[155a6aae0adcfdcb]::ffi::os_str::OsString>>::unwrap_or_else::<build_script_build[3c889c33e3a4359f]::main::{closure#0}>
[INFO] [stderr]     20:     0x5cb0b16538aa - build_script_build[3c889c33e3a4359f]::main
[INFO] [stderr]     21:     0x5cb0b16575d3 - <fn() as core[e500cd04234c180b]::ops::function::FnOnce<()>>::call_once
[INFO] [stderr]     22:     0x5cb0b164ec46 - std[155a6aae0adcfdcb]::sys::backtrace::__rust_begin_short_backtrace::<fn(), ()>
[INFO] [stderr]     23:     0x5cb0b164f549 - std[155a6aae0adcfdcb]::rt::lang_start::<()>::{closure#0}
[INFO] [stderr]     24:     0x5cb0b16bf5d8 - <&dyn core[e500cd04234c180b]::ops::function::Fn<(), Output = i32> + core[e500cd04234c180b]::marker::Sync + core[e500cd04234c180b]::panic::unwind_safe::RefUnwindSafe as core[e500cd04234c180b]::ops::function::FnOnce<()>>::call_once
[INFO] [stderr]                                  at /rustc/012c0bd4d516934012c9a1ecb26e9eb283d2ed75/library/core/src/ops/function.rs:287:21
[INFO] [stderr]     25:     0x5cb0b16bf5d8 - std[155a6aae0adcfdcb]::panicking::catch_unwind::do_call::<&dyn core[e500cd04234c180b]::ops::function::Fn<(), Output = i32> + core[e500cd04234c180b]::marker::Sync + core[e500cd04234c180b]::panic::unwind_safe::RefUnwindSafe, i32>
[INFO] [stderr]                                  at /rustc/012c0bd4d516934012c9a1ecb26e9eb283d2ed75/library/std/src/panicking.rs:573:43
[INFO] [stderr]     26:     0x5cb0b16bf5d8 - std[155a6aae0adcfdcb]::panicking::catch_unwind::<i32, &dyn core[e500cd04234c180b]::ops::function::Fn<(), Output = i32> + core[e500cd04234c180b]::marker::Sync + core[e500cd04234c180b]::panic::unwind_safe::RefUnwindSafe>
[INFO] [stderr]                                  at /rustc/012c0bd4d516934012c9a1ecb26e9eb283d2ed75/library/std/src/panicking.rs:541:19
[INFO] [stderr]     27:     0x5cb0b16bf5d8 - std[155a6aae0adcfdcb]::panic::catch_unwind::<&dyn core[e500cd04234c180b]::ops::function::Fn<(), Output = i32> + core[e500cd04234c180b]::marker::Sync + core[e500cd04234c180b]::panic::unwind_safe::RefUnwindSafe, i32>
[INFO] [stderr]                                  at /rustc/012c0bd4d516934012c9a1ecb26e9eb283d2ed75/library/std/src/panic.rs:359:14
[INFO] [stderr]     28:     0x5cb0b16bf5d8 - std[155a6aae0adcfdcb]::rt::lang_start_internal::{closure#0}
[INFO] [stderr]                                  at /rustc/012c0bd4d516934012c9a1ecb26e9eb283d2ed75/library/std/src/rt.rs:175:24
[INFO] [stderr]     29:     0x5cb0b16bf5d8 - std[155a6aae0adcfdcb]::panicking::catch_unwind::do_call::<std[155a6aae0adcfdcb]::rt::lang_start_internal::{closure#0}, isize>
[INFO] [stderr]                                  at /rustc/012c0bd4d516934012c9a1ecb26e9eb283d2ed75/library/std/src/panicking.rs:573:43
[INFO] [stderr]     30:     0x5cb0b16bf5d8 - std[155a6aae0adcfdcb]::panicking::catch_unwind::<isize, std[155a6aae0adcfdcb]::rt::lang_start_internal::{closure#0}>
[INFO] [stderr]                                  at /rustc/012c0bd4d516934012c9a1ecb26e9eb283d2ed75/library/std/src/panicking.rs:541:19
[INFO] [stderr]     31:     0x5cb0b16bf5d8 - std[155a6aae0adcfdcb]::panic::catch_unwind::<std[155a6aae0adcfdcb]::rt::lang_start_internal::{closure#0}, isize>
[INFO] [stderr]                                  at /rustc/012c0bd4d516934012c9a1ecb26e9eb283d2ed75/library/std/src/panic.rs:359:14
[INFO] [stderr]     32:     0x5cb0b16bf5d8 - std[155a6aae0adcfdcb]::rt::lang_start_internal
[INFO] [stderr]                                  at /rustc/012c0bd4d516934012c9a1ecb26e9eb283d2ed75/library/std/src/rt.rs:171:5
[INFO] [stderr]     33:     0x5cb0b164e8a1 - std[155a6aae0adcfdcb]::rt::lang_start::<()>
[INFO] [stderr]     34:     0x5cb0b1657795 - main
[INFO] [stderr]     35:     0x728ac5e05601 - <unknown>
[INFO] [stderr]     36:     0x728ac5e05718 - __libc_start_main
[INFO] [stderr]     37:     0x5cb0b164ddb5 - _start
[INFO] [stderr]     38:                0x0 - <unknown>
[INFO] [stderr] warning: build failed, waiting for other jobs to finish...
[INFO] [stdout] error[E0713]: borrow may still be in use when destructor runs
[INFO] [stdout]    --> /opt/rustwide/cargo-home/registry/src/index.crates.io-1949cf8c6b5b557f/url-1.4.0/src/form_urlencoded.rs:246:40
[INFO] [stdout]     |
[INFO] [stdout] 244 | impl<'a> Target for ::UrlQuery<'a> {
[INFO] [stdout]     |      -- lifetime `'a` defined here
[INFO] [stdout] 245 |     fn as_mut_string(&mut self) -> &mut String { &mut self.url.serialization }
[INFO] [stdout] 246 |     fn finish(self) -> &'a mut ::Url { self.url }
[INFO] [stdout]     |                                        ^^^^^^^^ - here, drop of `self` needs exclusive access to `*self.url`, because the type `UrlQuery<'_>` implements the `Drop` trait
[INFO] [stdout]     |                                        |
[INFO] [stdout]     |                                        returning this value requires that `*self.url` is borrowed for `'a`
[INFO] [stdout] 
[INFO] [stdout] 
[INFO] [stdout] For more information about this error, try `rustc --explain E0713`.
[INFO] [stdout] 
[INFO] [stderr] error: could not compile `url` (lib) due to 1 previous error
[INFO] [stdout] For more information about this error, try `rustc --explain E0310`.
[INFO] [stdout] 
[INFO] [stderr] error: could not compile `rustc-serialize` (lib) due to 1 previous error
[INFO] running `Command { std: "docker" "inspect" "a2e490b8dd95d89308a13d9838516ee8b7459cc5d5f1612a5053f9ea570160a8", kill_on_drop: false }`
[INFO] running `Command { std: "docker" "rm" "-f" "a2e490b8dd95d89308a13d9838516ee8b7459cc5d5f1612a5053f9ea570160a8", kill_on_drop: false }`
[INFO] [stdout] a2e490b8dd95d89308a13d9838516ee8b7459cc5d5f1612a5053f9ea570160a8
