[INFO] cloning repository https://github.com/EugenWay/playground
[INFO] running `Command { std: "git" "-c" "credential.helper=" "-c" "credential.helper=/workspace/cargo-home/bin/git-credential-null" "clone" "--bare" "https://github.com/EugenWay/playground" "/workspace/cache/git-repos/https%3A%2F%2Fgithub.com%2FEugenWay%2Fplayground", kill_on_drop: false }`
[INFO] [stderr] Cloning into bare repository '/workspace/cache/git-repos/https%3A%2F%2Fgithub.com%2FEugenWay%2Fplayground'...
[INFO] running `Command { std: "git" "rev-parse" "HEAD", kill_on_drop: false }`
[INFO] [stdout] c94ba136299cefacc0493ea5d73f837417948040
[INFO] checking EugenWay/playground against 5b237c915528dadada3f674b90c7c80368b632be for pr-133502-29
[INFO] running `Command { std: "git" "clone" "/workspace/cache/git-repos/https%3A%2F%2Fgithub.com%2FEugenWay%2Fplayground" "/workspace/builds/worker-2-tc2/source", kill_on_drop: false }`
[INFO] [stderr] Cloning into '/workspace/builds/worker-2-tc2/source'...
[INFO] [stderr] done.
[INFO] removed /workspace/builds/worker-2-tc2/source/.cargo/config.toml
[INFO] removed /workspace/builds/worker-2-tc2/source/rust-toolchain.toml
[INFO] started tweaking git repo https://github.com/EugenWay/playground
[INFO] finished tweaking git repo https://github.com/EugenWay/playground
[INFO] tweaked toml for git repo https://github.com/EugenWay/playground written to /workspace/builds/worker-2-tc2/source/Cargo.toml
[INFO] validating manifest of git repo https://github.com/EugenWay/playground on toolchain 5b237c915528dadada3f674b90c7c80368b632be
[INFO] running `Command { std: CARGO_HOME="/workspace/cargo-home" RUSTUP_HOME="/workspace/rustup-home" "/workspace/cargo-home/bin/cargo" "+5b237c915528dadada3f674b90c7c80368b632be" "metadata" "--manifest-path" "Cargo.toml" "--no-deps", kill_on_drop: false }`
[INFO] crate git repo https://github.com/EugenWay/playground already has a lockfile, it will not be regenerated
[INFO] running `Command { std: CARGO_HOME="/workspace/cargo-home" RUSTUP_HOME="/workspace/rustup-home" "/workspace/cargo-home/bin/cargo" "+5b237c915528dadada3f674b90c7c80368b632be" "fetch" "--manifest-path" "Cargo.toml", kill_on_drop: false }`
[INFO] [stderr] warning: unused field `authors` in `workspace.package`
[INFO] [stderr]   --> Cargo.toml:66:1
[INFO] [stderr]    |
[INFO] [stderr] 66 | authors = ["Gear Foundation <hello@gear.foundation>"]
[INFO] [stderr]    | ^^^^^^^
[INFO] [stderr]    |
[INFO] [stderr]    = note: `cargo::unused_workspace_package_fields` is set to `warn` by default
[INFO] [stderr] help: consider removing the field `workspace.package.authors`
[INFO] [stderr] warning: unused field `homepage` in `workspace.package`
[INFO] [stderr]   --> Cargo.toml:68:1
[INFO] [stderr]    |
[INFO] [stderr] 68 | homepage = "https://wiki.gear-tech.io/docs/examples/prerequisites"
[INFO] [stderr]    | ^^^^^^^^
[INFO] [stderr]    |
[INFO] [stderr] help: consider removing the field `workspace.package.homepage`
[INFO] [stderr] warning: unused field `license` in `workspace.package`
[INFO] [stderr]   --> Cargo.toml:69:1
[INFO] [stderr]    |
[INFO] [stderr] 69 | license = "MIT"
[INFO] [stderr]    | ^^^^^^^
[INFO] [stderr]    |
[INFO] [stderr] help: consider removing the field `workspace.package.license`
[INFO] [stderr] warning: workspace (manifest) generated 3 warnings
[INFO] [stderr]     Blocking waiting for file lock on package cache
[ERROR] error running command: no output for 300 seconds
[INFO] checking EugenWay/playground against 5b237c915528dadada3f674b90c7c80368b632be for pr-133502-29
[INFO] running `Command { std: "git" "clone" "/workspace/cache/git-repos/https%3A%2F%2Fgithub.com%2FEugenWay%2Fplayground" "/workspace/builds/worker-2-tc2/source", kill_on_drop: false }`
[INFO] [stderr] Cloning into '/workspace/builds/worker-2-tc2/source'...
[INFO] [stderr] done.
[INFO] removed /workspace/builds/worker-2-tc2/source/.cargo/config.toml
[INFO] removed /workspace/builds/worker-2-tc2/source/rust-toolchain.toml
[INFO] started tweaking git repo https://github.com/EugenWay/playground
[INFO] finished tweaking git repo https://github.com/EugenWay/playground
[INFO] tweaked toml for git repo https://github.com/EugenWay/playground written to /workspace/builds/worker-2-tc2/source/Cargo.toml
[INFO] validating manifest of git repo https://github.com/EugenWay/playground on toolchain 5b237c915528dadada3f674b90c7c80368b632be
[INFO] running `Command { std: CARGO_HOME="/workspace/cargo-home" RUSTUP_HOME="/workspace/rustup-home" "/workspace/cargo-home/bin/cargo" "+5b237c915528dadada3f674b90c7c80368b632be" "metadata" "--manifest-path" "Cargo.toml" "--no-deps", kill_on_drop: false }`
[INFO] crate git repo https://github.com/EugenWay/playground already has a lockfile, it will not be regenerated
[INFO] running `Command { std: CARGO_HOME="/workspace/cargo-home" RUSTUP_HOME="/workspace/rustup-home" "/workspace/cargo-home/bin/cargo" "+5b237c915528dadada3f674b90c7c80368b632be" "fetch" "--manifest-path" "Cargo.toml", kill_on_drop: false }`
[INFO] [stderr] warning: unused field `authors` in `workspace.package`
[INFO] [stderr]   --> Cargo.toml:66:1
[INFO] [stderr]    |
[INFO] [stderr] 66 | authors = ["Gear Foundation <hello@gear.foundation>"]
[INFO] [stderr]    | ^^^^^^^
[INFO] [stderr]    |
[INFO] [stderr]    = note: `cargo::unused_workspace_package_fields` is set to `warn` by default
[INFO] [stderr] help: consider removing the field `workspace.package.authors`
[INFO] [stderr] warning: unused field `homepage` in `workspace.package`
[INFO] [stderr]   --> Cargo.toml:68:1
[INFO] [stderr]    |
[INFO] [stderr] 68 | homepage = "https://wiki.gear-tech.io/docs/examples/prerequisites"
[INFO] [stderr]    | ^^^^^^^^
[INFO] [stderr]    |
[INFO] [stderr] help: consider removing the field `workspace.package.homepage`
[INFO] [stderr] warning: unused field `license` in `workspace.package`
[INFO] [stderr]   --> Cargo.toml:69:1
[INFO] [stderr]    |
[INFO] [stderr] 69 | license = "MIT"
[INFO] [stderr]    | ^^^^^^^
[INFO] [stderr]    |
[INFO] [stderr] help: consider removing the field `workspace.package.license`
[INFO] [stderr] warning: workspace (manifest) generated 3 warnings
[INFO] [stderr]     Blocking waiting for file lock on package cache
[INFO] [stderr]     Updating git repository `https://github.com/gear-tech/gear`
[INFO] [stderr]     Updating git repository `https://github.com/gear-tech/substrate.git`
[INFO] [stderr]     Updating git repository `https://github.com/gear-tech/dlmalloc-rust.git`
[INFO] [stderr]     Updating crates.io index
[INFO] [stderr]     Updating git repository `https://github.com/gear-tech/wasmi`
[INFO] [stderr]     Updating git submodule `https://github.com/robbepop/wasm_kernel.git`
[INFO] [stderr]     Updating git submodule `https://github.com/WebAssembly/testsuite.git`
[INFO] [stderr]     Updating git repository `https://github.com/gear-tech/wasmi`
[INFO] [stderr]     Updating git repository `https://github.com/gear-tech/parity-wasm`
[INFO] [stderr]     Blocking waiting for file lock on package cache
[ERROR] error running command: no output for 300 seconds
[INFO] checking EugenWay/playground against 5b237c915528dadada3f674b90c7c80368b632be for pr-133502-29
[INFO] running `Command { std: "git" "clone" "/workspace/cache/git-repos/https%3A%2F%2Fgithub.com%2FEugenWay%2Fplayground" "/workspace/builds/worker-2-tc2/source", kill_on_drop: false }`
[INFO] [stderr] Cloning into '/workspace/builds/worker-2-tc2/source'...
[INFO] [stderr] done.
[INFO] removed /workspace/builds/worker-2-tc2/source/.cargo/config.toml
[INFO] removed /workspace/builds/worker-2-tc2/source/rust-toolchain.toml
[INFO] started tweaking git repo https://github.com/EugenWay/playground
[INFO] finished tweaking git repo https://github.com/EugenWay/playground
[INFO] tweaked toml for git repo https://github.com/EugenWay/playground written to /workspace/builds/worker-2-tc2/source/Cargo.toml
[INFO] validating manifest of git repo https://github.com/EugenWay/playground on toolchain 5b237c915528dadada3f674b90c7c80368b632be
[INFO] running `Command { std: CARGO_HOME="/workspace/cargo-home" RUSTUP_HOME="/workspace/rustup-home" "/workspace/cargo-home/bin/cargo" "+5b237c915528dadada3f674b90c7c80368b632be" "metadata" "--manifest-path" "Cargo.toml" "--no-deps", kill_on_drop: false }`
[INFO] crate git repo https://github.com/EugenWay/playground already has a lockfile, it will not be regenerated
[INFO] running `Command { std: CARGO_HOME="/workspace/cargo-home" RUSTUP_HOME="/workspace/rustup-home" "/workspace/cargo-home/bin/cargo" "+5b237c915528dadada3f674b90c7c80368b632be" "fetch" "--manifest-path" "Cargo.toml", kill_on_drop: false }`
[INFO] [stderr] warning: unused field `authors` in `workspace.package`
[INFO] [stderr]   --> Cargo.toml:66:1
[INFO] [stderr]    |
[INFO] [stderr] 66 | authors = ["Gear Foundation <hello@gear.foundation>"]
[INFO] [stderr]    | ^^^^^^^
[INFO] [stderr]    |
[INFO] [stderr]    = note: `cargo::unused_workspace_package_fields` is set to `warn` by default
[INFO] [stderr] help: consider removing the field `workspace.package.authors`
[INFO] [stderr] warning: unused field `homepage` in `workspace.package`
[INFO] [stderr]   --> Cargo.toml:68:1
[INFO] [stderr]    |
[INFO] [stderr] 68 | homepage = "https://wiki.gear-tech.io/docs/examples/prerequisites"
[INFO] [stderr]    | ^^^^^^^^
[INFO] [stderr]    |
[INFO] [stderr] help: consider removing the field `workspace.package.homepage`
[INFO] [stderr] warning: unused field `license` in `workspace.package`
[INFO] [stderr]   --> Cargo.toml:69:1
[INFO] [stderr]    |
[INFO] [stderr] 69 | license = "MIT"
[INFO] [stderr]    | ^^^^^^^
[INFO] [stderr]    |
[INFO] [stderr] help: consider removing the field `workspace.package.license`
[INFO] [stderr] warning: workspace (manifest) generated 3 warnings
[INFO] [stderr]     Blocking waiting for file lock on package cache
[INFO] [stderr]     Blocking waiting for file lock on package cache
[INFO] [stderr]  Downloading crates ...
[INFO] [stderr]   Downloaded str-buf v3.0.2
[INFO] [stderr]   Downloaded scale-info v2.10.0
[INFO] [stderr]   Downloaded scale-info-derive v2.10.0
[INFO] [stderr]   Downloaded libc-print v0.1.22
[INFO] [stderr]   Downloaded substrate-bip39 v0.4.5
[INFO] [stderr]   Downloaded wasmtime-jit-icache-coherence v6.0.2
[INFO] [stderr]   Downloaded wasmtime-jit-debug v6.0.2
[INFO] [stderr]   Downloaded wasmtime-asm-macros v6.0.2
[INFO] [stderr]   Downloaded ref-cast-impl v1.0.20
[INFO] [stderr]   Downloaded ref-cast v1.0.20
[INFO] [stderr]   Downloaded wasmtime-jit v6.0.2
[INFO] [stderr]   Downloaded wasmtime-types v6.0.2
[INFO] [stderr]   Downloaded ss58-registry v1.44.0
[INFO] [stderr]   Downloaded dyn-clone v1.0.16
[INFO] [stderr]   Downloaded wasmparser v0.100.0
[INFO] [stderr]   Downloaded cranelift-entity v0.93.2
[INFO] [stderr]   Downloaded gwasm-instrument v0.2.3
[INFO] [stderr]   Downloaded gear-wasm v0.45.1
[INFO] [stderr]   Downloaded pwasm-utils v0.19.0
[INFO] [stderr]   Downloaded bytecheck v0.6.11
[INFO] [stderr]   Downloaded bytecheck_derive v0.6.11
[INFO] [stderr]   Downloaded cargo_metadata v0.15.3
[INFO] [stderr]   Downloaded nonempty v0.8.1
[INFO] [stderr]   Downloaded termcolor v1.4.0
[INFO] [stderr]   Downloaded rkyv_derive v0.7.42
[INFO] [stderr]   Downloaded wasmer-types v2.3.0
[INFO] [stderr]   Downloaded wasmtime-runtime v6.0.2
[INFO] [stderr]   Downloaded wasmtime-environ v6.0.2
[INFO] [stderr]   Downloaded rend v0.4.1
[INFO] [stderr]   Downloaded wasmtime v6.0.2
[INFO] [stderr]   Downloaded rkyv v0.7.42
[INFO] [stderr]   Downloaded rustix v0.38.25
[INFO] [stderr]   Downloaded wasmer-compiler v2.3.0
[INFO] [stderr]   Downloaded enumset_derive v0.8.1
[INFO] [stderr]   Downloaded wasmer-cache v2.3.0
[INFO] [stderr]   Downloaded wat v1.0.81
[INFO] [stderr]   Downloaded wasmer v2.3.0
[INFO] [stderr]   Downloaded wasmer-artifact v2.3.0
[INFO] [stderr]   Downloaded wasmparser v0.83.0
[INFO] [stderr]   Downloaded wasmer-vm v2.3.0
[INFO] [stderr]   Downloaded wasm-encoder v0.38.0
[INFO] [stderr]   Downloaded wasmer-engine-universal-artifact v2.3.0
[INFO] [stderr]   Downloaded enumset v1.1.3
[INFO] [stderr]   Downloaded wasmer-object v2.3.0
[INFO] [stderr]   Downloaded wast v69.0.0
[INFO] [stderr]   Downloaded wasmer-engine-universal v2.3.0
[INFO] [stderr]   Downloaded wasmer-engine-dylib v2.3.0
[INFO] [stderr]   Downloaded corosensei v0.1.4
[INFO] [stderr]   Downloaded wasmer-engine v2.3.0
[INFO] [stderr]   Downloaded wasmer-derive v2.3.0
[INFO] [stderr]   Downloaded dynasmrt v1.2.3
[INFO] [stderr]   Downloaded cranelift-codegen-shared v0.82.3
[INFO] [stderr]   Downloaded cranelift-bforest v0.82.3
[INFO] [stderr]   Downloaded cranelift-frontend v0.82.3
[INFO] [stderr]   Downloaded cranelift-entity v0.82.3
[INFO] [stderr]   Downloaded wasmer-compiler-cranelift v2.3.0
[INFO] [stderr]   Downloaded cranelift-codegen-meta v0.82.3
[INFO] [stderr]   Downloaded wasmer-compiler-singlepass v2.3.0
[INFO] [stderr]   Downloaded dynasm v1.2.3
[INFO] [stderr]   Downloaded windows_aarch64_msvc v0.33.0
[INFO] [stderr]   Downloaded regalloc v0.0.34
[INFO] [stderr]   Downloaded expander v1.0.0
[INFO] [stderr]   Downloaded windows_x86_64_msvc v0.33.0
[INFO] [stderr]   Downloaded windows_x86_64_gnu v0.33.0
[INFO] [stderr]   Downloaded windows_i686_msvc v0.33.0
[INFO] [stderr]   Downloaded windows_i686_gnu v0.33.0
[INFO] [stderr]   Downloaded cranelift-codegen v0.82.3
[INFO] [stderr]   Downloaded windows-sys v0.33.0
[INFO] [stderr]   Downloaded intx v0.1.0
[INFO] [stderr]   Downloaded subxt-metadata v0.32.1
[INFO] [stderr]   Downloaded jsonrpsee-http-client v0.20.3
[INFO] [stderr]   Downloaded subxt-macro v0.32.1
[INFO] [stderr]   Downloaded jsonrpsee-types v0.20.3
[INFO] [stderr]   Downloaded jsonrpsee v0.20.3
[INFO] [stderr]   Downloaded subxt v0.32.1
[INFO] [stderr]   Downloaded subxt-codegen v0.32.1
[INFO] [stderr]   Downloaded jsonrpsee-core v0.20.3
[INFO] [stderr]   Downloaded jsonrpsee-client-transport v0.20.3
[INFO] [stderr]   Downloaded subxt-lightclient v0.32.1
[INFO] [stderr]   Downloaded wasmi_core v0.12.0
[INFO] [stderr]   Downloaded smoldot-light v0.6.0
[INFO] [stderr]   Downloaded wasmi v0.30.0
[INFO] [stderr]   Downloaded smol v1.3.0
[INFO] [stderr]   Downloaded async-lock v3.1.2
[INFO] [stderr]   Downloaded event-listener v4.0.0
[INFO] [stderr]   Downloaded async-io v2.2.1
[INFO] [stderr]   Downloaded async-net v1.8.0
[INFO] [stderr]   Downloaded schnorrkel v0.10.2
[INFO] [stderr]   Downloaded scale-encode v0.5.0
[INFO] [stderr]   Downloaded yap v0.11.0
[INFO] [stderr]   Downloaded scale-decode-derive v0.9.0
[INFO] [stderr]   Downloaded scale-encode-derive v0.5.0
[INFO] [stderr]   Downloaded scale-bits v0.4.0
[INFO] [stderr]   Downloaded scale-value v0.12.0
[INFO] [stderr]   Downloaded scale-decode v0.9.0
[INFO] [stderr]   Downloaded smoldot v0.8.0
[INFO] [stderr]   Downloaded xshell-macros v0.2.5
[INFO] [stderr]   Downloaded xshell v0.2.5
[INFO] running `Command { std: "docker" "create" "-v" "/var/lib/crater-agent-workspace/builds/worker-2-tc2/source:/opt/rustwide/workdir:ro,Z" "-v" "/var/lib/crater-agent-workspace/builds/worker-2-tc2/target:/opt/rustwide/target:rw,Z" "-v" "/var/lib/crater-agent-workspace/cargo-home:/opt/rustwide/cargo-home:ro,Z" "-v" "/var/lib/crater-agent-workspace/rustup-home:/opt/rustwide/rustup-home:ro,Z" "-m" "1610612736" "--network" "none" "ghcr.io/rust-lang/crates-build-env/linux@sha256:3111399a4047eeb3a02b7a90e478d715f38a8c6669b5c4b49d30a17385265909" "sleep" "infinity", kill_on_drop: false }`
[INFO] [stdout] 2a55706c422940f1b8ecc1371dc36a91db690662f2877f63aca545220055a3b3
[INFO] running `Command { std: "docker" "start" "2a55706c422940f1b8ecc1371dc36a91db690662f2877f63aca545220055a3b3", kill_on_drop: false }`
[INFO] running `Command { std: "docker" "inspect" "2a55706c422940f1b8ecc1371dc36a91db690662f2877f63aca545220055a3b3", kill_on_drop: false }`
[INFO] running `Command { std: "docker" "exec" "-e" "SOURCE_DIR=/opt/rustwide/workdir" "-e" "CARGO_HOME=/opt/rustwide/cargo-home" "-e" "RUSTUP_HOME=/opt/rustwide/rustup-home" "-e" "CARGO_TARGET_DIR=/opt/rustwide/target" "-w" "/opt/rustwide/workdir" "--user" "0:0" "2a55706c422940f1b8ecc1371dc36a91db690662f2877f63aca545220055a3b3" "/opt/rustwide/cargo-home/bin/cargo" "+5b237c915528dadada3f674b90c7c80368b632be" "metadata" "--no-deps" "--format-version=1", kill_on_drop: false }`
[INFO] running `Command { std: "docker" "inspect" "2a55706c422940f1b8ecc1371dc36a91db690662f2877f63aca545220055a3b3", kill_on_drop: false }`
[INFO] running `Command { std: "docker" "exec" "-e" "SOURCE_DIR=/opt/rustwide/workdir" "-e" "CARGO_HOME=/opt/rustwide/cargo-home" "-e" "RUSTUP_HOME=/opt/rustwide/rustup-home" "-e" "CARGO_TARGET_DIR=/opt/rustwide/target" "-e" "CARGO_INCREMENTAL=0" "-e" "RUST_BACKTRACE=full" "-e" "RUSTFLAGS=--cap-lints=forbid" "-e" "RUSTDOCFLAGS=--cap-lints=forbid" "-w" "/opt/rustwide/workdir" "--user" "0:0" "2a55706c422940f1b8ecc1371dc36a91db690662f2877f63aca545220055a3b3" "/opt/rustwide/cargo-home/bin/cargo" "+5b237c915528dadada3f674b90c7c80368b632be" "check" "--frozen" "--all" "--all-targets" "--message-format=json", kill_on_drop: false }`
[INFO] [stderr] warning: unused field `authors` in `workspace.package`
[INFO] [stderr]   --> Cargo.toml:66:1
[INFO] [stderr]    |
[INFO] [stderr] 66 | authors = ["Gear Foundation <hello@gear.foundation>"]
[INFO] [stderr]    | ^^^^^^^
[INFO] [stderr]    |
[INFO] [stderr]    = note: `cargo::unused_workspace_package_fields` is set to `warn` by default
[INFO] [stderr] help: consider removing the field `workspace.package.authors`
[INFO] [stderr] warning: unused field `homepage` in `workspace.package`
[INFO] [stderr]   --> Cargo.toml:68:1
[INFO] [stderr]    |
[INFO] [stderr] 68 | homepage = "https://wiki.gear-tech.io/docs/examples/prerequisites"
[INFO] [stderr]    | ^^^^^^^^
[INFO] [stderr]    |
[INFO] [stderr] help: consider removing the field `workspace.package.homepage`
[INFO] [stderr] warning: unused field `license` in `workspace.package`
[INFO] [stderr]   --> Cargo.toml:69:1
[INFO] [stderr]    |
[INFO] [stderr] 69 | license = "MIT"
[INFO] [stderr]    | ^^^^^^^
[INFO] [stderr]    |
[INFO] [stderr] help: consider removing the field `workspace.package.license`
[INFO] [stderr] warning: workspace (manifest) generated 3 warnings
[INFO] [stderr]    Compiling proc-macro2 v1.0.70
[INFO] [stderr]    Compiling libc v0.2.150
[INFO] [stderr]    Compiling syn v1.0.109
[INFO] [stderr]    Compiling serde v1.0.193
[INFO] [stderr]    Compiling once_cell v1.18.0
[INFO] [stderr]    Compiling zerocopy v0.7.26
[INFO] [stderr]    Compiling allocator-api2 v0.2.16
[INFO] [stderr]    Compiling winnow v0.5.19
[INFO] [stderr]    Compiling ahash v0.8.6
[INFO] [stderr]    Compiling convert_case v0.4.0
[INFO] [stderr]     Checking log v0.4.20
[INFO] [stderr]    Compiling serde_json v1.0.108
[INFO] [stderr]     Checking subtle v2.4.1
[INFO] [stderr]    Compiling ahash v0.7.7
[INFO] [stderr]     Checking byte-slice-cast v1.2.2
[INFO] [stderr]    Compiling memchr v2.6.4
[INFO] [stderr]    Compiling indexmap v1.9.3
[INFO] [stderr]    Compiling rustix v0.38.25
[INFO] [stderr]    Compiling radium v0.7.0
[INFO] [stderr]    Compiling generic-array v0.14.7
[INFO] [stderr]     Checking wyz v0.5.1
[INFO] [stderr]     Checking funty v2.0.0
[INFO] [stderr]    Compiling itoa v1.0.9
[INFO] [stderr]     Checking smallvec v1.11.2
[INFO] [stderr]    Compiling num-traits v0.2.17
[INFO] [stderr]    Compiling target-lexicon v0.12.12
[INFO] [stdout] error[E0635]: unknown feature `stdsimd`
[INFO] [stdout]   --> /opt/rustwide/cargo-home/registry/src/index.crates.io-1949cf8c6b5b557f/ahash-0.8.6/src/lib.rs:99:42
[INFO] [stdout]    |
[INFO] [stdout] 99 | #![cfg_attr(feature = "stdsimd", feature(stdsimd))]
[INFO] [stdout]    |                                          ^^^^^^^
[INFO] [stdout] 
[INFO] [stdout] 
[INFO] [stdout] error[E0635]: unknown feature `stdsimd`
[INFO] [stdout]   --> /opt/rustwide/cargo-home/registry/src/index.crates.io-1949cf8c6b5b557f/ahash-0.7.7/src/lib.rs:33:42
[INFO] [stdout]    |
[INFO] [stdout] 33 | #![cfg_attr(feature = "stdsimd", feature(stdsimd))]
[INFO] [stdout]    |                                          ^^^^^^^
[INFO] [stdout] 
[INFO] [stdout] 
[INFO] [stdout] For more information about this error, try `rustc --explain E0635`.
[INFO] [stdout] 
[INFO] [stderr]    Compiling ryu v1.0.15
[INFO] [stderr] error: could not compile `ahash` (lib) due to 1 previous error
[INFO] [stderr] warning: build failed, waiting for other jobs to finish...
[INFO] [stdout] For more information about this error, try `rustc --explain E0635`.
[INFO] [stdout] 
[INFO] [stderr] error: could not compile `ahash` (lib) due to 1 previous error
[INFO] running `Command { std: "docker" "inspect" "2a55706c422940f1b8ecc1371dc36a91db690662f2877f63aca545220055a3b3", kill_on_drop: false }`
[INFO] running `Command { std: "docker" "rm" "-f" "2a55706c422940f1b8ecc1371dc36a91db690662f2877f63aca545220055a3b3", kill_on_drop: false }`
[INFO] [stdout] 2a55706c422940f1b8ecc1371dc36a91db690662f2877f63aca545220055a3b3
