[INFO] fetching crate wordval-ws 1.0.3...
[INFO] checking wordval-ws-1.0.3 against 012c0bd4d516934012c9a1ecb26e9eb283d2ed75 for pr-133502-29
[INFO] extracting crate wordval-ws 1.0.3 into /workspace/builds/worker-5-tc1/source
[INFO] started tweaking crates.io crate wordval-ws 1.0.3
[INFO] removed 0 missing examples
[INFO] finished tweaking crates.io crate wordval-ws 1.0.3
[INFO] tweaked toml for crates.io crate wordval-ws 1.0.3 written to /workspace/builds/worker-5-tc1/source/Cargo.toml
[INFO] validating manifest of crates.io crate wordval-ws 1.0.3 on toolchain 012c0bd4d516934012c9a1ecb26e9eb283d2ed75
[INFO] running `Command { std: CARGO_HOME="/workspace/cargo-home" RUSTUP_HOME="/workspace/rustup-home" "/workspace/cargo-home/bin/cargo" "+012c0bd4d516934012c9a1ecb26e9eb283d2ed75" "metadata" "--manifest-path" "Cargo.toml" "--no-deps", kill_on_drop: false }`
[INFO] crate crates.io crate wordval-ws 1.0.3 already has a lockfile, it will not be regenerated
[INFO] running `Command { std: CARGO_HOME="/workspace/cargo-home" RUSTUP_HOME="/workspace/rustup-home" "/workspace/cargo-home/bin/cargo" "+012c0bd4d516934012c9a1ecb26e9eb283d2ed75" "fetch" "--manifest-path" "Cargo.toml", kill_on_drop: false }`
[INFO] [stderr]     Updating crates.io index
[INFO] [stderr]  Downloading crates ...
[INFO] [stderr]   Downloaded cdr v0.2.4
[INFO] [stderr]   Downloaded wordval-core v1.0.3
[INFO] [stderr]   Downloaded log v0.4.30
[INFO] [stderr]   Downloaded prost v0.13.5
[INFO] [stderr]   Downloaded prost-derive v0.13.5
[INFO] [stderr]   Downloaded memchr v2.8.1
[INFO] [stderr]   Downloaded tokio-tungstenite v0.29.0
[INFO] [stderr]   Downloaded multer v3.1.0
[INFO] [stderr]   Downloaded tungstenite v0.29.0
[INFO] [stderr]   Downloaded axum-macros v0.5.1
[INFO] [stderr]   Downloaded prost-types v0.13.5
[INFO] [stderr]   Downloaded zerocopy-derive v0.8.50
[INFO] [stderr]   Downloaded wordval-foxglove-protocol v1.0.3
[INFO] [stderr]   Downloaded http v1.4.1
[INFO] [stderr]   Downloaded wasip2 v1.0.3+wasi-0.2.9
[INFO] [stderr]   Downloaded zerocopy v0.8.50
[INFO] running `Command { std: "docker" "create" "-v" "/var/lib/crater-agent-workspace/builds/worker-5-tc1/source:/opt/rustwide/workdir:ro,Z" "-v" "/var/lib/crater-agent-workspace/builds/worker-5-tc1/target:/opt/rustwide/target:rw,Z" "-v" "/var/lib/crater-agent-workspace/cargo-home:/opt/rustwide/cargo-home:ro,Z" "-v" "/var/lib/crater-agent-workspace/rustup-home:/opt/rustwide/rustup-home:ro,Z" "-m" "1610612736" "--network" "none" "ghcr.io/rust-lang/crates-build-env/linux@sha256:3111399a4047eeb3a02b7a90e478d715f38a8c6669b5c4b49d30a17385265909" "sleep" "infinity", kill_on_drop: false }`
[INFO] [stdout] 73546c4fdb0c1946297ff60657b6d0858aa934a3304fa845ae6c60347748d49d
[INFO] running `Command { std: "docker" "start" "73546c4fdb0c1946297ff60657b6d0858aa934a3304fa845ae6c60347748d49d", kill_on_drop: false }`
[INFO] running `Command { std: "docker" "inspect" "73546c4fdb0c1946297ff60657b6d0858aa934a3304fa845ae6c60347748d49d", kill_on_drop: false }`
[INFO] running `Command { std: "docker" "exec" "-e" "SOURCE_DIR=/opt/rustwide/workdir" "-e" "CARGO_HOME=/opt/rustwide/cargo-home" "-e" "RUSTUP_HOME=/opt/rustwide/rustup-home" "-e" "CARGO_TARGET_DIR=/opt/rustwide/target" "-w" "/opt/rustwide/workdir" "--user" "0:0" "73546c4fdb0c1946297ff60657b6d0858aa934a3304fa845ae6c60347748d49d" "/opt/rustwide/cargo-home/bin/cargo" "+012c0bd4d516934012c9a1ecb26e9eb283d2ed75" "metadata" "--no-deps" "--format-version=1", kill_on_drop: false }`
[INFO] running `Command { std: "docker" "inspect" "73546c4fdb0c1946297ff60657b6d0858aa934a3304fa845ae6c60347748d49d", kill_on_drop: false }`
[INFO] running `Command { std: "docker" "exec" "-e" "SOURCE_DIR=/opt/rustwide/workdir" "-e" "CARGO_HOME=/opt/rustwide/cargo-home" "-e" "RUSTUP_HOME=/opt/rustwide/rustup-home" "-e" "CARGO_TARGET_DIR=/opt/rustwide/target" "-e" "CARGO_INCREMENTAL=0" "-e" "RUST_BACKTRACE=full" "-e" "RUSTFLAGS=--cap-lints=forbid" "-e" "RUSTDOCFLAGS=--cap-lints=forbid" "-w" "/opt/rustwide/workdir" "--user" "0:0" "73546c4fdb0c1946297ff60657b6d0858aa934a3304fa845ae6c60347748d49d" "/opt/rustwide/cargo-home/bin/cargo" "+012c0bd4d516934012c9a1ecb26e9eb283d2ed75" "check" "--frozen" "--all" "--all-targets" "--message-format=json", kill_on_drop: false }`
[INFO] [stderr]    Compiling syn v2.0.117
[INFO] [stderr]     Checking bytes v1.11.1
[INFO] [stderr]     Checking smallvec v1.15.1
[INFO] [stderr]     Checking log v0.4.30
[INFO] [stderr]     Checking memchr v2.8.1
[INFO] [stderr]    Compiling zerocopy v0.8.50
[INFO] [stderr]    Compiling serde_core v1.0.228
[INFO] [stderr]     Checking futures-io v0.3.32
[INFO] [stderr]    Compiling anyhow v1.0.104
[INFO] [stderr]     Checking getrandom v0.3.4
[INFO] [stderr]    Compiling serde v1.0.228
[INFO] [stderr]     Checking indexmap v2.14.0
[INFO] [stderr]    Compiling multer v3.1.0
[INFO] [stderr]     Checking sync_wrapper v1.0.2
[INFO] [stderr]    Compiling either v1.16.0
[INFO] [stderr]     Checking spin v0.9.8
[INFO] [stderr]    Compiling itertools v0.14.0
[INFO] [stderr]     Checking matchit v0.8.4
[INFO] [stderr]     Checking rand_core v0.9.5
[INFO] [stderr]     Checking parking_lot_core v0.9.12
[INFO] [stderr]     Checking parking_lot v0.12.5
[INFO] [stderr]     Checking dashmap v6.2.1
[INFO] [stderr]     Checking http v1.4.1
[INFO] [stderr]     Checking http-body v1.0.1
[INFO] [stderr]     Checking http-body-util v0.1.3
[INFO] [stderr]     Checking serde_json v1.0.150
[INFO] [stderr]     Checking serde_path_to_error v0.1.20
[INFO] [stderr]    Compiling tokio-macros v2.7.0
[INFO] [stderr]    Compiling tracing-attributes v0.1.31
[INFO] [stderr]    Compiling futures-macro v0.3.32
[INFO] [stderr]    Compiling thiserror-impl v2.0.18
[INFO] [stderr]    Compiling serde_derive v1.0.228
[INFO] [stderr]    Compiling async-trait v0.1.89
[INFO] [stderr]    Compiling prost-derive v0.13.5
[INFO] [stderr]    Compiling axum-macros v0.5.1
[INFO] [stderr]     Checking tokio v1.52.3
[INFO] [stderr]     Checking futures-util v0.3.32
[INFO] [stderr]     Checking thiserror v2.0.18
[INFO] [stderr]     Checking ppv-lite86 v0.2.21
[INFO] [stderr]     Checking tracing v0.1.44
[INFO] [stderr]     Checking prost v0.13.5
[INFO] [stderr]     Checking axum-core v0.5.6
[INFO] [stderr]     Checking rand_chacha v0.9.0
[INFO] [stderr]     Checking rand v0.9.4
[INFO] [stderr]     Checking prost-types v0.13.5
[INFO] [stderr]     Checking tungstenite v0.29.0
[INFO] [stderr]     Checking futures-executor v0.3.32
[INFO] [stderr]     Checking futures v0.3.32
[INFO] [stderr]     Checking serde_urlencoded v0.7.1
[INFO] [stderr]     Checking tokio-util v0.7.18
[INFO] [stderr]     Checking tower v0.5.3
[INFO] [stderr]     Checking tokio-tungstenite v0.29.0
[INFO] [stderr]     Checking wordval-core v1.0.3
[INFO] [stderr]     Checking h2 v0.4.14
[INFO] [stderr]     Checking hyper v1.10.1
[INFO] [stderr]     Checking hyper-util v0.1.20
[INFO] [stderr]     Checking axum v0.8.9
[INFO] [stderr]     Checking wordval-ws v1.0.3 (/opt/rustwide/workdir)
[INFO] [stdout] warning: use of deprecated method `std::sync::atomic::Atomic::<u64>::fetch_update`: renamed to `try_update` for consistency
[INFO] [stdout]    --> src/connection.rs:128:14
[INFO] [stdout]     |
[INFO] [stdout] 128 |             .fetch_update(Ordering::AcqRel, Ordering::Acquire, |cur| {
[INFO] [stdout]     |              ^^^^^^^^^^^^
[INFO] [stdout]     |
[INFO] [stdout]     = note: `#[warn(deprecated)]` on by default
[INFO] [stdout] help: replace the use of the deprecated method
[INFO] [stdout]     |
[INFO] [stdout] 128 -             .fetch_update(Ordering::AcqRel, Ordering::Acquire, |cur| {
[INFO] [stdout] 128 +             .try_update(Ordering::AcqRel, Ordering::Acquire, |cur| {
[INFO] [stdout]     |
[INFO] [stdout] 
[INFO] [stdout] 
[INFO] [stdout] warning: use of deprecated method `std::sync::atomic::Atomic::<u64>::fetch_update`: renamed to `try_update` for consistency
[INFO] [stdout]    --> src/connection.rs:128:14
[INFO] [stdout]     |
[INFO] [stdout] 128 |             .fetch_update(Ordering::AcqRel, Ordering::Acquire, |cur| {
[INFO] [stdout]     |              ^^^^^^^^^^^^
[INFO] [stdout]     |
[INFO] [stdout]     = note: `#[warn(deprecated)]` on by default
[INFO] [stdout] help: replace the use of the deprecated method
[INFO] [stdout]     |
[INFO] [stdout] 128 -             .fetch_update(Ordering::AcqRel, Ordering::Acquire, |cur| {
[INFO] [stdout] 128 +             .try_update(Ordering::AcqRel, Ordering::Acquire, |cur| {
[INFO] [stdout]     |
[INFO] [stdout] 
[INFO] [stdout] 
[INFO] [stdout] error[E0432]: unresolved import `wordval_ws::foxglove`
[INFO] [stdout]   --> examples/foxglove_demo.rs:33:17
[INFO] [stdout]    |
[INFO] [stdout] 33 | use wordval_ws::foxglove::{
[INFO] [stdout]    |                 ^^^^^^^^ could not find `foxglove` in `wordval_ws`
[INFO] [stdout]    |
[INFO] [stdout] note: found an item that was configured out
[INFO] [stdout]   --> src/lib.rs:57:9
[INFO] [stdout]    |
[INFO] [stdout] 56 | #[cfg(feature = "foxglove")]
[INFO] [stdout]    |       -------------------- the item is gated behind the `foxglove` feature
[INFO] [stdout] 57 | pub mod foxglove;
[INFO] [stdout]    |         ^^^^^^^^
[INFO] [stdout] 
[INFO] [stdout] 
[INFO] [stdout] error[E0433]: cannot find module or crate `wordval_foxglove_protocol` in this scope
[INFO] [stdout]   --> examples/foxglove_demo.rs:32:5
[INFO] [stdout]    |
[INFO] [stdout] 32 | use wordval_foxglove_protocol::protocol::ServiceSchema;
[INFO] [stdout]    |     ^^^^^^^^^^^^^^^^^^^^^^^^^ use of unresolved module or unlinked crate `wordval_foxglove_protocol`
[INFO] [stdout]    |
[INFO] [stdout]    = help: if you wanted to use a crate named `wordval_foxglove_protocol`, use `cargo add wordval_foxglove_protocol` to add it to your `Cargo.toml`
[INFO] [stdout] 
[INFO] [stdout] 
[INFO] [stdout] error[E0432]: unresolved import `bytes`
[INFO] [stdout]   --> examples/foxglove_demo.rs:27:5
[INFO] [stdout]    |
[INFO] [stdout] 27 | use bytes::Bytes;
[INFO] [stdout]    |     ^^^^^
[INFO] [stdout]    |
[INFO] [stdout] help: a similar path exists
[INFO] [stdout]    |
[INFO] [stdout] 27 | use prost::bytes::Bytes;
[INFO] [stdout]    |     +++++++
[INFO] [stdout] 
[INFO] [stdout] 
[INFO] [stdout] error[E0277]: the size for values of type `[u8]` cannot be known at compilation time
[INFO] [stdout]   --> examples/foxglove_demo.rs:92:33
[INFO] [stdout]    |
[INFO] [stdout] 92 |         Arc::new(move |channel, payload| -> BoxFuture<'static, ()> {
[INFO] [stdout]    |                                 ^^^^^^^ doesn't have a size known at compile-time
[INFO] [stdout]    |
[INFO] [stdout]    = help: the trait `Sized` is not implemented for `[u8]`
[INFO] [stdout]    = note: all function arguments must have a statically known size
[INFO] [stdout]    = help: unsized fn params are gated as an unstable feature
[INFO] [stdout] 
[INFO] [stdout] 
[INFO] [stdout] error[E0277]: the size for values of type `[u8]` cannot be known at compilation time
[INFO] [stdout]    --> examples/foxglove_demo.rs:141:29
[INFO] [stdout]     |
[INFO] [stdout] 141 |         |service, encoding, payload| -> BoxFuture<'static, Result<(String, Bytes), String>> {
[INFO] [stdout]     |                             ^^^^^^^ doesn't have a size known at compile-time
[INFO] [stdout]     |
[INFO] [stdout]     = help: the trait `Sized` is not implemented for `[u8]`
[INFO] [stdout]     = note: all function arguments must have a statically known size
[INFO] [stdout]     = help: unsized fn params are gated as an unstable feature
[INFO] [stdout] 
[INFO] [stdout] 
[INFO] [stdout] Some errors have detailed explanations: E0277, E0432, E0433.
[INFO] [stdout] 
[INFO] [stdout] For more information about an error, try `rustc --explain E0277`.
[INFO] [stdout] 
[INFO] [stderr] error: could not compile `wordval-ws` (example "foxglove_demo") due to 5 previous errors
[INFO] running `Command { std: "docker" "inspect" "73546c4fdb0c1946297ff60657b6d0858aa934a3304fa845ae6c60347748d49d", kill_on_drop: false }`
[INFO] running `Command { std: "docker" "rm" "-f" "73546c4fdb0c1946297ff60657b6d0858aa934a3304fa845ae6c60347748d49d", kill_on_drop: false }`
[INFO] [stdout] 73546c4fdb0c1946297ff60657b6d0858aa934a3304fa845ae6c60347748d49d
