[INFO] fetching crate lune-std-roblox 0.4.0...
[INFO] checking lune-std-roblox-0.4.0 against 52995a223f2919dd3e2e427231db90a257350ded for pr-129249-4
[INFO] extracting crate lune-std-roblox 0.4.0 into /workspace/builds/worker-7-tc2/source
[INFO] started tweaking crates.io crate lune-std-roblox 0.4.0
[INFO] finished tweaking crates.io crate lune-std-roblox 0.4.0
[INFO] tweaked toml for crates.io crate lune-std-roblox 0.4.0 written to /workspace/builds/worker-7-tc2/source/Cargo.toml
[INFO] validating manifest of crates.io crate lune-std-roblox 0.4.0 on toolchain 52995a223f2919dd3e2e427231db90a257350ded
[INFO] running `Command { std: CARGO_HOME="/workspace/cargo-home" RUSTUP_HOME="/workspace/rustup-home" "/workspace/cargo-home/bin/cargo" "+52995a223f2919dd3e2e427231db90a257350ded" "metadata" "--manifest-path" "Cargo.toml" "--no-deps", kill_on_drop: false }`
[INFO] crate crates.io crate lune-std-roblox 0.4.0 already has a lockfile, it will not be regenerated
[INFO] running `Command { std: CARGO_HOME="/workspace/cargo-home" RUSTUP_HOME="/workspace/rustup-home" "/workspace/cargo-home/bin/cargo" "+52995a223f2919dd3e2e427231db90a257350ded" "fetch" "--manifest-path" "Cargo.toml", kill_on_drop: false }`
[INFO] running `Command { std: "docker" "create" "-v" "/var/lib/crater-agent-workspace/builds/worker-7-tc2/source:/opt/rustwide/workdir:ro,Z" "-v" "/var/lib/crater-agent-workspace/builds/worker-7-tc2/target:/opt/rustwide/target:rw,Z" "-v" "/var/lib/crater-agent-workspace/cargo-home:/opt/rustwide/cargo-home:ro,Z" "-v" "/var/lib/crater-agent-workspace/rustup-home:/opt/rustwide/rustup-home:ro,Z" "-m" "1610612736" "--network" "none" "ghcr.io/rust-lang/crates-build-env/linux@sha256:c0af3998e971868164375a7dfb646c9933ddd1a3bdb00fa2041266763dc1eeab" "sleep" "infinity", kill_on_drop: false }`
[INFO] [stdout] bb6155ec669a3b70b1e16518bb448bf7c22206e27f3d4af9a6a68d63a43f42be
[INFO] running `Command { std: "docker" "start" "bb6155ec669a3b70b1e16518bb448bf7c22206e27f3d4af9a6a68d63a43f42be", kill_on_drop: false }`
[INFO] running `Command { std: "docker" "inspect" "bb6155ec669a3b70b1e16518bb448bf7c22206e27f3d4af9a6a68d63a43f42be", kill_on_drop: false }`
[INFO] running `Command { std: "docker" "exec" "-e" "SOURCE_DIR=/opt/rustwide/workdir" "-e" "CARGO_HOME=/opt/rustwide/cargo-home" "-e" "RUSTUP_HOME=/opt/rustwide/rustup-home" "-e" "CARGO_TARGET_DIR=/opt/rustwide/target" "-w" "/opt/rustwide/workdir" "--user" "0:0" "bb6155ec669a3b70b1e16518bb448bf7c22206e27f3d4af9a6a68d63a43f42be" "/opt/rustwide/cargo-home/bin/cargo" "+52995a223f2919dd3e2e427231db90a257350ded" "metadata" "--no-deps" "--format-version=1", kill_on_drop: false }`
[INFO] running `Command { std: "docker" "inspect" "bb6155ec669a3b70b1e16518bb448bf7c22206e27f3d4af9a6a68d63a43f42be", kill_on_drop: false }`
[INFO] running `Command { std: "docker" "exec" "-e" "SOURCE_DIR=/opt/rustwide/workdir" "-e" "CARGO_HOME=/opt/rustwide/cargo-home" "-e" "RUSTUP_HOME=/opt/rustwide/rustup-home" "-e" "CARGO_TARGET_DIR=/opt/rustwide/target" "-e" "CARGO_INCREMENTAL=0" "-e" "RUST_BACKTRACE=full" "-e" "RUSTFLAGS=--cap-lints=forbid" "-e" "RUSTDOCFLAGS=--cap-lints=forbid" "-w" "/opt/rustwide/workdir" "--user" "0:0" "bb6155ec669a3b70b1e16518bb448bf7c22206e27f3d4af9a6a68d63a43f42be" "/opt/rustwide/cargo-home/bin/cargo" "+52995a223f2919dd3e2e427231db90a257350ded" "check" "--frozen" "--all" "--all-targets" "--message-format=json", kill_on_drop: false }`
[INFO] [stderr]    Compiling libc v0.2.190
[INFO] [stderr]    Compiling find-msvc-tools v0.1.14
[INFO] [stderr]    Compiling zerocopy v0.8.62
[INFO] [stderr]     Checking smallvec v1.16.3
[INFO] [stderr]     Checking cpufeatures v0.3.1
[INFO] [stderr]     Checking futures-core v0.3.34
[INFO] [stderr]     Checking arrayvec v0.7.8
[INFO] [stderr]     Checking lock_api v0.4.14
[INFO] [stderr]     Checking lazy_static v1.5.1
[INFO] [stderr]     Checking constant_time_eq v0.4.2
[INFO] [stderr]    Compiling ahash v0.8.12
[INFO] [stderr]    Compiling standback v0.2.17
[INFO] [stderr]    Compiling syn v3.0.7
[INFO] [stderr]    Compiling syn v1.0.109
[INFO] [stderr]    Compiling thiserror-impl v1.0.69
[INFO] [stderr]    Compiling typeid v1.0.3
[INFO] [stderr]    Compiling crossbeam-utils v0.8.23
[INFO] [stderr]    Compiling proc-macro-hack v0.5.20+deprecated
[INFO] [stderr]     Checking base64 v0.13.1
[INFO] [stderr]    Compiling erased-serde v0.4.10
[INFO] [stderr]     Checking ordered-float v2.10.1
[INFO] [stderr]     Checking rmp v0.8.15
[INFO] [stderr]     Checking futures-io v0.3.34
[INFO] [stderr]    Compiling const_fn v0.4.12
[INFO] [stderr]     Checking log v0.4.34
[INFO] [stderr]    Compiling zstd-safe v7.3.0
[INFO] [stderr]     Checking fastrand v2.5.0
[INFO] [stderr]     Checking futures-util v0.3.34
[INFO] [stderr]     Checking bstr v1.13.1
[INFO] [stderr]     Checking event-listener v5.4.2
[INFO] [stderr]    Compiling time v0.2.27
[INFO] [stderr]     Checking rustc-hash v2.1.3
[INFO] [stderr]     Checking rand_core v0.10.1
[INFO] [stderr]     Checking either v1.19.0
[INFO] [stderr]    Compiling getrandom v0.4.3
[INFO] [stderr]     Checking futures-lite v2.6.1
[INFO] [stderr]     Checking event-listener-strategy v0.5.4
[INFO] [stderr]    Compiling profiling-procmacros v1.0.18
[INFO] [stderr]    Compiling cookie v0.15.2
[INFO] [stderr]     Checking xml v1.4.0
[INFO] [stderr]     Checking concurrent-queue v2.5.0
[INFO] [stderr]    Compiling thiserror v2.0.21
[INFO] [stderr]     Checking async-task v4.7.1
[INFO] [stderr]     Checking twox-hash v2.1.5
[INFO] [stderr]     Checking piper v0.2.5
[INFO] [stderr]     Checking lz4_flex v0.13.1
[INFO] [stderr]     Checking chacha20 v0.10.2
[INFO] [stderr]     Checking os_str_bytes v7.2.1
[INFO] [stderr]     Checking async-channel v2.5.0
[INFO] [stderr]     Checking path-clean v1.0.1
[INFO] [stderr]     Checking dunce v1.0.5
[INFO] [stderr]     Checking semver v1.0.28
[INFO] [stderr]     Checking profiling v1.0.18
[INFO] [stderr]     Checking cfg-if v0.1.10
[INFO] [stderr]     Checking glam v0.34.1
[INFO] [stderr]     Checking getrandom v0.2.17
[INFO] [stderr]     Checking parking_lot_core v0.9.12
[INFO] [stderr]     Checking getrandom v0.3.4
[INFO] [stderr]     Checking dirs-sys v0.5.0
[INFO] [stderr]     Checking dirs-sys v0.3.7
[INFO] [stderr]     Checking xml-rs v1.0.0
[INFO] [stderr]     Checking console v0.16.6
[INFO] [stderr]     Checking parking_lot v0.12.5
[INFO] [stderr]    Compiling jobserver v0.1.35
[INFO] [stderr]     Checking dirs v6.0.0
[INFO] [stderr]     Checking rand v0.10.3
[INFO] [stderr]     Checking dirs v2.0.2
[INFO] [stderr]     Checking dirs v1.0.5
[INFO] [stderr]     Checking rand_core v0.6.4
[INFO] [stderr]     Checking async-executor v1.14.0
[INFO] [stderr]     Checking blocking v1.7.0
[INFO] [stderr]    Compiling cc v1.7.0
[INFO] [stderr]     Checking thiserror v1.0.69
[INFO] [stderr]     Checking roblox_install v1.2.0
[INFO] [stderr]    Compiling time-macros-impl v0.1.2
[INFO] [stderr]    Compiling serde_derive v1.0.229
[INFO] [stderr]    Compiling thiserror-impl v2.0.21
[INFO] [stderr]     Checking time-macros v0.1.1
[INFO] [stderr]    Compiling luau0-src v0.22.0+luau740
[INFO] [stderr]     Checking rbx_cookie v0.1.5
[INFO] [stderr]    Compiling blake3 v1.8.7
[INFO] [stderr]    Compiling zstd-sys v2.1.1+zstd.1.5.7
[INFO] [stderr]    Compiling mlua-sys v0.13.0
[INFO] [stderr]     Checking serde v1.0.229
[INFO] [stderr]     Checking ppv-lite86 v0.2.21
[INFO] [stderr]     Checking rmp-serde v1.3.1
[INFO] [stderr]     Checking serde-value v0.7.0
[INFO] [stderr]     Checking ustr v1.1.0
[INFO] [stderr]     Checking rand_chacha v0.3.1
[INFO] [stderr]     Checking rand v0.8.8
[INFO] [stderr]     Checking rbx_types v3.1.0
[INFO] [stderr]     Checking rbx_reflection v7.0.0
[INFO] [stderr]     Checking rbx_dom_weak v4.2.0
[INFO] [stderr]     Checking zstd v0.13.3
[INFO] [stderr]     Checking rbx_reflection_database v3.0.1+roblox-741
[INFO] [stderr]     Checking rbx_xml v3.0.1
[INFO] [stderr]     Checking rbx_binary v3.0.1
[INFO] [stderr] warning: mlua-sys@0.13.0: c++: fatal error: Killed signal terminated program cc1plus
[INFO] [stderr] warning: mlua-sys@0.13.0: compilation terminated.
[INFO] [stderr] warning: mlua-sys@0.13.0: ToolExecError: command did not execute successfully (status code exit status: 1): "c++" "-O0" "-ffunction-sections" "-fdata-sections" "-fPIC" "-g" "-gdwarf-4" "-fno-omit-frame-pointer" "-mno-omit-leaf-frame-pointer" "-m64" "-std=c++17" "-I" "/opt/rustwide/cargo-home/registry/src/index.crates.io-1949cf8c6b5b557f/luau0-src-0.22.0+luau740/luau/Common/include" "-I" "/opt/rustwide/cargo-home/registry/src/index.crates.io-1949cf8c6b5b557f/luau0-src-0.22.0+luau740/luau/CodeGen/include" "-I" "/opt/rustwide/cargo-home/registry/src/index.crates.io-1949cf8c6b5b557f/luau0-src-0.22.0+luau740/luau/VM/include" "-I" "/opt/rustwide/cargo-home/registry/src/index.crates.io-1949cf8c6b5b557f/luau0-src-0.22.0+luau740/luau/VM/src" "-w" "-DLUAI_MAXCSTACK=1000000" "-DLUA_VECTOR_SIZE=3" "-DLUA_API=extern \"C\"" "-DLUAU_ENABLE_ASSERT" "-DLUACODEGEN_API=extern \"C\"" "-o" "/opt/rustwide/target/debug/build/mlua-sys/c5542d9e9ad2491e/out/luau-build/a75e68ba1b191b31-CodeGenContext.o" "-c" "/opt/rustwide/cargo-home/registry/src/index.crates.io-1949cf8c6b5b557f/luau0-src-0.22.0+luau740/luau/CodeGen/src/CodeGenContext.cpp"
[INFO] [stderr] warning: mlua-sys@0.13.0: c++: fatal error: Killed signal terminated program cc1plus
[INFO] [stderr] warning: mlua-sys@0.13.0: compilation terminated.
[INFO] [stderr] warning: mlua-sys@0.13.0: ToolExecError: command did not execute successfully (status code exit status: 1): "c++" "-O0" "-ffunction-sections" "-fdata-sections" "-fPIC" "-g" "-gdwarf-4" "-fno-omit-frame-pointer" "-mno-omit-leaf-frame-pointer" "-m64" "-std=c++17" "-I" "/opt/rustwide/cargo-home/registry/src/index.crates.io-1949cf8c6b5b557f/luau0-src-0.22.0+luau740/luau/Common/include" "-I" "/opt/rustwide/cargo-home/registry/src/index.crates.io-1949cf8c6b5b557f/luau0-src-0.22.0+luau740/luau/CodeGen/include" "-I" "/opt/rustwide/cargo-home/registry/src/index.crates.io-1949cf8c6b5b557f/luau0-src-0.22.0+luau740/luau/VM/include" "-I" "/opt/rustwide/cargo-home/registry/src/index.crates.io-1949cf8c6b5b557f/luau0-src-0.22.0+luau740/luau/VM/src" "-w" "-DLUAI_MAXCSTACK=1000000" "-DLUA_VECTOR_SIZE=3" "-DLUA_API=extern \"C\"" "-DLUAU_ENABLE_ASSERT" "-DLUACODEGEN_API=extern \"C\"" "-o" "/opt/rustwide/target/debug/build/mlua-sys/c5542d9e9ad2491e/out/luau-build/a75e68ba1b191b31-CodeGenAssembly.o" "-c" "/opt/rustwide/cargo-home/registry/src/index.crates.io-1949cf8c6b5b557f/luau0-src-0.22.0+luau740/luau/CodeGen/src/CodeGenAssembly.cpp"
[INFO] [stderr] error: failed to run custom build command for `mlua-sys v0.13.0`
[INFO] [stderr] note: To improve backtraces for build dependencies, set the CARGO_PROFILE_DEV_BUILD_OVERRIDE_DEBUG=true environment variable to enable debug information generation.
[INFO] [stderr] 
[INFO] [stderr] Caused by:
[INFO] [stderr]   process didn't exit successfully: `/opt/rustwide/target/debug/build/mlua-sys/daaf8e7fbeb14e4d/out/build_script_main` (exit status: 1)
[INFO] [stderr]   --- stdout
[INFO] [stderr]   cargo:rerun-if-changed=build
[INFO] [stderr]   cargo:rerun-if-env-changed=LUAU_CXXFLAGS
[INFO] [stderr]   cargo:rerun-if-env-changed=LUAU_INCLUDE_DIRS
[INFO] [stderr]   exit status: 0
[INFO] [stderr]   exit status: 0
[INFO] [stderr]   exit status: 0
[INFO] [stderr]   exit status: 0
[INFO] [stderr]   exit status: 0
[INFO] [stderr]   exit status: 0
[INFO] [stderr]   exit status: 0
[INFO] [stderr]   exit status: 0
[INFO] [stderr]   exit status: 0
[INFO] [stderr]   exit status: 0
[INFO] [stderr]   exit status: 0
[INFO] [stderr]   exit status: 0
[INFO] [stderr]   exit status: 0
[INFO] [stderr]   exit status: 0
[INFO] [stderr]   exit status: 0
[INFO] [stderr]   exit status: 0
[INFO] [stderr]   exit status: 0
[INFO] [stderr]   exit status: 0
[INFO] [stderr]   cargo:warning=c++: fatal error: Killed signal terminated program cc1plus
[INFO] [stderr]   cargo:warning=compilation terminated.
[INFO] [stderr]   exit status: 1
[INFO] [stderr]   cargo:warning=ToolExecError: command did not execute successfully (status code exit status: 1): "c++" "-O0" "-ffunction-sections" "-fdata-sections" "-fPIC" "-g" "-gdwarf-4" "-fno-omit-frame-pointer" "-mno-omit-leaf-frame-pointer" "-m64" "-std=c++17" "-I" "/opt/rustwide/cargo-home/registry/src/index.crates.io-1949cf8c6b5b557f/luau0-src-0.22.0+luau740/luau/Common/include" "-I" "/opt/rustwide/cargo-home/registry/src/index.crates.io-1949cf8c6b5b557f/luau0-src-0.22.0+luau740/luau/CodeGen/include" "-I" "/opt/rustwide/cargo-home/registry/src/index.crates.io-1949cf8c6b5b557f/luau0-src-0.22.0+luau740/luau/VM/include" "-I" "/opt/rustwide/cargo-home/registry/src/index.crates.io-1949cf8c6b5b557f/luau0-src-0.22.0+luau740/luau/VM/src" "-w" "-DLUAI_MAXCSTACK=1000000" "-DLUA_VECTOR_SIZE=3" "-DLUA_API=extern \"C\"" "-DLUAU_ENABLE_ASSERT" "-DLUACODEGEN_API=extern \"C\"" "-o" "/opt/rustwide/target/debug/build/mlua-sys/c5542d9e9ad2491e/out/luau-build/a75e68ba1b191b31-CodeGenContext.o" "-c" "/opt/rustwide/cargo-home/registry/src/index.crates.io-1949cf8c6b5b557f/luau0-src-0.22.0+luau740/luau/CodeGen/src/CodeGenContext.cpp"
[INFO] [stderr]   cargo:warning=c++: fatal error: Killed signal terminated program cc1plus
[INFO] [stderr]   cargo:warning=compilation terminated.
[INFO] [stderr]   exit status: 1
[INFO] [stderr]   cargo:warning=ToolExecError: command did not execute successfully (status code exit status: 1): "c++" "-O0" "-ffunction-sections" "-fdata-sections" "-fPIC" "-g" "-gdwarf-4" "-fno-omit-frame-pointer" "-mno-omit-leaf-frame-pointer" "-m64" "-std=c++17" "-I" "/opt/rustwide/cargo-home/registry/src/index.crates.io-1949cf8c6b5b557f/luau0-src-0.22.0+luau740/luau/Common/include" "-I" "/opt/rustwide/cargo-home/registry/src/index.crates.io-1949cf8c6b5b557f/luau0-src-0.22.0+luau740/luau/CodeGen/include" "-I" "/opt/rustwide/cargo-home/registry/src/index.crates.io-1949cf8c6b5b557f/luau0-src-0.22.0+luau740/luau/VM/include" "-I" "/opt/rustwide/cargo-home/registry/src/index.crates.io-1949cf8c6b5b557f/luau0-src-0.22.0+luau740/luau/VM/src" "-w" "-DLUAI_MAXCSTACK=1000000" "-DLUA_VECTOR_SIZE=3" "-DLUA_API=extern \"C\"" "-DLUAU_ENABLE_ASSERT" "-DLUACODEGEN_API=extern \"C\"" "-o" "/opt/rustwide/target/debug/build/mlua-sys/c5542d9e9ad2491e/out/luau-build/a75e68ba1b191b31-CodeGenAssembly.o" "-c" "/opt/rustwide/cargo-home/registry/src/index.crates.io-1949cf8c6b5b557f/luau0-src-0.22.0+luau740/luau/CodeGen/src/CodeGenAssembly.cpp"
[INFO] [stderr]   exit status: 0
[INFO] [stderr]   exit status: 0
[INFO] [stderr]   exit status: 0
[INFO] [stderr]   exit status: 0
[INFO] [stderr]   exit status: 0
[INFO] [stderr]   exit status: 0
[INFO] [stderr]   exit status: 0
[INFO] [stderr]   exit status: 0
[INFO] [stderr]   exit status: 0
[INFO] [stderr]   exit status: 0
[INFO] [stderr]   exit status: 0
[INFO] [stderr]   exit status: 0
[INFO] [stderr]   exit status: 0
[INFO] [stderr]   exit status: 0
[INFO] [stderr]   exit status: 0
[INFO] [stderr]   exit status: 0
[INFO] [stderr]   exit status: 0
[INFO] [stderr]   exit status: 0
[INFO] [stderr]   exit status: 0
[INFO] [stderr]   exit status: 0
[INFO] [stderr]   exit status: 0
[INFO] [stderr]   exit status: 0
[INFO] [stderr]   exit status: 0
[INFO] [stderr]   exit status: 0
[INFO] [stderr] 
[INFO] [stderr]   --- stderr
[INFO] [stderr] 
[INFO] [stderr] 
[INFO] [stderr]   error occurred in cc-rs: command did not execute successfully (status code exit status: 1): "c++" "-O0" "-ffunction-sections" "-fdata-sections" "-fPIC" "-g" "-gdwarf-4" "-fno-omit-frame-pointer" "-mno-omit-leaf-frame-pointer" "-m64" "-std=c++17" "-I" "/opt/rustwide/cargo-home/registry/src/index.crates.io-1949cf8c6b5b557f/luau0-src-0.22.0+luau740/luau/Common/include" "-I" "/opt/rustwide/cargo-home/registry/src/index.crates.io-1949cf8c6b5b557f/luau0-src-0.22.0+luau740/luau/CodeGen/include" "-I" "/opt/rustwide/cargo-home/registry/src/index.crates.io-1949cf8c6b5b557f/luau0-src-0.22.0+luau740/luau/VM/include" "-I" "/opt/rustwide/cargo-home/registry/src/index.crates.io-1949cf8c6b5b557f/luau0-src-0.22.0+luau740/luau/VM/src" "-w" "-DLUAI_MAXCSTACK=1000000" "-DLUA_VECTOR_SIZE=3" "-DLUA_API=extern \"C\"" "-DLUAU_ENABLE_ASSERT" "-DLUACODEGEN_API=extern \"C\"" "-o" "/opt/rustwide/target/debug/build/mlua-sys/c5542d9e9ad2491e/out/luau-build/a75e68ba1b191b31-CodeGenAssembly.o" "-c" "/opt/rustwide/cargo-home/registry/src/index.crates.io-1949cf8c6b5b557f/luau0-src-0.22.0+luau740/luau/CodeGen/src/CodeGenAssembly.cpp"
[INFO] [stderr] 
[INFO] [stderr] 
[INFO] running `Command { std: "docker" "inspect" "bb6155ec669a3b70b1e16518bb448bf7c22206e27f3d4af9a6a68d63a43f42be", kill_on_drop: false }`
[INFO] running `Command { std: "docker" "rm" "-f" "bb6155ec669a3b70b1e16518bb448bf7c22206e27f3d4af9a6a68d63a43f42be", kill_on_drop: false }`
[INFO] [stdout] bb6155ec669a3b70b1e16518bb448bf7c22206e27f3d4af9a6a68d63a43f42be
