[INFO] cloning repository https://github.com/wundervrc/jam-gui
[INFO] running `Command { std: "git" "-c" "credential.helper=" "-c" "credential.helper=/workspace/cargo-home/bin/git-credential-null" "clone" "--bare" "https://github.com/wundervrc/jam-gui" "/workspace/cache/git-repos/https%3A%2F%2Fgithub.com%2Fwundervrc%2Fjam-gui", kill_on_drop: false }`
[INFO] [stderr] Cloning into bare repository '/workspace/cache/git-repos/https%3A%2F%2Fgithub.com%2Fwundervrc%2Fjam-gui'...
[INFO] running `Command { std: "git" "rev-parse" "HEAD", kill_on_drop: false }`
[INFO] [stdout] b0f982aa2b846c091cdfe686c2defc6584c1bc15
[INFO] checking wundervrc/jam-gui against 52995a223f2919dd3e2e427231db90a257350ded for pr-129249-4
[INFO] running `Command { std: "git" "clone" "/workspace/cache/git-repos/https%3A%2F%2Fgithub.com%2Fwundervrc%2Fjam-gui" "/workspace/builds/worker-4-tc2/source", kill_on_drop: false }`
[INFO] [stderr] Cloning into '/workspace/builds/worker-4-tc2/source'...
[INFO] [stderr] done.
[INFO] started tweaking git repo https://github.com/wundervrc/jam-gui
[INFO] finished tweaking git repo https://github.com/wundervrc/jam-gui
[INFO] tweaked toml for git repo https://github.com/wundervrc/jam-gui written to /workspace/builds/worker-4-tc2/source/Cargo.toml
[INFO] validating manifest of git repo https://github.com/wundervrc/jam-gui on toolchain 52995a223f2919dd3e2e427231db90a257350ded
[INFO] running `Command { std: CARGO_HOME="/workspace/cargo-home" RUSTUP_HOME="/workspace/rustup-home" "/workspace/cargo-home/bin/cargo" "+52995a223f2919dd3e2e427231db90a257350ded" "metadata" "--manifest-path" "Cargo.toml" "--no-deps", kill_on_drop: false }`
[INFO] crate git repo https://github.com/wundervrc/jam-gui already has a lockfile, it will not be regenerated
[INFO] running `Command { std: CARGO_HOME="/workspace/cargo-home" RUSTUP_HOME="/workspace/rustup-home" "/workspace/cargo-home/bin/cargo" "+52995a223f2919dd3e2e427231db90a257350ded" "fetch" "--manifest-path" "Cargo.toml", kill_on_drop: false }`
[INFO] running `Command { std: "docker" "create" "-v" "/var/lib/crater-agent-workspace/builds/worker-4-tc2/source:/opt/rustwide/workdir:ro,Z" "-v" "/var/lib/crater-agent-workspace/builds/worker-4-tc2/target:/opt/rustwide/target:rw,Z" "-v" "/var/lib/crater-agent-workspace/cargo-home:/opt/rustwide/cargo-home:ro,Z" "-v" "/var/lib/crater-agent-workspace/rustup-home:/opt/rustwide/rustup-home:ro,Z" "-m" "1610612736" "--network" "none" "ghcr.io/rust-lang/crates-build-env/linux@sha256:c0af3998e971868164375a7dfb646c9933ddd1a3bdb00fa2041266763dc1eeab" "sleep" "infinity", kill_on_drop: false }`
[INFO] [stdout] 1449d65922037d32e47c3af9f347fa459d57a06704a8d2db02ff6f9a76504bf9
[INFO] running `Command { std: "docker" "start" "1449d65922037d32e47c3af9f347fa459d57a06704a8d2db02ff6f9a76504bf9", kill_on_drop: false }`
[INFO] running `Command { std: "docker" "inspect" "1449d65922037d32e47c3af9f347fa459d57a06704a8d2db02ff6f9a76504bf9", kill_on_drop: false }`
[INFO] running `Command { std: "docker" "exec" "-e" "SOURCE_DIR=/opt/rustwide/workdir" "-e" "CARGO_HOME=/opt/rustwide/cargo-home" "-e" "RUSTUP_HOME=/opt/rustwide/rustup-home" "-e" "CARGO_TARGET_DIR=/opt/rustwide/target" "-w" "/opt/rustwide/workdir" "--user" "0:0" "1449d65922037d32e47c3af9f347fa459d57a06704a8d2db02ff6f9a76504bf9" "/opt/rustwide/cargo-home/bin/cargo" "+52995a223f2919dd3e2e427231db90a257350ded" "metadata" "--no-deps" "--format-version=1", kill_on_drop: false }`
[INFO] running `Command { std: "docker" "inspect" "1449d65922037d32e47c3af9f347fa459d57a06704a8d2db02ff6f9a76504bf9", kill_on_drop: false }`
[INFO] running `Command { std: "docker" "exec" "-e" "SOURCE_DIR=/opt/rustwide/workdir" "-e" "CARGO_HOME=/opt/rustwide/cargo-home" "-e" "RUSTUP_HOME=/opt/rustwide/rustup-home" "-e" "CARGO_TARGET_DIR=/opt/rustwide/target" "-e" "CARGO_INCREMENTAL=0" "-e" "RUST_BACKTRACE=full" "-e" "RUSTFLAGS=--cap-lints=forbid" "-e" "RUSTDOCFLAGS=--cap-lints=forbid" "-w" "/opt/rustwide/workdir" "--user" "0:0" "1449d65922037d32e47c3af9f347fa459d57a06704a8d2db02ff6f9a76504bf9" "/opt/rustwide/cargo-home/bin/cargo" "+52995a223f2919dd3e2e427231db90a257350ded" "check" "--frozen" "--all" "--all-targets" "--message-format=json", kill_on_drop: false }`
[INFO] [stderr]    Compiling proc-macro2 v1.0.107
[INFO] [stderr]    Compiling quote v1.0.47
[INFO] [stderr]    Compiling unicode-ident v1.0.26
[INFO] [stderr]     Checking cfg-if v1.0.5
[INFO] [stderr]    Compiling find-msvc-tools v0.1.13
[INFO] [stderr]     Checking bitflags v2.13.2
[INFO] [stderr]     Checking smallvec v1.16.1
[INFO] [stderr]    Compiling rustix v1.1.5
[INFO] [stderr]    Compiling memchr v2.8.3
[INFO] [stderr]     Checking libloading v0.8.9
[INFO] [stderr]    Compiling serde_core v1.0.229
[INFO] [stderr]    Compiling wayland-sys v0.31.11
[INFO] [stderr]     Checking dlib v0.5.3
[INFO] [stderr]    Compiling wayland-client v0.31.15
[INFO] [stderr]    Compiling cc v1.4.7
[INFO] [stderr]    Compiling crossbeam-utils v0.8.23
[INFO] [stderr]    Compiling khronos_api v3.1.0
[INFO] [stderr]     Checking getrandom v0.3.4
[INFO] [stderr]    Compiling winnow v1.0.4
[INFO] [stderr]    Compiling syn v3.0.6
[INFO] [stderr]    Compiling syn v2.0.119
[INFO] [stderr]    Compiling quick-xml v0.41.0
[INFO] [stderr]    Compiling wayland-backend v0.3.17
[INFO] [stderr]    Compiling hashbrown v0.17.1
[INFO] [stderr]    Compiling wayland-scanner v0.31.11
[INFO] [stderr]    Compiling xml-rs v0.8.29
[INFO] [stderr]    Compiling indexmap v2.14.2
[INFO] [stderr]    Compiling gl_generator v0.14.0
[INFO] [stderr]    Compiling toml_parser v1.1.3+spec-1.1.0
[INFO] [stderr]    Compiling glob v0.3.4
[INFO] [stderr]    Compiling toml_datetime v1.1.1+spec-1.1.0
[INFO] [stderr]    Compiling clang-sys v1.9.1
[INFO] [stderr]     Checking parking_lot_core v0.9.12
[INFO] [stderr]    Compiling aho-corasick v1.1.5
[INFO] [stderr]    Compiling toml_edit v0.25.15+spec-1.1.0
[INFO] [stderr]    Compiling x11-dl v2.21.0
[INFO] [stderr]    Compiling regex-syntax v0.8.11
[INFO] [stderr]    Compiling libc v0.2.189
[INFO] [stderr]     Checking xcursor v0.3.11
[INFO] [stderr]     Checking futures-io v0.3.34
[INFO] [stderr]     Checking simd-adler32 v0.3.10
[INFO] [stderr]    Compiling prettyplease v0.2.37
[INFO] [stderr]     Checking rustix v0.38.44
[INFO] [stderr]    Compiling proc-macro-crate v3.5.0
[INFO] [stderr]     Checking polling v3.11.0
[INFO] [stderr]     Checking parking_lot v0.12.5
[INFO] [stderr]     Checking ahash v0.8.12
[INFO] [stderr]    Compiling ring v0.17.14
[INFO] [stderr]     Checking concurrent-queue v2.5.0
[INFO] [stderr]     Checking form_urlencoded v1.2.2
[INFO] [stderr]     Checking event-listener v5.4.2
[INFO] [stderr]     Checking memmap2 v0.9.11
[INFO] [stderr]    Compiling synstructure v0.14.0
[INFO] [stderr]     Checking wayland-csd-frame v0.3.0
[INFO] [stderr]     Checking zeroize v1.9.0
[INFO] [stderr]     Checking ttf-parser v0.25.1
[INFO] [stderr]    Compiling crc32fast v1.5.2
[INFO] [stderr]    Compiling regex-automata v0.4.18
[INFO] [stderr]    Compiling nom v7.1.3
[INFO] [stderr]    Compiling tracing-attributes v0.1.31
[INFO] [stderr]    Compiling enumflags2_derive v0.7.12
[INFO] [stderr]     Checking wayland-protocols v0.32.13
[INFO] [stderr]    Compiling thiserror-impl v1.0.69
[INFO] [stderr]    Compiling zerofrom-derive v0.1.8
[INFO] [stderr]    Compiling yoke-derive v0.8.3
[INFO] [stderr]    Compiling serde_derive v1.0.229
[INFO] [stderr]    Compiling zerovec-derive v0.11.6
[INFO] [stderr]     Checking zerofrom v0.1.8
[INFO] [stderr]    Compiling displaydoc v0.2.7
[INFO] [stderr]    Compiling bytemuck_derive v1.12.1
[INFO] [stderr]     Checking tracing v0.1.44
[INFO] [stderr]     Checking thiserror v1.0.69
[INFO] [stderr]     Checking wayland-cursor v0.31.14
[INFO] [stderr]     Checking yoke v0.8.3
[INFO] [stderr]     Checking calloop v0.13.0
[INFO] [stderr]     Checking owned_ttf_parser v0.25.1
[INFO] [stderr]    Compiling regex v1.13.1
[INFO] [stderr]     Checking zerotrie v0.2.5
[INFO] [stderr]    Compiling thiserror-impl v2.0.20
[INFO] [stderr]     Checking zerovec v0.11.8
[INFO] [stderr]     Checking rustls-pki-types v1.15.1
[INFO] [stderr]     Checking event-listener-strategy v0.5.4
[INFO] [stderr]     Checking bytemuck v1.25.2
[INFO] [stderr]     Checking gethostname v1.1.0
[INFO] [stderr]     Checking emath v0.29.1
[INFO] [stderr]     Checking tinystr v0.8.4
[INFO] [stderr]     Checking icu_locale_core v2.3.0
[INFO] [stderr]     Checking potential_utf v0.1.6
[INFO] [stderr]     Checking icu_collections v2.3.0
[INFO] [stderr]     Checking futures-lite v2.6.1
[INFO] [stderr]     Checking ab_glyph_rasterizer v0.1.10
[INFO] [stderr]     Checking as-raw-xcb-connection v1.0.1
[INFO] [stderr]    Compiling bindgen v0.71.1
[INFO] [stderr]     Checking icu_provider v2.3.1
[INFO] [stderr]     Checking x11rb-protocol v0.13.2
[INFO] [stderr]     Checking icu_normalizer v2.3.0
[INFO] [stderr]     Checking icu_properties v2.3.0
[INFO] [stderr]    Compiling crossbeam-epoch v0.9.21
[INFO] [stderr]    Compiling either v1.18.0
[INFO] [stderr]     Checking typenum v1.20.1
[INFO] [stderr]    Compiling serde v1.0.229
[INFO] [stderr]    Compiling itertools v0.13.0
[INFO] [stderr]    Compiling zvariant_utils v4.2.0
[INFO] [stderr]     Checking ab_glyph v0.2.32
[INFO] [stderr]     Checking thiserror v2.0.20
[INFO] [stderr]     Checking ecolor v0.29.1
[INFO] [stderr]     Checking idna_adapter v1.2.2
[INFO] [stderr]     Checking wayland-protocols-wlr v0.3.12
[INFO] [stderr]     Checking idna v1.1.0
[INFO] [stderr]     Checking calloop-wayland-source v0.3.0
[INFO] [stderr]     Checking calloop v0.14.4
[INFO] [stderr]     Checking url v2.5.8
[INFO] [stderr]    Compiling cexpr v0.6.0
[INFO] [stderr]     Checking hybrid-array v0.4.15
[INFO] [stderr]    Compiling zvariant_derive v5.15.0
[INFO] [stderr]     Checking miniz_oxide v0.9.1
[INFO] [stderr]    Compiling cpp_common v0.5.11
[INFO] [stderr]    Compiling glutin_glx_sys v0.6.1
[INFO] [stderr]    Compiling glutin_egl_sys v0.7.1
[INFO] [stderr]    Compiling winit v0.30.13
[INFO] [stderr]    Compiling async-io v2.6.0
[INFO] [stderr]    Compiling num-traits v0.2.19
[INFO] [stderr]     Checking getrandom v0.2.17
[INFO] [stderr]     Checking nohash-hasher v0.2.0
[INFO] [stderr]     Checking epaint_default_fonts v0.29.1
[INFO] [stderr]    Compiling rustc-hash v2.1.3
[INFO] [stderr]    Compiling smithay-client-toolkit v0.20.0
[INFO] [stderr]    Compiling crossbeam-deque v0.8.8
[INFO] [stderr]     Checking epaint v0.29.1
[INFO] [stderr]     Checking smithay-client-toolkit v0.19.2
[INFO] [stderr]     Checking flate2 v1.1.10
[INFO] [stderr]    Compiling cpp_build v0.5.11
[INFO] [stderr]     Checking calloop-wayland-source v0.4.1
[INFO] [stderr]     Checking wayland-protocols-plasma v0.3.12
[INFO] [stderr]     Checking wayland-protocols-misc v0.3.12
[INFO] [stderr]     Checking wayland-protocols-experimental v20250721.0.1
[INFO] [stderr]    Compiling enumflags2 v0.7.12
[INFO] [stderr]    Compiling zcheapstr v1.1.0
[INFO] [stderr]     Checking xkbcommon-dl v0.4.2
[INFO] [stderr]    Compiling cmake v0.1.58
[INFO] [stderr]    Compiling glutin v0.32.3
[INFO] [stderr]    Compiling memoffset v0.9.1
[INFO] [stderr]    Compiling endi v1.1.1
[INFO] [stderr]     Checking dpi v0.1.2
[INFO] [stderr]     Checking smol_str v0.2.2
[INFO] [stderr]    Compiling rustls v0.23.45
[INFO] [stderr]    Compiling zvariant v5.15.0
[INFO] [stderr]     Checking rustls-webpki v0.103.15
[INFO] [stderr]     Checking egui v0.29.1
[INFO] [stderr]     Checking crypto-common v0.2.2
[INFO] [stderr]     Checking block-buffer v0.12.1
[INFO] [stderr]     Checking webpki-roots v1.0.9
[INFO] [stderr]     Checking async-channel v2.5.0
[INFO] [stderr]     Checking miniz_oxide v0.8.9
[INFO] [stderr]     Checking fdeflate v0.3.7
[INFO] [stderr]    Compiling glutin-winit v0.5.0
[INFO] [stderr]     Checking const-oid v0.10.2
[INFO] [stderr]     Checking pxfm v0.1.30
[INFO] [stderr]     Checking digest v0.11.3
[INFO] [stderr]     Checking png v0.18.1
[INFO] [stderr]     Checking piper v0.2.5
[INFO] [stderr]    Compiling zbus_names v4.3.4
[INFO] [stderr]     Checking webpki-roots v0.26.11
[INFO] [stderr]     Checking async-signal v0.2.14
[INFO] [stderr]     Checking smithay-clipboard v0.7.3
[INFO] [stderr]     Checking rayon-core v1.13.0
[INFO] [stderr]     Checking getrandom v0.4.3
[INFO] [stderr]     Checking chacha20 v0.10.2
[INFO] [stderr]     Checking webbrowser v1.2.4
[INFO] [stderr]     Checking async-lock v3.4.2
[INFO] [stderr]    Compiling derive_more-impl v2.1.1
[INFO] [stderr]     Checking rand_core v0.9.5
[INFO] [stderr]     Checking ppv-lite86 v0.2.21
[INFO] [stderr]     Checking glow v0.14.2
[INFO] [stderr]     Checking web-time v1.1.0
[INFO] [stderr]     Checking rand_chacha v0.9.0
[INFO] [stderr]     Checking moxcms v0.8.1
[INFO] [stderr]     Checking rayon v1.12.0
[INFO] [stderr]     Checking http v1.5.0
[INFO] [stderr]    Compiling datachannel-sys v0.23.0+0.23.2
[INFO] [stderr]     Checking x11rb v0.13.2
[INFO] [stderr]     Checking derive_more v2.1.1
[INFO] [stderr]     Checking async-process v2.5.0
[INFO] [stderr]     Checking rand v0.10.3
[INFO] [stderr]     Checking serde_json v1.0.151
[INFO] [stderr]     Checking egui_glow v0.29.1
[INFO] [stderr]    Compiling zbus_macros v5.19.0
[INFO] [stderr]     Checking blocking v1.7.0
[INFO] [stderr]     Checking sha1 v0.11.0
[INFO] [stderr]     Checking async-executor v1.14.0
[INFO] [stderr]     Checking webrtc-sdp v0.3.15
[INFO] [stderr]     Checking async-broadcast v0.7.2
[INFO] [stderr]    Compiling serde_repr v0.1.21
[INFO] [stderr]    Compiling async-trait v0.1.92
[INFO] [stderr]     Checking arboard v3.6.1
[INFO] [stderr]    Compiling async-recursion v1.1.1
[INFO] [stderr]     Checking uuid v1.26.1
[INFO] [stderr]     Checking ordered-stream v0.2.0
[INFO] [stderr]     Checking data-encoding v2.11.1
[INFO] [stderr]     Checking ureq v2.12.1
[INFO] [stderr]     Checking sysinfo v0.33.1
[INFO] [stderr]     Checking tungstenite v0.30.0
[INFO] [stderr]     Checking rand v0.9.5
[INFO] [stderr]     Checking image v0.25.10
[INFO] [stderr]     Checking zbus v5.19.0
[INFO] [stderr]     Checking egui-winit v0.29.1
[INFO] [stderr]     Checking eframe v0.29.1
[INFO] [stderr] error: failed to run custom build command for `datachannel-sys v0.23.0+0.23.2`
[INFO] [stderr] note: To improve backtraces for build dependencies, set the CARGO_PROFILE_DEV_BUILD_OVERRIDE_DEBUG=true environment variable to enable debug information generation.
[INFO] [stderr] 
[INFO] [stderr] Caused by:
[INFO] [stderr]   process didn't exit successfully: `/opt/rustwide/target/debug/build/datachannel-sys/b071b1e60a95f0a6/out/build_script_build` (exit status: 101)
[INFO] [stderr]   --- stdout
[INFO] [stderr]   cargo:rerun-if-env-changed=OPENSSL_ROOT_DIR
[INFO] [stderr]   cargo:rerun-if-env-changed=OPENSSL_LIBRARIES
[INFO] [stderr]   CMAKE_TOOLCHAIN_FILE_x86_64-unknown-linux-gnu = None
[INFO] [stderr]   CMAKE_TOOLCHAIN_FILE_x86_64_unknown_linux_gnu = None
[INFO] [stderr]   HOST_CMAKE_TOOLCHAIN_FILE = None
[INFO] [stderr]   CMAKE_TOOLCHAIN_FILE = None
[INFO] [stderr]   CMAKE_GENERATOR_x86_64-unknown-linux-gnu = None
[INFO] [stderr]   CMAKE_GENERATOR_x86_64_unknown_linux_gnu = None
[INFO] [stderr]   HOST_CMAKE_GENERATOR = None
[INFO] [stderr]   CMAKE_GENERATOR = None
[INFO] [stderr]   CMAKE_PREFIX_PATH_x86_64-unknown-linux-gnu = None
[INFO] [stderr]   CMAKE_PREFIX_PATH_x86_64_unknown_linux_gnu = None
[INFO] [stderr]   HOST_CMAKE_PREFIX_PATH = None
[INFO] [stderr]   CMAKE_PREFIX_PATH = None
[INFO] [stderr]   CMAKE_x86_64-unknown-linux-gnu = None
[INFO] [stderr]   CMAKE_x86_64_unknown_linux_gnu = None
[INFO] [stderr]   HOST_CMAKE = None
[INFO] [stderr]   CMAKE = None
[INFO] [stderr]   -- The CXX compiler identification is GNU 15.2.0
[INFO] [stderr]   -- Detecting CXX compiler ABI info
[INFO] [stderr]   -- Detecting CXX compiler ABI info - done
[INFO] [stderr]   -- Check for working CXX compiler: /usr/bin/c++ - skipped
[INFO] [stderr]   -- Detecting CXX compile features
[INFO] [stderr]   -- Detecting CXX compile features - done
[INFO] [stderr]   -- Performing Test CMAKE_HAVE_LIBC_PTHREAD
[INFO] [stderr]   -- Performing Test CMAKE_HAVE_LIBC_PTHREAD - Success
[INFO] [stderr]   -- Found Threads: TRUE
[INFO] [stderr]   -- The C compiler identification is GNU 15.2.0
[INFO] [stderr]   -- Detecting C compiler ABI info
[INFO] [stderr]   -- Detecting C compiler ABI info - done
[INFO] [stderr]   -- Check for working C compiler: /usr/bin/cc - skipped
[INFO] [stderr]   -- Detecting C compile features
[INFO] [stderr]   -- Detecting C compile features - done
[INFO] [stderr]   -- Looking for include file sys/queue.h
[INFO] [stderr]   -- Looking for include file sys/queue.h - found
[INFO] [stderr]   -- Looking for include files sys/socket.h, linux/if_addr.h
[INFO] [stderr]   -- Looking for include files sys/socket.h, linux/if_addr.h - found
[INFO] [stderr]   -- Looking for include files sys/socket.h, linux/rtnetlink.h
[INFO] [stderr]   -- Looking for include files sys/socket.h, linux/rtnetlink.h - found
[INFO] [stderr]   -- Looking for 4 include files sys/types.h, ..., netinet/ip_icmp.h
[INFO] [stderr]   -- Looking for 4 include files sys/types.h, ..., netinet/ip_icmp.h - found
[INFO] [stderr]   -- Looking for 3 include files sys/types.h, ..., net/route.h
[INFO] [stderr]   -- Looking for 3 include files sys/types.h, ..., net/route.h - found
[INFO] [stderr]   -- Looking for include file stdatomic.h
[INFO] [stderr]   -- Looking for include file stdatomic.h - found
[INFO] [stderr]   -- Looking for usrsctp.h
[INFO] [stderr]   -- Looking for usrsctp.h - found
[INFO] [stderr]   -- Performing Test have_sa_len
[INFO] [stderr]   -- Performing Test have_sa_len - Failed
[INFO] [stderr]   -- Performing Test have_sin_len
[INFO] [stderr]   -- Performing Test have_sin_len - Failed
[INFO] [stderr]   -- Performing Test have_sin6_len
[INFO] [stderr]   -- Performing Test have_sin6_len - Failed
[INFO] [stderr]   -- Performing Test have_sconn_len
[INFO] [stderr]   -- Performing Test have_sconn_len - Failed
[INFO] [stderr]   -- Performing Test has_wfloat_equal
[INFO] [stderr]   -- Performing Test has_wfloat_equal - Success
[INFO] [stderr]   -- Performing Test has_wshadow
[INFO] [stderr]   -- Performing Test has_wshadow - Success
[INFO] [stderr]   -- Performing Test has_wpointer_aritih
[INFO] [stderr]   -- Performing Test has_wpointer_aritih - Success
[INFO] [stderr]   -- Performing Test has_wunreachable_code
[INFO] [stderr]   -- Performing Test has_wunreachable_code - Success
[INFO] [stderr]   -- Performing Test has_winit_self
[INFO] [stderr]   -- Performing Test has_winit_self - Success
[INFO] [stderr]   -- Performing Test has_wno_unused_function
[INFO] [stderr]   -- Performing Test has_wno_unused_function - Success
[INFO] [stderr]   -- Performing Test has_wno_unused_parameter
[INFO] [stderr]   -- Performing Test has_wno_unused_parameter - Success
[INFO] [stderr]   -- Performing Test has_wno_unreachable_code
[INFO] [stderr]   -- Performing Test has_wno_unreachable_code - Success
[INFO] [stderr]   -- Performing Test has_wstrict_prototypes
[INFO] [stderr]   -- Performing Test has_wstrict_prototypes - Success
[INFO] [stderr]   -- Compiler flags (CMAKE_C_FLAGS):  -ffunction-sections -fdata-sections -fPIC -m64 -w -std=c99 -pedantic -Wall -Wextra -Wfloat-equal -Wshadow -Wpointer-arith -Wunreachable-code -Winit-self -Wno-unused-function -Wno-unused-parameter -Wno-unreachable-code -Wstrict-prototypes
[INFO] [stderr]   -- Performing Test has_wno_address_of_packed_member
[INFO] [stderr]   -- Performing Test has_wno_address_of_packed_member - Success
[INFO] [stderr]   -- Performing Test has_wno_deprecated_declarations
[INFO] [stderr]   -- Performing Test has_wno_deprecated_declarations - Success
[INFO] [stderr]   -- Found OpenSSL: /usr/lib/x86_64-linux-gnu/libcrypto.so (found version "3.5.5")
[INFO] [stderr]   -- Configuring done (21.2s)
[INFO] [stderr]   -- Generating done (0.2s)
[INFO] [stderr]   -- Build files have been written to: /opt/rustwide/target/debug/build/datachannel-sys/8ce959cc80c3cad0/out/build
[INFO] [stderr]   [  0%] Building C object deps/libjuice/CMakeFiles/juice-static.dir/src/const_time.c.o
[INFO] [stderr]   [  2%] Building C object deps/libjuice/CMakeFiles/juice-static.dir/src/crc32.c.o
[INFO] [stderr]   [  4%] Building C object deps/libjuice/CMakeFiles/juice-static.dir/src/addr.c.o
[INFO] [stderr]   [  4%] Building C object deps/usrsctp/usrsctplib/CMakeFiles/usrsctp.dir/netinet/sctp_asconf.c.o
[INFO] [stderr]   [  4%] Building C object deps/libjuice/CMakeFiles/juice-static.dir/src/agent.c.o
[INFO] [stderr]   [  4%] Building C object deps/libjuice/CMakeFiles/juice-static.dir/src/conn.c.o
[INFO] [stderr]   [  6%] Building C object deps/libjuice/CMakeFiles/juice-static.dir/src/conn_poll.c.o
[INFO] [stderr]   [  6%] Building C object deps/usrsctp/usrsctplib/CMakeFiles/usrsctp.dir/netinet/sctp_bsd_addr.c.o
[INFO] [stderr]   [  8%] Building C object deps/usrsctp/usrsctplib/CMakeFiles/usrsctp.dir/netinet/sctp_auth.c.o
[INFO] [stderr]   [  8%] Building C object deps/libjuice/CMakeFiles/juice-static.dir/src/conn_thread.c.o
[INFO] [stderr]   [ 10%] Building C object deps/libjuice/CMakeFiles/juice-static.dir/src/conn_mux.c.o
[INFO] [stderr]   [ 10%] Building C object deps/libjuice/CMakeFiles/juice-static.dir/src/base64.c.o
[INFO] [stderr]   [ 12%] Building C object deps/libjuice/CMakeFiles/juice-static.dir/src/hash.c.o
[INFO] [stderr]   [ 14%] Building C object deps/usrsctp/usrsctplib/CMakeFiles/usrsctp.dir/netinet/sctp_callout.c.o
[INFO] [stderr]   [ 14%] Building C object deps/libjuice/CMakeFiles/juice-static.dir/src/hmac.c.o
[INFO] [stderr]   [ 14%] Building C object deps/libjuice/CMakeFiles/juice-static.dir/src/ice.c.o
[INFO] [stderr]   [ 16%] Building C object deps/libjuice/CMakeFiles/juice-static.dir/src/juice.c.o
[INFO] [stderr]   [ 16%] Building C object deps/usrsctp/usrsctplib/CMakeFiles/usrsctp.dir/netinet/sctp_cc_functions.c.o
[INFO] [stderr]   [ 18%] Building C object deps/usrsctp/usrsctplib/CMakeFiles/usrsctp.dir/netinet/sctp_crc32.c.o
[INFO] [stderr]   [ 18%] Building C object deps/libjuice/CMakeFiles/juice-static.dir/src/log.c.o
[INFO] [stderr]   [ 18%] Building C object deps/usrsctp/usrsctplib/CMakeFiles/usrsctp.dir/netinet/sctp_indata.c.o
[INFO] [stderr]   [ 18%] Building C object deps/usrsctp/usrsctplib/CMakeFiles/usrsctp.dir/netinet/sctp_input.c.o
[INFO] [stderr]   [ 20%] Building C object deps/libjuice/CMakeFiles/juice-static.dir/src/random.c.o
[INFO] [stderr]   [ 22%] Building C object deps/usrsctp/usrsctplib/CMakeFiles/usrsctp.dir/netinet/sctp_output.c.o
[INFO] [stderr]   [ 22%] Building C object deps/libjuice/CMakeFiles/juice-static.dir/src/server.c.o
[INFO] [stderr]   [ 25%] Building C object deps/libjuice/CMakeFiles/juice-static.dir/src/stun.c.o
[INFO] [stderr]   [ 25%] Building C object deps/libjuice/CMakeFiles/juice-static.dir/src/timestamp.c.o
[INFO] [stderr]   [ 27%] Building C object deps/libjuice/CMakeFiles/juice-static.dir/src/turn.c.o
[INFO] [stderr]   [ 27%] Building C object deps/libjuice/CMakeFiles/juice-static.dir/src/udp.c.o
[INFO] [stderr]   [ 27%] Building C object deps/usrsctp/usrsctplib/CMakeFiles/usrsctp.dir/netinet/sctp_pcb.c.o
[INFO] [stderr]   [ 29%] Building C object deps/usrsctp/usrsctplib/CMakeFiles/usrsctp.dir/netinet/sctp_peeloff.c.o
[INFO] [stderr]   [ 29%] Building C object deps/usrsctp/usrsctplib/CMakeFiles/usrsctp.dir/netinet/sctp_sha1.c.o
[INFO] [stderr]   [ 31%] Building C object deps/usrsctp/usrsctplib/CMakeFiles/usrsctp.dir/netinet/sctp_ss_functions.c.o
[INFO] [stderr]   [ 31%] Building C object deps/usrsctp/usrsctplib/CMakeFiles/usrsctp.dir/netinet/sctp_sysctl.c.o
[INFO] [stderr]   [ 33%] Building C object deps/usrsctp/usrsctplib/CMakeFiles/usrsctp.dir/netinet/sctp_timer.c.o
[INFO] [stderr]   [ 33%] Linking C static library libjuice-static.a
[INFO] [stderr]   [ 33%] Building C object deps/usrsctp/usrsctplib/CMakeFiles/usrsctp.dir/netinet/sctp_userspace.c.o
[INFO] [stderr]   [ 33%] Building C object deps/usrsctp/usrsctplib/CMakeFiles/usrsctp.dir/netinet/sctp_usrreq.c.o
[INFO] [stderr]   [ 33%] Built target juice-static
[INFO] [stderr]   [ 33%] Building C object deps/usrsctp/usrsctplib/CMakeFiles/usrsctp.dir/netinet6/sctp6_usrreq.c.o
[INFO] [stderr]   [ 35%] Building C object deps/usrsctp/usrsctplib/CMakeFiles/usrsctp.dir/netinet/sctputil.c.o
[INFO] [stderr]   [ 37%] Building C object deps/usrsctp/usrsctplib/CMakeFiles/usrsctp.dir/user_environment.c.o
[INFO] [stderr]   [ 37%] Building C object deps/usrsctp/usrsctplib/CMakeFiles/usrsctp.dir/user_mbuf.c.o
[INFO] [stderr]   [ 39%] Building C object deps/usrsctp/usrsctplib/CMakeFiles/usrsctp.dir/user_recv_thread.c.o
[INFO] [stderr]   [ 39%] Building C object deps/usrsctp/usrsctplib/CMakeFiles/usrsctp.dir/user_socket.c.o
[INFO] [stderr]   [ 41%] Linking C static library libusrsctp.a
[INFO] [stderr]   [ 41%] Built target usrsctp
[INFO] [stderr]   [ 43%] Building CXX object CMakeFiles/datachannel-static.dir/src/configuration.cpp.o
[INFO] [stderr]   [ 45%] Building CXX object CMakeFiles/datachannel-static.dir/src/candidate.cpp.o
[INFO] [stderr]   [ 45%] Building CXX object CMakeFiles/datachannel-static.dir/src/dependencydescriptor.cpp.o
[INFO] [stderr]   [ 45%] Building CXX object CMakeFiles/datachannel-static.dir/src/datachannel.cpp.o
[INFO] [stderr]   [ 45%] Building CXX object CMakeFiles/datachannel-static.dir/src/channel.cpp.o
[INFO] [stderr]   [ 47%] Building CXX object CMakeFiles/datachannel-static.dir/src/description.cpp.o
[INFO] [stderr]   [ 47%] Building CXX object CMakeFiles/datachannel-static.dir/src/iceudpmuxlistener.cpp.o
[INFO] [stderr]   [ 50%] Building CXX object CMakeFiles/datachannel-static.dir/src/mediahandler.cpp.o
[INFO] [stderr]   [ 50%] Building CXX object CMakeFiles/datachannel-static.dir/src/global.cpp.o
[INFO] [stderr]   [ 52%] Building CXX object CMakeFiles/datachannel-static.dir/src/message.cpp.o
[INFO] [stderr]   [ 52%] Building CXX object CMakeFiles/datachannel-static.dir/src/peerconnection.cpp.o
[INFO] [stderr]   [ 54%] Building CXX object CMakeFiles/datachannel-static.dir/src/rtcpreceivingsession.cpp.o
[INFO] [stderr]   [ 54%] Building CXX object CMakeFiles/datachannel-static.dir/src/track.cpp.o
[INFO] [stderr]   [ 54%] Building CXX object CMakeFiles/datachannel-static.dir/src/websocket.cpp.o
[INFO] [stderr]   [ 56%] Building CXX object CMakeFiles/datachannel-static.dir/src/websocketserver.cpp.o
[INFO] [stderr]   [ 56%] Building CXX object CMakeFiles/datachannel-static.dir/src/rtppacketizationconfig.cpp.o
[INFO] [stderr]   [ 58%] Building CXX object CMakeFiles/datachannel-static.dir/src/rtcpsrreporter.cpp.o
[INFO] [stderr]   [ 58%] Building CXX object CMakeFiles/datachannel-static.dir/src/rtppacketizer.cpp.o
[INFO] [stderr]   [ 60%] Building CXX object CMakeFiles/datachannel-static.dir/src/rtpdepacketizer.cpp.o
[INFO] [stderr]   [ 60%] Building CXX object CMakeFiles/datachannel-static.dir/src/h264rtppacketizer.cpp.o
[INFO] [stderr]   [ 62%] Building CXX object CMakeFiles/datachannel-static.dir/src/h264rtpdepacketizer.cpp.o
[INFO] [stderr]   [ 62%] Building CXX object CMakeFiles/datachannel-static.dir/src/nalunit.cpp.o
[INFO] [stderr]   [ 62%] Building CXX object CMakeFiles/datachannel-static.dir/src/h265rtppacketizer.cpp.o
[INFO] [stderr]   [ 64%] Building CXX object CMakeFiles/datachannel-static.dir/src/h265rtpdepacketizer.cpp.o
[INFO] [stderr]   [ 64%] Building CXX object CMakeFiles/datachannel-static.dir/src/h265nalunit.cpp.o
[INFO] [stderr]   [ 66%] Building CXX object CMakeFiles/datachannel-static.dir/src/av1rtppacketizer.cpp.o
[INFO] [stderr]   [ 66%] Building CXX object CMakeFiles/datachannel-static.dir/src/rtcpnackresponder.cpp.o
[INFO] [stderr]   [ 68%] Building CXX object CMakeFiles/datachannel-static.dir/src/rtp.cpp.o
[INFO] [stderr]   [ 68%] Building CXX object CMakeFiles/datachannel-static.dir/src/capi.cpp.o
[INFO] [stderr]   [ 70%] Building CXX object CMakeFiles/datachannel-static.dir/src/plihandler.cpp.o
[INFO] [stderr]   [ 70%] Building CXX object CMakeFiles/datachannel-static.dir/src/pacinghandler.cpp.o
[INFO] [stderr]   [ 70%] Building CXX object CMakeFiles/datachannel-static.dir/src/rembhandler.cpp.o
[INFO] [stderr]   [ 72%] Building CXX object CMakeFiles/datachannel-static.dir/src/impl/certificate.cpp.o
[INFO] [stderr]   [ 72%] Building CXX object CMakeFiles/datachannel-static.dir/src/impl/channel.cpp.o
[INFO] [stderr]   [ 75%] Building CXX object CMakeFiles/datachannel-static.dir/src/impl/datachannel.cpp.o
[INFO] [stderr]   [ 75%] Building CXX object CMakeFiles/datachannel-static.dir/src/impl/dtlssrtptransport.cpp.o
[INFO] [stderr]   [ 77%] Building CXX object CMakeFiles/datachannel-static.dir/src/impl/dtlstransport.cpp.o
[INFO] [stderr]   [ 77%] Building CXX object CMakeFiles/datachannel-static.dir/src/impl/icetransport.cpp.o
[INFO] [stderr]   [ 79%] Building CXX object CMakeFiles/datachannel-static.dir/src/impl/iceudpmuxlistener.cpp.o
[INFO] [stderr]   [ 79%] Building CXX object CMakeFiles/datachannel-static.dir/src/impl/init.cpp.o
[INFO] [stderr]   [ 79%] Building CXX object CMakeFiles/datachannel-static.dir/src/impl/peerconnection.cpp.o
[INFO] [stderr]   [ 81%] Building CXX object CMakeFiles/datachannel-static.dir/src/impl/logcounter.cpp.o
[INFO] [stderr]   [ 81%] Building CXX object CMakeFiles/datachannel-static.dir/src/impl/sctptransport.cpp.o
[INFO] [stderr]   [ 83%] Building CXX object CMakeFiles/datachannel-static.dir/src/impl/threadpool.cpp.o
[INFO] [stderr] 
[INFO] [stderr]   --- stderr
[INFO] [stderr]   running: cd "/opt/rustwide/target/debug/build/datachannel-sys/8ce959cc80c3cad0/out/build" && CMAKE_PREFIX_PATH="" LC_ALL="C" "cmake" "/opt/rustwide/cargo-home/registry/src/index.crates.io-1949cf8c6b5b557f/datachannel-sys-0.23.0+0.23.2/libdatachannel" "-B" "/opt/rustwide/target/debug/build/datachannel-sys/8ce959cc80c3cad0/out/build" "-DCMAKE_POLICY_VERSION_MINIMUM=3.5" "-DNO_WEBSOCKET=ON" "-DNO_EXAMPLES=ON" "-DNO_MEDIA=ON" "-DCMAKE_INSTALL_PREFIX=/opt/rustwide/target/debug/build/datachannel-sys/8ce959cc80c3cad0/out" "-DCMAKE_C_FLAGS= -ffunction-sections -fdata-sections -fPIC -m64 -w" "-DCMAKE_C_COMPILER=/usr/bin/cc" "-DCMAKE_CXX_FLAGS= -ffunction-sections -fdata-sections -fPIC -m64 -w" "-DCMAKE_CXX_COMPILER=/usr/bin/c++" "-DCMAKE_ASM_FLAGS= -ffunction-sections -fdata-sections -fPIC -m64 -w" "-DCMAKE_ASM_COMPILER=/usr/bin/cc" "-DCMAKE_BUILD_TYPE=Debug"
[INFO] [stderr]   CMake Warning:
[INFO] [stderr]     Manually-specified variables were not used by the project:
[INFO] [stderr] 
[INFO] [stderr]       CMAKE_ASM_COMPILER
[INFO] [stderr]       CMAKE_ASM_FLAGS
[INFO] [stderr] 
[INFO] [stderr] 
[INFO] [stderr]   running: cd "/opt/rustwide/target/debug/build/datachannel-sys/8ce959cc80c3cad0/out/build" && LC_ALL="C" MAKEFLAGS="-j --jobserver-fds=4,5 --jobserver-auth=4,5" "cmake" "--build" "/opt/rustwide/target/debug/build/datachannel-sys/8ce959cc80c3cad0/out/build" "--target" "datachannel-static" "--config" "Debug"
[INFO] [stderr]   c++: fatal error: Killed signal terminated program cc1plus
[INFO] [stderr]   compilation terminated.
[INFO] [stderr]   gmake[3]: *** [CMakeFiles/datachannel-static.dir/build.make:555: CMakeFiles/datachannel-static.dir/src/impl/datachannel.cpp.o] Error 1
[INFO] [stderr]   gmake[3]: *** Waiting for unfinished jobs....
[INFO] [stderr]   gmake[2]: *** [CMakeFiles/Makefile2:211: CMakeFiles/datachannel-static.dir/all] Error 2
[INFO] [stderr]   gmake[1]: *** [CMakeFiles/Makefile2:218: CMakeFiles/datachannel-static.dir/rule] Error 2
[INFO] [stderr]   gmake: *** [Makefile:182: datachannel-static] Error 2
[INFO] [stderr] 
[INFO] [stderr]   thread 'main' (2181) panicked at /opt/rustwide/cargo-home/registry/src/index.crates.io-1949cf8c6b5b557f/cmake-0.1.58/src/lib.rs:1132:5:
[INFO] [stderr] 
[INFO] [stderr]   command did not execute successfully, got: exit status: 2
[INFO] [stderr] 
[INFO] [stderr]   build script failed, must exit now
[INFO] [stderr]   stack backtrace:
[INFO] [stderr]      0:     0x614fd258f6f1 - std[bca62e6543d808ff]::backtrace_rs::backtrace::libunwind::trace
[INFO] [stderr]                                  at /rustc/52995a223f2919dd3e2e427231db90a257350ded/library/std/src/../../backtrace/src/backtrace/libunwind.rs:117:9
[INFO] [stderr]      1:     0x614fd258f6f1 - std[bca62e6543d808ff]::backtrace_rs::backtrace::trace_unsynchronized::<std[bca62e6543d808ff]::sys::backtrace::_print_fmt::{closure#1}>
[INFO] [stderr]                                  at /rustc/52995a223f2919dd3e2e427231db90a257350ded/library/std/src/../../backtrace/src/backtrace/mod.rs:66:14
[INFO] [stderr]      2:     0x614fd258f6f1 - std[bca62e6543d808ff]::sys::backtrace::_print_fmt
[INFO] [stderr]                                  at /rustc/52995a223f2919dd3e2e427231db90a257350ded/library/std/src/sys/backtrace.rs:74:9
[INFO] [stderr]      3:     0x614fd258f6f1 - <<std[bca62e6543d808ff]::sys::backtrace::BacktraceLock>::print::DisplayBacktrace as core[13e665e57e4fab27]::fmt::Display>::fmt
[INFO] [stderr]                                  at /rustc/52995a223f2919dd3e2e427231db90a257350ded/library/std/src/sys/backtrace.rs:44:26
[INFO] [stderr]      4:     0x614fd25a811a - <core[13e665e57e4fab27]::fmt::rt::Argument>::fmt
[INFO] [stderr]                                  at /rustc/52995a223f2919dd3e2e427231db90a257350ded/library/core/src/fmt/rt.rs:152:76
[INFO] [stderr]      5:     0x614fd25a811a - core[13e665e57e4fab27]::fmt::write
[INFO] [stderr]      6:     0x614fd2595b4c - core[13e665e57e4fab27]::io::write::default_write_fmt::<std[bca62e6543d808ff]::sys::stdio::unix::Stderr>
[INFO] [stderr]                                  at /rustc/52995a223f2919dd3e2e427231db90a257350ded/library/core/src/io/write.rs:402:11
[INFO] [stderr]      7:     0x614fd2595b4c - <std[bca62e6543d808ff]::sys::stdio::unix::Stderr as core[13e665e57e4fab27]::io::write::Write>::write_fmt
[INFO] [stderr]                                  at /rustc/52995a223f2919dd3e2e427231db90a257350ded/library/core/src/io/write.rs:335:13
[INFO] [stderr]      8:     0x614fd2568426 - <std[bca62e6543d808ff]::sys::backtrace::BacktraceLock>::print
[INFO] [stderr]                                  at /rustc/52995a223f2919dd3e2e427231db90a257350ded/library/std/src/sys/backtrace.rs:47:9
[INFO] [stderr]      9:     0x614fd2568426 - std[bca62e6543d808ff]::panicking::default_hook::{closure#0}
[INFO] [stderr]                                  at /rustc/52995a223f2919dd3e2e427231db90a257350ded/library/std/src/panicking.rs:289:27
[INFO] [stderr]     10:     0x614fd2586211 - std[bca62e6543d808ff]::panicking::default_hook
[INFO] [stderr]                                  at /rustc/52995a223f2919dd3e2e427231db90a257350ded/library/std/src/panicking.rs:316:9
[INFO] [stderr]     11:     0x614fd258653b - std[bca62e6543d808ff]::panicking::panic_with_hook
[INFO] [stderr]                                  at /rustc/52995a223f2919dd3e2e427231db90a257350ded/library/std/src/panicking.rs:811:13
[INFO] [stderr]     12:     0x614fd25684d2 - std[bca62e6543d808ff]::panicking::panic_handler::{closure#0}
[INFO] [stderr]                                  at /rustc/52995a223f2919dd3e2e427231db90a257350ded/library/std/src/panicking.rs:685:13
[INFO] [stderr]     13:     0x614fd2560fe9 - std[bca62e6543d808ff]::sys::backtrace::__rust_end_short_backtrace::<std[bca62e6543d808ff]::panicking::panic_handler::{closure#0}, !>
[INFO] [stderr]                                  at /rustc/52995a223f2919dd3e2e427231db90a257350ded/library/std/src/sys/backtrace.rs:182:18
[INFO] [stderr]     14:     0x614fd25691bd - __rustc[f3f37eff64d94a79]::rust_begin_unwind
[INFO] [stderr]                                  at /rustc/52995a223f2919dd3e2e427231db90a257350ded/library/std/src/panicking.rs:676:5
[INFO] [stderr]     15:     0x614fd25a895c - core[13e665e57e4fab27]::panicking::panic_fmt
[INFO] [stderr]                                  at /rustc/52995a223f2919dd3e2e427231db90a257350ded/library/core/src/panicking.rs:80:14
[INFO] [stderr]     16:     0x614fd216e617 - cmake[e30ec35edfd5178]::fail
[INFO] [stderr]     17:     0x614fd216e2a3 - cmake[e30ec35edfd5178]::run
[INFO] [stderr]     18:     0x614fd21742b6 - <cmake[e30ec35edfd5178]::Config>::build
[INFO] [stderr]     19:     0x614fd1e61ea5 - build_script_build[7715da6bc68e526e]::main
[INFO] [stderr]     20:     0x614fd1e635c3 - <fn() as core[13e665e57e4fab27]::ops::function::FnOnce<()>>::call_once
[INFO] [stderr]     21:     0x614fd1e6172e - std[bca62e6543d808ff]::sys::backtrace::__rust_begin_short_backtrace::<fn(), ()>
[INFO] [stderr]     22:     0x614fd1e61739 - std[bca62e6543d808ff]::rt::lang_start::<()>::{closure#0}
[INFO] [stderr]     23:     0x614fd2585508 - <&dyn core[13e665e57e4fab27]::ops::function::Fn<(), Output = i32> + core[13e665e57e4fab27]::panic::unwind_safe::RefUnwindSafe + core[13e665e57e4fab27]::marker::Sync as core[13e665e57e4fab27]::ops::function::FnOnce<()>>::call_once
[INFO] [stderr]                                  at /rustc/52995a223f2919dd3e2e427231db90a257350ded/library/core/src/ops/function.rs:287:21
[INFO] [stderr]     24:     0x614fd2585508 - std[bca62e6543d808ff]::panicking::catch_unwind::do_call::<&dyn core[13e665e57e4fab27]::ops::function::Fn<(), Output = i32> + core[13e665e57e4fab27]::panic::unwind_safe::RefUnwindSafe + core[13e665e57e4fab27]::marker::Sync, i32>
[INFO] [stderr]                                  at /rustc/52995a223f2919dd3e2e427231db90a257350ded/library/std/src/panicking.rs:573:43
[INFO] [stderr]     25:     0x614fd2585508 - std[bca62e6543d808ff]::panicking::catch_unwind::<i32, &dyn core[13e665e57e4fab27]::ops::function::Fn<(), Output = i32> + core[13e665e57e4fab27]::panic::unwind_safe::RefUnwindSafe + core[13e665e57e4fab27]::marker::Sync>
[INFO] [stderr]                                  at /rustc/52995a223f2919dd3e2e427231db90a257350ded/library/std/src/panicking.rs:541:19
[INFO] [stderr]     26:     0x614fd2585508 - std[bca62e6543d808ff]::panic::catch_unwind::<&dyn core[13e665e57e4fab27]::ops::function::Fn<(), Output = i32> + core[13e665e57e4fab27]::panic::unwind_safe::RefUnwindSafe + core[13e665e57e4fab27]::marker::Sync, i32>
[INFO] [stderr]                                  at /rustc/52995a223f2919dd3e2e427231db90a257350ded/library/std/src/panic.rs:359:14
[INFO] [stderr]     27:     0x614fd2585508 - std[bca62e6543d808ff]::rt::lang_start_internal::{closure#0}
[INFO] [stderr]                                  at /rustc/52995a223f2919dd3e2e427231db90a257350ded/library/std/src/rt.rs:175:24
[INFO] [stderr]     28:     0x614fd2585508 - std[bca62e6543d808ff]::panicking::catch_unwind::do_call::<std[bca62e6543d808ff]::rt::lang_start_internal::{closure#0}, isize>
[INFO] [stderr]                                  at /rustc/52995a223f2919dd3e2e427231db90a257350ded/library/std/src/panicking.rs:573:43
[INFO] [stderr]     29:     0x614fd2585508 - std[bca62e6543d808ff]::panicking::catch_unwind::<isize, std[bca62e6543d808ff]::rt::lang_start_internal::{closure#0}>
[INFO] [stderr]                                  at /rustc/52995a223f2919dd3e2e427231db90a257350ded/library/std/src/panicking.rs:541:19
[INFO] [stderr]     30:     0x614fd2585508 - std[bca62e6543d808ff]::panic::catch_unwind::<std[bca62e6543d808ff]::rt::lang_start_internal::{closure#0}, isize>
[INFO] [stderr]                                  at /rustc/52995a223f2919dd3e2e427231db90a257350ded/library/std/src/panic.rs:359:14
[INFO] [stderr]     31:     0x614fd2585508 - std[bca62e6543d808ff]::rt::lang_start_internal
[INFO] [stderr]                                  at /rustc/52995a223f2919dd3e2e427231db90a257350ded/library/std/src/rt.rs:171:5
[INFO] [stderr]     32:     0x614fd1e61721 - std[bca62e6543d808ff]::rt::lang_start::<()>
[INFO] [stderr]     33:     0x614fd1e63755 - main
[INFO] [stderr]     34:     0x7b8a6b038601 - <unknown>
[INFO] [stderr]     35:     0x7b8a6b038718 - __libc_start_main
[INFO] [stderr]     36:     0x614fd1e5f4e5 - _start
[INFO] [stderr]     37:                0x0 - <unknown>
[INFO] running `Command { std: "docker" "inspect" "1449d65922037d32e47c3af9f347fa459d57a06704a8d2db02ff6f9a76504bf9", kill_on_drop: false }`
[INFO] running `Command { std: "docker" "rm" "-f" "1449d65922037d32e47c3af9f347fa459d57a06704a8d2db02ff6f9a76504bf9", kill_on_drop: false }`
[INFO] [stdout] 1449d65922037d32e47c3af9f347fa459d57a06704a8d2db02ff6f9a76504bf9
