[INFO] cloning repository https://github.com/vvaibhavv11/controller_test_backend
[INFO] running `Command { std: "git" "-c" "credential.helper=" "-c" "credential.helper=/workspace/cargo-home/bin/git-credential-null" "clone" "--bare" "https://github.com/vvaibhavv11/controller_test_backend" "/workspace/cache/git-repos/https%3A%2F%2Fgithub.com%2Fvvaibhavv11%2Fcontroller_test_backend", kill_on_drop: false }`
[INFO] [stderr] Cloning into bare repository '/workspace/cache/git-repos/https%3A%2F%2Fgithub.com%2Fvvaibhavv11%2Fcontroller_test_backend'...
[INFO] running `Command { std: "git" "rev-parse" "HEAD", kill_on_drop: false }`
[INFO] [stdout] 14b55a6f54825957ec87626c5a51865164554922
[INFO] checking vvaibhavv11/controller_test_backend against 52995a223f2919dd3e2e427231db90a257350ded for pr-129249-4
[INFO] running `Command { std: "git" "clone" "/workspace/cache/git-repos/https%3A%2F%2Fgithub.com%2Fvvaibhavv11%2Fcontroller_test_backend" "/workspace/builds/worker-2-tc2/source", kill_on_drop: false }`
[INFO] [stderr] Cloning into '/workspace/builds/worker-2-tc2/source'...
[INFO] [stderr] done.
[INFO] started tweaking git repo https://github.com/vvaibhavv11/controller_test_backend
[INFO] finished tweaking git repo https://github.com/vvaibhavv11/controller_test_backend
[INFO] tweaked toml for git repo https://github.com/vvaibhavv11/controller_test_backend written to /workspace/builds/worker-2-tc2/source/Cargo.toml
[INFO] validating manifest of git repo https://github.com/vvaibhavv11/controller_test_backend on toolchain 52995a223f2919dd3e2e427231db90a257350ded
[INFO] running `Command { std: CARGO_HOME="/workspace/cargo-home" RUSTUP_HOME="/workspace/rustup-home" "/workspace/cargo-home/bin/cargo" "+52995a223f2919dd3e2e427231db90a257350ded" "metadata" "--manifest-path" "Cargo.toml" "--no-deps", kill_on_drop: false }`
[INFO] crate git repo https://github.com/vvaibhavv11/controller_test_backend already has a lockfile, it will not be regenerated
[INFO] running `Command { std: CARGO_HOME="/workspace/cargo-home" RUSTUP_HOME="/workspace/rustup-home" "/workspace/cargo-home/bin/cargo" "+52995a223f2919dd3e2e427231db90a257350ded" "fetch" "--manifest-path" "Cargo.toml", kill_on_drop: false }`
[INFO] running `Command { std: "docker" "create" "-v" "/var/lib/crater-agent-workspace/builds/worker-2-tc2/source:/opt/rustwide/workdir:ro,Z" "-v" "/var/lib/crater-agent-workspace/builds/worker-2-tc2/target:/opt/rustwide/target:rw,Z" "-v" "/var/lib/crater-agent-workspace/cargo-home:/opt/rustwide/cargo-home:ro,Z" "-v" "/var/lib/crater-agent-workspace/rustup-home:/opt/rustwide/rustup-home:ro,Z" "-m" "1610612736" "--network" "none" "ghcr.io/rust-lang/crates-build-env/linux@sha256:c0af3998e971868164375a7dfb646c9933ddd1a3bdb00fa2041266763dc1eeab" "sleep" "infinity", kill_on_drop: false }`
[INFO] [stdout] f2c7bedf4162a82249aded637b7787a7a6774cd2e21001844a561f2e8fd8c323
[INFO] running `Command { std: "docker" "start" "f2c7bedf4162a82249aded637b7787a7a6774cd2e21001844a561f2e8fd8c323", kill_on_drop: false }`
[INFO] running `Command { std: "docker" "inspect" "f2c7bedf4162a82249aded637b7787a7a6774cd2e21001844a561f2e8fd8c323", kill_on_drop: false }`
[INFO] running `Command { std: "docker" "exec" "-e" "SOURCE_DIR=/opt/rustwide/workdir" "-e" "CARGO_HOME=/opt/rustwide/cargo-home" "-e" "RUSTUP_HOME=/opt/rustwide/rustup-home" "-e" "CARGO_TARGET_DIR=/opt/rustwide/target" "-w" "/opt/rustwide/workdir" "--user" "0:0" "f2c7bedf4162a82249aded637b7787a7a6774cd2e21001844a561f2e8fd8c323" "/opt/rustwide/cargo-home/bin/cargo" "+52995a223f2919dd3e2e427231db90a257350ded" "metadata" "--no-deps" "--format-version=1", kill_on_drop: false }`
[INFO] running `Command { std: "docker" "inspect" "f2c7bedf4162a82249aded637b7787a7a6774cd2e21001844a561f2e8fd8c323", kill_on_drop: false }`
[INFO] running `Command { std: "docker" "exec" "-e" "SOURCE_DIR=/opt/rustwide/workdir" "-e" "CARGO_HOME=/opt/rustwide/cargo-home" "-e" "RUSTUP_HOME=/opt/rustwide/rustup-home" "-e" "CARGO_TARGET_DIR=/opt/rustwide/target" "-e" "CARGO_INCREMENTAL=0" "-e" "RUST_BACKTRACE=full" "-e" "RUSTFLAGS=--cap-lints=forbid" "-e" "RUSTDOCFLAGS=--cap-lints=forbid" "-w" "/opt/rustwide/workdir" "--user" "0:0" "f2c7bedf4162a82249aded637b7787a7a6774cd2e21001844a561f2e8fd8c323" "/opt/rustwide/cargo-home/bin/cargo" "+52995a223f2919dd3e2e427231db90a257350ded" "check" "--frozen" "--all" "--all-targets" "--message-format=json", kill_on_drop: false }`
[INFO] [stderr]    Compiling proc-macro2 v1.0.95
[INFO] [stderr]    Compiling libc v0.2.174
[INFO] [stderr]    Compiling either v1.15.0
[INFO] [stderr]    Compiling glob v0.3.2
[INFO] [stderr]    Compiling typenum v1.18.0
[INFO] [stderr]    Compiling rustix v0.38.44
[INFO] [stderr]    Compiling bitflags v2.9.1
[INFO] [stderr]    Compiling linux-raw-sys v0.4.15
[INFO] [stderr]    Compiling getrandom v0.3.3
[INFO] [stderr]    Compiling zerocopy v0.8.26
[INFO] [stderr]    Compiling serde v1.0.219
[INFO] [stderr]    Compiling home v0.5.11
[INFO] [stderr]    Compiling bindgen v0.69.5
[INFO] [stderr]     Checking log v0.4.27
[INFO] [stderr]    Compiling cc v1.2.30
[INFO] [stderr]    Compiling lazycell v1.3.0
[INFO] [stderr]    Compiling thiserror v2.0.12
[INFO] [stderr]    Compiling syn v1.0.109
[INFO] [stderr]    Compiling lazy_static v1.5.0
[INFO] [stderr]    Compiling rustc-hash v1.1.0
[INFO] [stderr]    Compiling httparse v1.10.1
[INFO] [stderr]     Checking tracing-core v0.1.34
[INFO] [stderr]     Checking http v1.3.1
[INFO] [stderr]     Checking bytemuck v1.23.1
[INFO] [stderr]     Checking utf-8 v0.7.6
[INFO] [stderr]    Compiling itertools v0.12.1
[INFO] [stderr]     Checking data-encoding v2.9.0
[INFO] [stderr]    Compiling clang-sys v1.8.1
[INFO] [stderr]     Checking futures-task v0.3.31
[INFO] [stderr]     Checking futures-core v0.3.31
[INFO] [stderr]     Checking futures-sink v0.3.31
[INFO] [stderr]     Checking slab v0.4.10
[INFO] [stderr]     Checking overload v0.1.1
[INFO] [stderr]    Compiling serde_json v1.0.141
[INFO] [stderr]     Checking byteorder-lite v0.1.0
[INFO] [stderr]    Compiling quote v1.0.40
[INFO] [stderr]     Checking nu-ansi-term v0.46.0
[INFO] [stderr]     Checking thread_local v1.1.9
[INFO] [stderr]     Checking memchr v2.7.5
[INFO] [stderr]     Checking tracing-log v0.2.0
[INFO] [stderr]     Checking image v0.25.6
[INFO] [stderr]     Checking tracing-subscriber v0.3.19
[INFO] [stderr]    Compiling syn v2.0.104
[INFO] [stderr]     Checking parking_lot_core v0.9.11
[INFO] [stderr]     Checking signal-hook-registry v1.4.5
[INFO] [stderr]     Checking mio v1.0.4
[INFO] [stderr]     Checking socket2 v0.5.10
[INFO] [stderr]     Checking rand_core v0.9.3
[INFO] [stderr]     Checking parking_lot v0.12.4
[INFO] [stderr]     Checking generic-array v0.14.7
[INFO] [stderr]    Compiling cmake v0.1.54
[INFO] [stderr]     Checking qrcode v0.14.1
[INFO] [stderr]     Checking crypto-common v0.1.6
[INFO] [stderr]     Checking block-buffer v0.10.4
[INFO] [stderr]     Checking digest v0.10.7
[INFO] [stderr]     Checking ppv-lite86 v0.2.21
[INFO] [stderr]     Checking sha1 v0.10.6
[INFO] [stderr]     Checking rand_chacha v0.9.0
[INFO] [stderr]     Checking rand v0.9.2
[INFO] [stderr]    Compiling which v4.4.2
[INFO] [stderr]    Compiling prettyplease v0.2.36
[INFO] [stderr]    Compiling serde_derive v1.0.219
[INFO] [stderr]    Compiling thiserror-impl v2.0.12
[INFO] [stderr]    Compiling tokio-macros v2.5.0
[INFO] [stderr]    Compiling futures-macro v0.3.31
[INFO] [stderr]    Compiling tracing-attributes v0.1.30
[INFO] [stderr]     Checking tokio v1.46.1
[INFO] [stderr]     Checking tracing v0.1.41
[INFO] [stderr]     Checking tungstenite v0.27.0
[INFO] [stderr]     Checking futures-util v0.3.31
[INFO] [stderr]     Checking tokio-tungstenite v0.27.0
[INFO] [stderr]    Compiling inputtino-sys v0.1.0 (https://github.com/games-on-whales/inputtino.git?branch=stable#83cf70ef)
[INFO] [stderr]    Compiling neli-proc-macros v0.1.4
[INFO] [stderr]     Checking neli v0.6.5
[INFO] [stderr] error: could not compile `neli` (lib)
[INFO] [stderr] 
[INFO] [stderr] Caused by:
[INFO] [stderr]   process didn't exit successfully: `/opt/rustwide/rustup-home/toolchains/52995a223f2919dd3e2e427231db90a257350ded/bin/rustc --crate-name neli --edition=2018 /opt/rustwide/cargo-home/registry/src/index.crates.io-1949cf8c6b5b557f/neli-0.6.5/src/lib.rs --error-format=json --json=diagnostic-rendered-ansi,artifacts,future-incompat,unused-externs-silent --crate-type lib --emit=dep-info,metadata -C embed-bitcode=no -C debuginfo=2 --cfg 'feature="default"' --check-cfg 'cfg(docsrs,test)' --check-cfg 'cfg(feature, values("async", "default", "netfilter", "tokio"))' -C metadata=ef5badd46ba3c98f -C extra-filename=-86a8cd09c0ee9285 --out-dir /opt/rustwide/target/debug/build/neli/86a8cd09c0ee9285/out --extern byteorder=/opt/rustwide/target/debug/build/byteorder/d92705dd1d5353b1/out/libbyteorder-d92705dd1d5353b1.rmeta --extern libc=/opt/rustwide/target/debug/build/libc/fa2de38355b1d9e2/out/liblibc-fa2de38355b1d9e2.rmeta --extern log=/opt/rustwide/target/debug/build/log/9dd860993e8ea465/out/liblog-9dd860993e8ea465.rmeta --extern neli_proc_macros=/opt/rustwide/target/debug/build/neli-proc-macros/5ed8add98df53131/out/libneli_proc_macros-5ed8add98df53131.so --cap-lints allow --cap-lints=forbid --force-warn=unused_crate_dependencies` (signal: 9, SIGKILL: kill)
[INFO] [stderr] warning: build failed, waiting for other jobs to finish...
[INFO] [stderr] error: failed to run custom build command for `inputtino-sys v0.1.0 (https://github.com/games-on-whales/inputtino.git?branch=stable#83cf70ef)`
[INFO] [stderr] note: To improve backtraces for build dependencies, set the CARGO_PROFILE_DEV_BUILD_OVERRIDE_DEBUG=true environment variable to enable debug information generation.
[INFO] [stderr] 
[INFO] [stderr] Caused by:
[INFO] [stderr]   process didn't exit successfully: `/opt/rustwide/target/debug/build/inputtino-sys/a44530dbeab37a2d/out/build_script_build` (exit status: 101)
[INFO] [stderr]   --- stdout
[INFO] [stderr]   CMAKE_TOOLCHAIN_FILE_x86_64-unknown-linux-gnu = None
[INFO] [stderr]   CMAKE_TOOLCHAIN_FILE_x86_64_unknown_linux_gnu = None
[INFO] [stderr]   HOST_CMAKE_TOOLCHAIN_FILE = None
[INFO] [stderr]   CMAKE_TOOLCHAIN_FILE = None
[INFO] [stderr]   CMAKE_GENERATOR_x86_64-unknown-linux-gnu = None
[INFO] [stderr]   CMAKE_GENERATOR_x86_64_unknown_linux_gnu = None
[INFO] [stderr]   HOST_CMAKE_GENERATOR = None
[INFO] [stderr]   CMAKE_GENERATOR = None
[INFO] [stderr]   CMAKE_PREFIX_PATH_x86_64-unknown-linux-gnu = None
[INFO] [stderr]   CMAKE_PREFIX_PATH_x86_64_unknown_linux_gnu = None
[INFO] [stderr]   HOST_CMAKE_PREFIX_PATH = None
[INFO] [stderr]   CMAKE_PREFIX_PATH = None
[INFO] [stderr]   CMAKE_x86_64-unknown-linux-gnu = None
[INFO] [stderr]   CMAKE_x86_64_unknown_linux_gnu = None
[INFO] [stderr]   HOST_CMAKE = None
[INFO] [stderr]   CMAKE = None
[INFO] [stderr]   running: cd "/opt/rustwide/target/debug/build/inputtino-sys/e484f047d7c4179d/out/build" && CMAKE_PREFIX_PATH="" LC_ALL="C" "cmake" "/opt/rustwide/cargo-home/git/checkouts/inputtino-05683329a8b82b31/83cf70e" "-DBUILD_SHARED_LIBS=OFF" "-DLIBINPUTTINO_INSTALL=ON" "-DBUILD_TESTING=OFF" "-DBUILD_SERVER=OFF" "-DBUILD_C_BINDINGS=ON" "-DCMAKE_CONFIGURATION_TYPES=Release" "-DCMAKE_INSTALL_PREFIX=/opt/rustwide/target/debug/build/inputtino-sys/e484f047d7c4179d/out" "-DCMAKE_C_FLAGS= -ffunction-sections -fdata-sections -fPIC -m64" "-DCMAKE_C_COMPILER=/usr/bin/cc" "-DCMAKE_CXX_FLAGS= -ffunction-sections -fdata-sections -fPIC -m64" "-DCMAKE_CXX_COMPILER=/usr/bin/c++" "-DCMAKE_ASM_FLAGS= -ffunction-sections -fdata-sections -fPIC -m64" "-DCMAKE_ASM_COMPILER=/usr/bin/cc" "-DCMAKE_BUILD_TYPE=Release"
[INFO] [stderr]   -- The C compiler identification is GNU 15.2.0
[INFO] [stderr]   -- The CXX compiler identification is GNU 15.2.0
[INFO] [stderr]   -- Detecting C compiler ABI info
[INFO] [stderr]   -- Detecting C compiler ABI info - done
[INFO] [stderr]   -- Check for working C compiler: /usr/bin/cc - skipped
[INFO] [stderr]   -- Detecting C compile features
[INFO] [stderr]   -- Detecting C compile features - done
[INFO] [stderr]   -- Detecting CXX compiler ABI info
[INFO] [stderr]   -- Detecting CXX compiler ABI info - done
[INFO] [stderr]   -- Check for working CXX compiler: /usr/bin/c++ - skipped
[INFO] [stderr]   -- Detecting CXX compile features
[INFO] [stderr]   -- Detecting CXX compile features - done
[INFO] [stderr]   -- Export file name: export_static.h
[INFO] [stderr]   -- Performing Test COMPILER_HAS_HIDDEN_VISIBILITY
[INFO] [stderr]   -- Performing Test COMPILER_HAS_HIDDEN_VISIBILITY - Success
[INFO] [stderr]   -- Performing Test COMPILER_HAS_HIDDEN_INLINE_VISIBILITY
[INFO] [stderr]   -- Performing Test COMPILER_HAS_HIDDEN_INLINE_VISIBILITY - Success
[INFO] [stderr]   -- Performing Test COMPILER_HAS_DEPRECATED_ATTR
[INFO] [stderr]   -- Performing Test COMPILER_HAS_DEPRECATED_ATTR - Success
[INFO] [stderr]   -- Found PkgConfig: /usr/bin/pkg-config (found version "2.5.1")
[INFO] [stderr]   -- Checking for module 'libevdev'
[INFO] [stderr]   --   Found libevdev, version 1.13.6
[INFO] [stderr]   -- Configuring done (2.9s)
[INFO] [stderr]   -- Generating done (0.0s)
[INFO] [stderr]   -- Build files have been written to: /opt/rustwide/target/debug/build/inputtino-sys/e484f047d7c4179d/out/build
[INFO] [stderr]   running: cd "/opt/rustwide/target/debug/build/inputtino-sys/e484f047d7c4179d/out/build" && LC_ALL="C" MAKEFLAGS="-j --jobserver-fds=4,5 --jobserver-auth=4,5" "cmake" "--build" "/opt/rustwide/target/debug/build/inputtino-sys/e484f047d7c4179d/out/build" "--target" "install" "--config" "Release"
[INFO] [stderr]   [  5%] Building CXX object CMakeFiles/libinputtino.dir/src/uinput/joypad_nintendo.cpp.o
[INFO] [stderr]   [ 11%] Building CXX object CMakeFiles/libinputtino.dir/src/c-bindings/joypad_xone.cpp.o
[INFO] [stderr]   [ 17%] Building CXX object CMakeFiles/libinputtino.dir/src/c-bindings/joypad_switch.cpp.o
[INFO] [stderr]   [ 23%] Building CXX object CMakeFiles/libinputtino.dir/src/c-bindings/joypad_ps5.cpp.o
[INFO] [stderr]   [ 29%] Building CXX object CMakeFiles/libinputtino.dir/src/uinput/keyboard.cpp.o
[INFO] [stderr]   [ 35%] Building CXX object CMakeFiles/libinputtino.dir/src/uinput/trackpad.cpp.o
[INFO] [stderr]   [ 41%] Building CXX object CMakeFiles/libinputtino.dir/src/uinput/joypad_xbox.cpp.o
[INFO] [stderr]   [ 47%] Building CXX object CMakeFiles/libinputtino.dir/src/uinput/pentablet.cpp.o
[INFO] [stderr]   [ 52%] Building CXX object CMakeFiles/libinputtino.dir/src/uinput/mouse.cpp.o
[INFO] [stderr]   [ 64%] Building CXX object CMakeFiles/libinputtino.dir/src/c-bindings/keyboard.cpp.o
[INFO] [stderr]   [ 64%] Building CXX object CMakeFiles/libinputtino.dir/src/uinput/touchscreen.cpp.o
[INFO] [stderr]   [ 70%] Building CXX object CMakeFiles/libinputtino.dir/src/c-bindings/pen_tablet.cpp.o
[INFO] [stderr]   [ 76%] Building CXX object CMakeFiles/libinputtino.dir/src/uhid/joypad_ps5.cpp.o
[INFO] [stderr]   [ 82%] Building CXX object CMakeFiles/libinputtino.dir/src/c-bindings/mouse.cpp.o
[INFO] [stderr]   [ 88%] Building CXX object CMakeFiles/libinputtino.dir/src/c-bindings/touchscreen.cpp.o
[INFO] [stderr]   [ 94%] Building CXX object CMakeFiles/libinputtino.dir/src/c-bindings/trackpad.cpp.o
[INFO] [stderr] 
[INFO] [stderr]   --- stderr
[INFO] [stderr]   Using uhid implementation for DualSense controller
[INFO] [stderr]   CMake Warning:
[INFO] [stderr]     Manually-specified variables were not used by the project:
[INFO] [stderr] 
[INFO] [stderr]       BUILD_SERVER
[INFO] [stderr]       CMAKE_ASM_COMPILER
[INFO] [stderr]       CMAKE_ASM_FLAGS
[INFO] [stderr]       CMAKE_CONFIGURATION_TYPES
[INFO] [stderr] 
[INFO] [stderr] 
[INFO] [stderr]   c++: fatal error: Killed signal terminated program cc1plus
[INFO] [stderr]   compilation terminated.
[INFO] [stderr]   gmake[2]: *** [CMakeFiles/libinputtino.dir/build.make:177: CMakeFiles/libinputtino.dir/src/uhid/joypad_ps5.cpp.o] Error 1
[INFO] [stderr]   gmake[2]: *** Waiting for unfinished jobs....
[INFO] [stderr]   gmake[1]: *** [CMakeFiles/Makefile2:87: CMakeFiles/libinputtino.dir/all] Error 2
[INFO] [stderr]   gmake: *** [Makefile:136: all] Error 2
[INFO] [stderr] 
[INFO] [stderr]   thread 'main' (1069) panicked at /opt/rustwide/cargo-home/registry/src/index.crates.io-1949cf8c6b5b557f/cmake-0.1.54/src/lib.rs:1119:5:
[INFO] [stderr] 
[INFO] [stderr]   command did not execute successfully, got: exit status: 2
[INFO] [stderr] 
[INFO] [stderr]   build script failed, must exit now
[INFO] [stderr]   stack backtrace:
[INFO] [stderr]      0:     0x62e5498ba521 - std[bca62e6543d808ff]::backtrace_rs::backtrace::libunwind::trace
[INFO] [stderr]                                  at /rustc/52995a223f2919dd3e2e427231db90a257350ded/library/std/src/../../backtrace/src/backtrace/libunwind.rs:117:9
[INFO] [stderr]      1:     0x62e5498ba521 - std[bca62e6543d808ff]::backtrace_rs::backtrace::trace_unsynchronized::<std[bca62e6543d808ff]::sys::backtrace::_print_fmt::{closure#1}>
[INFO] [stderr]                                  at /rustc/52995a223f2919dd3e2e427231db90a257350ded/library/std/src/../../backtrace/src/backtrace/mod.rs:66:14
[INFO] [stderr]      2:     0x62e5498ba521 - std[bca62e6543d808ff]::sys::backtrace::_print_fmt
[INFO] [stderr]                                  at /rustc/52995a223f2919dd3e2e427231db90a257350ded/library/std/src/sys/backtrace.rs:74:9
[INFO] [stderr]      3:     0x62e5498ba521 - <<std[bca62e6543d808ff]::sys::backtrace::BacktraceLock>::print::DisplayBacktrace as core[13e665e57e4fab27]::fmt::Display>::fmt
[INFO] [stderr]                                  at /rustc/52995a223f2919dd3e2e427231db90a257350ded/library/std/src/sys/backtrace.rs:44:26
[INFO] [stderr]      4:     0x62e5498d210a - <core[13e665e57e4fab27]::fmt::rt::Argument>::fmt
[INFO] [stderr]                                  at /rustc/52995a223f2919dd3e2e427231db90a257350ded/library/core/src/fmt/rt.rs:152:76
[INFO] [stderr]      5:     0x62e5498d210a - core[13e665e57e4fab27]::fmt::write
[INFO] [stderr]      6:     0x62e5498c09ec - core[13e665e57e4fab27]::io::write::default_write_fmt::<std[bca62e6543d808ff]::sys::stdio::unix::Stderr>
[INFO] [stderr]                                  at /rustc/52995a223f2919dd3e2e427231db90a257350ded/library/core/src/io/write.rs:402:11
[INFO] [stderr]      7:     0x62e5498c09ec - <std[bca62e6543d808ff]::sys::stdio::unix::Stderr as core[13e665e57e4fab27]::io::write::Write>::write_fmt
[INFO] [stderr]                                  at /rustc/52995a223f2919dd3e2e427231db90a257350ded/library/core/src/io/write.rs:335:13
[INFO] [stderr]      8:     0x62e549897786 - <std[bca62e6543d808ff]::sys::backtrace::BacktraceLock>::print
[INFO] [stderr]                                  at /rustc/52995a223f2919dd3e2e427231db90a257350ded/library/std/src/sys/backtrace.rs:47:9
[INFO] [stderr]      9:     0x62e549897786 - std[bca62e6543d808ff]::panicking::default_hook::{closure#0}
[INFO] [stderr]                                  at /rustc/52995a223f2919dd3e2e427231db90a257350ded/library/std/src/panicking.rs:289:27
[INFO] [stderr]     10:     0x62e5498b42a1 - std[bca62e6543d808ff]::panicking::default_hook
[INFO] [stderr]                                  at /rustc/52995a223f2919dd3e2e427231db90a257350ded/library/std/src/panicking.rs:316:9
[INFO] [stderr]     11:     0x62e5498b45cb - std[bca62e6543d808ff]::panicking::panic_with_hook
[INFO] [stderr]                                  at /rustc/52995a223f2919dd3e2e427231db90a257350ded/library/std/src/panicking.rs:811:13
[INFO] [stderr]     12:     0x62e549897832 - std[bca62e6543d808ff]::panicking::panic_handler::{closure#0}
[INFO] [stderr]                                  at /rustc/52995a223f2919dd3e2e427231db90a257350ded/library/std/src/panicking.rs:685:13
[INFO] [stderr]     13:     0x62e549890389 - std[bca62e6543d808ff]::sys::backtrace::__rust_end_short_backtrace::<std[bca62e6543d808ff]::panicking::panic_handler::{closure#0}, !>
[INFO] [stderr]                                  at /rustc/52995a223f2919dd3e2e427231db90a257350ded/library/std/src/sys/backtrace.rs:182:18
[INFO] [stderr]     14:     0x62e54989806d - __rustc[f3f37eff64d94a79]::rust_begin_unwind
[INFO] [stderr]                                  at /rustc/52995a223f2919dd3e2e427231db90a257350ded/library/std/src/panicking.rs:676:5
[INFO] [stderr]     15:     0x62e5498d294c - core[13e665e57e4fab27]::panicking::panic_fmt
[INFO] [stderr]                                  at /rustc/52995a223f2919dd3e2e427231db90a257350ded/library/core/src/panicking.rs:80:14
[INFO] [stderr]     16:     0x62e549827467 - cmake[6a59bec0eb5c1600]::fail
[INFO] [stderr]     17:     0x62e5498270f3 - cmake[6a59bec0eb5c1600]::run
[INFO] [stderr]     18:     0x62e54982ceb5 - <cmake[6a59bec0eb5c1600]::Config>::build
[INFO] [stderr]     19:     0x62e549326f01 - build_script_build[9fa23451cacd2cc7]::main
[INFO] [stderr]     20:     0x62e5493288e3 - <fn() as core[13e665e57e4fab27]::ops::function::FnOnce<()>>::call_once
[INFO] [stderr]     21:     0x62e549326aae - std[bca62e6543d808ff]::sys::backtrace::__rust_begin_short_backtrace::<fn(), ()>
[INFO] [stderr]     22:     0x62e549326ab9 - std[bca62e6543d808ff]::rt::lang_start::<()>::{closure#0}
[INFO] [stderr]     23:     0x62e5498b3368 - <&dyn core[13e665e57e4fab27]::ops::function::Fn<(), Output = i32> + core[13e665e57e4fab27]::panic::unwind_safe::RefUnwindSafe + core[13e665e57e4fab27]::marker::Sync as core[13e665e57e4fab27]::ops::function::FnOnce<()>>::call_once
[INFO] [stderr]                                  at /rustc/52995a223f2919dd3e2e427231db90a257350ded/library/core/src/ops/function.rs:287:21
[INFO] [stderr]     24:     0x62e5498b3368 - std[bca62e6543d808ff]::panicking::catch_unwind::do_call::<&dyn core[13e665e57e4fab27]::ops::function::Fn<(), Output = i32> + core[13e665e57e4fab27]::panic::unwind_safe::RefUnwindSafe + core[13e665e57e4fab27]::marker::Sync, i32>
[INFO] [stderr]                                  at /rustc/52995a223f2919dd3e2e427231db90a257350ded/library/std/src/panicking.rs:573:43
[INFO] [stderr]     25:     0x62e5498b3368 - std[bca62e6543d808ff]::panicking::catch_unwind::<i32, &dyn core[13e665e57e4fab27]::ops::function::Fn<(), Output = i32> + core[13e665e57e4fab27]::panic::unwind_safe::RefUnwindSafe + core[13e665e57e4fab27]::marker::Sync>
[INFO] [stderr]                                  at /rustc/52995a223f2919dd3e2e427231db90a257350ded/library/std/src/panicking.rs:541:19
[INFO] [stderr]     26:     0x62e5498b3368 - std[bca62e6543d808ff]::panic::catch_unwind::<&dyn core[13e665e57e4fab27]::ops::function::Fn<(), Output = i32> + core[13e665e57e4fab27]::panic::unwind_safe::RefUnwindSafe + core[13e665e57e4fab27]::marker::Sync, i32>
[INFO] [stderr]                                  at /rustc/52995a223f2919dd3e2e427231db90a257350ded/library/std/src/panic.rs:359:14
[INFO] [stderr]     27:     0x62e5498b3368 - std[bca62e6543d808ff]::rt::lang_start_internal::{closure#0}
[INFO] [stderr]                                  at /rustc/52995a223f2919dd3e2e427231db90a257350ded/library/std/src/rt.rs:175:24
[INFO] [stderr]     28:     0x62e5498b3368 - std[bca62e6543d808ff]::panicking::catch_unwind::do_call::<std[bca62e6543d808ff]::rt::lang_start_internal::{closure#0}, isize>
[INFO] [stderr]                                  at /rustc/52995a223f2919dd3e2e427231db90a257350ded/library/std/src/panicking.rs:573:43
[INFO] [stderr]     29:     0x62e5498b3368 - std[bca62e6543d808ff]::panicking::catch_unwind::<isize, std[bca62e6543d808ff]::rt::lang_start_internal::{closure#0}>
[INFO] [stderr]                                  at /rustc/52995a223f2919dd3e2e427231db90a257350ded/library/std/src/panicking.rs:541:19
[INFO] [stderr]     30:     0x62e5498b3368 - std[bca62e6543d808ff]::panic::catch_unwind::<std[bca62e6543d808ff]::rt::lang_start_internal::{closure#0}, isize>
[INFO] [stderr]                                  at /rustc/52995a223f2919dd3e2e427231db90a257350ded/library/std/src/panic.rs:359:14
[INFO] [stderr]     31:     0x62e5498b3368 - std[bca62e6543d808ff]::rt::lang_start_internal
[INFO] [stderr]                                  at /rustc/52995a223f2919dd3e2e427231db90a257350ded/library/std/src/rt.rs:171:5
[INFO] [stderr]     32:     0x62e549326aa1 - std[bca62e6543d808ff]::rt::lang_start::<()>
[INFO] [stderr]     33:     0x62e549328a75 - main
[INFO] [stderr]     34:     0x7bccf3311601 - <unknown>
[INFO] [stderr]     35:     0x7bccf3311718 - __libc_start_main
[INFO] [stderr]     36:     0x62e549325045 - _start
[INFO] [stderr]     37:                0x0 - <unknown>
[INFO] running `Command { std: "docker" "inspect" "f2c7bedf4162a82249aded637b7787a7a6774cd2e21001844a561f2e8fd8c323", kill_on_drop: false }`
[INFO] running `Command { std: "docker" "rm" "-f" "f2c7bedf4162a82249aded637b7787a7a6774cd2e21001844a561f2e8fd8c323", kill_on_drop: false }`
[INFO] [stdout] f2c7bedf4162a82249aded637b7787a7a6774cd2e21001844a561f2e8fd8c323
