[INFO] cloning repository https://github.com/roundnews/MoneroWebCoordinator
[INFO] running `Command { std: "git" "-c" "credential.helper=" "-c" "credential.helper=/workspace/cargo-home/bin/git-credential-null" "clone" "--bare" "https://github.com/roundnews/MoneroWebCoordinator" "/workspace/cache/git-repos/https%3A%2F%2Fgithub.com%2Froundnews%2FMoneroWebCoordinator", kill_on_drop: false }`
[INFO] [stderr] Cloning into bare repository '/workspace/cache/git-repos/https%3A%2F%2Fgithub.com%2Froundnews%2FMoneroWebCoordinator'...
[INFO] running `Command { std: "git" "rev-parse" "HEAD", kill_on_drop: false }`
[INFO] [stdout] 23ca4f7fa6426744e87795f2422c305223ff68e3
[INFO] checking roundnews/MoneroWebCoordinator against 52995a223f2919dd3e2e427231db90a257350ded for pr-129249-4
[INFO] running `Command { std: "git" "clone" "/workspace/cache/git-repos/https%3A%2F%2Fgithub.com%2Froundnews%2FMoneroWebCoordinator" "/workspace/builds/worker-4-tc2/source", kill_on_drop: false }`
[INFO] [stderr] Cloning into '/workspace/builds/worker-4-tc2/source'...
[INFO] [stderr] done.
[INFO] started tweaking git repo https://github.com/roundnews/MoneroWebCoordinator
[INFO] finished tweaking git repo https://github.com/roundnews/MoneroWebCoordinator
[INFO] tweaked toml for git repo https://github.com/roundnews/MoneroWebCoordinator written to /workspace/builds/worker-4-tc2/source/Cargo.toml
[INFO] validating manifest of git repo https://github.com/roundnews/MoneroWebCoordinator on toolchain 52995a223f2919dd3e2e427231db90a257350ded
[INFO] running `Command { std: CARGO_HOME="/workspace/cargo-home" RUSTUP_HOME="/workspace/rustup-home" "/workspace/cargo-home/bin/cargo" "+52995a223f2919dd3e2e427231db90a257350ded" "metadata" "--manifest-path" "Cargo.toml" "--no-deps", kill_on_drop: false }`
[INFO] crate git repo https://github.com/roundnews/MoneroWebCoordinator already has a lockfile, it will not be regenerated
[INFO] running `Command { std: CARGO_HOME="/workspace/cargo-home" RUSTUP_HOME="/workspace/rustup-home" "/workspace/cargo-home/bin/cargo" "+52995a223f2919dd3e2e427231db90a257350ded" "fetch" "--manifest-path" "Cargo.toml", kill_on_drop: false }`
[INFO] running `Command { std: "docker" "create" "-v" "/var/lib/crater-agent-workspace/builds/worker-4-tc2/source:/opt/rustwide/workdir:ro,Z" "-v" "/var/lib/crater-agent-workspace/builds/worker-4-tc2/target:/opt/rustwide/target:rw,Z" "-v" "/var/lib/crater-agent-workspace/cargo-home:/opt/rustwide/cargo-home:ro,Z" "-v" "/var/lib/crater-agent-workspace/rustup-home:/opt/rustwide/rustup-home:ro,Z" "-m" "1610612736" "--network" "none" "ghcr.io/rust-lang/crates-build-env/linux@sha256:77db811e55d90add9212f6832c23229e3de5f1c1f9905e8cb07319ea15df73ac" "sleep" "infinity", kill_on_drop: false }`
[INFO] [stdout] 2545eb117caed0241e6fd6839cc22fff6af63061b9ff30b281b7f26f15424d68
[INFO] running `Command { std: "docker" "start" "2545eb117caed0241e6fd6839cc22fff6af63061b9ff30b281b7f26f15424d68", kill_on_drop: false }`
[INFO] running `Command { std: "docker" "inspect" "2545eb117caed0241e6fd6839cc22fff6af63061b9ff30b281b7f26f15424d68", kill_on_drop: false }`
[INFO] running `Command { std: "docker" "exec" "-e" "SOURCE_DIR=/opt/rustwide/workdir" "-e" "CARGO_HOME=/opt/rustwide/cargo-home" "-e" "RUSTUP_HOME=/opt/rustwide/rustup-home" "-e" "CARGO_TARGET_DIR=/opt/rustwide/target" "-w" "/opt/rustwide/workdir" "--user" "0:0" "2545eb117caed0241e6fd6839cc22fff6af63061b9ff30b281b7f26f15424d68" "/opt/rustwide/cargo-home/bin/cargo" "+52995a223f2919dd3e2e427231db90a257350ded" "metadata" "--no-deps" "--format-version=1", kill_on_drop: false }`
[INFO] running `Command { std: "docker" "inspect" "2545eb117caed0241e6fd6839cc22fff6af63061b9ff30b281b7f26f15424d68", kill_on_drop: false }`
[INFO] running `Command { std: "docker" "exec" "-e" "SOURCE_DIR=/opt/rustwide/workdir" "-e" "CARGO_HOME=/opt/rustwide/cargo-home" "-e" "RUSTUP_HOME=/opt/rustwide/rustup-home" "-e" "CARGO_TARGET_DIR=/opt/rustwide/target" "-e" "CARGO_INCREMENTAL=0" "-e" "RUST_BACKTRACE=full" "-e" "RUSTFLAGS=--cap-lints=forbid" "-e" "RUSTDOCFLAGS=--cap-lints=forbid" "-w" "/opt/rustwide/workdir" "--user" "0:0" "2545eb117caed0241e6fd6839cc22fff6af63061b9ff30b281b7f26f15424d68" "/opt/rustwide/cargo-home/bin/cargo" "+52995a223f2919dd3e2e427231db90a257350ded" "check" "--frozen" "--all" "--all-targets" "--message-format=json", kill_on_drop: false }`
[INFO] [stderr]    Compiling proc-macro2 v1.0.105
[INFO] [stderr]    Compiling quote v1.0.43
[INFO] [stderr]    Compiling unicode-ident v1.0.22
[INFO] [stderr]    Compiling libc v0.2.180
[INFO] [stderr]     Checking bytes v1.11.0
[INFO] [stderr]    Compiling find-msvc-tools v0.1.8
[INFO] [stderr]     Checking memchr v2.7.6
[INFO] [stderr]     Checking hashbrown v0.16.1
[INFO] [stderr]    Compiling zerocopy v0.8.33
[INFO] [stderr]     Checking generic-array v0.14.7
[INFO] [stderr]     Checking bitflags v2.10.0
[INFO] [stderr]    Compiling zmij v1.0.16
[INFO] [stderr]    Compiling num-traits v0.2.19
[INFO] [stderr]    Compiling serde_json v1.0.149
[INFO] [stderr]     Checking regex-syntax v0.8.8
[INFO] [stderr]     Checking ryu v1.0.22
[INFO] [stderr]     Checking winnow v0.7.14
[INFO] [stderr]     Checking serde_path_to_error v0.1.20
[INFO] [stderr]     Checking hashbrown v0.14.5
[INFO] [stderr]    Compiling cc v1.2.53
[INFO] [stderr]     Checking http v1.4.0
[INFO] [stderr]     Checking block-buffer v0.10.4
[INFO] [stderr]     Checking crypto-common v0.1.7
[INFO] [stderr]     Checking digest v0.10.7
[INFO] [stderr]     Checking indexmap v2.13.0
[INFO] [stderr]     Checking regex-automata v0.4.13
[INFO] [stderr]     Checking sha1 v0.10.6
[INFO] [stderr]    Compiling syn v2.0.114
[INFO] [stderr]     Checking num-integer v0.1.46
[INFO] [stderr]     Checking http-body v1.0.1
[INFO] [stderr]     Checking num-bigint v0.4.6
[INFO] [stderr]     Checking http-body-util v0.1.3
[INFO] [stderr]    Compiling cmake v0.1.57
[INFO] [stderr]     Checking parking_lot_core v0.9.12
[INFO] [stderr]     Checking errno v0.3.14
[INFO] [stderr]     Checking mio v1.1.1
[INFO] [stderr]     Checking socket2 v0.6.1
[INFO] [stderr]     Checking getrandom v0.2.17
[INFO] [stderr]     Checking getrandom v0.3.4
[INFO] [stderr]    Compiling openssl-sys v0.9.111
[INFO] [stderr]     Checking signal-hook-registry v1.4.8
[INFO] [stderr]     Checking rand_core v0.6.4
[INFO] [stderr]    Compiling randomx-rs v1.4.1
[INFO] [stderr]     Checking uuid v1.19.0
[INFO] [stderr]     Checking parking_lot v0.12.5
[INFO] [stderr]     Checking dashmap v5.5.3
[INFO] [stderr]    Compiling openssl v0.10.75
[INFO] [stderr]    Compiling native-tls v0.2.14
[INFO] [stderr]     Checking ppv-lite86 v0.2.21
[INFO] [stderr]     Checking matchers v0.2.0
[INFO] [stderr]     Checking rand_chacha v0.3.1
[INFO] [stderr]     Checking rand v0.8.5
[INFO] [stderr] error: could not compile `syn` (lib)
[INFO] [stderr] 
[INFO] [stderr] Caused by:
[INFO] [stderr]   process didn't exit successfully: `/opt/rustwide/rustup-home/toolchains/52995a223f2919dd3e2e427231db90a257350ded/bin/rustc --crate-name syn --edition=2021 /opt/rustwide/cargo-home/registry/src/index.crates.io-1949cf8c6b5b557f/syn-2.0.114/src/lib.rs --error-format=json --json=diagnostic-rendered-ansi,artifacts,future-incompat,unused-externs-silent --crate-type lib --emit=dep-info,metadata,link -Z embed-metadata=no -C embed-bitcode=no --cfg 'feature="clone-impls"' --cfg 'feature="default"' --cfg 'feature="derive"' --cfg 'feature="extra-traits"' --cfg 'feature="fold"' --cfg 'feature="full"' --cfg 'feature="parsing"' --cfg 'feature="printing"' --cfg 'feature="proc-macro"' --cfg 'feature="visit"' --cfg 'feature="visit-mut"' --check-cfg 'cfg(docsrs,test)' --check-cfg 'cfg(feature, values("clone-impls", "default", "derive", "extra-traits", "fold", "full", "parsing", "printing", "proc-macro", "test", "visit", "visit-mut"))' -C metadata=924499ec0c93f174 -C extra-filename=-c4e637ee218314b7 --out-dir /opt/rustwide/target/debug/build/syn/c4e637ee218314b7/out -L dependency=/opt/rustwide/target/debug/build/proc-macro2/fce1a70fd2c3744d/out -L dependency=/opt/rustwide/target/debug/build/unicode-ident/9533002ac35f5809/out --extern proc_macro2=/opt/rustwide/target/debug/build/proc-macro2/fce1a70fd2c3744d/out/libproc_macro2-fce1a70fd2c3744d.rmeta --extern quote=/opt/rustwide/target/debug/build/quote/e054a971070e2c6a/out/libquote-e054a971070e2c6a.rmeta --extern unicode_ident=/opt/rustwide/target/debug/build/unicode-ident/9533002ac35f5809/out/libunicode_ident-9533002ac35f5809.rmeta --cap-lints allow --cap-lints=forbid --force-warn=unused_crate_dependencies` (signal: 9, SIGKILL: kill)
[INFO] [stderr] warning: build failed, waiting for other jobs to finish...
[INFO] [stderr] error: failed to run custom build command for `randomx-rs v1.4.1`
[INFO] [stderr] note: To improve backtraces for build dependencies, set the CARGO_PROFILE_DEV_BUILD_OVERRIDE_DEBUG=true environment variable to enable debug information generation.
[INFO] [stderr] 
[INFO] [stderr] Caused by:
[INFO] [stderr]   process didn't exit successfully: `/opt/rustwide/target/debug/build/randomx-rs/d91987433d1af929/out/build_script_build` (exit status: 101)
[INFO] [stderr]   --- stdout
[INFO] [stderr]   CMAKE_TOOLCHAIN_FILE_x86_64-unknown-linux-gnu = None
[INFO] [stderr]   CMAKE_TOOLCHAIN_FILE_x86_64_unknown_linux_gnu = None
[INFO] [stderr]   HOST_CMAKE_TOOLCHAIN_FILE = None
[INFO] [stderr]   CMAKE_TOOLCHAIN_FILE = None
[INFO] [stderr]   CMAKE_GENERATOR_x86_64-unknown-linux-gnu = None
[INFO] [stderr]   CMAKE_GENERATOR_x86_64_unknown_linux_gnu = None
[INFO] [stderr]   HOST_CMAKE_GENERATOR = None
[INFO] [stderr]   CMAKE_GENERATOR = None
[INFO] [stderr]   CMAKE_PREFIX_PATH_x86_64-unknown-linux-gnu = None
[INFO] [stderr]   CMAKE_PREFIX_PATH_x86_64_unknown_linux_gnu = None
[INFO] [stderr]   HOST_CMAKE_PREFIX_PATH = None
[INFO] [stderr]   CMAKE_PREFIX_PATH = None
[INFO] [stderr]   CMAKE_x86_64-unknown-linux-gnu = None
[INFO] [stderr]   CMAKE_x86_64_unknown_linux_gnu = None
[INFO] [stderr]   HOST_CMAKE = None
[INFO] [stderr]   CMAKE = None
[INFO] [stderr]   -- The C compiler identification is GNU 15.2.0
[INFO] [stderr]   -- The CXX compiler identification is GNU 15.2.0
[INFO] [stderr]   -- Detecting C compiler ABI info
[INFO] [stderr]   -- Detecting C compiler ABI info - done
[INFO] [stderr]   -- Check for working C compiler: /usr/bin/cc - skipped
[INFO] [stderr]   -- Detecting C compile features
[INFO] [stderr]   -- Detecting C compile features - done
[INFO] [stderr]   -- Detecting CXX compiler ABI info
[INFO] [stderr]   -- Detecting CXX compiler ABI info - done
[INFO] [stderr]   -- Check for working CXX compiler: /usr/bin/c++ - skipped
[INFO] [stderr]   -- Detecting CXX compile features
[INFO] [stderr]   -- Detecting CXX compile features - done
[INFO] [stderr]   -- Performing Test _maes_cxx
[INFO] [stderr]   -- Performing Test _maes_cxx - Success
[INFO] [stderr]   -- Setting CXX flag -maes
[INFO] [stderr]   -- Performing Test _maes_c
[INFO] [stderr]   -- Performing Test _maes_c - Success
[INFO] [stderr]   -- Setting C flag -maes
[INFO] [stderr]   -- Performing Test HAVE_SSSE3
[INFO] [stderr]   -- Performing Test HAVE_SSSE3 - Success
[INFO] [stderr]   -- Performing Test HAVE_AVX2
[INFO] [stderr]   -- Performing Test HAVE_AVX2 - Success
[INFO] [stderr]   -- Performing Test CMAKE_HAVE_LIBC_PTHREAD
[INFO] [stderr]   -- Performing Test CMAKE_HAVE_LIBC_PTHREAD - Success
[INFO] [stderr]   -- Found Threads: TRUE
[INFO] [stderr]   -- Performing Test HAVE_CXX_ATOMICS
[INFO] [stderr]   -- Performing Test HAVE_CXX_ATOMICS - Success
[INFO] [stderr]   -- Configuring done (5.4s)
[INFO] [stderr]   -- Generating done (0.0s)
[INFO] [stderr]   -- Build files have been written to: /opt/rustwide/target/debug/build/randomx-rs/07ffdc28b28a903a/out/build
[INFO] [stderr]   [  2%] Building C object CMakeFiles/randomx.dir/src/argon2_avx2.c.o
[INFO] [stderr]   [  5%] Building CXX object CMakeFiles/randomx.dir/src/cpu.cpp.o
[INFO] [stderr]   [  8%] Building CXX object CMakeFiles/randomx.dir/src/aes_hash.cpp.o
[INFO] [stderr]   [ 11%] Building C object CMakeFiles/randomx.dir/src/argon2_ssse3.c.o
[INFO] [stderr]   [ 14%] Building CXX object CMakeFiles/randomx.dir/src/soft_aes.cpp.o
[INFO] [stderr]   [ 17%] Building C object CMakeFiles/randomx.dir/src/argon2_ref.c.o
[INFO] [stderr]   [ 20%] Building C object CMakeFiles/randomx.dir/src/virtual_memory.c.o
[INFO] [stderr]   [ 23%] Building CXX object CMakeFiles/randomx.dir/src/bytecode_machine.cpp.o
[INFO] [stderr]   [ 26%] Building CXX object CMakeFiles/randomx.dir/src/dataset.cpp.o
[INFO] [stderr]   [ 29%] Building CXX object CMakeFiles/randomx.dir/src/randomx.cpp.o
[INFO] [stderr]   [ 32%] Building CXX object CMakeFiles/randomx.dir/src/allocator.cpp.o
[INFO] [stderr]   [ 35%] Building CXX object CMakeFiles/randomx.dir/src/instruction.cpp.o
[INFO] [stderr]   [ 38%] Building CXX object CMakeFiles/randomx.dir/src/vm_compiled.cpp.o
[INFO] [stderr]   [ 44%] Building CXX object CMakeFiles/randomx.dir/src/superscalar.cpp.o
[INFO] [stderr]   [ 44%] Building CXX object CMakeFiles/randomx.dir/src/vm_interpreted.cpp.o
[INFO] [stderr]   [ 47%] Building CXX object CMakeFiles/randomx.dir/src/assembly_generator_x86.cpp.o
[INFO] [stderr]   [ 50%] Building CXX object CMakeFiles/randomx.dir/src/vm_interpreted_light.cpp.o
[INFO] [stderr]   [ 52%] Building C object CMakeFiles/randomx.dir/src/argon2_core.c.o
[INFO] [stderr]   [ 55%] Building CXX object CMakeFiles/randomx.dir/src/blake2_generator.cpp.o
[INFO] [stderr]   [ 58%] Building CXX object CMakeFiles/randomx.dir/src/instructions_portable.cpp.o
[INFO] [stderr]   [ 61%] Building C object CMakeFiles/randomx.dir/src/reciprocal.c.o
[INFO] [stderr]   [ 64%] Building CXX object CMakeFiles/randomx.dir/src/virtual_machine.cpp.o
[INFO] [stderr]   [ 67%] Building CXX object CMakeFiles/randomx.dir/src/vm_compiled_light.cpp.o
[INFO] [stderr] 
[INFO] [stderr]   --- stderr
[INFO] [stderr]   running: cd "/opt/rustwide/target/debug/build/randomx-rs/07ffdc28b28a903a/out/build" && CMAKE_PREFIX_PATH="" LC_ALL="C" "cmake" "/opt/rustwide/cargo-home/registry/src/index.crates.io-1949cf8c6b5b557f/randomx-rs-1.4.1/RandomX" "-B" "/opt/rustwide/target/debug/build/randomx-rs/07ffdc28b28a903a/out/build" "-DDARCH=native" "-DCMAKE_INSTALL_PREFIX=/opt/rustwide/target/debug/build/randomx-rs/07ffdc28b28a903a/out" "-DCMAKE_C_FLAGS= -ffunction-sections -fdata-sections -fPIC -m64 -w" "-DCMAKE_C_COMPILER=/usr/bin/cc" "-DCMAKE_CXX_FLAGS= -ffunction-sections -fdata-sections -fPIC -m64 -w" "-DCMAKE_CXX_COMPILER=/usr/bin/c++" "-DCMAKE_ASM_FLAGS= -ffunction-sections -fdata-sections -fPIC -m64 -w" "-DCMAKE_ASM_COMPILER=/usr/bin/cc" "-DCMAKE_BUILD_TYPE=Debug"
[INFO] [stderr]   CMake Deprecation Warning at CMakeLists.txt:29 (cmake_minimum_required):
[INFO] [stderr]     Compatibility with CMake < 3.10 will be removed from a future version of
[INFO] [stderr]     CMake.
[INFO] [stderr] 
[INFO] [stderr]     Update the VERSION argument <min> value.  Or, use the <min>...<max> syntax
[INFO] [stderr]     to tell CMake that the project requires at least <min> but has been updated
[INFO] [stderr]     to work with policies introduced by <max> or earlier.
[INFO] [stderr] 
[INFO] [stderr] 
[INFO] [stderr]   CMake Warning:
[INFO] [stderr]     Manually-specified variables were not used by the project:
[INFO] [stderr] 
[INFO] [stderr]       CMAKE_ASM_COMPILER
[INFO] [stderr]       CMAKE_ASM_FLAGS
[INFO] [stderr]       DARCH
[INFO] [stderr] 
[INFO] [stderr] 
[INFO] [stderr]   running: cd "/opt/rustwide/target/debug/build/randomx-rs/07ffdc28b28a903a/out/build" && LC_ALL="C" MAKEFLAGS="-j --jobserver-fds=4,5 --jobserver-auth=4,5" "cmake" "--build" "/opt/rustwide/target/debug/build/randomx-rs/07ffdc28b28a903a/out/build" "--target" "install" "--config" "Debug"
[INFO] [stderr]   c++: fatal error: Killed signal terminated program cc1plus
[INFO] [stderr]   compilation terminated.
[INFO] [stderr]   gmake[2]: *** [CMakeFiles/randomx.dir/build.make:275: CMakeFiles/randomx.dir/src/superscalar.cpp.o] Error 1
[INFO] [stderr]   gmake[2]: *** Waiting for unfinished jobs....
[INFO] [stderr]   gmake[1]: *** [CMakeFiles/Makefile2:96: CMakeFiles/randomx.dir/all] Error 2
[INFO] [stderr]   gmake: *** [Makefile:136: all] Error 2
[INFO] [stderr] 
[INFO] [stderr]   thread 'main' (494) panicked at /opt/rustwide/cargo-home/registry/src/index.crates.io-1949cf8c6b5b557f/cmake-0.1.57/src/lib.rs:1132:5:
[INFO] [stderr] 
[INFO] [stderr]   command did not execute successfully, got: exit status: 2
[INFO] [stderr] 
[INFO] [stderr]   build script failed, must exit now
[INFO] [stderr]   stack backtrace:
[INFO] [stderr]      0:     0x5f6887c25951 - std[bca62e6543d808ff]::backtrace_rs::backtrace::libunwind::trace
[INFO] [stderr]                                  at /rustc/52995a223f2919dd3e2e427231db90a257350ded/library/std/src/../../backtrace/src/backtrace/libunwind.rs:117:9
[INFO] [stderr]      1:     0x5f6887c25951 - std[bca62e6543d808ff]::backtrace_rs::backtrace::trace_unsynchronized::<std[bca62e6543d808ff]::sys::backtrace::_print_fmt::{closure#1}>
[INFO] [stderr]                                  at /rustc/52995a223f2919dd3e2e427231db90a257350ded/library/std/src/../../backtrace/src/backtrace/mod.rs:66:14
[INFO] [stderr]      2:     0x5f6887c25951 - std[bca62e6543d808ff]::sys::backtrace::_print_fmt
[INFO] [stderr]                                  at /rustc/52995a223f2919dd3e2e427231db90a257350ded/library/std/src/sys/backtrace.rs:74:9
[INFO] [stderr]      3:     0x5f6887c25951 - <<std[bca62e6543d808ff]::sys::backtrace::BacktraceLock>::print::DisplayBacktrace as core[13e665e57e4fab27]::fmt::Display>::fmt
[INFO] [stderr]                                  at /rustc/52995a223f2919dd3e2e427231db90a257350ded/library/std/src/sys/backtrace.rs:44:26
[INFO] [stderr]      4:     0x5f6887c396ca - <core[13e665e57e4fab27]::fmt::rt::Argument>::fmt
[INFO] [stderr]                                  at /rustc/52995a223f2919dd3e2e427231db90a257350ded/library/core/src/fmt/rt.rs:152:76
[INFO] [stderr]      5:     0x5f6887c396ca - core[13e665e57e4fab27]::fmt::write
[INFO] [stderr]      6:     0x5f6887c2b47c - core[13e665e57e4fab27]::io::write::default_write_fmt::<std[bca62e6543d808ff]::sys::stdio::unix::Stderr>
[INFO] [stderr]                                  at /rustc/52995a223f2919dd3e2e427231db90a257350ded/library/core/src/io/write.rs:402:11
[INFO] [stderr]      7:     0x5f6887c2b47c - <std[bca62e6543d808ff]::sys::stdio::unix::Stderr as core[13e665e57e4fab27]::io::write::Write>::write_fmt
[INFO] [stderr]                                  at /rustc/52995a223f2919dd3e2e427231db90a257350ded/library/core/src/io/write.rs:335:13
[INFO] [stderr]      8:     0x5f6887c05196 - <std[bca62e6543d808ff]::sys::backtrace::BacktraceLock>::print
[INFO] [stderr]                                  at /rustc/52995a223f2919dd3e2e427231db90a257350ded/library/std/src/sys/backtrace.rs:47:9
[INFO] [stderr]      9:     0x5f6887c05196 - std[bca62e6543d808ff]::panicking::default_hook::{closure#0}
[INFO] [stderr]                                  at /rustc/52995a223f2919dd3e2e427231db90a257350ded/library/std/src/panicking.rs:289:27
[INFO] [stderr]     10:     0x5f6887c206b1 - std[bca62e6543d808ff]::panicking::default_hook
[INFO] [stderr]                                  at /rustc/52995a223f2919dd3e2e427231db90a257350ded/library/std/src/panicking.rs:316:9
[INFO] [stderr]     11:     0x5f6887c2086b - std[bca62e6543d808ff]::panicking::panic_with_hook
[INFO] [stderr]                                  at /rustc/52995a223f2919dd3e2e427231db90a257350ded/library/std/src/panicking.rs:811:13
[INFO] [stderr]     12:     0x5f6887c05242 - std[bca62e6543d808ff]::panicking::panic_handler::{closure#0}
[INFO] [stderr]                                  at /rustc/52995a223f2919dd3e2e427231db90a257350ded/library/std/src/panicking.rs:685:13
[INFO] [stderr]     13:     0x5f6887bfdee9 - std[bca62e6543d808ff]::sys::backtrace::__rust_end_short_backtrace::<std[bca62e6543d808ff]::panicking::panic_handler::{closure#0}, !>
[INFO] [stderr]                                  at /rustc/52995a223f2919dd3e2e427231db90a257350ded/library/std/src/sys/backtrace.rs:182:18
[INFO] [stderr]     14:     0x5f6887c05a2d - __rustc[f3f37eff64d94a79]::rust_begin_unwind
[INFO] [stderr]                                  at /rustc/52995a223f2919dd3e2e427231db90a257350ded/library/std/src/panicking.rs:676:5
[INFO] [stderr]     15:     0x5f6887c39e5c - core[13e665e57e4fab27]::panicking::panic_fmt
[INFO] [stderr]                                  at /rustc/52995a223f2919dd3e2e427231db90a257350ded/library/core/src/panicking.rs:80:14
[INFO] [stderr]     16:     0x5f6887b8fba7 - cmake[ce976b81861ade98]::fail
[INFO] [stderr]     17:     0x5f6887b8f833 - cmake[ce976b81861ade98]::run
[INFO] [stderr]     18:     0x5f6887b95786 - <cmake[ce976b81861ade98]::Config>::build
[INFO] [stderr]     19:     0x5f6887b8195a - build_script_build[ab97a681bc7f8c50]::main
[INFO] [stderr]     20:     0x5f6887b82373 - <fn() as core[13e665e57e4fab27]::ops::function::FnOnce<()>>::call_once
[INFO] [stderr]     21:     0x5f6887b817ce - std[bca62e6543d808ff]::sys::backtrace::__rust_begin_short_backtrace::<fn(), ()>
[INFO] [stderr]     22:     0x5f6887b817d9 - std[bca62e6543d808ff]::rt::lang_start::<()>::{closure#0}
[INFO] [stderr]     23:     0x5f6887c1f9b8 - <&dyn core[13e665e57e4fab27]::ops::function::Fn<(), Output = i32> + core[13e665e57e4fab27]::panic::unwind_safe::RefUnwindSafe + core[13e665e57e4fab27]::marker::Sync as core[13e665e57e4fab27]::ops::function::FnOnce<()>>::call_once
[INFO] [stderr]                                  at /rustc/52995a223f2919dd3e2e427231db90a257350ded/library/core/src/ops/function.rs:287:21
[INFO] [stderr]     24:     0x5f6887c1f9b8 - std[bca62e6543d808ff]::panicking::catch_unwind::do_call::<&dyn core[13e665e57e4fab27]::ops::function::Fn<(), Output = i32> + core[13e665e57e4fab27]::panic::unwind_safe::RefUnwindSafe + core[13e665e57e4fab27]::marker::Sync, i32>
[INFO] [stderr]                                  at /rustc/52995a223f2919dd3e2e427231db90a257350ded/library/std/src/panicking.rs:573:43
[INFO] [stderr]     25:     0x5f6887c1f9b8 - std[bca62e6543d808ff]::panicking::catch_unwind::<i32, &dyn core[13e665e57e4fab27]::ops::function::Fn<(), Output = i32> + core[13e665e57e4fab27]::panic::unwind_safe::RefUnwindSafe + core[13e665e57e4fab27]::marker::Sync>
[INFO] [stderr]                                  at /rustc/52995a223f2919dd3e2e427231db90a257350ded/library/std/src/panicking.rs:541:19
[INFO] [stderr]     26:     0x5f6887c1f9b8 - std[bca62e6543d808ff]::panic::catch_unwind::<&dyn core[13e665e57e4fab27]::ops::function::Fn<(), Output = i32> + core[13e665e57e4fab27]::panic::unwind_safe::RefUnwindSafe + core[13e665e57e4fab27]::marker::Sync, i32>
[INFO] [stderr]                                  at /rustc/52995a223f2919dd3e2e427231db90a257350ded/library/std/src/panic.rs:359:14
[INFO] [stderr]     27:     0x5f6887c1f9b8 - std[bca62e6543d808ff]::rt::lang_start_internal::{closure#0}
[INFO] [stderr]                                  at /rustc/52995a223f2919dd3e2e427231db90a257350ded/library/std/src/rt.rs:175:24
[INFO] [stderr]     28:     0x5f6887c1f9b8 - std[bca62e6543d808ff]::panicking::catch_unwind::do_call::<std[bca62e6543d808ff]::rt::lang_start_internal::{closure#0}, isize>
[INFO] [stderr]                                  at /rustc/52995a223f2919dd3e2e427231db90a257350ded/library/std/src/panicking.rs:573:43
[INFO] [stderr]     29:     0x5f6887c1f9b8 - std[bca62e6543d808ff]::panicking::catch_unwind::<isize, std[bca62e6543d808ff]::rt::lang_start_internal::{closure#0}>
[INFO] [stderr]                                  at /rustc/52995a223f2919dd3e2e427231db90a257350ded/library/std/src/panicking.rs:541:19
[INFO] [stderr]     30:     0x5f6887c1f9b8 - std[bca62e6543d808ff]::panic::catch_unwind::<std[bca62e6543d808ff]::rt::lang_start_internal::{closure#0}, isize>
[INFO] [stderr]                                  at /rustc/52995a223f2919dd3e2e427231db90a257350ded/library/std/src/panic.rs:359:14
[INFO] [stderr]     31:     0x5f6887c1f9b8 - std[bca62e6543d808ff]::rt::lang_start_internal
[INFO] [stderr]                                  at /rustc/52995a223f2919dd3e2e427231db90a257350ded/library/std/src/rt.rs:171:5
[INFO] [stderr]     32:     0x5f6887b817c1 - std[bca62e6543d808ff]::rt::lang_start::<()>
[INFO] [stderr]     33:     0x5f6887b823e5 - main
[INFO] [stderr]     34:     0x781c32c6c601 - <unknown>
[INFO] [stderr]     35:     0x781c32c6c718 - __libc_start_main
[INFO] [stderr]     36:     0x5f6887b80785 - _start
[INFO] [stderr]     37:                0x0 - <unknown>
[INFO] running `Command { std: "docker" "inspect" "2545eb117caed0241e6fd6839cc22fff6af63061b9ff30b281b7f26f15424d68", kill_on_drop: false }`
[INFO] running `Command { std: "docker" "rm" "-f" "2545eb117caed0241e6fd6839cc22fff6af63061b9ff30b281b7f26f15424d68", kill_on_drop: false }`
[INFO] [stdout] 2545eb117caed0241e6fd6839cc22fff6af63061b9ff30b281b7f26f15424d68
