[INFO] cloning repository https://github.com/lohmdesbois-source/Wattcoin_core_V2.0.3
[INFO] running `Command { std: "git" "-c" "credential.helper=" "-c" "credential.helper=/workspace/cargo-home/bin/git-credential-null" "clone" "--bare" "https://github.com/lohmdesbois-source/Wattcoin_core_V2.0.3" "/workspace/cache/git-repos/https%3A%2F%2Fgithub.com%2Flohmdesbois-source%2FWattcoin_core_V2.0.3", kill_on_drop: false }`
[INFO] [stderr] Cloning into bare repository '/workspace/cache/git-repos/https%3A%2F%2Fgithub.com%2Flohmdesbois-source%2FWattcoin_core_V2.0.3'...
[INFO] running `Command { std: "git" "rev-parse" "HEAD", kill_on_drop: false }`
[INFO] [stdout] b0865860d97f5e11c250abc20571d1a86f721af2
[INFO] checking lohmdesbois-source/Wattcoin_core_V2.0.3 against 52995a223f2919dd3e2e427231db90a257350ded for pr-129249-4
[INFO] running `Command { std: "git" "clone" "/workspace/cache/git-repos/https%3A%2F%2Fgithub.com%2Flohmdesbois-source%2FWattcoin_core_V2.0.3" "/workspace/builds/worker-2-tc2/source", kill_on_drop: false }`
[INFO] [stderr] Cloning into '/workspace/builds/worker-2-tc2/source'...
[INFO] [stderr] done.
[INFO] started tweaking git repo https://github.com/lohmdesbois-source/Wattcoin_core_V2.0.3
[INFO] finished tweaking git repo https://github.com/lohmdesbois-source/Wattcoin_core_V2.0.3
[INFO] tweaked toml for git repo https://github.com/lohmdesbois-source/Wattcoin_core_V2.0.3 written to /workspace/builds/worker-2-tc2/source/Cargo.toml
[INFO] validating manifest of git repo https://github.com/lohmdesbois-source/Wattcoin_core_V2.0.3 on toolchain 52995a223f2919dd3e2e427231db90a257350ded
[INFO] running `Command { std: CARGO_HOME="/workspace/cargo-home" RUSTUP_HOME="/workspace/rustup-home" "/workspace/cargo-home/bin/cargo" "+52995a223f2919dd3e2e427231db90a257350ded" "metadata" "--manifest-path" "Cargo.toml" "--no-deps", kill_on_drop: false }`
[INFO] crate git repo https://github.com/lohmdesbois-source/Wattcoin_core_V2.0.3 already has a lockfile, it will not be regenerated
[INFO] running `Command { std: CARGO_HOME="/workspace/cargo-home" RUSTUP_HOME="/workspace/rustup-home" "/workspace/cargo-home/bin/cargo" "+52995a223f2919dd3e2e427231db90a257350ded" "fetch" "--manifest-path" "Cargo.toml", kill_on_drop: false }`
[INFO] running `Command { std: "docker" "create" "-v" "/var/lib/crater-agent-workspace/builds/worker-2-tc2/source:/opt/rustwide/workdir:ro,Z" "-v" "/var/lib/crater-agent-workspace/builds/worker-2-tc2/target:/opt/rustwide/target:rw,Z" "-v" "/var/lib/crater-agent-workspace/cargo-home:/opt/rustwide/cargo-home:ro,Z" "-v" "/var/lib/crater-agent-workspace/rustup-home:/opt/rustwide/rustup-home:ro,Z" "-m" "1610612736" "--network" "none" "ghcr.io/rust-lang/crates-build-env/linux@sha256:77db811e55d90add9212f6832c23229e3de5f1c1f9905e8cb07319ea15df73ac" "sleep" "infinity", kill_on_drop: false }`
[INFO] [stdout] d27e5d92bd380d12d7dfa51f5f873974b2b58e07248f28a24fd32e3bf48ab839
[INFO] running `Command { std: "docker" "start" "d27e5d92bd380d12d7dfa51f5f873974b2b58e07248f28a24fd32e3bf48ab839", kill_on_drop: false }`
[INFO] running `Command { std: "docker" "inspect" "d27e5d92bd380d12d7dfa51f5f873974b2b58e07248f28a24fd32e3bf48ab839", kill_on_drop: false }`
[INFO] running `Command { std: "docker" "exec" "-e" "SOURCE_DIR=/opt/rustwide/workdir" "-e" "CARGO_HOME=/opt/rustwide/cargo-home" "-e" "RUSTUP_HOME=/opt/rustwide/rustup-home" "-e" "CARGO_TARGET_DIR=/opt/rustwide/target" "-w" "/opt/rustwide/workdir" "--user" "0:0" "d27e5d92bd380d12d7dfa51f5f873974b2b58e07248f28a24fd32e3bf48ab839" "/opt/rustwide/cargo-home/bin/cargo" "+52995a223f2919dd3e2e427231db90a257350ded" "metadata" "--no-deps" "--format-version=1", kill_on_drop: false }`
[INFO] running `Command { std: "docker" "inspect" "d27e5d92bd380d12d7dfa51f5f873974b2b58e07248f28a24fd32e3bf48ab839", kill_on_drop: false }`
[INFO] running `Command { std: "docker" "exec" "-e" "SOURCE_DIR=/opt/rustwide/workdir" "-e" "CARGO_HOME=/opt/rustwide/cargo-home" "-e" "RUSTUP_HOME=/opt/rustwide/rustup-home" "-e" "CARGO_TARGET_DIR=/opt/rustwide/target" "-e" "CARGO_INCREMENTAL=0" "-e" "RUST_BACKTRACE=full" "-e" "RUSTFLAGS=--cap-lints=forbid" "-e" "RUSTDOCFLAGS=--cap-lints=forbid" "-w" "/opt/rustwide/workdir" "--user" "0:0" "d27e5d92bd380d12d7dfa51f5f873974b2b58e07248f28a24fd32e3bf48ab839" "/opt/rustwide/cargo-home/bin/cargo" "+52995a223f2919dd3e2e427231db90a257350ded" "check" "--frozen" "--all" "--all-targets" "--message-format=json", kill_on_drop: false }`
[INFO] [stderr]    Compiling libc v0.2.184
[INFO] [stderr]     Checking litemap v0.8.2
[INFO] [stderr]     Checking writeable v0.6.3
[INFO] [stderr]    Compiling icu_normalizer_data v2.2.0
[INFO] [stderr]    Compiling icu_properties_data v2.2.0
[INFO] [stderr]     Checking http v0.2.12
[INFO] [stderr]    Compiling serde_core v1.0.228
[INFO] [stderr]     Checking futures-util v0.3.32
[INFO] [stderr]     Checking zerocopy v0.8.48
[INFO] [stderr]    Compiling zerovec-derive v0.11.3
[INFO] [stderr]    Compiling tokio-macros v2.7.0
[INFO] [stderr]    Compiling zerofrom-derive v0.1.7
[INFO] [stderr]    Compiling yoke-derive v0.8.2
[INFO] [stderr]    Compiling openssl v0.10.76
[INFO] [stderr]     Checking hashbrown v0.17.0
[INFO] [stderr]    Compiling glob v0.3.3
[INFO] [stderr]    Compiling serde v1.0.228
[INFO] [stderr]    Compiling thiserror-impl v1.0.69
[INFO] [stderr]    Compiling openssl-macros v0.1.1
[INFO] [stderr]     Checking tracing v0.1.44
[INFO] [stderr]    Compiling getrandom v0.3.4
[INFO] [stderr]     Checking futures-channel v0.3.32
[INFO] [stderr]    Compiling mime_guess v2.0.5
[INFO] [stderr]    Compiling curve25519-dalek v4.1.3
[INFO] [stderr]     Checking http v1.4.0
[INFO] [stderr]    Compiling multer v2.1.0
[INFO] [stderr]     Checking utf-8 v0.7.6
[INFO] [stderr]     Checking data-encoding v2.10.0
[INFO] [stderr]     Checking tinyvec v1.11.0
[INFO] [stderr]     Checking hex-conservative v0.2.2
[INFO] [stderr]    Compiling curve25519-dalek-derive v0.1.1
[INFO] [stderr]     Checking http-body v0.4.6
[INFO] [stderr]     Checking errno v0.3.14
[INFO] [stderr]     Checking parking_lot_core v0.9.12
[INFO] [stderr]     Checking signal-hook-registry v1.4.8
[INFO] [stderr]     Checking socket2 v0.6.3
[INFO] [stderr]     Checking mio v1.2.0
[INFO] [stderr]     Checking getrandom v0.2.17
[INFO] [stderr]     Checking parking_lot v0.12.5
[INFO] [stderr]     Checking indexmap v2.14.0
[INFO] [stderr]     Checking rand_core v0.6.4
[INFO] [stderr]     Checking zerofrom v0.1.7
[INFO] [stderr]    Compiling jobserver v0.1.34
[INFO] [stderr]     Checking socket2 v0.5.10
[INFO] [stderr]     Checking headers-core v0.2.0
[INFO] [stderr]     Checking yoke v0.8.2
[INFO] [stderr]    Compiling pin-project-internal v1.1.11
[INFO] [stderr]     Checking pqcrypto-traits v0.3.5
[INFO] [stderr]    Compiling cc v1.2.59
[INFO] [stderr]     Checking zeroize v1.8.2
[INFO] [stderr]     Checking signature v2.2.0
[INFO] [stderr]     Checking tokio v1.51.1
[INFO] [stderr]     Checking headers v0.3.9
[INFO] [stderr]     Checking unicode-normalization v0.1.25
[INFO] [stderr]     Checking bitcoin_hashes v0.14.1
[INFO] [stderr]     Checking thiserror v1.0.69
[INFO] [stderr]     Checking ed25519 v2.2.3
[INFO] [stderr]     Checking num-integer v0.1.46
[INFO] [stderr]     Checking sha2 v0.10.9
[INFO] [stderr]     Checking zerovec v0.11.6
[INFO] [stderr]     Checking zerotrie v0.2.4
[INFO] [stderr]     Checking ipnet v2.12.0
[INFO] [stderr]     Checking chrono v0.4.44
[INFO] [stderr]     Checking num-bigint v0.4.6
[INFO] [stderr]     Checking pin-project v1.1.11
[INFO] [stderr]     Checking tinystr v0.8.3
[INFO] [stderr]     Checking potential_utf v0.1.5
[INFO] [stderr]     Checking icu_collections v2.2.0
[INFO] [stderr]     Checking icu_locale_core v2.2.0
[INFO] [stderr]    Compiling cmake v0.1.58
[INFO] [stderr]    Compiling openssl-sys v0.9.112
[INFO] [stderr]    Compiling pqcrypto-internals v0.2.11
[INFO] [stderr]    Compiling pqcrypto-dilithium v0.5.0
[INFO] [stderr]    Compiling pqcrypto-kyber v0.8.1
[INFO] [stderr]    Compiling blake3 v1.8.4
[INFO] [stderr]    Compiling randomx-rs v1.4.1
[INFO] [stderr]     Checking ed25519-dalek v2.2.0
[INFO] [stderr]     Checking serde_json v1.0.149
[INFO] [stderr]    Compiling native-tls v0.2.18
[INFO] [stderr]     Checking serde_urlencoded v0.7.1
[INFO] [stderr]     Checking bip39 v2.2.2
[INFO] [stderr]     Checking icu_provider v2.2.0
[INFO] [stderr]     Checking icu_properties v2.2.0
[INFO] [stderr]     Checking icu_normalizer v2.2.0
[INFO] [stderr] warning: pqcrypto-internals@0.2.11: cc: fatal error: Killed signal terminated program cc1
[INFO] [stderr] warning: pqcrypto-internals@0.2.11: compilation terminated.
[INFO] [stderr] error: failed to run custom build command for `pqcrypto-internals v0.2.11`
[INFO] [stderr] note: To improve backtraces for build dependencies, set the CARGO_PROFILE_DEV_BUILD_OVERRIDE_DEBUG=true environment variable to enable debug information generation.
[INFO] [stderr] 
[INFO] [stderr] Caused by:
[INFO] [stderr]   process didn't exit successfully: `/opt/rustwide/target/debug/build/pqcrypto-internals/eb13c405fb29364e/out/build_script_build` (exit status: 1)
[INFO] [stderr]   --- stdout
[INFO] [stderr]   cargo:includepath=/opt/rustwide/cargo-home/registry/src/index.crates.io-1949cf8c6b5b557f/pqcrypto-internals-0.2.11/include
[INFO] [stderr]   cargo:rerun-if-changed=cfiles/
[INFO] [stderr]   cargo:rerun-if-changed=build.rs
[INFO] [stderr]   cargo:rerun-if-changed=src/
[INFO] [stderr]   cargo:rerun-if-env-changed=CC_FORCE_DISABLE
[INFO] [stderr]   CC_FORCE_DISABLE = None
[INFO] [stderr]   cargo:rerun-if-env-changed=CC_x86_64-unknown-linux-gnu
[INFO] [stderr]   CC_x86_64-unknown-linux-gnu = None
[INFO] [stderr]   cargo:rerun-if-env-changed=CC_x86_64_unknown_linux_gnu
[INFO] [stderr]   CC_x86_64_unknown_linux_gnu = None
[INFO] [stderr]   cargo:rerun-if-env-changed=HOST_CC
[INFO] [stderr]   HOST_CC = None
[INFO] [stderr]   cargo:rerun-if-env-changed=CC
[INFO] [stderr]   CC = None
[INFO] [stderr]   cargo:rerun-if-env-changed=CC_ENABLE_DEBUG_OUTPUT
[INFO] [stderr]   cargo:rerun-if-env-changed=CRATE_CC_NO_DEFAULTS
[INFO] [stderr]   CRATE_CC_NO_DEFAULTS = None
[INFO] [stderr]   cargo:rerun-if-env-changed=CFLAGS
[INFO] [stderr]   CFLAGS = None
[INFO] [stderr]   cargo:rerun-if-env-changed=HOST_CFLAGS
[INFO] [stderr]   HOST_CFLAGS = None
[INFO] [stderr]   cargo:rerun-if-env-changed=CFLAGS_x86_64_unknown_linux_gnu
[INFO] [stderr]   CFLAGS_x86_64_unknown_linux_gnu = None
[INFO] [stderr]   cargo:rerun-if-env-changed=CFLAGS_x86_64-unknown-linux-gnu
[INFO] [stderr]   CFLAGS_x86_64-unknown-linux-gnu = None
[INFO] [stderr]   cargo:rerun-if-env-changed=CC_x86_64-unknown-linux-gnu
[INFO] [stderr]   CC_x86_64-unknown-linux-gnu = None
[INFO] [stderr]   cargo:rerun-if-env-changed=CC_x86_64_unknown_linux_gnu
[INFO] [stderr]   CC_x86_64_unknown_linux_gnu = None
[INFO] [stderr]   cargo:rerun-if-env-changed=HOST_CC
[INFO] [stderr]   HOST_CC = None
[INFO] [stderr]   cargo:rerun-if-env-changed=CC
[INFO] [stderr]   CC = None
[INFO] [stderr]   cargo:rerun-if-env-changed=CRATE_CC_NO_DEFAULTS
[INFO] [stderr]   CRATE_CC_NO_DEFAULTS = None
[INFO] [stderr]   cargo:rerun-if-env-changed=CFLAGS
[INFO] [stderr]   CFLAGS = None
[INFO] [stderr]   cargo:rerun-if-env-changed=HOST_CFLAGS
[INFO] [stderr]   HOST_CFLAGS = None
[INFO] [stderr]   cargo:rerun-if-env-changed=CFLAGS_x86_64_unknown_linux_gnu
[INFO] [stderr]   CFLAGS_x86_64_unknown_linux_gnu = None
[INFO] [stderr]   cargo:rerun-if-env-changed=CFLAGS_x86_64-unknown-linux-gnu
[INFO] [stderr]   CFLAGS_x86_64-unknown-linux-gnu = None
[INFO] [stderr]   cargo:rerun-if-env-changed=CC_x86_64-unknown-linux-gnu
[INFO] [stderr]   CC_x86_64-unknown-linux-gnu = None
[INFO] [stderr]   cargo:rerun-if-env-changed=CC_x86_64_unknown_linux_gnu
[INFO] [stderr]   CC_x86_64_unknown_linux_gnu = None
[INFO] [stderr]   cargo:rerun-if-env-changed=HOST_CC
[INFO] [stderr]   HOST_CC = None
[INFO] [stderr]   cargo:rerun-if-env-changed=CC
[INFO] [stderr]   CC = None
[INFO] [stderr]   cargo:rerun-if-env-changed=CRATE_CC_NO_DEFAULTS
[INFO] [stderr]   CRATE_CC_NO_DEFAULTS = None
[INFO] [stderr]   cargo:rerun-if-env-changed=CFLAGS
[INFO] [stderr]   CFLAGS = None
[INFO] [stderr]   cargo:rerun-if-env-changed=HOST_CFLAGS
[INFO] [stderr]   HOST_CFLAGS = None
[INFO] [stderr]   cargo:rerun-if-env-changed=CFLAGS_x86_64_unknown_linux_gnu
[INFO] [stderr]   CFLAGS_x86_64_unknown_linux_gnu = None
[INFO] [stderr]   cargo:rerun-if-env-changed=CFLAGS_x86_64-unknown-linux-gnu
[INFO] [stderr]   CFLAGS_x86_64-unknown-linux-gnu = None
[INFO] [stderr]   cargo:rerun-if-env-changed=CC_x86_64-unknown-linux-gnu
[INFO] [stderr]   CC_x86_64-unknown-linux-gnu = None
[INFO] [stderr]   cargo:rerun-if-env-changed=CC_x86_64_unknown_linux_gnu
[INFO] [stderr]   CC_x86_64_unknown_linux_gnu = None
[INFO] [stderr]   cargo:rerun-if-env-changed=HOST_CC
[INFO] [stderr]   HOST_CC = None
[INFO] [stderr]   cargo:rerun-if-env-changed=CC
[INFO] [stderr]   CC = None
[INFO] [stderr]   cargo:rerun-if-env-changed=CRATE_CC_NO_DEFAULTS
[INFO] [stderr]   CRATE_CC_NO_DEFAULTS = None
[INFO] [stderr]   cargo:rerun-if-env-changed=CFLAGS
[INFO] [stderr]   CFLAGS = None
[INFO] [stderr]   cargo:rerun-if-env-changed=HOST_CFLAGS
[INFO] [stderr]   HOST_CFLAGS = None
[INFO] [stderr]   cargo:rerun-if-env-changed=CFLAGS_x86_64_unknown_linux_gnu
[INFO] [stderr]   CFLAGS_x86_64_unknown_linux_gnu = None
[INFO] [stderr]   cargo:rerun-if-env-changed=CFLAGS_x86_64-unknown-linux-gnu
[INFO] [stderr]   CFLAGS_x86_64-unknown-linux-gnu = None
[INFO] [stderr]   cargo:rerun-if-env-changed=CC_x86_64-unknown-linux-gnu
[INFO] [stderr]   CC_x86_64-unknown-linux-gnu = None
[INFO] [stderr]   cargo:rerun-if-env-changed=CC_x86_64_unknown_linux_gnu
[INFO] [stderr]   CC_x86_64_unknown_linux_gnu = None
[INFO] [stderr]   cargo:rerun-if-env-changed=HOST_CC
[INFO] [stderr]   HOST_CC = None
[INFO] [stderr]   cargo:rerun-if-env-changed=CC
[INFO] [stderr]   CC = None
[INFO] [stderr]   cargo:rerun-if-env-changed=CRATE_CC_NO_DEFAULTS
[INFO] [stderr]   CRATE_CC_NO_DEFAULTS = None
[INFO] [stderr]   cargo:rerun-if-env-changed=CFLAGS
[INFO] [stderr]   CFLAGS = None
[INFO] [stderr]   cargo:rerun-if-env-changed=HOST_CFLAGS
[INFO] [stderr]   HOST_CFLAGS = None
[INFO] [stderr]   cargo:rerun-if-env-changed=CFLAGS_x86_64_unknown_linux_gnu
[INFO] [stderr]   CFLAGS_x86_64_unknown_linux_gnu = None
[INFO] [stderr]   cargo:rerun-if-env-changed=CFLAGS_x86_64-unknown-linux-gnu
[INFO] [stderr]   CFLAGS_x86_64-unknown-linux-gnu = None
[INFO] [stderr]   exit status: 0
[INFO] [stderr]   exit status: 0
[INFO] [stderr]   exit status: 0
[INFO] [stderr]   exit status: 0
[INFO] [stderr]   exit status: 0
[INFO] [stderr]   cargo:rerun-if-env-changed=AR_x86_64-unknown-linux-gnu
[INFO] [stderr]   AR_x86_64-unknown-linux-gnu = None
[INFO] [stderr]   cargo:rerun-if-env-changed=AR_x86_64_unknown_linux_gnu
[INFO] [stderr]   AR_x86_64_unknown_linux_gnu = None
[INFO] [stderr]   cargo:rerun-if-env-changed=HOST_AR
[INFO] [stderr]   HOST_AR = None
[INFO] [stderr]   cargo:rerun-if-env-changed=AR
[INFO] [stderr]   AR = None
[INFO] [stderr]   cargo:rerun-if-env-changed=ARFLAGS
[INFO] [stderr]   ARFLAGS = None
[INFO] [stderr]   cargo:rerun-if-env-changed=HOST_ARFLAGS
[INFO] [stderr]   HOST_ARFLAGS = None
[INFO] [stderr]   cargo:rerun-if-env-changed=ARFLAGS_x86_64_unknown_linux_gnu
[INFO] [stderr]   ARFLAGS_x86_64_unknown_linux_gnu = None
[INFO] [stderr]   cargo:rerun-if-env-changed=ARFLAGS_x86_64-unknown-linux-gnu
[INFO] [stderr]   ARFLAGS_x86_64-unknown-linux-gnu = None
[INFO] [stderr]   cargo:rerun-if-env-changed=AR_x86_64-unknown-linux-gnu
[INFO] [stderr]   AR_x86_64-unknown-linux-gnu = None
[INFO] [stderr]   cargo:rerun-if-env-changed=AR_x86_64_unknown_linux_gnu
[INFO] [stderr]   AR_x86_64_unknown_linux_gnu = None
[INFO] [stderr]   cargo:rerun-if-env-changed=HOST_AR
[INFO] [stderr]   HOST_AR = None
[INFO] [stderr]   cargo:rerun-if-env-changed=AR
[INFO] [stderr]   AR = None
[INFO] [stderr]   cargo:rerun-if-env-changed=ARFLAGS
[INFO] [stderr]   ARFLAGS = None
[INFO] [stderr]   cargo:rerun-if-env-changed=HOST_ARFLAGS
[INFO] [stderr]   HOST_ARFLAGS = None
[INFO] [stderr]   cargo:rerun-if-env-changed=ARFLAGS_x86_64_unknown_linux_gnu
[INFO] [stderr]   ARFLAGS_x86_64_unknown_linux_gnu = None
[INFO] [stderr]   cargo:rerun-if-env-changed=ARFLAGS_x86_64-unknown-linux-gnu
[INFO] [stderr]   ARFLAGS_x86_64-unknown-linux-gnu = None
[INFO] [stderr]   cargo:rustc-link-lib=static=pqclean_common
[INFO] [stderr]   cargo:rustc-link-search=native=/opt/rustwide/target/debug/build/pqcrypto-internals/63d9dbbab05b5bae/out
[INFO] [stderr]   cargo:rustc-link-lib=pqclean_common
[INFO] [stderr]   cargo:rerun-if-env-changed=CC_FORCE_DISABLE
[INFO] [stderr]   CC_FORCE_DISABLE = None
[INFO] [stderr]   cargo:rerun-if-env-changed=CC_x86_64-unknown-linux-gnu
[INFO] [stderr]   CC_x86_64-unknown-linux-gnu = None
[INFO] [stderr]   cargo:rerun-if-env-changed=CC_x86_64_unknown_linux_gnu
[INFO] [stderr]   CC_x86_64_unknown_linux_gnu = None
[INFO] [stderr]   cargo:rerun-if-env-changed=HOST_CC
[INFO] [stderr]   HOST_CC = None
[INFO] [stderr]   cargo:rerun-if-env-changed=CC
[INFO] [stderr]   CC = None
[INFO] [stderr]   cargo:rerun-if-env-changed=CC_ENABLE_DEBUG_OUTPUT
[INFO] [stderr]   cargo:rerun-if-env-changed=CRATE_CC_NO_DEFAULTS
[INFO] [stderr]   CRATE_CC_NO_DEFAULTS = None
[INFO] [stderr]   cargo:rerun-if-env-changed=CFLAGS
[INFO] [stderr]   CFLAGS = None
[INFO] [stderr]   cargo:rerun-if-env-changed=HOST_CFLAGS
[INFO] [stderr]   HOST_CFLAGS = None
[INFO] [stderr]   cargo:rerun-if-env-changed=CFLAGS_x86_64_unknown_linux_gnu
[INFO] [stderr]   CFLAGS_x86_64_unknown_linux_gnu = None
[INFO] [stderr]   cargo:rerun-if-env-changed=CFLAGS_x86_64-unknown-linux-gnu
[INFO] [stderr]   CFLAGS_x86_64-unknown-linux-gnu = None
[INFO] [stderr]   cargo:warning=cc: fatal error: Killed signal terminated program cc1
[INFO] [stderr]   cargo:warning=compilation terminated.
[INFO] [stderr] 
[INFO] [stderr]   --- stderr
[INFO] [stderr] 
[INFO] [stderr] 
[INFO] [stderr]   error occurred in cc-rs: command did not execute successfully (status code exit status: 1): LC_ALL="C" "cc" "-O0" "-ffunction-sections" "-fdata-sections" "-fPIC" "-g" "-gdwarf-4" "-fno-omit-frame-pointer" "-m64" "-Wall" "-Wextra" "-mavx2" "-o" "/opt/rustwide/target/debug/build/pqcrypto-internals/63d9dbbab05b5bae/out/9972bc05dc79fa03-KeccakP-1600-times4-SIMD256.o" "-c" "cfiles/keccak4x/KeccakP-1600-times4-SIMD256.c"
[INFO] [stderr] 
[INFO] [stderr] 
[INFO] [stderr] warning: build failed, waiting for other jobs to finish...
[INFO] [stderr] error: could not compile `tokio` (lib)
[INFO] [stderr] 
[INFO] [stderr] Caused by:
[INFO] [stderr]   process didn't exit successfully: `/opt/rustwide/rustup-home/toolchains/52995a223f2919dd3e2e427231db90a257350ded/bin/rustc --crate-name tokio --edition=2021 /opt/rustwide/cargo-home/registry/src/index.crates.io-1949cf8c6b5b557f/tokio-1.51.1/src/lib.rs --error-format=json --json=diagnostic-rendered-ansi,artifacts,future-incompat,unused-externs-silent --crate-type lib --emit=dep-info,metadata -C embed-bitcode=no -C debuginfo=2 --cfg 'feature="bytes"' --cfg 'feature="default"' --cfg 'feature="fs"' --cfg 'feature="full"' --cfg 'feature="io-std"' --cfg 'feature="io-util"' --cfg 'feature="libc"' --cfg 'feature="macros"' --cfg 'feature="mio"' --cfg 'feature="net"' --cfg 'feature="parking_lot"' --cfg 'feature="process"' --cfg 'feature="rt"' --cfg 'feature="rt-multi-thread"' --cfg 'feature="signal"' --cfg 'feature="signal-hook-registry"' --cfg 'feature="socket2"' --cfg 'feature="sync"' --cfg 'feature="time"' --cfg 'feature="tokio-macros"' --check-cfg 'cfg(docsrs,test)' --check-cfg 'cfg(feature, values("bytes", "default", "fs", "full", "io-std", "io-uring", "io-util", "libc", "macros", "mio", "net", "parking_lot", "process", "rt", "rt-multi-thread", "signal", "signal-hook-registry", "socket2", "sync", "taskdump", "test-util", "time", "tokio-macros", "tracing", "windows-sys"))' -C metadata=97bab5e747a1a2c3 -C extra-filename=-222a6e45050d9600 --out-dir /opt/rustwide/target/debug/build/tokio/222a6e45050d9600/out -L dependency=/opt/rustwide/target/debug/build/cfg-if/190c9021fd162845/out -L dependency=/opt/rustwide/target/debug/build/errno/b13667bd5a138fa4/out -L dependency=/opt/rustwide/target/debug/build/libc/9f3ae8ae534eb9e7/out -L dependency=/opt/rustwide/target/debug/build/lock_api/b47e4fe57039b3cf/out -L dependency=/opt/rustwide/target/debug/build/parking_lot_core/6716f342aad8547a/out -L dependency=/opt/rustwide/target/debug/build/scopeguard/e7d227cb308b3799/out -L dependency=/opt/rustwide/target/debug/build/smallvec/602659051ed0fdf9/out --extern bytes=/opt/rustwide/target/debug/build/bytes/c3c82aecfaa31497/out/libbytes-c3c82aecfaa31497.rmeta --extern libc=/opt/rustwide/target/debug/build/libc/9f3ae8ae534eb9e7/out/liblibc-9f3ae8ae534eb9e7.rmeta --extern mio=/opt/rustwide/target/debug/build/mio/914da79b07e9739e/out/libmio-914da79b07e9739e.rmeta --extern parking_lot=/opt/rustwide/target/debug/build/parking_lot/dc916167ec44757c/out/libparking_lot-dc916167ec44757c.rmeta --extern pin_project_lite=/opt/rustwide/target/debug/build/pin-project-lite/7176d3be2b7ee2e1/out/libpin_project_lite-7176d3be2b7ee2e1.rmeta --extern signal_hook_registry=/opt/rustwide/target/debug/build/signal-hook-registry/7a85484710c87805/out/libsignal_hook_registry-7a85484710c87805.rmeta --extern socket2=/opt/rustwide/target/debug/build/socket2/86a24458c6682e00/out/libsocket2-86a24458c6682e00.rmeta --extern tokio_macros=/opt/rustwide/target/debug/build/tokio-macros/08b96a339cb6ecf1/out/libtokio_macros-08b96a339cb6ecf1.so --cap-lints allow --cap-lints=forbid --force-warn=unused_crate_dependencies` (signal: 9, SIGKILL: kill)
[INFO] [stderr] error: could not compile `zerocopy` (lib)
[INFO] [stderr] 
[INFO] [stderr] Caused by:
[INFO] [stderr]   process didn't exit successfully: `/opt/rustwide/rustup-home/toolchains/52995a223f2919dd3e2e427231db90a257350ded/bin/rustc --crate-name zerocopy --edition=2021 /opt/rustwide/cargo-home/registry/src/index.crates.io-1949cf8c6b5b557f/zerocopy-0.8.48/src/lib.rs --error-format=json --json=diagnostic-rendered-ansi,artifacts,future-incompat,unused-externs-silent --crate-type lib --emit=dep-info,metadata -C embed-bitcode=no -C debuginfo=2 --cfg 'feature="simd"' --check-cfg 'cfg(docsrs,test)' --check-cfg 'cfg(feature, values("__internal_use_only_features_that_work_on_stable", "alloc", "derive", "float-nightly", "simd", "simd-nightly", "std", "zerocopy-derive"))' -C metadata=ec31044ba35aed5b -C extra-filename=-92cff1c01b9503bd --out-dir /opt/rustwide/target/debug/build/zerocopy/92cff1c01b9503bd/out --cap-lints allow --cap-lints=forbid --force-warn=unused_crate_dependencies --check-cfg 'cfg(no_zerocopy_simd_x86_avx12_1_89_0)' --check-cfg 'cfg(rust, values("1.89.0"))' --check-cfg 'cfg(no_zerocopy_core_error_1_81_0)' --check-cfg 'cfg(rust, values("1.81.0"))' --check-cfg 'cfg(no_zerocopy_diagnostic_on_unimplemented_1_78_0)' --check-cfg 'cfg(rust, values("1.78.0"))' --check-cfg 'cfg(no_zerocopy_generic_bounds_in_const_fn_1_61_0)' --check-cfg 'cfg(rust, values("1.61.0"))' --check-cfg 'cfg(no_zerocopy_target_has_atomics_1_60_0)' --check-cfg 'cfg(rust, values("1.60.0"))' --check-cfg 'cfg(no_zerocopy_aarch64_simd_1_59_0)' --check-cfg 'cfg(rust, values("1.59.0"))' --check-cfg 'cfg(no_zerocopy_aarch64_simd_be_1_87_0)' --check-cfg 'cfg(rust, values("1.87.0"))' --check-cfg 'cfg(no_zerocopy_panic_in_const_and_vec_try_reserve_1_57_0)' --check-cfg 'cfg(rust, values("1.57.0"))' --check-cfg 'cfg(doc_cfg)' --check-cfg 'cfg(kani)' --check-cfg 'cfg(__ZEROCOPY_INTERNAL_USE_ONLY_NIGHTLY_FEATURES_IN_TESTS)' --check-cfg 'cfg(__ZEROCOPY_INTERNAL_USE_ONLY_DEV_MODE)' --check-cfg 'cfg(coverage_nightly)' --check-cfg 'cfg(zerocopy_inline_always)'` (signal: 9, SIGKILL: kill)
[INFO] [stderr] error: failed to run custom build command for `randomx-rs v1.4.1`
[INFO] [stderr] note: To improve backtraces for build dependencies, set the CARGO_PROFILE_DEV_BUILD_OVERRIDE_DEBUG=true environment variable to enable debug information generation.
[INFO] [stderr] 
[INFO] [stderr] Caused by:
[INFO] [stderr]   process didn't exit successfully: `/opt/rustwide/target/debug/build/randomx-rs/45e1106d1132eb29/out/build_script_build` (exit status: 101)
[INFO] [stderr]   --- stdout
[INFO] [stderr]   CMAKE_TOOLCHAIN_FILE_x86_64-unknown-linux-gnu = None
[INFO] [stderr]   CMAKE_TOOLCHAIN_FILE_x86_64_unknown_linux_gnu = None
[INFO] [stderr]   HOST_CMAKE_TOOLCHAIN_FILE = None
[INFO] [stderr]   CMAKE_TOOLCHAIN_FILE = None
[INFO] [stderr]   CMAKE_GENERATOR_x86_64-unknown-linux-gnu = None
[INFO] [stderr]   CMAKE_GENERATOR_x86_64_unknown_linux_gnu = None
[INFO] [stderr]   HOST_CMAKE_GENERATOR = None
[INFO] [stderr]   CMAKE_GENERATOR = None
[INFO] [stderr]   CMAKE_PREFIX_PATH_x86_64-unknown-linux-gnu = None
[INFO] [stderr]   CMAKE_PREFIX_PATH_x86_64_unknown_linux_gnu = None
[INFO] [stderr]   HOST_CMAKE_PREFIX_PATH = None
[INFO] [stderr]   CMAKE_PREFIX_PATH = None
[INFO] [stderr]   CMAKE_x86_64-unknown-linux-gnu = None
[INFO] [stderr]   CMAKE_x86_64_unknown_linux_gnu = None
[INFO] [stderr]   HOST_CMAKE = None
[INFO] [stderr]   CMAKE = None
[INFO] [stderr]   -- The C compiler identification is GNU 15.2.0
[INFO] [stderr]   -- The CXX compiler identification is GNU 15.2.0
[INFO] [stderr]   -- Detecting C compiler ABI info
[INFO] [stderr]   -- Detecting C compiler ABI info - done
[INFO] [stderr]   -- Check for working C compiler: /usr/bin/cc - skipped
[INFO] [stderr]   -- Detecting C compile features
[INFO] [stderr]   -- Detecting C compile features - done
[INFO] [stderr]   -- Detecting CXX compiler ABI info
[INFO] [stderr]   -- Detecting CXX compiler ABI info - done
[INFO] [stderr]   -- Check for working CXX compiler: /usr/bin/c++ - skipped
[INFO] [stderr]   -- Detecting CXX compile features
[INFO] [stderr]   -- Detecting CXX compile features - done
[INFO] [stderr]   -- Performing Test _maes_cxx
[INFO] [stderr]   -- Performing Test _maes_cxx - Success
[INFO] [stderr]   -- Setting CXX flag -maes
[INFO] [stderr]   -- Performing Test _maes_c
[INFO] [stderr]   -- Performing Test _maes_c - Success
[INFO] [stderr]   -- Setting C flag -maes
[INFO] [stderr]   -- Performing Test HAVE_SSSE3
[INFO] [stderr]   -- Performing Test HAVE_SSSE3 - Success
[INFO] [stderr]   -- Performing Test HAVE_AVX2
[INFO] [stderr]   -- Performing Test HAVE_AVX2 - Success
[INFO] [stderr]   -- Performing Test CMAKE_HAVE_LIBC_PTHREAD
[INFO] [stderr]   -- Performing Test CMAKE_HAVE_LIBC_PTHREAD - Success
[INFO] [stderr]   -- Found Threads: TRUE
[INFO] [stderr]   -- Performing Test HAVE_CXX_ATOMICS
[INFO] [stderr]   -- Performing Test HAVE_CXX_ATOMICS - Success
[INFO] [stderr]   -- Configuring done (5.6s)
[INFO] [stderr]   -- Generating done (0.0s)
[INFO] [stderr]   -- Build files have been written to: /opt/rustwide/target/debug/build/randomx-rs/50db6641e471789b/out/build
[INFO] [stderr]   [  2%] Building C object CMakeFiles/randomx.dir/src/argon2_ssse3.c.o
[INFO] [stderr]   [  5%] Building CXX object CMakeFiles/randomx.dir/src/bytecode_machine.cpp.o
[INFO] [stderr]   [  8%] Building C object CMakeFiles/randomx.dir/src/argon2_ref.c.o
[INFO] [stderr]   [ 11%] Building CXX object CMakeFiles/randomx.dir/src/aes_hash.cpp.o
[INFO] [stderr]   [ 14%] Building C object CMakeFiles/randomx.dir/src/virtual_memory.c.o
[INFO] [stderr]   [ 17%] Building CXX object CMakeFiles/randomx.dir/src/dataset.cpp.o
[INFO] [stderr]   [ 20%] Building CXX object CMakeFiles/randomx.dir/src/soft_aes.cpp.o
[INFO] [stderr]   [ 23%] Building CXX object CMakeFiles/randomx.dir/src/allocator.cpp.o
[INFO] [stderr]   [ 26%] Building C object CMakeFiles/randomx.dir/src/argon2_avx2.c.o
[INFO] [stderr]   [ 29%] Building CXX object CMakeFiles/randomx.dir/src/cpu.cpp.o
[INFO] [stderr]   [ 32%] Building CXX object CMakeFiles/randomx.dir/src/vm_interpreted.cpp.o
[INFO] [stderr]   [ 35%] Building CXX object CMakeFiles/randomx.dir/src/assembly_generator_x86.cpp.o
[INFO] [stderr]   [ 38%] Building CXX object CMakeFiles/randomx.dir/src/instruction.cpp.o
[INFO] [stderr]   [ 41%] Building CXX object CMakeFiles/randomx.dir/src/randomx.cpp.o
[INFO] [stderr]   [ 44%] Building CXX object CMakeFiles/randomx.dir/src/superscalar.cpp.o
[INFO] [stderr]   [ 50%] Building CXX object CMakeFiles/randomx.dir/src/vm_interpreted_light.cpp.o
[INFO] [stderr]   [ 50%] Building CXX object CMakeFiles/randomx.dir/src/vm_compiled.cpp.o
[INFO] [stderr]   [ 52%] Building C object CMakeFiles/randomx.dir/src/argon2_core.c.o
[INFO] [stderr]   [ 55%] Building CXX object CMakeFiles/randomx.dir/src/blake2_generator.cpp.o
[INFO] [stderr]   [ 58%] Building CXX object CMakeFiles/randomx.dir/src/instructions_portable.cpp.o
[INFO] [stderr]   [ 61%] Building CXX object CMakeFiles/randomx.dir/src/virtual_machine.cpp.o
[INFO] [stderr]   [ 64%] Building C object CMakeFiles/randomx.dir/src/reciprocal.c.o
[INFO] [stderr]   [ 67%] Building CXX object CMakeFiles/randomx.dir/src/vm_compiled_light.cpp.o
[INFO] [stderr]   [ 70%] Building C object CMakeFiles/randomx.dir/src/blake2/blake2b.c.o
[INFO] [stderr] 
[INFO] [stderr]   --- stderr
[INFO] [stderr]   running: cd "/opt/rustwide/target/debug/build/randomx-rs/50db6641e471789b/out/build" && CMAKE_PREFIX_PATH="" LC_ALL="C" "cmake" "/opt/rustwide/cargo-home/registry/src/index.crates.io-1949cf8c6b5b557f/randomx-rs-1.4.1/RandomX" "-B" "/opt/rustwide/target/debug/build/randomx-rs/50db6641e471789b/out/build" "-DDARCH=native" "-DCMAKE_INSTALL_PREFIX=/opt/rustwide/target/debug/build/randomx-rs/50db6641e471789b/out" "-DCMAKE_C_FLAGS= -ffunction-sections -fdata-sections -fPIC -m64 -w" "-DCMAKE_C_COMPILER=/usr/bin/cc" "-DCMAKE_CXX_FLAGS= -ffunction-sections -fdata-sections -fPIC -m64 -w" "-DCMAKE_CXX_COMPILER=/usr/bin/c++" "-DCMAKE_ASM_FLAGS= -ffunction-sections -fdata-sections -fPIC -m64 -w" "-DCMAKE_ASM_COMPILER=/usr/bin/cc" "-DCMAKE_BUILD_TYPE=Debug"
[INFO] [stderr]   CMake Deprecation Warning at CMakeLists.txt:29 (cmake_minimum_required):
[INFO] [stderr]     Compatibility with CMake < 3.10 will be removed from a future version of
[INFO] [stderr]     CMake.
[INFO] [stderr] 
[INFO] [stderr]     Update the VERSION argument <min> value.  Or, use the <min>...<max> syntax
[INFO] [stderr]     to tell CMake that the project requires at least <min> but has been updated
[INFO] [stderr]     to work with policies introduced by <max> or earlier.
[INFO] [stderr] 
[INFO] [stderr] 
[INFO] [stderr]   CMake Warning:
[INFO] [stderr]     Manually-specified variables were not used by the project:
[INFO] [stderr] 
[INFO] [stderr]       CMAKE_ASM_COMPILER
[INFO] [stderr]       CMAKE_ASM_FLAGS
[INFO] [stderr]       DARCH
[INFO] [stderr] 
[INFO] [stderr] 
[INFO] [stderr]   running: cd "/opt/rustwide/target/debug/build/randomx-rs/50db6641e471789b/out/build" && LC_ALL="C" MAKEFLAGS="-j --jobserver-fds=4,5 --jobserver-auth=4,5" "cmake" "--build" "/opt/rustwide/target/debug/build/randomx-rs/50db6641e471789b/out/build" "--target" "install" "--config" "Debug"
[INFO] [stderr]   c++: fatal error: Killed signal terminated program cc1plus
[INFO] [stderr]   compilation terminated.
[INFO] [stderr]   gmake[2]: *** [CMakeFiles/randomx.dir/build.make:205: CMakeFiles/randomx.dir/src/vm_interpreted.cpp.o] Error 1
[INFO] [stderr]   gmake[2]: *** Waiting for unfinished jobs....
[INFO] [stderr]   c++: fatal error: Killed signal terminated program cc1plus
[INFO] [stderr]   compilation terminated.
[INFO] [stderr]   gmake[2]: *** [CMakeFiles/randomx.dir/build.make:135: CMakeFiles/randomx.dir/src/bytecode_machine.cpp.o] Error 1
[INFO] [stderr]   gmake[1]: *** [CMakeFiles/Makefile2:96: CMakeFiles/randomx.dir/all] Error 2
[INFO] [stderr]   gmake: *** [Makefile:136: all] Error 2
[INFO] [stderr] 
[INFO] [stderr]   thread 'main' (860) panicked at /opt/rustwide/cargo-home/registry/src/index.crates.io-1949cf8c6b5b557f/cmake-0.1.58/src/lib.rs:1132:5:
[INFO] [stderr] 
[INFO] [stderr]   command did not execute successfully, got: exit status: 2
[INFO] [stderr] 
[INFO] [stderr]   build script failed, must exit now
[INFO] [stderr]   stack backtrace:
[INFO] [stderr]      0:     0x6213bd79ba41 - std[bca62e6543d808ff]::backtrace_rs::backtrace::libunwind::trace
[INFO] [stderr]                                  at /rustc/52995a223f2919dd3e2e427231db90a257350ded/library/std/src/../../backtrace/src/backtrace/libunwind.rs:117:9
[INFO] [stderr]      1:     0x6213bd79ba41 - std[bca62e6543d808ff]::backtrace_rs::backtrace::trace_unsynchronized::<std[bca62e6543d808ff]::sys::backtrace::_print_fmt::{closure#1}>
[INFO] [stderr]                                  at /rustc/52995a223f2919dd3e2e427231db90a257350ded/library/std/src/../../backtrace/src/backtrace/mod.rs:66:14
[INFO] [stderr]      2:     0x6213bd79ba41 - std[bca62e6543d808ff]::sys::backtrace::_print_fmt
[INFO] [stderr]                                  at /rustc/52995a223f2919dd3e2e427231db90a257350ded/library/std/src/sys/backtrace.rs:74:9
[INFO] [stderr]      3:     0x6213bd79ba41 - <<std[bca62e6543d808ff]::sys::backtrace::BacktraceLock>::print::DisplayBacktrace as core[13e665e57e4fab27]::fmt::Display>::fmt
[INFO] [stderr]                                  at /rustc/52995a223f2919dd3e2e427231db90a257350ded/library/std/src/sys/backtrace.rs:44:26
[INFO] [stderr]      4:     0x6213bd7af75a - <core[13e665e57e4fab27]::fmt::rt::Argument>::fmt
[INFO] [stderr]                                  at /rustc/52995a223f2919dd3e2e427231db90a257350ded/library/core/src/fmt/rt.rs:152:76
[INFO] [stderr]      5:     0x6213bd7af75a - core[13e665e57e4fab27]::fmt::write
[INFO] [stderr]      6:     0x6213bd7a150c - core[13e665e57e4fab27]::io::write::default_write_fmt::<std[bca62e6543d808ff]::sys::stdio::unix::Stderr>
[INFO] [stderr]                                  at /rustc/52995a223f2919dd3e2e427231db90a257350ded/library/core/src/io/write.rs:402:11
[INFO] [stderr]      7:     0x6213bd7a150c - <std[bca62e6543d808ff]::sys::stdio::unix::Stderr as core[13e665e57e4fab27]::io::write::Write>::write_fmt
[INFO] [stderr]                                  at /rustc/52995a223f2919dd3e2e427231db90a257350ded/library/core/src/io/write.rs:335:13
[INFO] [stderr]      8:     0x6213bd77b286 - <std[bca62e6543d808ff]::sys::backtrace::BacktraceLock>::print
[INFO] [stderr]                                  at /rustc/52995a223f2919dd3e2e427231db90a257350ded/library/std/src/sys/backtrace.rs:47:9
[INFO] [stderr]      9:     0x6213bd77b286 - std[bca62e6543d808ff]::panicking::default_hook::{closure#0}
[INFO] [stderr]                                  at /rustc/52995a223f2919dd3e2e427231db90a257350ded/library/std/src/panicking.rs:289:27
[INFO] [stderr]     10:     0x6213bd7967a1 - std[bca62e6543d808ff]::panicking::default_hook
[INFO] [stderr]                                  at /rustc/52995a223f2919dd3e2e427231db90a257350ded/library/std/src/panicking.rs:316:9
[INFO] [stderr]     11:     0x6213bd79695b - std[bca62e6543d808ff]::panicking::panic_with_hook
[INFO] [stderr]                                  at /rustc/52995a223f2919dd3e2e427231db90a257350ded/library/std/src/panicking.rs:811:13
[INFO] [stderr]     12:     0x6213bd77b332 - std[bca62e6543d808ff]::panicking::panic_handler::{closure#0}
[INFO] [stderr]                                  at /rustc/52995a223f2919dd3e2e427231db90a257350ded/library/std/src/panicking.rs:685:13
[INFO] [stderr]     13:     0x6213bd773fd9 - std[bca62e6543d808ff]::sys::backtrace::__rust_end_short_backtrace::<std[bca62e6543d808ff]::panicking::panic_handler::{closure#0}, !>
[INFO] [stderr]                                  at /rustc/52995a223f2919dd3e2e427231db90a257350ded/library/std/src/sys/backtrace.rs:182:18
[INFO] [stderr]     14:     0x6213bd77bb1d - __rustc[f3f37eff64d94a79]::rust_begin_unwind
[INFO] [stderr]                                  at /rustc/52995a223f2919dd3e2e427231db90a257350ded/library/std/src/panicking.rs:676:5
[INFO] [stderr]     15:     0x6213bd7afeec - core[13e665e57e4fab27]::panicking::panic_fmt
[INFO] [stderr]                                  at /rustc/52995a223f2919dd3e2e427231db90a257350ded/library/core/src/panicking.rs:80:14
[INFO] [stderr]     16:     0x6213bd705e87 - cmake[b28db731c810638d]::fail
[INFO] [stderr]     17:     0x6213bd705b13 - cmake[b28db731c810638d]::run
[INFO] [stderr]     18:     0x6213bd70ba66 - <cmake[b28db731c810638d]::Config>::build
[INFO] [stderr]     19:     0x6213bd6f7dfa - build_script_build[79f7a1718ca95b82]::main
[INFO] [stderr]     20:     0x6213bd6f8813 - <fn() as core[13e665e57e4fab27]::ops::function::FnOnce<()>>::call_once
[INFO] [stderr]     21:     0x6213bd6f7c6e - std[bca62e6543d808ff]::sys::backtrace::__rust_begin_short_backtrace::<fn(), ()>
[INFO] [stderr]     22:     0x6213bd6f7c79 - std[bca62e6543d808ff]::rt::lang_start::<()>::{closure#0}
[INFO] [stderr]     23:     0x6213bd795aa8 - <&dyn core[13e665e57e4fab27]::ops::function::Fn<(), Output = i32> + core[13e665e57e4fab27]::panic::unwind_safe::RefUnwindSafe + core[13e665e57e4fab27]::marker::Sync as core[13e665e57e4fab27]::ops::function::FnOnce<()>>::call_once
[INFO] [stderr]                                  at /rustc/52995a223f2919dd3e2e427231db90a257350ded/library/core/src/ops/function.rs:287:21
[INFO] [stderr]     24:     0x6213bd795aa8 - std[bca62e6543d808ff]::panicking::catch_unwind::do_call::<&dyn core[13e665e57e4fab27]::ops::function::Fn<(), Output = i32> + core[13e665e57e4fab27]::panic::unwind_safe::RefUnwindSafe + core[13e665e57e4fab27]::marker::Sync, i32>
[INFO] [stderr]                                  at /rustc/52995a223f2919dd3e2e427231db90a257350ded/library/std/src/panicking.rs:573:43
[INFO] [stderr]     25:     0x6213bd795aa8 - std[bca62e6543d808ff]::panicking::catch_unwind::<i32, &dyn core[13e665e57e4fab27]::ops::function::Fn<(), Output = i32> + core[13e665e57e4fab27]::panic::unwind_safe::RefUnwindSafe + core[13e665e57e4fab27]::marker::Sync>
[INFO] [stderr]                                  at /rustc/52995a223f2919dd3e2e427231db90a257350ded/library/std/src/panicking.rs:541:19
[INFO] [stderr]     26:     0x6213bd795aa8 - std[bca62e6543d808ff]::panic::catch_unwind::<&dyn core[13e665e57e4fab27]::ops::function::Fn<(), Output = i32> + core[13e665e57e4fab27]::panic::unwind_safe::RefUnwindSafe + core[13e665e57e4fab27]::marker::Sync, i32>
[INFO] [stderr]                                  at /rustc/52995a223f2919dd3e2e427231db90a257350ded/library/std/src/panic.rs:359:14
[INFO] [stderr]     27:     0x6213bd795aa8 - std[bca62e6543d808ff]::rt::lang_start_internal::{closure#0}
[INFO] [stderr]                                  at /rustc/52995a223f2919dd3e2e427231db90a257350ded/library/std/src/rt.rs:175:24
[INFO] [stderr]     28:     0x6213bd795aa8 - std[bca62e6543d808ff]::panicking::catch_unwind::do_call::<std[bca62e6543d808ff]::rt::lang_start_internal::{closure#0}, isize>
[INFO] [stderr]                                  at /rustc/52995a223f2919dd3e2e427231db90a257350ded/library/std/src/panicking.rs:573:43
[INFO] [stderr]     29:     0x6213bd795aa8 - std[bca62e6543d808ff]::panicking::catch_unwind::<isize, std[bca62e6543d808ff]::rt::lang_start_internal::{closure#0}>
[INFO] [stderr]                                  at /rustc/52995a223f2919dd3e2e427231db90a257350ded/library/std/src/panicking.rs:541:19
[INFO] [stderr]     30:     0x6213bd795aa8 - std[bca62e6543d808ff]::panic::catch_unwind::<std[bca62e6543d808ff]::rt::lang_start_internal::{closure#0}, isize>
[INFO] [stderr]                                  at /rustc/52995a223f2919dd3e2e427231db90a257350ded/library/std/src/panic.rs:359:14
[INFO] [stderr]     31:     0x6213bd795aa8 - std[bca62e6543d808ff]::rt::lang_start_internal
[INFO] [stderr]                                  at /rustc/52995a223f2919dd3e2e427231db90a257350ded/library/std/src/rt.rs:171:5
[INFO] [stderr]     32:     0x6213bd6f7c61 - std[bca62e6543d808ff]::rt::lang_start::<()>
[INFO] [stderr]     33:     0x6213bd6f8885 - main
[INFO] [stderr]     34:     0x74b94fcab601 - <unknown>
[INFO] [stderr]     35:     0x74b94fcab718 - __libc_start_main
[INFO] [stderr]     36:     0x6213bd6f6c25 - _start
[INFO] [stderr]     37:                0x0 - <unknown>
[INFO] running `Command { std: "docker" "inspect" "d27e5d92bd380d12d7dfa51f5f873974b2b58e07248f28a24fd32e3bf48ab839", kill_on_drop: false }`
[INFO] running `Command { std: "docker" "rm" "-f" "d27e5d92bd380d12d7dfa51f5f873974b2b58e07248f28a24fd32e3bf48ab839", kill_on_drop: false }`
[INFO] [stdout] d27e5d92bd380d12d7dfa51f5f873974b2b58e07248f28a24fd32e3bf48ab839
