[INFO] cloning repository https://github.com/hunhee98/pluck
[INFO] running `Command { std: "git" "-c" "credential.helper=" "-c" "credential.helper=/workspace/cargo-home/bin/git-credential-null" "clone" "--bare" "https://github.com/hunhee98/pluck" "/workspace/cache/git-repos/https%3A%2F%2Fgithub.com%2Fhunhee98%2Fpluck", kill_on_drop: false }`
[INFO] [stderr] Cloning into bare repository '/workspace/cache/git-repos/https%3A%2F%2Fgithub.com%2Fhunhee98%2Fpluck'...
[INFO] running `Command { std: "git" "rev-parse" "HEAD", kill_on_drop: false }`
[INFO] [stdout] 06e19ad0bc5a17d2b405add257063c4d84732954
[INFO] checking hunhee98/pluck against 52995a223f2919dd3e2e427231db90a257350ded for pr-129249-4
[INFO] running `Command { std: "git" "clone" "/workspace/cache/git-repos/https%3A%2F%2Fgithub.com%2Fhunhee98%2Fpluck" "/workspace/builds/worker-6-tc2/source", kill_on_drop: false }`
[INFO] [stderr] Cloning into '/workspace/builds/worker-6-tc2/source'...
[INFO] [stderr] done.
[INFO] removed /workspace/builds/worker-6-tc2/source/rust-toolchain.toml
[INFO] started tweaking git repo https://github.com/hunhee98/pluck
[INFO] finished tweaking git repo https://github.com/hunhee98/pluck
[INFO] tweaked toml for git repo https://github.com/hunhee98/pluck written to /workspace/builds/worker-6-tc2/source/Cargo.toml
[INFO] validating manifest of git repo https://github.com/hunhee98/pluck on toolchain 52995a223f2919dd3e2e427231db90a257350ded
[INFO] running `Command { std: CARGO_HOME="/workspace/cargo-home" RUSTUP_HOME="/workspace/rustup-home" "/workspace/cargo-home/bin/cargo" "+52995a223f2919dd3e2e427231db90a257350ded" "metadata" "--manifest-path" "Cargo.toml" "--no-deps", kill_on_drop: false }`
[INFO] crate git repo https://github.com/hunhee98/pluck already has a lockfile, it will not be regenerated
[INFO] running `Command { std: CARGO_HOME="/workspace/cargo-home" RUSTUP_HOME="/workspace/rustup-home" "/workspace/cargo-home/bin/cargo" "+52995a223f2919dd3e2e427231db90a257350ded" "fetch" "--manifest-path" "Cargo.toml", kill_on_drop: false }`
[INFO] [stderr] warning: unused workspace dependency `ort`
[INFO] [stderr]   --> Cargo.toml:20:1
[INFO] [stderr]    |
[INFO] [stderr] 20 | ort = "2.0.0-rc.12"
[INFO] [stderr]    | ^^^
[INFO] [stderr]    |
[INFO] [stderr]    = note: `cargo::unused_workspace_dependencies` is set to `warn` by default
[INFO] [stderr] help: consider removing the workspace dependency `ort`
[INFO] [stderr] warning: workspace (manifest) generated 1 warning
[INFO] [stderr] warning: `package.homepage` is redundant with `package.repository`
[INFO] [stderr]  --> crates/pluck-mcp/Cargo.toml:7:1
[INFO] [stderr]   |
[INFO] [stderr] 6 | repository.workspace = true
[INFO] [stderr]   | ----------
[INFO] [stderr] 7 | homepage.workspace = true
[INFO] [stderr]   | ^^^^^^^^
[INFO] [stderr]   |
[INFO] [stderr]   = note: `cargo::redundant_homepage` is set to `warn` by default
[INFO] [stderr] help: consider removing `package.homepage`
[INFO] [stderr] warning: `pluck-mcp` (manifest) generated 1 warning
[INFO] [stderr] warning: `package.homepage` is redundant with `package.repository`
[INFO] [stderr]  --> crates/pluck-cli/Cargo.toml:7:1
[INFO] [stderr]   |
[INFO] [stderr] 6 | repository.workspace = true
[INFO] [stderr]   | ----------
[INFO] [stderr] 7 | homepage.workspace = true
[INFO] [stderr]   | ^^^^^^^^
[INFO] [stderr]   |
[INFO] [stderr]   = note: `cargo::redundant_homepage` is set to `warn` by default
[INFO] [stderr] help: consider removing `package.homepage`
[INFO] [stderr] warning: `pluck-cli` (manifest) generated 1 warning
[INFO] [stderr] warning: `package.homepage` is redundant with `package.repository`
[INFO] [stderr]  --> crates/pluck-core/Cargo.toml:7:1
[INFO] [stderr]   |
[INFO] [stderr] 6 | repository.workspace = true
[INFO] [stderr]   | ----------
[INFO] [stderr] 7 | homepage.workspace = true
[INFO] [stderr]   | ^^^^^^^^
[INFO] [stderr]   |
[INFO] [stderr]   = note: `cargo::redundant_homepage` is set to `warn` by default
[INFO] [stderr] help: consider removing `package.homepage`
[INFO] [stderr] warning: `pluck-core` (manifest) generated 1 warning
[INFO] running `Command { std: "docker" "create" "-v" "/var/lib/crater-agent-workspace/builds/worker-6-tc2/source:/opt/rustwide/workdir:ro,Z" "-v" "/var/lib/crater-agent-workspace/builds/worker-6-tc2/target:/opt/rustwide/target:rw,Z" "-v" "/var/lib/crater-agent-workspace/cargo-home:/opt/rustwide/cargo-home:ro,Z" "-v" "/var/lib/crater-agent-workspace/rustup-home:/opt/rustwide/rustup-home:ro,Z" "-m" "1610612736" "--network" "none" "ghcr.io/rust-lang/crates-build-env/linux@sha256:77db811e55d90add9212f6832c23229e3de5f1c1f9905e8cb07319ea15df73ac" "sleep" "infinity", kill_on_drop: false }`
[INFO] [stdout] 62adb39639537941c6b3be299bb42c38a29d2b3d2386994d6f93c42c97cdadc3
[INFO] running `Command { std: "docker" "start" "62adb39639537941c6b3be299bb42c38a29d2b3d2386994d6f93c42c97cdadc3", kill_on_drop: false }`
[INFO] running `Command { std: "docker" "inspect" "62adb39639537941c6b3be299bb42c38a29d2b3d2386994d6f93c42c97cdadc3", kill_on_drop: false }`
[INFO] running `Command { std: "docker" "exec" "-e" "SOURCE_DIR=/opt/rustwide/workdir" "-e" "CARGO_HOME=/opt/rustwide/cargo-home" "-e" "RUSTUP_HOME=/opt/rustwide/rustup-home" "-e" "CARGO_TARGET_DIR=/opt/rustwide/target" "-w" "/opt/rustwide/workdir" "--user" "0:0" "62adb39639537941c6b3be299bb42c38a29d2b3d2386994d6f93c42c97cdadc3" "/opt/rustwide/cargo-home/bin/cargo" "+52995a223f2919dd3e2e427231db90a257350ded" "metadata" "--no-deps" "--format-version=1", kill_on_drop: false }`
[INFO] running `Command { std: "docker" "inspect" "62adb39639537941c6b3be299bb42c38a29d2b3d2386994d6f93c42c97cdadc3", kill_on_drop: false }`
[INFO] running `Command { std: "docker" "exec" "-e" "SOURCE_DIR=/opt/rustwide/workdir" "-e" "CARGO_HOME=/opt/rustwide/cargo-home" "-e" "RUSTUP_HOME=/opt/rustwide/rustup-home" "-e" "CARGO_TARGET_DIR=/opt/rustwide/target" "-e" "CARGO_INCREMENTAL=0" "-e" "RUST_BACKTRACE=full" "-e" "RUSTFLAGS=--cap-lints=forbid" "-e" "RUSTDOCFLAGS=--cap-lints=forbid" "-w" "/opt/rustwide/workdir" "--user" "0:0" "62adb39639537941c6b3be299bb42c38a29d2b3d2386994d6f93c42c97cdadc3" "/opt/rustwide/cargo-home/bin/cargo" "+52995a223f2919dd3e2e427231db90a257350ded" "check" "--frozen" "--all" "--all-targets" "--message-format=json", kill_on_drop: false }`
[INFO] [stderr] warning: unused workspace dependency `ort`
[INFO] [stderr]   --> Cargo.toml:20:1
[INFO] [stderr]    |
[INFO] [stderr] 20 | ort = "2.0.0-rc.12"
[INFO] [stderr]    | ^^^
[INFO] [stderr]    |
[INFO] [stderr]    = note: `cargo::unused_workspace_dependencies` is set to `warn` by default
[INFO] [stderr] help: consider removing the workspace dependency `ort`
[INFO] [stderr] warning: workspace (manifest) generated 1 warning
[INFO] [stderr] warning: `package.homepage` is redundant with `package.repository`
[INFO] [stderr]  --> crates/pluck-core/Cargo.toml:7:1
[INFO] [stderr]   |
[INFO] [stderr] 6 | repository.workspace = true
[INFO] [stderr]   | ----------
[INFO] [stderr] 7 | homepage.workspace = true
[INFO] [stderr]   | ^^^^^^^^
[INFO] [stderr]   |
[INFO] [stderr]   = note: `cargo::redundant_homepage` is set to `warn` by default
[INFO] [stderr] help: consider removing `package.homepage`
[INFO] [stderr] warning: `pluck-core` (manifest) generated 1 warning
[INFO] [stderr] warning: `package.homepage` is redundant with `package.repository`
[INFO] [stderr]  --> crates/pluck-cli/Cargo.toml:7:1
[INFO] [stderr]   |
[INFO] [stderr] 6 | repository.workspace = true
[INFO] [stderr]   | ----------
[INFO] [stderr] 7 | homepage.workspace = true
[INFO] [stderr]   | ^^^^^^^^
[INFO] [stderr]   |
[INFO] [stderr]   = note: `cargo::redundant_homepage` is set to `warn` by default
[INFO] [stderr] help: consider removing `package.homepage`
[INFO] [stderr] warning: `pluck-cli` (manifest) generated 1 warning
[INFO] [stderr] warning: `package.homepage` is redundant with `package.repository`
[INFO] [stderr]  --> crates/pluck-mcp/Cargo.toml:7:1
[INFO] [stderr]   |
[INFO] [stderr] 6 | repository.workspace = true
[INFO] [stderr]   | ----------
[INFO] [stderr] 7 | homepage.workspace = true
[INFO] [stderr]   | ^^^^^^^^
[INFO] [stderr]   |
[INFO] [stderr]   = note: `cargo::redundant_homepage` is set to `warn` by default
[INFO] [stderr] help: consider removing `package.homepage`
[INFO] [stderr] warning: `pluck-mcp` (manifest) generated 1 warning
[INFO] [stderr]    Compiling libc v0.2.186
[INFO] [stderr]     Checking cfg-if v1.0.4
[INFO] [stderr]    Compiling tree-sitter-language v0.1.7
[INFO] [stderr]     Checking memchr v2.8.0
[INFO] [stderr]     Checking itoa v1.0.18
[INFO] [stderr]     Checking once_cell v1.21.4
[INFO] [stderr]    Compiling serde_core v1.0.228
[INFO] [stderr]    Compiling serde v1.0.228
[INFO] [stderr]     Checking smallvec v1.15.1
[INFO] [stderr]     Checking stable_deref_trait v1.2.1
[INFO] [stderr]     Checking pin-project-lite v0.2.17
[INFO] [stderr]     Checking futures-core v0.3.32
[INFO] [stderr]     Checking bytes v1.11.1
[INFO] [stderr]     Checking regex-syntax v0.8.10
[INFO] [stderr]     Checking futures-sink v0.3.32
[INFO] [stderr]     Checking log v0.4.29
[INFO] [stderr]    Compiling zerocopy v0.8.48
[INFO] [stderr]     Checking zerofrom v0.1.8
[INFO] [stderr]    Compiling zerocopy-derive v0.8.48
[INFO] [stderr]    Compiling parking_lot_core v0.9.12
[INFO] [stderr]     Checking scopeguard v1.2.0
[INFO] [stderr]     Checking bitflags v2.11.1
[INFO] [stderr]     Checking slab v0.4.12
[INFO] [stderr]     Checking yoke v0.8.2
[INFO] [stderr]     Checking futures-channel v0.3.32
[INFO] [stderr]     Checking lock_api v0.4.14
[INFO] [stderr]    Compiling zmij v1.0.21
[INFO] [stderr]    Compiling serde_json v1.0.149
[INFO] [stderr]     Checking futures-io v0.3.32
[INFO] [stderr]     Checking futures-task v0.3.32
[INFO] [stderr]    Compiling crossbeam-utils v0.8.21
[INFO] [stderr]    Compiling num-traits v0.2.19
[INFO] [stderr]     Checking equivalent v1.0.2
[INFO] [stderr]     Checking either v1.15.0
[INFO] [stderr]     Checking tracing-core v0.1.36
[INFO] [stderr]     Checking litemap v0.8.2
[INFO] [stderr]     Checking zerovec v0.11.6
[INFO] [stderr]     Checking writeable v0.6.3
[INFO] [stderr]     Checking zerotrie v0.2.4
[INFO] [stderr]     Checking aho-corasick v1.1.4
[INFO] [stderr]     Checking futures-util v0.3.32
[INFO] [stderr]     Checking hashbrown v0.17.1
[INFO] [stderr]     Checking zeroize v1.8.2
[INFO] [stderr]     Checking byteorder v1.5.0
[INFO] [stderr]     Checking utf8_iter v1.0.4
[INFO] [stderr]     Checking tinystr v0.8.3
[INFO] [stderr]     Checking potential_utf v0.1.5
[INFO] [stderr]     Checking percent-encoding v2.3.2
[INFO] [stderr]     Checking http v1.4.0
[INFO] [stderr]    Compiling icu_properties_data v2.2.0
[INFO] [stderr]    Compiling icu_normalizer_data v2.2.0
[INFO] [stderr]    Compiling httparse v1.10.1
[INFO] [stderr]     Checking tracing v0.1.44
[INFO] [stderr]     Checking icu_collections v2.2.0
[INFO] [stderr]     Checking icu_locale_core v2.2.0
[INFO] [stderr]     Checking crossbeam-epoch v0.9.18
[INFO] [stderr]    Compiling openssl v0.10.79
[INFO] [stderr]     Checking fnv v1.0.7
[INFO] [stderr]     Checking base64 v0.22.1
[INFO] [stderr]    Compiling jobserver v0.1.34
[INFO] [stderr]     Checking foreign-types-shared v0.1.1
[INFO] [stderr]     Checking indexmap v2.14.0
[INFO] [stderr]     Checking foreign-types v0.3.2
[INFO] [stderr]     Checking crossbeam-deque v0.8.6
[INFO] [stderr]     Checking rustls-pki-types v1.14.1
[INFO] [stderr]     Checking errno v0.3.14
[INFO] [stderr]    Compiling cc v1.2.62
[INFO] [stderr]     Checking signal-hook-registry v1.4.8
[INFO] [stderr]     Checking socket2 v0.6.3
[INFO] [stderr]     Checking mio v1.2.0
[INFO] [stderr]     Checking getrandom v0.2.17
[INFO] [stderr]     Checking parking_lot v0.12.5
[INFO] [stderr]    Compiling darling_core v0.23.0
[INFO] [stderr]    Compiling openssl-macros v0.1.1
[INFO] [stderr]     Checking http-body v1.0.1
[INFO] [stderr]     Checking powerfmt v0.2.0
[INFO] [stderr]    Compiling darling_core v0.20.11
[INFO] [stderr]    Compiling rayon-core v1.13.0
[INFO] [stderr]    Compiling crunchy v0.2.4
[INFO] [stderr]     Checking tower-service v0.3.3
[INFO] [stderr]     Checking time-core v0.1.8
[INFO] [stderr]     Checking num-conv v0.2.1
[INFO] [stderr]     Checking try-lock v0.2.5
[INFO] [stderr]    Compiling zstd-safe v7.2.4
[INFO] [stderr]     Checking unicode-width v0.2.2
[INFO] [stderr]     Checking openssl-probe v0.2.1
[INFO] [stderr]     Checking atomic-waker v1.1.2
[INFO] [stderr]    Compiling crc32fast v1.5.0
[INFO] [stderr]     Checking want v0.3.1
[INFO] [stderr]    Compiling portable-atomic v1.13.1
[INFO] [stderr]     Checking tokio v1.52.3
[INFO] [stderr]    Compiling getrandom v0.3.4
[INFO] [stderr]    Compiling generic-array v0.14.7
[INFO] [stderr]     Checking form_urlencoded v1.2.2
[INFO] [stderr]    Compiling ahash v0.8.12
[INFO] [stderr]     Checking ownedbytes v0.9.0
[INFO] [stderr]    Compiling prettyplease v0.2.37
[INFO] [stderr]     Checking option-ext v0.2.0
[INFO] [stderr]     Checking typenum v1.20.0
[INFO] [stderr]     Checking untrusted v0.9.0
[INFO] [stderr]     Checking minimal-lexical v0.2.1
[INFO] [stderr]    Compiling getrandom v0.4.2
[INFO] [stderr]    Compiling rustix v1.1.4
[INFO] [stderr]    Compiling typeid v1.0.3
[INFO] [stderr]     Checking icu_provider v2.2.0
[INFO] [stderr]    Compiling thiserror v2.0.18
[INFO] [stderr]     Checking bitpacking v0.9.3
[INFO] [stderr]     Checking rayon v1.12.0
[INFO] [stderr]     Checking deranged v0.5.8
[INFO] [stderr]     Checking nom v7.1.3
[INFO] [stderr]     Checking icu_properties v2.2.0
[INFO] [stderr]     Checking regex-automata v0.4.14
[INFO] [stderr]     Checking icu_normalizer v2.2.0
[INFO] [stderr]     Checking sync_wrapper v1.0.2
[INFO] [stderr]     Checking same-file v1.0.6
[INFO] [stderr]     Checking tower-layer v0.3.3
[INFO] [stderr]     Checking ryu v1.0.23
[INFO] [stderr]     Checking ipnet v2.12.0
[INFO] [stderr]     Checking linux-raw-sys v0.12.1
[INFO] [stderr]     Checking base64ct v1.8.3
[INFO] [stderr]    Compiling rustls v0.23.40
[INFO] [stderr]     Checking utf8-ranges v1.0.5
[INFO] [stderr]    Compiling openssl-sys v0.9.115
[INFO] [stderr]    Compiling zstd-sys v2.0.16+zstd.1.5.7
[INFO] [stderr]    Compiling ring v0.17.14
[INFO] [stderr]    Compiling onig_sys v69.9.3
[INFO] [stderr]     Checking adler2 v2.0.1
[INFO] [stderr]     Checking simd-adler32 v0.3.9
[INFO] [stderr]     Checking lazy_static v1.5.0
[INFO] [stderr]     Checking utf8parse v0.2.2
[INFO] [stderr]     Checking miniz_oxide v0.8.9
[INFO] [stderr]    Compiling native-tls v0.2.18
[INFO] [stderr]     Checking anstyle-parse v1.0.0
[INFO] [stderr]     Checking time v0.3.47
[INFO] [stderr]     Checking idna_adapter v1.2.2
[INFO] [stderr]     Checking idna v1.1.0
[INFO] [stderr]     Checking url v2.5.8
[INFO] [stderr]     Checking pem-rfc7468 v1.0.0
[INFO] [stderr]     Checking tantivy-fst v0.5.0
[INFO] [stderr]    Compiling esaxx-rs v0.1.10
[INFO] [stderr]    Compiling libsqlite3-sys v0.28.0
[INFO] [stderr]     Checking walkdir v2.5.0
[INFO] [stderr]    Compiling erased-serde v0.4.10
[INFO] [stderr]     Checking rand_core v0.9.5
[INFO] [stderr]     Checking tantivy-bitpacker v0.10.0
[INFO] [stderr]     Checking http-body-util v0.1.3
[INFO] [stderr]    Compiling tree-sitter v0.25.10
[INFO] [stderr]     Checking rand_core v0.6.4
[INFO] [stderr]     Checking itertools v0.14.0
[INFO] [stderr]    Compiling matrixmultiply v0.3.10
[INFO] [stderr]     Checking anstyle v1.0.14
[INFO] [stderr]     Checking anstyle-query v1.1.5
[INFO] [stderr]    Compiling typetag v0.2.21
[INFO] [stderr]     Checking allocator-api2 v0.2.21
[INFO] [stderr]    Compiling darling_macro v0.23.0
[INFO] [stderr]     Checking regex v1.12.3
[INFO] [stderr]     Checking bstr v1.12.1
[INFO] [stderr]    Compiling darling v0.23.0
[INFO] [stderr]     Checking subtle v2.6.1
[INFO] [stderr]     Checking foldhash v0.2.0
[INFO] [stderr]     Checking murmurhash32 v0.3.1
[INFO] [stderr]     Checking is_terminal_polyfill v1.70.2
[INFO] [stderr]     Checking colorchoice v1.0.5
[INFO] [stderr]     Checking hashbrown v0.16.1
[INFO] [stderr]     Checking anstream v1.0.0
[INFO] [stderr]    Compiling darling_macro v0.20.11
[INFO] [stderr]    Compiling anyhow v1.0.102
[INFO] [stderr]    Compiling bon-macros v3.9.1
[INFO] [stderr]    Compiling thiserror v1.0.69
[INFO] [stderr]    Compiling darling v0.20.11
[INFO] [stderr]    Compiling derive_builder_core v0.20.2
[INFO] [stderr]     Checking crypto-common v0.1.7
[INFO] [stderr]     Checking block-buffer v0.10.4
[INFO] [stderr]     Checking der v0.8.0
[INFO] [stderr]     Checking tantivy-common v0.11.0
[INFO] [stderr]     Checking flate2 v1.1.9
[INFO] [stderr]    Compiling tree-sitter-kotlin-ng v1.1.0
[INFO] [stderr]     Checking ppv-lite86 v0.2.21
[INFO] [stderr]     Checking tantivy-stacker v0.7.0
[INFO] [stderr]     Checking rand_chacha v0.3.1
[INFO] [stderr]     Checking rand_chacha v0.9.0
[INFO] [stderr]     Checking hashbrown v0.14.5
[INFO] [stderr]    Compiling tree-sitter-typescript v0.23.2
[INFO] [stderr]    Compiling tree-sitter-c v0.24.2
[INFO] [stderr]    Compiling tree-sitter-cpp v0.23.4
[INFO] [stderr]    Compiling tree-sitter-css v0.25.0
[INFO] [stderr]    Compiling tree-sitter-go v0.25.0
[INFO] [stderr]    Compiling tree-sitter-graphql v0.1.0
[INFO] [stderr]    Compiling tree-sitter-hcl v1.1.0
[INFO] [stderr]    Compiling tree-sitter-html v0.23.2
[INFO] [stderr]    Compiling tree-sitter-java v0.23.5
[INFO] [stderr]    Compiling tree-sitter-javascript v0.25.0
[INFO] [stderr]    Compiling tree-sitter-md-025 v0.5.6
[INFO] [stderr]    Compiling tree-sitter-php v0.24.2
[INFO] [stderr]    Compiling tree-sitter-python v0.25.0
[INFO] [stderr]    Compiling tree-sitter-ruby v0.23.1
[INFO] [stderr]    Compiling tree-sitter-rust v0.24.2
[INFO] [stderr]    Compiling tree-sitter-scss v1.0.0
[INFO] [stderr]    Compiling tree-sitter-sequel v0.3.11
[INFO] [stderr]    Compiling derive_builder_macro v0.20.2
[INFO] [stderr]    Compiling tree-sitter-svelte-ng v1.0.2
[INFO] [stderr]    Compiling tree-sitter-swift v0.7.2
[INFO] [stderr]     Checking serde_urlencoded v0.7.1
[INFO] [stderr]     Checking dirs-sys v0.5.0
[INFO] [stderr]     Checking console v0.15.11
[INFO] [stderr]     Checking console v0.16.3
[INFO] [stderr]     Checking webpki-roots v1.0.7
[INFO] [stderr]     Checking webpki-root-certs v1.0.7
[INFO] [stderr]     Checking ureq-proto v0.6.0
[INFO] [stderr]     Checking inotify-sys v0.1.5
[INFO] [stderr]     Checking socks v0.3.4
[INFO] [stderr]     Checking ordered-float v5.3.0
[INFO] [stderr]     Checking crossbeam-channel v0.5.15
[INFO] [stderr]     Checking itertools v0.11.0
[INFO] [stderr]     Checking encoding_rs v0.8.35
[INFO] [stderr]    Compiling monostate-impl v0.1.18
[INFO] [stderr]    Compiling typetag-impl v0.2.21
[INFO] [stderr]     Checking tokio-util v0.7.18
[INFO] [stderr]     Checking tower v0.5.3
[INFO] [stderr]    Compiling thiserror-impl v1.0.69
[INFO] [stderr]     Checking fastrand v2.4.1
[INFO] [stderr]     Checking base64 v0.13.1
[INFO] [stderr]    Compiling macro_rules_attribute-proc_macro v0.2.2
[INFO] [stderr]     Checking number_prefix v0.4.0
[INFO] [stderr]     Checking downcast-rs v2.0.2
[INFO] [stderr]     Checking clap_lex v1.1.0
[INFO] [stderr]     Checking fastdivide v0.4.2
[INFO] [stderr]     Checking strsim v0.11.1
[INFO] [stderr]     Checking inventory v0.3.24
[INFO] [stderr]     Checking tokio-native-tls v0.3.1
[INFO] [stderr]     Checking bitflags v1.3.2
[INFO] [stderr]     Checking mime v0.3.17
[INFO] [stderr]     Checking streaming-iterator v0.1.9
[INFO] [stderr]     Checking unicode-segmentation v1.13.2
[INFO] [stderr]     Checking h2 v0.4.14
[INFO] [stderr]     Checking rawpointer v0.2.1
[INFO] [stderr]     Checking unit-prefix v0.5.2
[INFO] [stderr]     Checking utf8-zero v0.8.1
[INFO] [stderr]     Checking clap_builder v4.6.0
[INFO] [stderr]     Checking indicatif v0.18.4
[INFO] [stderr]     Checking tower-http v0.6.10
[INFO] [stderr]     Checking inotify v0.9.6
[INFO] [stderr]     Checking spm_precompiled v0.1.4
[INFO] [stderr]     Checking macro_rules_attribute v0.2.2
[INFO] [stderr]     Checking indicatif v0.17.11
[INFO] [stderr]     Checking tempfile v3.27.0
[INFO] [stderr]    Compiling clap_derive v4.6.1
[INFO] [stderr]     Checking tantivy-query-grammar v0.26.0
[INFO] [stderr]     Checking monostate v0.1.18
[INFO] [stderr]     Checking hashlink v0.9.1
[INFO] [stderr]     Checking derive_builder v0.20.2
[INFO] [stderr]     Checking dirs v6.0.0
[INFO] [stderr]     Checking rayon-cond v0.3.0
[INFO] [stderr]     Checking rustls-webpki v0.103.13
[INFO] [stderr]     Checking hyper v1.9.0
[INFO] [stderr]     Checking bon v3.9.1
[INFO] [stderr]     Checking hyper-util v0.1.20
[INFO] [stderr]     Checking rand v0.9.4
[INFO] [stderr]     Checking onig v6.5.3
[INFO] [stderr]     Checking rand v0.8.6
[INFO] [stderr] error: could not compile `hyper-util` (lib)
[INFO] [stderr] 
[INFO] [stderr] Caused by:
[INFO] [stderr]   process didn't exit successfully: `/opt/rustwide/rustup-home/toolchains/52995a223f2919dd3e2e427231db90a257350ded/bin/rustc --crate-name hyper_util --edition=2021 /opt/rustwide/cargo-home/registry/src/index.crates.io-1949cf8c6b5b557f/hyper-util-0.1.20/src/lib.rs --error-format=json --json=diagnostic-rendered-ansi,artifacts,future-incompat,unused-externs-silent --crate-type lib --emit=dep-info,metadata -C opt-level=1 -C embed-bitcode=no -C debuginfo=2 -C debug-assertions=on --cfg 'feature="client"' --cfg 'feature="client-legacy"' --cfg 'feature="client-proxy"' --cfg 'feature="client-proxy-system"' --cfg 'feature="default"' --cfg 'feature="http1"' --cfg 'feature="http2"' --cfg 'feature="tokio"' --check-cfg 'cfg(docsrs,test)' --check-cfg 'cfg(feature, values("__internal_happy_eyeballs_tests", "client", "client-legacy", "client-pool", "client-proxy", "client-proxy-system", "default", "full", "http1", "http2", "server", "server-auto", "server-graceful", "service", "tokio", "tracing"))' -C metadata=bb00f4f4f3d46239 -C extra-filename=-82334564f1ca4598 --out-dir /opt/rustwide/target/debug/build/hyper-util/82334564f1ca4598/out -L dependency=/opt/rustwide/target/debug/build/atomic-waker/305db21f49838c3e/out -L dependency=/opt/rustwide/target/debug/build/bytes/68c46a2c18e8f81c/out -L dependency=/opt/rustwide/target/debug/build/cfg-if/cca4df08c071e81a/out -L dependency=/opt/rustwide/target/debug/build/equivalent/b1617383b78e302c/out -L dependency=/opt/rustwide/target/debug/build/errno/adb14dcce980b82d/out -L dependency=/opt/rustwide/target/debug/build/fnv/d7fccda53089b986/out -L dependency=/opt/rustwide/target/debug/build/futures-channel/510ae5892655150c/out -L dependency=/opt/rustwide/target/debug/build/futures-core/e8db10d4e631af22/out -L dependency=/opt/rustwide/target/debug/build/futures-io/1c4dc03c82da5ac7/out -L dependency=/opt/rustwide/target/debug/build/futures-macro/497fa74e1fd189b0/out -L dependency=/opt/rustwide/target/debug/build/futures-sink/93a7cbda4c832baf/out -L dependency=/opt/rustwide/target/debug/build/futures-task/5b62a25b8774e672/out -L dependency=/opt/rustwide/target/debug/build/h2/ab0d210d51f03a30/out -L dependency=/opt/rustwide/target/debug/build/hashbrown/f5d2cd0c2e62c431/out -L dependency=/opt/rustwide/target/debug/build/http-body/5440f2c01b78fbb9/out -L dependency=/opt/rustwide/target/debug/build/http/39c78983207a65b6/out -L dependency=/opt/rustwide/target/debug/build/httparse/15c8397d85d9f0f6/out -L dependency=/opt/rustwide/target/debug/build/indexmap/6225af54ddb2edf4/out -L dependency=/opt/rustwide/target/debug/build/itoa/d0022d82633ff41f/out -L dependency=/opt/rustwide/target/debug/build/libc/b55db661f4896bd8/out -L dependency=/opt/rustwide/target/debug/build/lock_api/74ee29d64d1d424d/out -L dependency=/opt/rustwide/target/debug/build/memchr/13cb18d635e899df/out -L dependency=/opt/rustwide/target/debug/build/mio/9a9aecba093c107c/out -L dependency=/opt/rustwide/target/debug/build/once_cell/034cea52cd46a10c/out -L dependency=/opt/rustwide/target/debug/build/parking_lot/4673e19a2f9b14e7/out -L dependency=/opt/rustwide/target/debug/build/parking_lot_core/4300da9ed3d85e45/out -L dependency=/opt/rustwide/target/debug/build/pin-project-lite/4a5892933060f563/out -L dependency=/opt/rustwide/target/debug/build/scopeguard/6a441cb6b86a6e82/out -L dependency=/opt/rustwide/target/debug/build/signal-hook-registry/f2b45edf38ae596f/out -L dependency=/opt/rustwide/target/debug/build/slab/a74b841e2ff5e08f/out -L dependency=/opt/rustwide/target/debug/build/smallvec/f8e7d96b529bab44/out -L dependency=/opt/rustwide/target/debug/build/socket2/8d74627db1296e21/out -L dependency=/opt/rustwide/target/debug/build/tokio-macros/08b96a339cb6ecf1/out -L dependency=/opt/rustwide/target/debug/build/tokio-util/719bfe62de7fcf14/out -L dependency=/opt/rustwide/target/debug/build/tokio/8ac8f51023a7e272/out -L dependency=/opt/rustwide/target/debug/build/tracing-attributes/44e0a9075c9092e4/out -L dependency=/opt/rustwide/target/debug/build/tracing-core/70da149547828f19/out -L dependency=/opt/rustwide/target/debug/build/tracing/e26d3b9e0a238917/out -L dependency=/opt/rustwide/target/debug/build/try-lock/0012642cbde8d0c9/out -L dependency=/opt/rustwide/target/debug/build/want/e4b71965779ffe34/out --extern base64=/opt/rustwide/target/debug/build/base64/82d431422d1db2c5/out/libbase64-82d431422d1db2c5.rmeta --extern bytes=/opt/rustwide/target/debug/build/bytes/68c46a2c18e8f81c/out/libbytes-68c46a2c18e8f81c.rmeta --extern futures_channel=/opt/rustwide/target/debug/build/futures-channel/510ae5892655150c/out/libfutures_channel-510ae5892655150c.rmeta --extern futures_util=/opt/rustwide/target/debug/build/futures-util/3422a0bf61fe0079/out/libfutures_util-3422a0bf61fe0079.rmeta --extern http=/opt/rustwide/target/debug/build/http/39c78983207a65b6/out/libhttp-39c78983207a65b6.rmeta --extern http_body=/opt/rustwide/target/debug/build/http-body/5440f2c01b78fbb9/out/libhttp_body-5440f2c01b78fbb9.rmeta --extern hyper=/opt/rustwide/target/debug/build/hyper/147fbbf27a5c349b/out/libhyper-147fbbf27a5c349b.rmeta --extern ipnet=/opt/rustwide/target/debug/build/ipnet/11be2565653b91f3/out/libipnet-11be2565653b91f3.rmeta --extern libc=/opt/rustwide/target/debug/build/libc/b55db661f4896bd8/out/liblibc-b55db661f4896bd8.rmeta --extern percent_encoding=/opt/rustwide/target/debug/build/percent-encoding/b44a59410e3866ec/out/libpercent_encoding-b44a59410e3866ec.rmeta --extern pin_project_lite=/opt/rustwide/target/debug/build/pin-project-lite/4a5892933060f563/out/libpin_project_lite-4a5892933060f563.rmeta --extern socket2=/opt/rustwide/target/debug/build/socket2/8d74627db1296e21/out/libsocket2-8d74627db1296e21.rmeta --extern tokio=/opt/rustwide/target/debug/build/tokio/8ac8f51023a7e272/out/libtokio-8ac8f51023a7e272.rmeta --extern tower_service=/opt/rustwide/target/debug/build/tower-service/4c7d5168de4f54bb/out/libtower_service-4c7d5168de4f54bb.rmeta --extern tracing=/opt/rustwide/target/debug/build/tracing/e26d3b9e0a238917/out/libtracing-e26d3b9e0a238917.rmeta --cap-lints allow --cap-lints=forbid --force-warn=unused_crate_dependencies` (signal: 9, SIGKILL: kill)
[INFO] [stderr] warning: build failed, waiting for other jobs to finish...
[INFO] [stderr] error: could not compile `rustls` (lib)
[INFO] [stderr] 
[INFO] [stderr] Caused by:
[INFO] [stderr]   process didn't exit successfully: `/opt/rustwide/rustup-home/toolchains/52995a223f2919dd3e2e427231db90a257350ded/bin/rustc --crate-name rustls --edition=2021 /opt/rustwide/cargo-home/registry/src/index.crates.io-1949cf8c6b5b557f/rustls-0.23.40/src/lib.rs --error-format=json --json=diagnostic-rendered-ansi,artifacts,future-incompat,unused-externs-silent --crate-type lib --emit=dep-info,metadata -C opt-level=1 -C embed-bitcode=no -C debuginfo=2 -C debug-assertions=on --cfg 'feature="log"' --cfg 'feature="logging"' --cfg 'feature="ring"' --cfg 'feature="std"' --cfg 'feature="tls12"' --check-cfg 'cfg(docsrs,test)' --check-cfg 'cfg(feature, values("aws-lc-rs", "aws_lc_rs", "brotli", "custom-provider", "default", "fips", "hashbrown", "log", "logging", "prefer-post-quantum", "read_buf", "ring", "rustversion", "std", "tls12", "zlib"))' -C metadata=52d3afec175c3f07 -C extra-filename=-c4fe15acc2322f62 --out-dir /opt/rustwide/target/debug/build/rustls/c4fe15acc2322f62/out -L dependency=/opt/rustwide/target/debug/build/cfg-if/cca4df08c071e81a/out -L dependency=/opt/rustwide/target/debug/build/getrandom/06dde7cc7db8f605/out -L dependency=/opt/rustwide/target/debug/build/libc/b55db661f4896bd8/out -L dependency=/opt/rustwide/target/debug/build/ring/dd14749332233290/out -L dependency=/opt/rustwide/target/debug/build/rustls-pki-types/81a4851f7a7d35a6/out -L dependency=/opt/rustwide/target/debug/build/untrusted/bc680c84a54860d7/out -L dependency=/opt/rustwide/target/debug/build/zeroize/b468118dd4a0a63a/out --extern log=/opt/rustwide/target/debug/build/log/a7e449a53f7a46be/out/liblog-a7e449a53f7a46be.rmeta --extern once_cell=/opt/rustwide/target/debug/build/once_cell/034cea52cd46a10c/out/libonce_cell-034cea52cd46a10c.rmeta --extern ring=/opt/rustwide/target/debug/build/ring/dd14749332233290/out/libring-dd14749332233290.rmeta --extern pki_types=/opt/rustwide/target/debug/build/rustls-pki-types/81a4851f7a7d35a6/out/librustls_pki_types-81a4851f7a7d35a6.rmeta --extern webpki=/opt/rustwide/target/debug/build/rustls-webpki/dea2648e2a37106a/out/libwebpki-dea2648e2a37106a.rmeta --extern subtle=/opt/rustwide/target/debug/build/subtle/e12581e2ef7e79af/out/libsubtle-e12581e2ef7e79af.rmeta --extern zeroize=/opt/rustwide/target/debug/build/zeroize/b468118dd4a0a63a/out/libzeroize-b468118dd4a0a63a.rmeta --cap-lints allow --cap-lints=forbid --force-warn=unused_crate_dependencies -L native=/opt/rustwide/target/debug/build/ring/6c83de8836cdcdd6/out` (signal: 9, SIGKILL: kill)
[INFO] [stderr] warning: libsqlite3-sys@0.28.0: cc: fatal error: Killed signal terminated program cc1
[INFO] [stderr] warning: libsqlite3-sys@0.28.0: compilation terminated.
[INFO] [stderr] error: failed to run custom build command for `libsqlite3-sys v0.28.0`
[INFO] [stderr] note: To improve backtraces for build dependencies, set the CARGO_PROFILE_DEV_BUILD_OVERRIDE_DEBUG=true environment variable to enable debug information generation.
[INFO] [stderr] 
[INFO] [stderr] Caused by:
[INFO] [stderr]   process didn't exit successfully: `/opt/rustwide/target/debug/build/libsqlite3-sys/5f404b055dc208bb/out/build_script_build` (exit status: 1)
[INFO] [stderr]   --- stdout
[INFO] [stderr]   cargo:rerun-if-env-changed=LIBSQLITE3_SYS_USE_PKG_CONFIG
[INFO] [stderr]   cargo:include=/opt/rustwide/cargo-home/registry/src/index.crates.io-1949cf8c6b5b557f/libsqlite3-sys-0.28.0/sqlite3
[INFO] [stderr]   cargo:rerun-if-changed=sqlite3/sqlite3.c
[INFO] [stderr]   cargo:rerun-if-changed=sqlite3/wasm32-wasi-vfs.c
[INFO] [stderr]   cargo:rerun-if-env-changed=SQLITE_MAX_VARIABLE_NUMBER
[INFO] [stderr]   cargo:rerun-if-env-changed=SQLITE_MAX_EXPR_DEPTH
[INFO] [stderr]   cargo:rerun-if-env-changed=SQLITE_MAX_COLUMN
[INFO] [stderr]   cargo:rerun-if-env-changed=LIBSQLITE3_FLAGS
[INFO] [stderr]   cargo:rerun-if-env-changed=CC_FORCE_DISABLE
[INFO] [stderr]   CC_FORCE_DISABLE = None
[INFO] [stderr]   cargo:rerun-if-env-changed=CC_x86_64-unknown-linux-gnu
[INFO] [stderr]   CC_x86_64-unknown-linux-gnu = None
[INFO] [stderr]   cargo:rerun-if-env-changed=CC_x86_64_unknown_linux_gnu
[INFO] [stderr]   CC_x86_64_unknown_linux_gnu = None
[INFO] [stderr]   cargo:rerun-if-env-changed=HOST_CC
[INFO] [stderr]   HOST_CC = None
[INFO] [stderr]   cargo:rerun-if-env-changed=CC
[INFO] [stderr]   CC = None
[INFO] [stderr]   cargo:rerun-if-env-changed=CC_ENABLE_DEBUG_OUTPUT
[INFO] [stderr]   cargo:rerun-if-env-changed=CRATE_CC_NO_DEFAULTS
[INFO] [stderr]   CRATE_CC_NO_DEFAULTS = None
[INFO] [stderr]   cargo:rerun-if-env-changed=CFLAGS
[INFO] [stderr]   CFLAGS = None
[INFO] [stderr]   cargo:rerun-if-env-changed=HOST_CFLAGS
[INFO] [stderr]   HOST_CFLAGS = None
[INFO] [stderr]   cargo:rerun-if-env-changed=CFLAGS_x86_64_unknown_linux_gnu
[INFO] [stderr]   CFLAGS_x86_64_unknown_linux_gnu = None
[INFO] [stderr]   cargo:rerun-if-env-changed=CFLAGS_x86_64-unknown-linux-gnu
[INFO] [stderr]   CFLAGS_x86_64-unknown-linux-gnu = None
[INFO] [stderr]   cargo:warning=cc: fatal error: Killed signal terminated program cc1
[INFO] [stderr]   cargo:warning=compilation terminated.
[INFO] [stderr] 
[INFO] [stderr]   --- stderr
[INFO] [stderr] 
[INFO] [stderr] 
[INFO] [stderr]   error occurred in cc-rs: command did not execute successfully (status code exit status: 1): LC_ALL="C" "cc" "-O1" "-ffunction-sections" "-fdata-sections" "-fPIC" "-g" "-gdwarf-4" "-fno-omit-frame-pointer" "-m64" "-w" "-DSQLITE_CORE" "-DSQLITE_DEFAULT_FOREIGN_KEYS=1" "-DSQLITE_ENABLE_API_ARMOR" "-DSQLITE_ENABLE_COLUMN_METADATA" "-DSQLITE_ENABLE_DBSTAT_VTAB" "-DSQLITE_ENABLE_FTS3" "-DSQLITE_ENABLE_FTS3_PARENTHESIS" "-DSQLITE_ENABLE_FTS5" "-DSQLITE_ENABLE_JSON1" "-DSQLITE_ENABLE_LOAD_EXTENSION=1" "-DSQLITE_ENABLE_MEMORY_MANAGEMENT" "-DSQLITE_ENABLE_RTREE" "-DSQLITE_ENABLE_STAT2" "-DSQLITE_ENABLE_STAT4" "-DSQLITE_SOUNDEX" "-DSQLITE_THREADSAFE=1" "-DSQLITE_USE_URI" "-DHAVE_USLEEP=1" "-D_POSIX_THREAD_SAFE_FUNCTIONS" "-DHAVE_ISNAN" "-DHAVE_LOCALTIME_R" "-o" "/opt/rustwide/target/debug/build/libsqlite3-sys/594227c49cc837d3/out/c877a2978823c39d-sqlite3.o" "-c" "sqlite3/sqlite3.c"
[INFO] [stderr] 
[INFO] [stderr] 
[INFO] [stderr] warning: tree-sitter-swift@0.7.2: cc: fatal error: Killed signal terminated program cc1
[INFO] [stderr] warning: tree-sitter-swift@0.7.2: compilation terminated.
[INFO] [stderr] warning: tree-sitter-swift@0.7.2: ToolExecError: command did not execute successfully (status code exit status: 1): LC_ALL="C" "cc" "-O1" "-ffunction-sections" "-fdata-sections" "-fPIC" "-g" "-gdwarf-4" "-fno-omit-frame-pointer" "-m64" "-std=c11" "-I" "src" "-Wall" "-Wextra" "-o" "/opt/rustwide/target/debug/build/tree-sitter-swift/240d4ffb547d83d7/out/ea708c7824d36062-parser.o" "-c" "src/parser.c"cargo:warning=src/scanner.c: In function 'eat_comment':
[INFO] [stderr] warning: tree-sitter-swift@0.7.2: src/scanner.c:541:17: warning: unused parameter 'valid_symbols' [-Wunused-parameter]
[INFO] [stderr] warning: tree-sitter-swift@0.7.2:   541 |     const bool *valid_symbols,
[INFO] [stderr] warning: tree-sitter-swift@0.7.2:       |     ~~~~~~~~~~~~^~~~~~~~~~~~~
[INFO] [stderr] error: failed to run custom build command for `tree-sitter-swift v0.7.2`
[INFO] [stderr] note: To improve backtraces for build dependencies, set the CARGO_PROFILE_DEV_BUILD_OVERRIDE_DEBUG=true environment variable to enable debug information generation.
[INFO] [stderr] 
[INFO] [stderr] Caused by:
[INFO] [stderr]   process didn't exit successfully: `/opt/rustwide/target/debug/build/tree-sitter-swift/c740417752ca9368/out/build_script_build` (exit status: 1)
[INFO] [stderr]   --- stdout
[INFO] [stderr]   cargo:rerun-if-changed=src/parser.c
[INFO] [stderr]   cargo:rerun-if-changed=src/scanner.c
[INFO] [stderr]   cargo:rerun-if-env-changed=CC_FORCE_DISABLE
[INFO] [stderr]   CC_FORCE_DISABLE = None
[INFO] [stderr]   cargo:rerun-if-env-changed=CC_x86_64-unknown-linux-gnu
[INFO] [stderr]   CC_x86_64-unknown-linux-gnu = None
[INFO] [stderr]   cargo:rerun-if-env-changed=CC_x86_64_unknown_linux_gnu
[INFO] [stderr]   CC_x86_64_unknown_linux_gnu = None
[INFO] [stderr]   cargo:rerun-if-env-changed=HOST_CC
[INFO] [stderr]   HOST_CC = None
[INFO] [stderr]   cargo:rerun-if-env-changed=CC
[INFO] [stderr]   CC = None
[INFO] [stderr]   cargo:rerun-if-env-changed=CC_ENABLE_DEBUG_OUTPUT
[INFO] [stderr]   cargo:rerun-if-env-changed=CRATE_CC_NO_DEFAULTS
[INFO] [stderr]   CRATE_CC_NO_DEFAULTS = None
[INFO] [stderr]   cargo:rerun-if-env-changed=CFLAGS
[INFO] [stderr]   CFLAGS = None
[INFO] [stderr]   cargo:rerun-if-env-changed=HOST_CFLAGS
[INFO] [stderr]   HOST_CFLAGS = None
[INFO] [stderr]   cargo:rerun-if-env-changed=CFLAGS_x86_64_unknown_linux_gnu
[INFO] [stderr]   CFLAGS_x86_64_unknown_linux_gnu = None
[INFO] [stderr]   cargo:rerun-if-env-changed=CFLAGS_x86_64-unknown-linux-gnu
[INFO] [stderr]   CFLAGS_x86_64-unknown-linux-gnu = None
[INFO] [stderr]   cargo:rerun-if-env-changed=CC_x86_64-unknown-linux-gnu
[INFO] [stderr]   CC_x86_64-unknown-linux-gnu = None
[INFO] [stderr]   cargo:rerun-if-env-changed=CC_x86_64_unknown_linux_gnu
[INFO] [stderr]   CC_x86_64_unknown_linux_gnu = None
[INFO] [stderr]   cargo:rerun-if-env-changed=HOST_CC
[INFO] [stderr]   HOST_CC = None
[INFO] [stderr]   cargo:rerun-if-env-changed=CC
[INFO] [stderr]   CC = None
[INFO] [stderr]   cargo:rerun-if-env-changed=CRATE_CC_NO_DEFAULTS
[INFO] [stderr]   CRATE_CC_NO_DEFAULTS = None
[INFO] [stderr]   cargo:rerun-if-env-changed=CFLAGS
[INFO] [stderr]   CFLAGS = None
[INFO] [stderr]   cargo:rerun-if-env-changed=HOST_CFLAGS
[INFO] [stderr]   HOST_CFLAGS = None
[INFO] [stderr]   cargo:rerun-if-env-changed=CFLAGS_x86_64_unknown_linux_gnu
[INFO] [stderr]   CFLAGS_x86_64_unknown_linux_gnu = None
[INFO] [stderr]   cargo:rerun-if-env-changed=CFLAGS_x86_64-unknown-linux-gnu
[INFO] [stderr]   CFLAGS_x86_64-unknown-linux-gnu = None
[INFO] [stderr]   cargo:warning=cc: fatal error: Killed signal terminated program cc1
[INFO] [stderr]   cargo:warning=compilation terminated.
[INFO] [stderr]   exit status: 1
[INFO] [stderr]   cargo:warning=ToolExecError: command did not execute successfully (status code exit status: 1): LC_ALL="C" "cc" "-O1" "-ffunction-sections" "-fdata-sections" "-fPIC" "-g" "-gdwarf-4" "-fno-omit-frame-pointer" "-m64" "-std=c11" "-I" "src" "-Wall" "-Wextra" "-o" "/opt/rustwide/target/debug/build/tree-sitter-swift/240d4ffb547d83d7/out/ea708c7824d36062-parser.o" "-c" "src/parser.c"cargo:warning=src/scanner.c: In function 'eat_comment':
[INFO] [stderr]   cargo:warning=src/scanner.c:541:17: warning: unused parameter 'valid_symbols' [-Wunused-parameter]
[INFO] [stderr]   cargo:warning=  541 |     const bool *valid_symbols,
[INFO] [stderr]   cargo:warning=      |     ~~~~~~~~~~~~^~~~~~~~~~~~~
[INFO] [stderr] 
[INFO] [stderr]   exit status: 0
[INFO] [stderr] 
[INFO] [stderr]   --- stderr
[INFO] [stderr] 
[INFO] [stderr] 
[INFO] [stderr]   error occurred in cc-rs: command did not execute successfully (status code exit status: 1): LC_ALL="C" "cc" "-O1" "-ffunction-sections" "-fdata-sections" "-fPIC" "-g" "-gdwarf-4" "-fno-omit-frame-pointer" "-m64" "-std=c11" "-I" "src" "-Wall" "-Wextra" "-o" "/opt/rustwide/target/debug/build/tree-sitter-swift/240d4ffb547d83d7/out/ea708c7824d36062-parser.o" "-c" "src/parser.c"
[INFO] [stderr] 
[INFO] [stderr] 
[INFO] running `Command { std: "docker" "inspect" "62adb39639537941c6b3be299bb42c38a29d2b3d2386994d6f93c42c97cdadc3", kill_on_drop: false }`
[INFO] running `Command { std: "docker" "rm" "-f" "62adb39639537941c6b3be299bb42c38a29d2b3d2386994d6f93c42c97cdadc3", kill_on_drop: false }`
[INFO] [stdout] 62adb39639537941c6b3be299bb42c38a29d2b3d2386994d6f93c42c97cdadc3
