[INFO] cloning repository https://github.com/Sanvdythub/hayro
[INFO] running `Command { std: "git" "-c" "credential.helper=" "-c" "credential.helper=/workspace/cargo-home/bin/git-credential-null" "clone" "--bare" "https://github.com/Sanvdythub/hayro" "/workspace/cache/git-repos/https%3A%2F%2Fgithub.com%2FSanvdythub%2Fhayro", kill_on_drop: false }`
[INFO] [stderr] Cloning into bare repository '/workspace/cache/git-repos/https%3A%2F%2Fgithub.com%2FSanvdythub%2Fhayro'...
[INFO] running `Command { std: "git" "rev-parse" "HEAD", kill_on_drop: false }`
[INFO] [stdout] f9253b3ae9fe203d65bbcea59499fbb29af451ee
[INFO] checking Sanvdythub/hayro against 52995a223f2919dd3e2e427231db90a257350ded for pr-129249-4
[INFO] running `Command { std: "git" "clone" "/workspace/cache/git-repos/https%3A%2F%2Fgithub.com%2FSanvdythub%2Fhayro" "/workspace/builds/worker-4-tc2/source", kill_on_drop: false }`
[INFO] [stderr] Cloning into '/workspace/builds/worker-4-tc2/source'...
[INFO] [stderr] done.
[INFO] started tweaking git repo https://github.com/Sanvdythub/hayro
[INFO] finished tweaking git repo https://github.com/Sanvdythub/hayro
[INFO] tweaked toml for git repo https://github.com/Sanvdythub/hayro written to /workspace/builds/worker-4-tc2/source/Cargo.toml
[INFO] validating manifest of git repo https://github.com/Sanvdythub/hayro on toolchain 52995a223f2919dd3e2e427231db90a257350ded
[INFO] running `Command { std: CARGO_HOME="/workspace/cargo-home" RUSTUP_HOME="/workspace/rustup-home" "/workspace/cargo-home/bin/cargo" "+52995a223f2919dd3e2e427231db90a257350ded" "metadata" "--manifest-path" "Cargo.toml" "--no-deps", kill_on_drop: false }`
[INFO] crate git repo https://github.com/Sanvdythub/hayro already has a lockfile, it will not be regenerated
[INFO] running `Command { std: CARGO_HOME="/workspace/cargo-home" RUSTUP_HOME="/workspace/rustup-home" "/workspace/cargo-home/bin/cargo" "+52995a223f2919dd3e2e427231db90a257350ded" "fetch" "--manifest-path" "Cargo.toml", kill_on_drop: false }`
[INFO] [stderr] warning: missing `[lints]` to inherit `[workspace.lints]`
[INFO] [stderr]   --> hayro-fuzz/Cargo.toml
[INFO] [stderr]    = note: `cargo::missing_lints_inheritance` is set to `warn` by default
[INFO] [stderr] help: to inherit `workspace.lints, add:
[INFO] [stderr]    |
[INFO] [stderr] 37 ~ bench = false
[INFO] [stderr] 38 + [lints]
[INFO] [stderr] 39 + workspace = true
[INFO] [stderr]    |
[INFO] [stderr] help: to clarify your intent to not inherit, add:
[INFO] [stderr]    |
[INFO] [stderr] 37 ~ bench = false
[INFO] [stderr] 38 + [lints]
[INFO] [stderr]    |
[INFO] [stderr] warning: `hayro-fuzz` (manifest) generated 1 warning
[INFO] [stderr] warning: missing `[lints]` to inherit `[workspace.lints]`
[INFO] [stderr]   --> hayro-tests/Cargo.toml
[INFO] [stderr]    = note: `cargo::missing_lints_inheritance` is set to `warn` by default
[INFO] [stderr] help: to inherit `workspace.lints, add:
[INFO] [stderr]    |
[INFO] [stderr] 44 ~ sitro = { workspace = true }
[INFO] [stderr] 45 + [lints]
[INFO] [stderr] 46 + workspace = true
[INFO] [stderr]    |
[INFO] [stderr] help: to clarify your intent to not inherit, add:
[INFO] [stderr]    |
[INFO] [stderr] 44 ~ sitro = { workspace = true }
[INFO] [stderr] 45 + [lints]
[INFO] [stderr]    |
[INFO] [stderr] warning: `hayro-tests` (manifest) generated 1 warning
[INFO] [stderr] warning: missing `[lints]` to inherit `[workspace.lints]`
[INFO] [stderr]   --> hayro-demo/Cargo.toml
[INFO] [stderr]    = note: `cargo::missing_lints_inheritance` is set to `warn` by default
[INFO] [stderr] help: to inherit `workspace.lints, add:
[INFO] [stderr]    |
[INFO] [stderr] 31 ~ ]
[INFO] [stderr] 32 + [lints]
[INFO] [stderr] 33 + workspace = true
[INFO] [stderr]    |
[INFO] [stderr] help: to clarify your intent to not inherit, add:
[INFO] [stderr]    |
[INFO] [stderr] 31 ~ ]
[INFO] [stderr] 32 + [lints]
[INFO] [stderr]    |
[INFO] [stderr] warning: `hayro-demo` (manifest) generated 1 warning
[INFO] running `Command { std: "docker" "create" "-v" "/var/lib/crater-agent-workspace/builds/worker-4-tc2/source:/opt/rustwide/workdir:ro,Z" "-v" "/var/lib/crater-agent-workspace/builds/worker-4-tc2/target:/opt/rustwide/target:rw,Z" "-v" "/var/lib/crater-agent-workspace/cargo-home:/opt/rustwide/cargo-home:ro,Z" "-v" "/var/lib/crater-agent-workspace/rustup-home:/opt/rustwide/rustup-home:ro,Z" "-m" "1610612736" "--network" "none" "ghcr.io/rust-lang/crates-build-env/linux@sha256:c0af3998e971868164375a7dfb646c9933ddd1a3bdb00fa2041266763dc1eeab" "sleep" "infinity", kill_on_drop: false }`
[INFO] [stdout] ea8bbe312ff57a9c2874973ab3795d336b2e7dc4fa71d6879be8345ea3d75686
[INFO] running `Command { std: "docker" "start" "ea8bbe312ff57a9c2874973ab3795d336b2e7dc4fa71d6879be8345ea3d75686", kill_on_drop: false }`
[INFO] running `Command { std: "docker" "inspect" "ea8bbe312ff57a9c2874973ab3795d336b2e7dc4fa71d6879be8345ea3d75686", kill_on_drop: false }`
[INFO] running `Command { std: "docker" "exec" "-e" "SOURCE_DIR=/opt/rustwide/workdir" "-e" "CARGO_HOME=/opt/rustwide/cargo-home" "-e" "RUSTUP_HOME=/opt/rustwide/rustup-home" "-e" "CARGO_TARGET_DIR=/opt/rustwide/target" "-w" "/opt/rustwide/workdir" "--user" "0:0" "ea8bbe312ff57a9c2874973ab3795d336b2e7dc4fa71d6879be8345ea3d75686" "/opt/rustwide/cargo-home/bin/cargo" "+52995a223f2919dd3e2e427231db90a257350ded" "metadata" "--no-deps" "--format-version=1", kill_on_drop: false }`
[INFO] running `Command { std: "docker" "inspect" "ea8bbe312ff57a9c2874973ab3795d336b2e7dc4fa71d6879be8345ea3d75686", kill_on_drop: false }`
[INFO] running `Command { std: "docker" "exec" "-e" "SOURCE_DIR=/opt/rustwide/workdir" "-e" "CARGO_HOME=/opt/rustwide/cargo-home" "-e" "RUSTUP_HOME=/opt/rustwide/rustup-home" "-e" "CARGO_TARGET_DIR=/opt/rustwide/target" "-e" "CARGO_INCREMENTAL=0" "-e" "RUST_BACKTRACE=full" "-e" "RUSTFLAGS=--cap-lints=forbid" "-e" "RUSTDOCFLAGS=--cap-lints=forbid" "-w" "/opt/rustwide/workdir" "--user" "0:0" "ea8bbe312ff57a9c2874973ab3795d336b2e7dc4fa71d6879be8345ea3d75686" "/opt/rustwide/cargo-home/bin/cargo" "+52995a223f2919dd3e2e427231db90a257350ded" "check" "--frozen" "--all" "--all-targets" "--message-format=json", kill_on_drop: false }`
[INFO] [stderr] warning: missing `[lints]` to inherit `[workspace.lints]`
[INFO] [stderr]   --> hayro-tests/Cargo.toml
[INFO] [stderr]    = note: `cargo::missing_lints_inheritance` is set to `warn` by default
[INFO] [stderr] help: to inherit `workspace.lints, add:
[INFO] [stderr]    |
[INFO] [stderr] 44 ~ sitro = { workspace = true }
[INFO] [stderr] 45 + [lints]
[INFO] [stderr] 46 + workspace = true
[INFO] [stderr]    |
[INFO] [stderr] help: to clarify your intent to not inherit, add:
[INFO] [stderr]    |
[INFO] [stderr] 44 ~ sitro = { workspace = true }
[INFO] [stderr] 45 + [lints]
[INFO] [stderr]    |
[INFO] [stderr] warning: `hayro-tests` (manifest) generated 1 warning
[INFO] [stderr] warning: missing `[lints]` to inherit `[workspace.lints]`
[INFO] [stderr]   --> hayro-demo/Cargo.toml
[INFO] [stderr]    = note: `cargo::missing_lints_inheritance` is set to `warn` by default
[INFO] [stderr] help: to inherit `workspace.lints, add:
[INFO] [stderr]    |
[INFO] [stderr] 31 ~ ]
[INFO] [stderr] 32 + [lints]
[INFO] [stderr] 33 + workspace = true
[INFO] [stderr]    |
[INFO] [stderr] help: to clarify your intent to not inherit, add:
[INFO] [stderr]    |
[INFO] [stderr] 31 ~ ]
[INFO] [stderr] 32 + [lints]
[INFO] [stderr]    |
[INFO] [stderr] warning: `hayro-demo` (manifest) generated 1 warning
[INFO] [stderr] warning: missing `[lints]` to inherit `[workspace.lints]`
[INFO] [stderr]   --> hayro-fuzz/Cargo.toml
[INFO] [stderr]    = note: `cargo::missing_lints_inheritance` is set to `warn` by default
[INFO] [stderr] help: to inherit `workspace.lints, add:
[INFO] [stderr]    |
[INFO] [stderr] 37 ~ bench = false
[INFO] [stderr] 38 + [lints]
[INFO] [stderr] 39 + workspace = true
[INFO] [stderr]    |
[INFO] [stderr] help: to clarify your intent to not inherit, add:
[INFO] [stderr]    |
[INFO] [stderr] 37 ~ bench = false
[INFO] [stderr] 38 + [lints]
[INFO] [stderr]    |
[INFO] [stderr] warning: `hayro-fuzz` (manifest) generated 1 warning
[INFO] [stderr]     Checking simd-adler32 v0.3.8
[INFO] [stderr]     Checking zlib-rs v0.6.3
[INFO] [stderr]     Checking bitflags v2.11.0
[INFO] [stderr]     Checking pxfm v0.1.28
[INFO] [stderr]     Checking fearless_simd v0.4.0
[INFO] [stderr]    Compiling libc v0.2.183
[INFO] [stderr]    Compiling num-traits v0.2.19
[INFO] [stderr]     Checking hayro-ccitt v0.3.0 (/opt/rustwide/workdir/hayro-ccitt)
[INFO] [stderr]     Checking siphasher v1.0.2
[INFO] [stderr]     Checking kurbo v0.13.0
[INFO] [stderr]     Checking zune-jpeg v0.5.12
[INFO] [stderr]     Checking rustc-hash v2.1.1
[INFO] [stderr]    Compiling syn v2.0.117
[INFO] [stderr]     Checking alloc-no-stdlib v2.0.4
[INFO] [stderr]     Checking hayro-postscript v0.1.0 (/opt/rustwide/workdir/hayro-postscript)
[INFO] [stderr]     Checking alloc-stdlib v0.2.2
[INFO] [stderr]    Compiling fastrand v2.3.0
[INFO] [stderr]     Checking brotli-decompressor v5.0.0
[INFO] [stderr]     Checking phf_shared v0.13.1
[INFO] [stderr]     Checking rayon v1.11.0
[INFO] [stderr]     Checking stable_deref_trait v1.2.1
[INFO] [stderr]    Compiling zerocopy v0.8.42
[INFO] [stderr]     Checking miniz_oxide v0.8.9
[INFO] [stderr]     Checking fdeflate v0.3.7
[INFO] [stderr]    Compiling thiserror v2.0.18
[INFO] [stderr]     Checking linebender_resource_handle v0.1.1
[INFO] [stderr]    Compiling phf_generator v0.13.1
[INFO] [stderr]    Compiling typenum v1.19.0
[INFO] [stderr]    Compiling serde_core v1.0.228
[INFO] [stderr]     Checking hashbrown v0.16.1
[INFO] [stderr]     Checking same-file v1.0.6
[INFO] [stderr]     Checking walkdir v2.5.0
[INFO] [stderr]     Checking aho-corasick v1.1.4
[INFO] [stderr]    Compiling wasm-bindgen-shared v0.2.114
[INFO] [stderr]     Checking euclid v0.22.14
[INFO] [stderr]     Checking float-cmp v0.9.0
[INFO] [stderr]     Checking regex-syntax v0.8.10
[INFO] [stderr]    Compiling serde v1.0.228
[INFO] [stderr]     Checking strict-num v0.1.1
[INFO] [stderr]     Checking core_maths v0.1.1
[INFO] [stderr]    Compiling slotmap v1.1.1
[INFO] [stderr]     Checking base64 v0.22.1
[INFO] [stderr]     Checking xmlwriter v0.1.0
[INFO] [stderr]     Checking arrayref v0.3.9
[INFO] [stderr]     Checking ttf-parser v0.25.1
[INFO] [stderr]    Compiling portable-atomic v1.13.1
[INFO] [stderr]     Checking roxmltree v0.20.0
[INFO] [stderr]     Checking brotli v8.0.2
[INFO] [stderr]     Checking tinyvec v1.10.0
[INFO] [stderr]     Checking guillotiere v0.7.0
[INFO] [stderr]     Checking memmap2 v0.9.10
[INFO] [stderr]     Checking unicode-bidi-mirroring v0.4.0
[INFO] [stderr]     Checking unicode-script v0.5.8
[INFO] [stderr]     Checking unicode-ccc v0.4.0
[INFO] [stderr]     Checking flate2 v1.1.9
[INFO] [stderr]     Checking unicode-properties v0.1.4
[INFO] [stderr]     Checking console v0.15.11
[INFO] [stderr]     Checking pdf-writer v0.14.0
[INFO] [stderr]     Checking fontconfig-parser v0.5.8
[INFO] [stderr]     Checking svgtypes v0.16.1
[INFO] [stderr]     Checking png v0.18.1
[INFO] [stderr]     Checking png v0.17.16
[INFO] [stderr]     Checking simplecss v0.2.2
[INFO] [stderr]     Checking roxmltree v0.21.1
[INFO] [stderr]     Checking generic-array v0.14.7
[INFO] [stderr]     Checking pico-args v0.5.0
[INFO] [stderr]     Checking imagesize v0.14.0
[INFO] [stderr]     Checking data-url v0.3.2
[INFO] [stderr]     Checking unicode-vo v0.1.0
[INFO] [stderr]     Checking unicode-bidi v0.3.18
[INFO] [stderr]    Compiling bumpalo v3.20.2
[INFO] [stderr]     Checking number_prefix v0.4.0
[INFO] [stderr]    Compiling wasm-bindgen v0.2.114
[INFO] [stderr]     Checking gif v0.14.1
[INFO] [stderr]     Checking zune-inflate v0.2.54
[INFO] [stderr]     Checking regex-automata v0.4.14
[INFO] [stderr]     Checking crypto-common v0.1.7
[INFO] [stderr]     Checking plotters-backend v0.3.7
[INFO] [stderr]     Checking anstyle v1.0.14
[INFO] [stderr]     Checking clap_lex v1.1.0
[INFO] [stderr]     Checking ciborium-io v0.2.2
[INFO] [stderr]     Checking unicode-ident v1.0.24
[INFO] [stderr]     Checking moxcms v0.8.1
[INFO] [stderr]     Checking block-padding v0.3.3
[INFO] [stderr]     Checking gif v0.13.3
[INFO] [stderr]     Checking rand v0.4.6
[INFO] [stderr]     Checking itertools v0.10.5
[INFO] [stderr]     Checking plotters-svg v0.3.7
[INFO] [stderr]     Checking clap_builder v4.6.0
[INFO] [stderr]     Checking fontdb v0.23.0
[INFO] [stderr]     Checking cast v0.3.0
[INFO] [stderr]     Checking byteorder v1.5.0
[INFO] [stderr]     Checking remove_dir_all v0.5.3
[INFO] [stderr]    Compiling jobserver v0.1.34
[INFO] [stderr]     Checking plotters v0.3.7
[INFO] [stderr]     Checking inout v0.1.4
[INFO] [stderr]     Checking is-terminal v0.4.17
[INFO] [stderr]     Checking anes v0.1.6
[INFO] [stderr]     Checking oorandom v11.1.5
[INFO] [stderr]     Checking imagesize v0.12.0
[INFO] [stderr]    Compiling cc v1.2.56
[INFO] [stderr]     Checking serde_json v1.0.149
[INFO] [stderr]     Checking tempdir v0.3.7
[INFO] [stderr]     Checking cipher v0.4.4
[INFO] [stderr]     Checking block-buffer v0.10.4
[INFO] [stderr]     Checking arbitrary v1.4.2
[INFO] [stderr]     Checking md5 v0.8.0
[INFO] [stderr]     Checking digest v0.10.7
[INFO] [stderr]     Checking aes v0.8.4
[INFO] [stderr]     Checking cbc v0.1.2
[INFO] [stderr]     Checking indicatif v0.17.11
[INFO] [stderr]     Checking jpeg-decoder v0.3.2
[INFO] [stderr]     Checking sha2 v0.10.9
[INFO] [stderr]     Checking criterion-plot v0.5.0
[INFO] [stderr]     Checking tiff v0.9.1
[INFO] [stderr]     Checking hayro-cmap v0.1.0 (/opt/rustwide/workdir/hayro-cmap)
[INFO] [stderr]    Compiling libfuzzer-sys v0.4.12
[INFO] [stderr]     Checking clap v4.6.0
[INFO] [stderr]     Checking regex v1.12.3
[INFO] [stderr] error: could not compile `moxcms` (lib)
[INFO] [stderr] 
[INFO] [stderr] Caused by:
[INFO] [stderr]   process didn't exit successfully: `/opt/rustwide/rustup-home/toolchains/52995a223f2919dd3e2e427231db90a257350ded/bin/rustc --crate-name moxcms --edition=2024 /opt/rustwide/cargo-home/registry/src/index.crates.io-1949cf8c6b5b557f/moxcms-0.8.1/src/lib.rs --error-format=json --json=diagnostic-rendered-ansi,artifacts,future-incompat,unused-externs-silent --crate-type lib --emit=dep-info,metadata -C embed-bitcode=no -C debuginfo=2 --cfg 'feature="avx"' --cfg 'feature="avx_luts"' --cfg 'feature="avx_shaper_fixed_point_paths"' --cfg 'feature="avx_shaper_paths"' --cfg 'feature="default"' --cfg 'feature="lut"' --cfg 'feature="neon"' --cfg 'feature="neon_luts"' --cfg 'feature="neon_shaper_fixed_point_paths"' --cfg 'feature="neon_shaper_paths"' --cfg 'feature="sse"' --cfg 'feature="sse_luts"' --cfg 'feature="sse_shaper_fixed_point_paths"' --cfg 'feature="sse_shaper_paths"' --check-cfg 'cfg(docsrs,test)' --check-cfg 'cfg(feature, values("any_to_any", "avx", "avx512", "avx512_shaper_fixed_point_paths", "avx512_shaper_optimized_paths", "avx_luts", "avx_shaper_fixed_point_paths", "avx_shaper_optimized_paths", "avx_shaper_paths", "default", "extended_range", "in_place", "lut", "neon", "neon_luts", "neon_shaper_fixed_point_paths", "neon_shaper_optimized_paths", "neon_shaper_paths", "options", "sse", "sse_luts", "sse_shaper_fixed_point_paths", "sse_shaper_optimized_paths", "sse_shaper_paths"))' -C metadata=50e16957796e3480 -C extra-filename=-a387b89e07cdd5e5 --out-dir /opt/rustwide/target/debug/build/moxcms/a387b89e07cdd5e5/out --extern num_traits=/opt/rustwide/target/debug/build/num-traits/5926fbb98e608a95/out/libnum_traits-5926fbb98e608a95.rmeta --extern pxfm=/opt/rustwide/target/debug/build/pxfm/0d5dcbd43fb06ab7/out/libpxfm-0d5dcbd43fb06ab7.rmeta --cap-lints allow --cap-lints=forbid --force-warn=unused_crate_dependencies` (signal: 9, SIGKILL: kill)
[INFO] [stderr] warning: build failed, waiting for other jobs to finish...
[INFO] [stderr] error: could not compile `syn` (lib)
[INFO] [stderr] 
[INFO] [stderr] Caused by:
[INFO] [stderr]   process didn't exit successfully: `/opt/rustwide/rustup-home/toolchains/52995a223f2919dd3e2e427231db90a257350ded/bin/rustc --crate-name syn --edition=2021 /opt/rustwide/cargo-home/registry/src/index.crates.io-1949cf8c6b5b557f/syn-2.0.117/src/lib.rs --error-format=json --json=diagnostic-rendered-ansi,artifacts,future-incompat,unused-externs-silent --crate-type lib --emit=dep-info,metadata,link -Z embed-metadata=no -C embed-bitcode=no --cfg 'feature="clone-impls"' --cfg 'feature="default"' --cfg 'feature="derive"' --cfg 'feature="extra-traits"' --cfg 'feature="fold"' --cfg 'feature="full"' --cfg 'feature="parsing"' --cfg 'feature="printing"' --cfg 'feature="proc-macro"' --cfg 'feature="visit"' --cfg 'feature="visit-mut"' --check-cfg 'cfg(docsrs,test)' --check-cfg 'cfg(feature, values("clone-impls", "default", "derive", "extra-traits", "fold", "full", "parsing", "printing", "proc-macro", "test", "visit", "visit-mut"))' -C metadata=38efe9c620ca8d0f -C extra-filename=-ae6c806947fc9697 --out-dir /opt/rustwide/target/debug/build/syn/ae6c806947fc9697/out -L dependency=/opt/rustwide/target/debug/build/proc-macro2/d4cb564e807a9cd7/out -L dependency=/opt/rustwide/target/debug/build/unicode-ident/8c98a1a0e58216a9/out --extern proc_macro2=/opt/rustwide/target/debug/build/proc-macro2/d4cb564e807a9cd7/out/libproc_macro2-d4cb564e807a9cd7.rmeta --extern quote=/opt/rustwide/target/debug/build/quote/aa2c5b8519914b46/out/libquote-aa2c5b8519914b46.rmeta --extern unicode_ident=/opt/rustwide/target/debug/build/unicode-ident/8c98a1a0e58216a9/out/libunicode_ident-8c98a1a0e58216a9.rmeta --cap-lints allow --cap-lints=forbid --force-warn=unused_crate_dependencies` (signal: 9, SIGKILL: kill)
[INFO] [stderr] warning: libfuzzer-sys@0.4.12: c++: fatal error: Killed signal terminated program cc1plus
[INFO] [stderr] warning: libfuzzer-sys@0.4.12: compilation terminated.
[INFO] [stderr] warning: libfuzzer-sys@0.4.12: ToolExecError: command did not execute successfully (status code exit status: 1): LC_ALL="C" "c++" "-O0" "-ffunction-sections" "-fdata-sections" "-fPIC" "-g" "-gdwarf-4" "-fno-omit-frame-pointer" "-m64" "-std=c++17" "-w" "-o" "/opt/rustwide/target/debug/build/libfuzzer-sys/4fd1887a296dda9f/out/e5f0d71fb86e9d6b-FuzzerTracePC.o" "-c" "libfuzzer/FuzzerTracePC.cpp"cargo:warning=c++: fatal error: Killed signal terminated program cc1plus
[INFO] [stderr] warning: libfuzzer-sys@0.4.12: compilation terminated.
[INFO] [stderr] warning: libfuzzer-sys@0.4.12: ToolExecError: command did not execute successfully (status code exit status: 1): LC_ALL="C" "c++" "-O0" "-ffunction-sections" "-fdata-sections" "-fPIC" "-g" "-gdwarf-4" "-fno-omit-frame-pointer" "-m64" "-std=c++17" "-w" "-o" "/opt/rustwide/target/debug/build/libfuzzer-sys/4fd1887a296dda9f/out/e5f0d71fb86e9d6b-FuzzerFork.o" "-c" "libfuzzer/FuzzerFork.cpp"cargo:warning=c++: fatal error: Killed signal terminated program cc1plus
[INFO] [stderr] warning: libfuzzer-sys@0.4.12: compilation terminated.
[INFO] [stderr] warning: libfuzzer-sys@0.4.12: ToolExecError: command did not execute successfully (status code exit status: 1): LC_ALL="C" "c++" "-O0" "-ffunction-sections" "-fdata-sections" "-fPIC" "-g" "-gdwarf-4" "-fno-omit-frame-pointer" "-m64" "-std=c++17" "-w" "-o" "/opt/rustwide/target/debug/build/libfuzzer-sys/4fd1887a296dda9f/out/e5f0d71fb86e9d6b-FuzzerUtilPosix.o" "-c" "libfuzzer/FuzzerUtilPosix.cpp"
[INFO] [stderr] error: failed to run custom build command for `libfuzzer-sys v0.4.12`
[INFO] [stderr] note: To improve backtraces for build dependencies, set the CARGO_PROFILE_DEV_BUILD_OVERRIDE_DEBUG=true environment variable to enable debug information generation.
[INFO] [stderr] 
[INFO] [stderr] Caused by:
[INFO] [stderr]   process didn't exit successfully: `/opt/rustwide/target/debug/build/libfuzzer-sys/7d4adc0b4afaf3b2/out/build_script_build` (exit status: 1)
[INFO] [stderr]   --- stdout
[INFO] [stderr]   cargo:rerun-if-env-changed=CUSTOM_LIBFUZZER_PATH
[INFO] [stderr]   cargo:rerun-if-changed=libfuzzer/FuzzerExtraCounters.cpp
[INFO] [stderr]   cargo:rerun-if-changed=libfuzzer/FuzzerUtilDarwin.cpp
[INFO] [stderr]   cargo:rerun-if-changed=libfuzzer/FuzzerInterceptors.cpp
[INFO] [stderr]   cargo:rerun-if-changed=libfuzzer/FuzzerCrossOver.cpp
[INFO] [stderr]   cargo:rerun-if-changed=libfuzzer/FuzzerUtilWindows.cpp
[INFO] [stderr]   cargo:rerun-if-changed=libfuzzer/FuzzerExtraCountersDarwin.cpp
[INFO] [stderr]   cargo:rerun-if-changed=libfuzzer/FuzzerIO.cpp
[INFO] [stderr]   cargo:rerun-if-changed=libfuzzer/FuzzerUtil.cpp
[INFO] [stderr]   cargo:rerun-if-changed=libfuzzer/FuzzerMerge.cpp
[INFO] [stderr]   cargo:rerun-if-changed=libfuzzer/FuzzerIOWindows.cpp
[INFO] [stderr]   cargo:rerun-if-changed=libfuzzer/FuzzerMain.cpp
[INFO] [stderr]   cargo:rerun-if-changed=libfuzzer/FuzzerUtilLinux.cpp
[INFO] [stderr]   cargo:rerun-if-changed=libfuzzer/FuzzerLoop.cpp
[INFO] [stderr]   cargo:rerun-if-changed=libfuzzer/FuzzerExtFunctionsDlsym.cpp
[INFO] [stderr]   cargo:rerun-if-changed=libfuzzer/FuzzerExtFunctionsWindows.cpp
[INFO] [stderr]   cargo:rerun-if-changed=libfuzzer/FuzzerMutate.cpp
[INFO] [stderr]   cargo:rerun-if-changed=libfuzzer/FuzzerUtilFuchsia.cpp
[INFO] [stderr]   cargo:rerun-if-changed=libfuzzer/FuzzerUtilPosix.cpp
[INFO] [stderr]   cargo:rerun-if-changed=libfuzzer/FuzzerTracePC.cpp
[INFO] [stderr]   cargo:rerun-if-changed=libfuzzer/FuzzerDriver.cpp
[INFO] [stderr]   cargo:rerun-if-changed=libfuzzer/FuzzerFork.cpp
[INFO] [stderr]   cargo:rerun-if-changed=libfuzzer/FuzzerExtFunctionsWeak.cpp
[INFO] [stderr]   cargo:rerun-if-changed=libfuzzer/FuzzerExtraCountersWindows.cpp
[INFO] [stderr]   cargo:rerun-if-changed=libfuzzer/FuzzerIOPosix.cpp
[INFO] [stderr]   cargo:rerun-if-changed=libfuzzer/FuzzerSHA1.cpp
[INFO] [stderr]   cargo:rerun-if-changed=libfuzzer/FuzzerDataFlowTrace.cpp
[INFO] [stderr]   OUT_DIR = Some(/opt/rustwide/target/debug/build/libfuzzer-sys/4fd1887a296dda9f/out)
[INFO] [stderr]   OPT_LEVEL = Some(0)
[INFO] [stderr]   TARGET = Some(x86_64-unknown-linux-gnu)
[INFO] [stderr]   CARGO_ENCODED_RUSTFLAGS = Some(--cap-lints=forbid)
[INFO] [stderr]   HOST = Some(x86_64-unknown-linux-gnu)
[INFO] [stderr]   cargo:rerun-if-env-changed=CXX_x86_64-unknown-linux-gnu
[INFO] [stderr]   CXX_x86_64-unknown-linux-gnu = None
[INFO] [stderr]   cargo:rerun-if-env-changed=CXX_x86_64_unknown_linux_gnu
[INFO] [stderr]   CXX_x86_64_unknown_linux_gnu = None
[INFO] [stderr]   cargo:rerun-if-env-changed=HOST_CXX
[INFO] [stderr]   HOST_CXX = None
[INFO] [stderr]   cargo:rerun-if-env-changed=CXX
[INFO] [stderr]   CXX = None
[INFO] [stderr]   cargo:rerun-if-env-changed=CC_ENABLE_DEBUG_OUTPUT
[INFO] [stderr]   RUSTC_WRAPPER = None
[INFO] [stderr]   cargo:rerun-if-env-changed=CRATE_CC_NO_DEFAULTS
[INFO] [stderr]   CRATE_CC_NO_DEFAULTS = None
[INFO] [stderr]   DEBUG = Some(true)
[INFO] [stderr]   CARGO_CFG_TARGET_FEATURE = Some(fxsr,sse,sse2,x87)
[INFO] [stderr]   cargo:rerun-if-env-changed=CXXFLAGS
[INFO] [stderr]   CXXFLAGS = None
[INFO] [stderr]   cargo:rerun-if-env-changed=HOST_CXXFLAGS
[INFO] [stderr]   HOST_CXXFLAGS = None
[INFO] [stderr]   cargo:rerun-if-env-changed=CXXFLAGS_x86_64_unknown_linux_gnu
[INFO] [stderr]   CXXFLAGS_x86_64_unknown_linux_gnu = None
[INFO] [stderr]   cargo:rerun-if-env-changed=CXXFLAGS_x86_64-unknown-linux-gnu
[INFO] [stderr]   CXXFLAGS_x86_64-unknown-linux-gnu = None
[INFO] [stderr]   exit status: 0
[INFO] [stderr]   exit status: 0
[INFO] [stderr]   exit status: 0
[INFO] [stderr]   exit status: 0
[INFO] [stderr]   exit status: 0
[INFO] [stderr]   exit status: 0
[INFO] [stderr]   exit status: 0
[INFO] [stderr]   exit status: 0
[INFO] [stderr]   cargo:warning=c++: fatal error: Killed signal terminated program cc1plus
[INFO] [stderr]   cargo:warning=compilation terminated.
[INFO] [stderr]   exit status: 0
[INFO] [stderr]   exit status: 0
[INFO] [stderr]   exit status: 0
[INFO] [stderr]   exit status: 0
[INFO] [stderr]   exit status: 1
[INFO] [stderr]   cargo:warning=ToolExecError: command did not execute successfully (status code exit status: 1): LC_ALL="C" "c++" "-O0" "-ffunction-sections" "-fdata-sections" "-fPIC" "-g" "-gdwarf-4" "-fno-omit-frame-pointer" "-m64" "-std=c++17" "-w" "-o" "/opt/rustwide/target/debug/build/libfuzzer-sys/4fd1887a296dda9f/out/e5f0d71fb86e9d6b-FuzzerTracePC.o" "-c" "libfuzzer/FuzzerTracePC.cpp"cargo:warning=c++: fatal error: Killed signal terminated program cc1plus
[INFO] [stderr]   cargo:warning=compilation terminated.
[INFO] [stderr] 
[INFO] [stderr]   exit status: 1
[INFO] [stderr]   cargo:warning=ToolExecError: command did not execute successfully (status code exit status: 1): LC_ALL="C" "c++" "-O0" "-ffunction-sections" "-fdata-sections" "-fPIC" "-g" "-gdwarf-4" "-fno-omit-frame-pointer" "-m64" "-std=c++17" "-w" "-o" "/opt/rustwide/target/debug/build/libfuzzer-sys/4fd1887a296dda9f/out/e5f0d71fb86e9d6b-FuzzerFork.o" "-c" "libfuzzer/FuzzerFork.cpp"cargo:warning=c++: fatal error: Killed signal terminated program cc1plus
[INFO] [stderr]   cargo:warning=compilation terminated.
[INFO] [stderr] 
[INFO] [stderr]   exit status: 1
[INFO] [stderr]   cargo:warning=ToolExecError: command did not execute successfully (status code exit status: 1): LC_ALL="C" "c++" "-O0" "-ffunction-sections" "-fdata-sections" "-fPIC" "-g" "-gdwarf-4" "-fno-omit-frame-pointer" "-m64" "-std=c++17" "-w" "-o" "/opt/rustwide/target/debug/build/libfuzzer-sys/4fd1887a296dda9f/out/e5f0d71fb86e9d6b-FuzzerUtilPosix.o" "-c" "libfuzzer/FuzzerUtilPosix.cpp"
[INFO] [stderr]   exit status: 0
[INFO] [stderr]   exit status: 0
[INFO] [stderr]   exit status: 0
[INFO] [stderr]   exit status: 0
[INFO] [stderr]   exit status: 0
[INFO] [stderr]   exit status: 0
[INFO] [stderr]   exit status: 0
[INFO] [stderr]   exit status: 0
[INFO] [stderr]   exit status: 0
[INFO] [stderr]   exit status: 0
[INFO] [stderr]   exit status: 0
[INFO] [stderr] 
[INFO] [stderr]   --- stderr
[INFO] [stderr] 
[INFO] [stderr] 
[INFO] [stderr]   error occurred in cc-rs: command did not execute successfully (status code exit status: 1): LC_ALL="C" "c++" "-O0" "-ffunction-sections" "-fdata-sections" "-fPIC" "-g" "-gdwarf-4" "-fno-omit-frame-pointer" "-m64" "-std=c++17" "-w" "-o" "/opt/rustwide/target/debug/build/libfuzzer-sys/4fd1887a296dda9f/out/e5f0d71fb86e9d6b-FuzzerUtilPosix.o" "-c" "libfuzzer/FuzzerUtilPosix.cpp"
[INFO] [stderr] 
[INFO] [stderr] 
[INFO] running `Command { std: "docker" "inspect" "ea8bbe312ff57a9c2874973ab3795d336b2e7dc4fa71d6879be8345ea3d75686", kill_on_drop: false }`
[INFO] running `Command { std: "docker" "rm" "-f" "ea8bbe312ff57a9c2874973ab3795d336b2e7dc4fa71d6879be8345ea3d75686", kill_on_drop: false }`
[INFO] [stdout] ea8bbe312ff57a9c2874973ab3795d336b2e7dc4fa71d6879be8345ea3d75686
