[INFO] cloning repository https://github.com/JoshElias/cloud-image-storage
[INFO] running `Command { std: "git" "-c" "credential.helper=" "-c" "credential.helper=/workspace/cargo-home/bin/git-credential-null" "clone" "--bare" "https://github.com/JoshElias/cloud-image-storage" "/workspace/cache/git-repos/https%3A%2F%2Fgithub.com%2FJoshElias%2Fcloud-image-storage", kill_on_drop: false }`
[INFO] [stderr] Cloning into bare repository '/workspace/cache/git-repos/https%3A%2F%2Fgithub.com%2FJoshElias%2Fcloud-image-storage'...
[INFO] running `Command { std: "git" "rev-parse" "HEAD", kill_on_drop: false }`
[INFO] [stdout] d00059c5f9ac69df3340fef01f6a94ccc937cc1a
[INFO] checking JoshElias/cloud-image-storage against 52995a223f2919dd3e2e427231db90a257350ded for pr-129249-4
[INFO] running `Command { std: "git" "clone" "/workspace/cache/git-repos/https%3A%2F%2Fgithub.com%2FJoshElias%2Fcloud-image-storage" "/workspace/builds/worker-7-tc2/source", kill_on_drop: false }`
[INFO] [stderr] Cloning into '/workspace/builds/worker-7-tc2/source'...
[INFO] [stderr] done.
[INFO] started tweaking git repo https://github.com/JoshElias/cloud-image-storage
[INFO] finished tweaking git repo https://github.com/JoshElias/cloud-image-storage
[INFO] tweaked toml for git repo https://github.com/JoshElias/cloud-image-storage written to /workspace/builds/worker-7-tc2/source/Cargo.toml
[INFO] validating manifest of git repo https://github.com/JoshElias/cloud-image-storage on toolchain 52995a223f2919dd3e2e427231db90a257350ded
[INFO] running `Command { std: CARGO_HOME="/workspace/cargo-home" RUSTUP_HOME="/workspace/rustup-home" "/workspace/cargo-home/bin/cargo" "+52995a223f2919dd3e2e427231db90a257350ded" "metadata" "--manifest-path" "Cargo.toml" "--no-deps", kill_on_drop: false }`
[INFO] crate git repo https://github.com/JoshElias/cloud-image-storage already has a lockfile, it will not be regenerated
[INFO] running `Command { std: CARGO_HOME="/workspace/cargo-home" RUSTUP_HOME="/workspace/rustup-home" "/workspace/cargo-home/bin/cargo" "+52995a223f2919dd3e2e427231db90a257350ded" "fetch" "--manifest-path" "Cargo.toml", kill_on_drop: false }`
[INFO] [stderr]     Blocking waiting for file lock on package cache
[INFO] [stderr]     Updating crates.io index
[INFO] [stderr]     Blocking waiting for file lock on package cache
[ERROR] error running command: no output for 300 seconds
[INFO] checking JoshElias/cloud-image-storage against 52995a223f2919dd3e2e427231db90a257350ded for pr-129249-4
[INFO] running `Command { std: "git" "clone" "/workspace/cache/git-repos/https%3A%2F%2Fgithub.com%2FJoshElias%2Fcloud-image-storage" "/workspace/builds/worker-7-tc2/source", kill_on_drop: false }`
[INFO] [stderr] Cloning into '/workspace/builds/worker-7-tc2/source'...
[INFO] [stderr] done.
[INFO] started tweaking git repo https://github.com/JoshElias/cloud-image-storage
[INFO] finished tweaking git repo https://github.com/JoshElias/cloud-image-storage
[INFO] tweaked toml for git repo https://github.com/JoshElias/cloud-image-storage written to /workspace/builds/worker-7-tc2/source/Cargo.toml
[INFO] validating manifest of git repo https://github.com/JoshElias/cloud-image-storage on toolchain 52995a223f2919dd3e2e427231db90a257350ded
[INFO] running `Command { std: CARGO_HOME="/workspace/cargo-home" RUSTUP_HOME="/workspace/rustup-home" "/workspace/cargo-home/bin/cargo" "+52995a223f2919dd3e2e427231db90a257350ded" "metadata" "--manifest-path" "Cargo.toml" "--no-deps", kill_on_drop: false }`
[INFO] crate git repo https://github.com/JoshElias/cloud-image-storage already has a lockfile, it will not be regenerated
[INFO] running `Command { std: CARGO_HOME="/workspace/cargo-home" RUSTUP_HOME="/workspace/rustup-home" "/workspace/cargo-home/bin/cargo" "+52995a223f2919dd3e2e427231db90a257350ded" "fetch" "--manifest-path" "Cargo.toml", kill_on_drop: false }`
[INFO] [stderr]     Blocking waiting for file lock on package cache
[INFO] [stderr]     Blocking waiting for file lock on package cache
[ERROR] error running command: no output for 300 seconds
[INFO] checking JoshElias/cloud-image-storage against 52995a223f2919dd3e2e427231db90a257350ded for pr-129249-4
[INFO] running `Command { std: "git" "clone" "/workspace/cache/git-repos/https%3A%2F%2Fgithub.com%2FJoshElias%2Fcloud-image-storage" "/workspace/builds/worker-7-tc2/source", kill_on_drop: false }`
[INFO] [stderr] Cloning into '/workspace/builds/worker-7-tc2/source'...
[INFO] [stderr] done.
[INFO] started tweaking git repo https://github.com/JoshElias/cloud-image-storage
[INFO] finished tweaking git repo https://github.com/JoshElias/cloud-image-storage
[INFO] tweaked toml for git repo https://github.com/JoshElias/cloud-image-storage written to /workspace/builds/worker-7-tc2/source/Cargo.toml
[INFO] validating manifest of git repo https://github.com/JoshElias/cloud-image-storage on toolchain 52995a223f2919dd3e2e427231db90a257350ded
[INFO] running `Command { std: CARGO_HOME="/workspace/cargo-home" RUSTUP_HOME="/workspace/rustup-home" "/workspace/cargo-home/bin/cargo" "+52995a223f2919dd3e2e427231db90a257350ded" "metadata" "--manifest-path" "Cargo.toml" "--no-deps", kill_on_drop: false }`
[INFO] crate git repo https://github.com/JoshElias/cloud-image-storage already has a lockfile, it will not be regenerated
[INFO] running `Command { std: CARGO_HOME="/workspace/cargo-home" RUSTUP_HOME="/workspace/rustup-home" "/workspace/cargo-home/bin/cargo" "+52995a223f2919dd3e2e427231db90a257350ded" "fetch" "--manifest-path" "Cargo.toml", kill_on_drop: false }`
[INFO] [stderr]     Blocking waiting for file lock on package cache
[INFO] [stderr]     Blocking waiting for file lock on package cache
[ERROR] error running command: no output for 300 seconds
[INFO] checking JoshElias/cloud-image-storage against 52995a223f2919dd3e2e427231db90a257350ded for pr-129249-4
[INFO] running `Command { std: "git" "clone" "/workspace/cache/git-repos/https%3A%2F%2Fgithub.com%2FJoshElias%2Fcloud-image-storage" "/workspace/builds/worker-7-tc2/source", kill_on_drop: false }`
[INFO] [stderr] Cloning into '/workspace/builds/worker-7-tc2/source'...
[INFO] [stderr] done.
[INFO] started tweaking git repo https://github.com/JoshElias/cloud-image-storage
[INFO] finished tweaking git repo https://github.com/JoshElias/cloud-image-storage
[INFO] tweaked toml for git repo https://github.com/JoshElias/cloud-image-storage written to /workspace/builds/worker-7-tc2/source/Cargo.toml
[INFO] validating manifest of git repo https://github.com/JoshElias/cloud-image-storage on toolchain 52995a223f2919dd3e2e427231db90a257350ded
[INFO] running `Command { std: CARGO_HOME="/workspace/cargo-home" RUSTUP_HOME="/workspace/rustup-home" "/workspace/cargo-home/bin/cargo" "+52995a223f2919dd3e2e427231db90a257350ded" "metadata" "--manifest-path" "Cargo.toml" "--no-deps", kill_on_drop: false }`
[INFO] crate git repo https://github.com/JoshElias/cloud-image-storage already has a lockfile, it will not be regenerated
[INFO] running `Command { std: CARGO_HOME="/workspace/cargo-home" RUSTUP_HOME="/workspace/rustup-home" "/workspace/cargo-home/bin/cargo" "+52995a223f2919dd3e2e427231db90a257350ded" "fetch" "--manifest-path" "Cargo.toml", kill_on_drop: false }`
[INFO] [stderr]     Blocking waiting for file lock on package cache
[INFO] [stderr]     Blocking waiting for file lock on package cache
[INFO] [stderr]  Downloading crates ...
[INFO] [stderr]   Downloaded reactive_stores_macro v0.4.2
[INFO] [stderr]   Downloaded leptos_router_macro v0.8.6
[INFO] [stderr]   Downloaded leptos_router v0.8.13
[INFO] [stderr]   Downloaded hydration_context v0.3.0
[INFO] [stderr]   Downloaded tachys v0.2.15
[INFO] [stderr]   Downloaded wasm_split_helpers v0.2.1
[INFO] [stderr]   Downloaded wasm_split_macros v0.2.1
[INFO] [stderr]   Downloaded leptos_meta v0.8.6
[INFO] [stderr]   Downloaded leptos_integration_utils v0.8.8
[INFO] [stderr]   Downloaded aws-smithy-checksums v0.64.8
[INFO] [stderr]   Downloaded leptos_axum v0.8.9
[INFO] [stderr]   Downloaded aws-smithy-eventstream v0.60.20
[INFO] [stderr]   Downloaded leptos_macro v0.8.16
[INFO] [stderr]   Downloaded config v0.15.23
[INFO] [stderr]   Downloaded aws-smithy-json v0.62.6
[INFO] [stderr]   Downloaded server_fn v0.8.12
[INFO] [stderr]   Downloaded aws-smithy-types v1.4.8
[INFO] [stderr]   Downloaded aws-smithy-runtime-api v1.12.1
[INFO] [stderr]   Downloaded aws-sigv4 v1.4.4
[INFO] [stderr]   Downloaded leptos v0.8.19
[INFO] [stderr]   Downloaded aws-smithy-http-client v1.1.12
[INFO] [stderr]   Downloaded aws-sdk-sso v1.99.0
[INFO] [stderr]   Downloaded aws-runtime v1.7.4
[INFO] [stderr]   Downloaded aws-sdk-ssooidc v1.101.0
[INFO] [stderr]   Downloaded aws-config v1.8.17
[INFO] [stderr]   Downloaded aws-sdk-sts v1.104.0
[INFO] [stderr]   Downloaded aws-sdk-s3 v1.133.0
[INFO] running `Command { std: "docker" "create" "-v" "/var/lib/crater-agent-workspace/builds/worker-7-tc2/source:/opt/rustwide/workdir:ro,Z" "-v" "/var/lib/crater-agent-workspace/builds/worker-7-tc2/target:/opt/rustwide/target:rw,Z" "-v" "/var/lib/crater-agent-workspace/cargo-home:/opt/rustwide/cargo-home:ro,Z" "-v" "/var/lib/crater-agent-workspace/rustup-home:/opt/rustwide/rustup-home:ro,Z" "-m" "1610612736" "--network" "none" "ghcr.io/rust-lang/crates-build-env/linux@sha256:77db811e55d90add9212f6832c23229e3de5f1c1f9905e8cb07319ea15df73ac" "sleep" "infinity", kill_on_drop: false }`
[INFO] [stdout] 31ca48bdf11c7f411d298a9e94658bd21f23dd144d940b00281cd7b2c13e8a50
[INFO] running `Command { std: "docker" "start" "31ca48bdf11c7f411d298a9e94658bd21f23dd144d940b00281cd7b2c13e8a50", kill_on_drop: false }`
[INFO] running `Command { std: "docker" "inspect" "31ca48bdf11c7f411d298a9e94658bd21f23dd144d940b00281cd7b2c13e8a50", kill_on_drop: false }`
[INFO] running `Command { std: "docker" "exec" "-e" "SOURCE_DIR=/opt/rustwide/workdir" "-e" "CARGO_HOME=/opt/rustwide/cargo-home" "-e" "RUSTUP_HOME=/opt/rustwide/rustup-home" "-e" "CARGO_TARGET_DIR=/opt/rustwide/target" "-w" "/opt/rustwide/workdir" "--user" "0:0" "31ca48bdf11c7f411d298a9e94658bd21f23dd144d940b00281cd7b2c13e8a50" "/opt/rustwide/cargo-home/bin/cargo" "+52995a223f2919dd3e2e427231db90a257350ded" "metadata" "--no-deps" "--format-version=1", kill_on_drop: false }`
[INFO] running `Command { std: "docker" "inspect" "31ca48bdf11c7f411d298a9e94658bd21f23dd144d940b00281cd7b2c13e8a50", kill_on_drop: false }`
[INFO] running `Command { std: "docker" "exec" "-e" "SOURCE_DIR=/opt/rustwide/workdir" "-e" "CARGO_HOME=/opt/rustwide/cargo-home" "-e" "RUSTUP_HOME=/opt/rustwide/rustup-home" "-e" "CARGO_TARGET_DIR=/opt/rustwide/target" "-e" "CARGO_INCREMENTAL=0" "-e" "RUST_BACKTRACE=full" "-e" "RUSTFLAGS=--cap-lints=forbid" "-e" "RUSTDOCFLAGS=--cap-lints=forbid" "-w" "/opt/rustwide/workdir" "--user" "0:0" "31ca48bdf11c7f411d298a9e94658bd21f23dd144d940b00281cd7b2c13e8a50" "/opt/rustwide/cargo-home/bin/cargo" "+52995a223f2919dd3e2e427231db90a257350ded" "check" "--frozen" "--all" "--all-targets" "--message-format=json", kill_on_drop: false }`
[INFO] [stderr]    Compiling proc-macro2 v1.0.106
[INFO] [stderr]    Compiling serde_core v1.0.228
[INFO] [stderr]     Checking typenum v1.20.0
[INFO] [stderr]     Checking tracing-core v0.1.36
[INFO] [stderr]    Compiling libc v0.2.186
[INFO] [stderr]     Checking http v1.4.0
[INFO] [stderr]     Checking errno v0.3.14
[INFO] [stderr]     Checking socket2 v0.6.3
[INFO] [stderr]     Checking mio v1.2.0
[INFO] [stderr]    Compiling icu_normalizer_data v2.2.0
[INFO] [stderr]     Checking unicode-ident v1.0.24
[INFO] [stderr]    Compiling icu_properties_data v2.2.0
[INFO] [stderr]    Compiling num-traits v0.2.19
[INFO] [stderr]    Compiling wasm-bindgen-shared v0.2.122
[INFO] [stderr]     Checking http v0.2.12
[INFO] [stderr]     Checking signal-hook-registry v1.4.8
[INFO] [stderr]    Compiling bumpalo v3.20.3
[INFO] [stderr]     Checking deranged v0.5.8
[INFO] [stderr]    Compiling wasm-bindgen v0.2.122
[INFO] [stderr]     Checking time-core v0.1.8
[INFO] [stderr]     Checking outref v0.5.2
[INFO] [stderr]    Compiling serde_json v1.0.150
[INFO] [stderr]     Checking num-conv v0.2.2
[INFO] [stderr]     Checking vsimd v0.8.0
[INFO] [stderr]     Checking writeable v0.6.3
[INFO] [stderr]     Checking litemap v0.8.2
[INFO] [stderr]     Checking rustls-pki-types v1.14.1
[INFO] [stderr]     Checking ipnet v2.12.0
[INFO] [stderr]     Checking base64ct v1.8.3
[INFO] [stderr]    Compiling aws-lc-rs v1.17.0
[INFO] [stderr]     Checking http-body v1.0.1
[INFO] [stderr]     Checking sync_wrapper v1.0.2
[INFO] [stderr]     Checking base64-simd v0.8.0
[INFO] [stderr]     Checking http-body-util v0.1.3
[INFO] [stderr]    Compiling quote v1.0.45
[INFO] [stderr]     Checking getrandom v0.4.2
[INFO] [stderr]    Compiling convert_case v0.11.0
[INFO] [stderr]     Checking num-integer v0.1.46
[INFO] [stderr]     Checking event-listener v5.4.1
[INFO] [stderr]    Compiling rustls v0.23.40
[INFO] [stderr]     Checking cmov v0.5.3
[INFO] [stderr]    Compiling syn v2.0.117
[INFO] [stderr]     Checking pem-rfc7468 v0.7.0
[INFO] [stderr]     Checking getrandom v0.3.4
[INFO] [stderr]     Checking der v0.7.10
[INFO] [stderr]     Checking http-body v0.4.6
[INFO] [stderr]    Compiling proc-macro2-diagnostics v0.10.1
[INFO] [stderr]    Compiling proc-macro-error-attr2 v2.0.0
[INFO] [stderr]     Checking ctutils v0.4.2
[INFO] [stderr]     Checking const-oid v0.10.2
[INFO] [stderr]    Compiling jobserver v0.1.34
[INFO] [stderr]     Checking or_poisoned v0.1.0
[INFO] [stderr]    Compiling const_format_proc_macros v0.2.34
[INFO] [stderr]     Checking rand_core v0.9.5
[INFO] [stderr]     Checking ff v0.13.1
[INFO] [stderr]     Checking throw_error v0.3.1
[INFO] [stderr]    Compiling slotmap v1.1.1
[INFO] [stderr]    Compiling konst_macro_rules v0.2.19
[INFO] [stderr]    Compiling rustls v0.21.12
[INFO] [stderr]     Checking generic-array v0.14.7
[INFO] [stderr]     Checking hybrid-array v0.4.12
[INFO] [stderr]    Compiling cc v1.2.62
[INFO] [stderr]     Checking time v0.3.47
[INFO] [stderr]     Checking group v0.13.0
[INFO] [stderr]    Compiling uuid v1.23.1
[INFO] [stderr]    Compiling getrandom v0.2.17
[INFO] [stderr]     Checking event-listener-strategy v0.5.4
[INFO] [stderr]    Compiling reactive_graph v0.2.14
[INFO] [stderr]    Compiling server_fn_macro v0.8.10
[INFO] [stderr]     Checking send_wrapper v0.6.0
[INFO] [stderr]     Checking rand_chacha v0.9.0
[INFO] [stderr]     Checking block-buffer v0.10.4
[INFO] [stderr]     Checking crypto-common v0.1.7
[INFO] [stderr]     Checking crypto-bigint v0.5.5
[INFO] [stderr]    Compiling konst v0.2.20
[INFO] [stderr]     Checking spki v0.7.3
[INFO] [stderr]     Checking async-lock v3.4.2
[INFO] [stderr]     Checking digest v0.10.7
[INFO] [stderr]     Checking crypto-common v0.2.2
[INFO] [stderr]     Checking block-buffer v0.12.0
[INFO] [stderr]     Checking pkcs8 v0.10.2
[INFO] [stderr]     Checking hmac v0.12.1
[INFO] [stderr]     Checking sha2 v0.10.9
[INFO] [stderr]     Checking sha1 v0.10.6
[INFO] [stderr]     Checking rand v0.9.4
[INFO] [stderr]    Compiling const_format v0.2.36
[INFO] [stderr]     Checking sec1 v0.7.3
[INFO] [stderr]     Checking socket2 v0.5.10
[INFO] [stderr]     Checking aho-corasick v1.1.4
[INFO] [stderr]    Compiling multer v3.1.0
[INFO] [stderr]     Checking rustc-hash v2.1.2
[INFO] [stderr]    Compiling xxhash-rust v0.8.15
[INFO] [stderr]     Checking winnow v1.0.3
[INFO] [stderr]     Checking openssl-probe v0.2.1
[INFO] [stderr]     Checking digest v0.11.3
[INFO] [stderr]    Compiling pin-project-lite v0.2.17
[INFO] [stderr]     Checking guardian v1.3.0
[INFO] [stderr]    Compiling zeroize v1.8.2
[INFO] [stderr]     Checking data-encoding v2.11.0
[INFO] [stderr]     Checking rustls-native-certs v0.8.3
[INFO] [stderr]     Checking rfc6979 v0.4.0
[INFO] [stderr]     Checking serde_spanned v1.1.1
[INFO] [stderr]     Checking signature v2.2.0
[INFO] [stderr]    Compiling tachys v0.2.15
[INFO] [stderr]     Checking encoding_rs v0.8.35
[INFO] [stderr]    Compiling cmake v0.1.58
[INFO] [stderr]     Checking spin v0.9.8
[INFO] [stderr]    Compiling yansi v1.0.1
[INFO] [stderr]     Checking utf8-width v0.1.8
[INFO] [stderr]    Compiling camino v1.2.2
[INFO] [stderr]    Compiling futures-core v0.3.32
[INFO] [stderr]     Checking html-escape v0.2.13
[INFO] [stderr]     Checking sha2 v0.11.0
[INFO] [stderr]     Checking toml_datetime v1.1.1+spec-1.1.0
[INFO] [stderr]     Checking serde_path_to_error v0.1.20
[INFO] [stderr]     Checking either_of v0.1.9
[INFO] [stderr]    Compiling aws-types v1.3.16
[INFO] [stderr]    Compiling server_fn v0.8.12
[INFO] [stderr]     Checking regex-automata v0.4.14
[INFO] [stderr]     Checking drain_filter_polyfill v0.1.3
[INFO] [stderr]    Compiling interpolator v0.5.0
[INFO] [stderr]     Checking erased v0.1.2
[INFO] [stderr]    Compiling collection_literals v1.0.3
[INFO] [stderr]     Checking fastrand v2.4.1
[INFO] [stderr]    Compiling untrusted v0.9.0
[INFO] [stderr]     Checking unicode-segmentation v1.13.2
[INFO] [stderr]     Checking next_tuple v0.1.0
[INFO] [stderr]     Checking const_str_slice_concat v0.1.0
[INFO] [stderr]    Compiling ring v0.17.14
[INFO] [stderr]    Compiling aws-lc-sys v0.41.0
[INFO] [stderr]    Compiling walkdir v2.5.0
[INFO] [stderr]     Checking elliptic-curve v0.13.8
[INFO] [stderr]     Checking hmac v0.13.0
[INFO] [stderr]     Checking toml_parser v1.1.2+spec-1.1.0
[INFO] [stderr]     Checking convert_case v0.6.0
[INFO] [stderr]     Checking primeorder v0.13.6
[INFO] [stderr]     Checking ecdsa v0.16.9
[INFO] [stderr]    Compiling zerocopy v0.8.48
[INFO] [stderr]    Compiling leptos_macro v0.8.16
[INFO] [stderr]     Checking const-str v1.1.0
[INFO] [stderr]    Compiling futures-sink v0.3.32
[INFO] [stderr]    Compiling bytes v1.11.1
[INFO] [stderr]     Checking inventory v0.3.24
[INFO] [stderr]    Compiling base16 v0.2.1
[INFO] [stderr]     Checking pathdiff v0.2.3
[INFO] [stderr]    Compiling form_urlencoded v1.2.2
[INFO] [stderr]     Checking toml v1.1.2+spec-1.1.0
[INFO] [stderr]     Checking p256 v0.13.2
[INFO] [stderr]    Compiling tinyvec v1.11.0
[INFO] [stderr]    Compiling tokio v1.52.3
[INFO] [stderr]    Compiling webpki-roots v1.0.7
[INFO] [stderr]    Compiling rand_core v0.6.4
[INFO] [stderr]    Compiling convert_case_extras v0.2.0
[INFO] [stderr]    Compiling leptos v0.8.19
[INFO] [stderr]    Compiling futures-task v0.3.32
[INFO] [stderr]    Compiling futures-io v0.3.32
[INFO] [stderr]     Checking config v0.15.23
[INFO] [stderr]    Compiling slab v0.4.12
[INFO] [stderr]    Compiling iana-time-zone v0.1.65
[INFO] [stderr]     Checking async-once-cell v0.5.4
[INFO] [stderr]    Compiling crc-catalog v2.5.0
[INFO] [stderr]    Compiling futures-util v0.3.32
[INFO] [stderr]    Compiling crc v3.4.0
[INFO] [stderr]    Compiling chrono v0.4.44
[INFO] [stderr]    Compiling unicode-normalization v0.1.25
[INFO] [stderr]    Compiling webpki-roots v0.26.11
[INFO] [stderr]     Checking regex-lite v0.1.9
[INFO] [stderr]    Compiling hkdf v0.12.4
[INFO] [stderr]    Compiling stringprep v0.1.5
[INFO] [stderr]    Compiling atoi v2.0.0
[INFO] [stderr]    Compiling futures-channel v0.3.32
[INFO] [stderr]    Compiling md-5 v0.10.6
[INFO] [stderr]    Compiling leptos_router v0.8.13
[INFO] [stderr]    Compiling bitflags v2.11.1
[INFO] [stderr]     Checking xmlparser v0.13.6
[INFO] [stderr]     Checking rand_chacha v0.3.1
[INFO] [stderr]    Compiling synstructure v0.13.2
[INFO] [stderr]    Compiling wasm-bindgen-macro-support v0.2.122
[INFO] [stderr]    Compiling proc-macro-error2 v2.0.1
[INFO] [stderr]    Compiling prettyplease v0.2.37
[INFO] [stderr] error: could not compile `syn` (lib)
[INFO] [stderr] 
[INFO] [stderr] Caused by:
[INFO] [stderr]   process didn't exit successfully: `/opt/rustwide/rustup-home/toolchains/52995a223f2919dd3e2e427231db90a257350ded/bin/rustc --crate-name syn --edition=2021 /opt/rustwide/cargo-home/registry/src/index.crates.io-1949cf8c6b5b557f/syn-2.0.117/src/lib.rs --error-format=json --json=diagnostic-rendered-ansi,artifacts,future-incompat,unused-externs-silent --crate-type lib --emit=dep-info,metadata -C embed-bitcode=no -C debuginfo=2 --cfg 'feature="clone-impls"' --cfg 'feature="default"' --cfg 'feature="derive"' --cfg 'feature="extra-traits"' --cfg 'feature="full"' --cfg 'feature="parsing"' --cfg 'feature="printing"' --cfg 'feature="proc-macro"' --cfg 'feature="visit"' --cfg 'feature="visit-mut"' --check-cfg 'cfg(docsrs,test)' --check-cfg 'cfg(feature, values("clone-impls", "default", "derive", "extra-traits", "fold", "full", "parsing", "printing", "proc-macro", "test", "visit", "visit-mut"))' -C metadata=734d67ee53b87565 -C extra-filename=-c69215646936f2e6 --out-dir /opt/rustwide/target/debug/build/syn/c69215646936f2e6/out -L dependency=/opt/rustwide/target/debug/build/proc-macro2/1171891fd4c7f8bd/out -L dependency=/opt/rustwide/target/debug/build/unicode-ident/3becac50809745ee/out --extern proc_macro2=/opt/rustwide/target/debug/build/proc-macro2/1171891fd4c7f8bd/out/libproc_macro2-1171891fd4c7f8bd.rmeta --extern quote=/opt/rustwide/target/debug/build/quote/6411c18a01aac348/out/libquote-6411c18a01aac348.rmeta --extern unicode_ident=/opt/rustwide/target/debug/build/unicode-ident/3becac50809745ee/out/libunicode_ident-3becac50809745ee.rmeta --cap-lints allow --cap-lints=forbid --force-warn=unused_crate_dependencies` (signal: 9, SIGKILL: kill)
[INFO] [stderr] warning: build failed, waiting for other jobs to finish...
[INFO] [stderr] error: could not compile `syn` (lib)
[INFO] [stderr] 
[INFO] [stderr] Caused by:
[INFO] [stderr]   process didn't exit successfully: `/opt/rustwide/rustup-home/toolchains/52995a223f2919dd3e2e427231db90a257350ded/bin/rustc --crate-name syn --edition=2021 /opt/rustwide/cargo-home/registry/src/index.crates.io-1949cf8c6b5b557f/syn-2.0.117/src/lib.rs --error-format=json --json=diagnostic-rendered-ansi,artifacts,future-incompat,unused-externs-silent --crate-type lib --emit=dep-info,metadata,link -Z embed-metadata=no -C embed-bitcode=no --cfg 'feature="clone-impls"' --cfg 'feature="default"' --cfg 'feature="derive"' --cfg 'feature="extra-traits"' --cfg 'feature="fold"' --cfg 'feature="full"' --cfg 'feature="parsing"' --cfg 'feature="printing"' --cfg 'feature="proc-macro"' --cfg 'feature="visit"' --cfg 'feature="visit-mut"' --check-cfg 'cfg(docsrs,test)' --check-cfg 'cfg(feature, values("clone-impls", "default", "derive", "extra-traits", "fold", "full", "parsing", "printing", "proc-macro", "test", "visit", "visit-mut"))' -C metadata=2e4e3708c8d58280 -C extra-filename=-9669aa18b4b6dfe4 --out-dir /opt/rustwide/target/debug/build/syn/9669aa18b4b6dfe4/out -L dependency=/opt/rustwide/target/debug/build/proc-macro2/8e6bf518c39a29cf/out -L dependency=/opt/rustwide/target/debug/build/unicode-ident/8c98a1a0e58216a9/out --extern proc_macro2=/opt/rustwide/target/debug/build/proc-macro2/8e6bf518c39a29cf/out/libproc_macro2-8e6bf518c39a29cf.rmeta --extern quote=/opt/rustwide/target/debug/build/quote/8c7a5d41aab76bb8/out/libquote-8c7a5d41aab76bb8.rmeta --extern unicode_ident=/opt/rustwide/target/debug/build/unicode-ident/8c98a1a0e58216a9/out/libunicode_ident-8c98a1a0e58216a9.rmeta --cap-lints allow --cap-lints=forbid --force-warn=unused_crate_dependencies` (signal: 9, SIGKILL: kill)
[INFO] running `Command { std: "docker" "inspect" "31ca48bdf11c7f411d298a9e94658bd21f23dd144d940b00281cd7b2c13e8a50", kill_on_drop: false }`
[INFO] running `Command { std: "docker" "rm" "-f" "31ca48bdf11c7f411d298a9e94658bd21f23dd144d940b00281cd7b2c13e8a50", kill_on_drop: false }`
[INFO] [stdout] 31ca48bdf11c7f411d298a9e94658bd21f23dd144d940b00281cd7b2c13e8a50
