[INFO] fetching crate rustyclaw-tui 0.3.2...
[INFO] checking rustyclaw-tui-0.3.2 against a7c37f9f0ee5e93396106e9de20f4a86b4154e63 for pr-129249-4
[INFO] extracting crate rustyclaw-tui 0.3.2 into /workspace/builds/worker-1-tc1/source
[INFO] started tweaking crates.io crate rustyclaw-tui 0.3.2
[INFO] finished tweaking crates.io crate rustyclaw-tui 0.3.2
[INFO] tweaked toml for crates.io crate rustyclaw-tui 0.3.2 written to /workspace/builds/worker-1-tc1/source/Cargo.toml
[INFO] validating manifest of crates.io crate rustyclaw-tui 0.3.2 on toolchain a7c37f9f0ee5e93396106e9de20f4a86b4154e63
[INFO] running `Command { std: CARGO_HOME="/workspace/cargo-home" RUSTUP_HOME="/workspace/rustup-home" "/workspace/cargo-home/bin/cargo" "+a7c37f9f0ee5e93396106e9de20f4a86b4154e63" "metadata" "--manifest-path" "Cargo.toml" "--no-deps", kill_on_drop: false }`
[INFO] crate crates.io crate rustyclaw-tui 0.3.2 already has a lockfile, it will not be regenerated
[INFO] running `Command { std: CARGO_HOME="/workspace/cargo-home" RUSTUP_HOME="/workspace/rustup-home" "/workspace/cargo-home/bin/cargo" "+a7c37f9f0ee5e93396106e9de20f4a86b4154e63" "fetch" "--manifest-path" "Cargo.toml", kill_on_drop: false }`
[INFO] [stderr] warning: `package.homepage` is redundant with `package.repository`
[INFO] [stderr]    --> Cargo.toml:125:12
[INFO] [stderr]     |
[INFO] [stderr] 125 | homepage = "https://github.com/rexlunae/RustyClaw"
[INFO] [stderr]     |            ^^^^^^^^^^^^^^^^^^^^^^^^^^^^^^^^^^^^^^^
[INFO] [stderr] ...
[INFO] [stderr] 130 | repository = "https://github.com/rexlunae/RustyClaw"
[INFO] [stderr]     |              ---------------------------------------
[INFO] [stderr]     |
[INFO] [stderr]     = note: `cargo::redundant_homepage` is set to `warn` by default
[INFO] [stderr] help: consider removing `package.homepage`
[INFO] [stderr] warning: `rustyclaw-tui` (manifest) generated 1 warning
[INFO] [stderr]     Blocking waiting for file lock on package cache
[INFO] [stderr]     Updating crates.io index
[INFO] [stderr]     Blocking waiting for file lock on package cache
[INFO] [stderr]  Downloading crates ...
[INFO] [stderr]   Downloaded base32 v0.5.1
[INFO] [stderr]   Downloaded totp-rs v5.7.1
[INFO] [stderr]   Downloaded tokenjuice v0.3.2
[INFO] [stderr]   Downloaded rustyclaw-view v0.3.2
[INFO] [stderr]   Downloaded libbz2-rs-sys v0.2.2
[INFO] [stderr]   Downloaded pkcs5 v0.7.1
[INFO] [stderr]   Downloaded bcrypt-pbkdf v0.10.0
[INFO] [stderr]   Downloaded digest v0.11.2
[INFO] [stderr]   Downloaded securestore v0.100.2
[INFO] [stderr]   Downloaded scraper v0.25.0
[INFO] [stderr]   Downloaded zip v8.5.0
[INFO] [stderr]   Downloaded winnow v1.0.1
[INFO] [stderr]   Downloaded hybrid-array v0.4.10
[INFO] [stderr]   Downloaded radix64 v0.6.2
[INFO] [stderr]   Downloaded selectors v0.33.0
[INFO] [stderr]   Downloaded smol v2.0.2
[INFO] [stderr]   Downloaded rustyclaw-core v0.3.2
[INFO] [stderr]   Downloaded lzma-rust2 v0.16.2
[INFO] [stderr]   Downloaded markup5ever v0.36.1
[INFO] [stderr]   Downloaded ego-tree v0.10.0
[INFO] [stderr]   Downloaded russh-keys v0.49.2
[INFO] [stderr]   Downloaded web_atoms v0.2.3
[INFO] [stderr]   Downloaded russh-util v0.48.0
[INFO] [stderr]   Downloaded html5ever v0.36.1
[INFO] [stderr]   Downloaded russh-cryptovec v0.48.0
[INFO] [stderr]   Downloaded pageant v0.0.1
[INFO] [stderr]   Downloaded russh-cryptovec v0.52.0
[INFO] [stderr]   Downloaded russh v0.52.1
[INFO] [stderr]   Downloaded russh-util v0.52.0
[INFO] [stderr]   Downloaded pageant v0.0.3
[INFO] [stderr]   Downloaded delegate v0.13.5
[INFO] [stderr]   Downloaded internal-russh-forked-ssh-key v0.6.10+upstream-0.6.7
[INFO] [stderr]   Downloaded openssl-src v300.5.5+3.5.5
[INFO] [stderr]   Downloaded aws-lc-rs v1.16.2
[INFO] [stderr]   Downloaded qrcode v0.14.1
[INFO] [stderr]   Downloaded oxidized-agentic-audit v0.5.0
[INFO] [stderr]   Downloaded serde-sarif v0.8.0
[INFO] [stderr]   Downloaded schemafy_lib v0.6.0
[INFO] [stderr]   Downloaded schemafy_core v0.6.0
[INFO] [stderr]   Downloaded aws-lc-sys v0.39.1
[INFO] [stderr]   Downloaded memory-tree v0.3.2
[INFO] [stderr]   Downloaded rusqlite v0.37.0
[INFO] [stderr]   Downloaded portable-atomic-util v0.2.6
[INFO] [stderr]   Downloaded landlock v0.4.4
[INFO] [stderr]   Downloaded indicatif v0.18.4
[INFO] [stderr]   Downloaded markup5ever_rcdom v0.3.0
[INFO] [stderr]   Downloaded xml5ever v0.18.1
[INFO] [stderr]   Downloaded markup5ever v0.12.1
[INFO] [stderr]   Downloaded html5ever v0.27.0
[INFO] [stderr]   Downloaded libsqlite3-sys v0.35.0
[INFO] [stderr]   Downloaded html2md v0.2.15
[INFO] [stderr]   Downloaded serde_with v3.17.0
[INFO] [stderr]   Downloaded serde_with_macros v3.17.0
[INFO] [stderr]   Downloaded genai v0.5.3
[INFO] [stderr]   Downloaded value-ext v0.1.3
[INFO] [stderr]   Downloaded chat-system v0.1.3
[INFO] [stderr]   Downloaded pulldown-cmark v0.13.3
[INFO] [stderr]   Downloaded ast-grep-language v0.42.3
[INFO] [stderr]   Downloaded tree-sitter-json v0.23.0
[INFO] [stderr]   Downloaded tree-sitter-dart v0.2.0
[INFO] [stderr]   Downloaded tree-sitter v0.26.9
[INFO] [stderr]   Downloaded tree-sitter-swift v0.7.2
[INFO] [stderr]   Downloaded ast-grep-core v0.42.3
[INFO] [stderr]   Downloaded anyhow-tracing v0.2.0
[INFO] [stderr]   Downloaded iocraft v0.7.18
[INFO] [stderr]   Downloaded generational-box v0.5.6
[INFO] [stderr]   Downloaded taffy v0.5.2
[INFO] [stderr]   Downloaded iocraft-macros v0.2.3
[INFO] [stderr]   Downloaded grid v0.14.0
[INFO] [stderr]   Downloaded tree-sitter-scala v0.26.0
[INFO] [stderr]   Downloaded tree-sitter-kotlin-sg v0.4.1
[INFO] running `Command { std: "docker" "create" "-v" "/var/lib/crater-agent-workspace/builds/worker-1-tc1/source:/opt/rustwide/workdir:ro,Z" "-v" "/var/lib/crater-agent-workspace/builds/worker-1-tc1/target:/opt/rustwide/target:rw,Z" "-v" "/var/lib/crater-agent-workspace/cargo-home:/opt/rustwide/cargo-home:ro,Z" "-v" "/var/lib/crater-agent-workspace/rustup-home:/opt/rustwide/rustup-home:ro,Z" "-m" "1610612736" "--network" "none" "ghcr.io/rust-lang/crates-build-env/linux@sha256:c0af3998e971868164375a7dfb646c9933ddd1a3bdb00fa2041266763dc1eeab" "sleep" "infinity", kill_on_drop: false }`
[INFO] [stdout] 99870d68083b3f9ac9b0ab6480eb90fda7ea101c453cdb1baaff853d3e417f9f
[INFO] running `Command { std: "docker" "start" "99870d68083b3f9ac9b0ab6480eb90fda7ea101c453cdb1baaff853d3e417f9f", kill_on_drop: false }`
[INFO] running `Command { std: "docker" "inspect" "99870d68083b3f9ac9b0ab6480eb90fda7ea101c453cdb1baaff853d3e417f9f", kill_on_drop: false }`
[INFO] running `Command { std: "docker" "exec" "-e" "SOURCE_DIR=/opt/rustwide/workdir" "-e" "CARGO_HOME=/opt/rustwide/cargo-home" "-e" "RUSTUP_HOME=/opt/rustwide/rustup-home" "-e" "CARGO_TARGET_DIR=/opt/rustwide/target" "-w" "/opt/rustwide/workdir" "--user" "0:0" "99870d68083b3f9ac9b0ab6480eb90fda7ea101c453cdb1baaff853d3e417f9f" "/opt/rustwide/cargo-home/bin/cargo" "+a7c37f9f0ee5e93396106e9de20f4a86b4154e63" "metadata" "--no-deps" "--format-version=1", kill_on_drop: false }`
[INFO] running `Command { std: "docker" "inspect" "99870d68083b3f9ac9b0ab6480eb90fda7ea101c453cdb1baaff853d3e417f9f", kill_on_drop: false }`
[INFO] running `Command { std: "docker" "exec" "-e" "SOURCE_DIR=/opt/rustwide/workdir" "-e" "CARGO_HOME=/opt/rustwide/cargo-home" "-e" "RUSTUP_HOME=/opt/rustwide/rustup-home" "-e" "CARGO_TARGET_DIR=/opt/rustwide/target" "-e" "CARGO_INCREMENTAL=0" "-e" "RUST_BACKTRACE=full" "-e" "RUSTFLAGS=--cap-lints=forbid" "-e" "RUSTDOCFLAGS=--cap-lints=forbid" "-w" "/opt/rustwide/workdir" "--user" "0:0" "99870d68083b3f9ac9b0ab6480eb90fda7ea101c453cdb1baaff853d3e417f9f" "/opt/rustwide/cargo-home/bin/cargo" "+a7c37f9f0ee5e93396106e9de20f4a86b4154e63" "check" "--frozen" "--all" "--all-targets" "--message-format=json", kill_on_drop: false }`
[INFO] [stderr] warning: `package.homepage` is redundant with `package.repository`
[INFO] [stderr]    --> Cargo.toml:125:12
[INFO] [stderr]     |
[INFO] [stderr] 125 | homepage = "https://github.com/rexlunae/RustyClaw"
[INFO] [stderr]     |            ^^^^^^^^^^^^^^^^^^^^^^^^^^^^^^^^^^^^^^^
[INFO] [stderr] ...
[INFO] [stderr] 130 | repository = "https://github.com/rexlunae/RustyClaw"
[INFO] [stderr]     |              ---------------------------------------
[INFO] [stderr]     |
[INFO] [stderr]     = note: `cargo::redundant_homepage` is set to `warn` by default
[INFO] [stderr] help: consider removing `package.homepage`
[INFO] [stderr] warning: `rustyclaw-tui` (manifest) generated 1 warning
[INFO] [stderr]    Compiling libc v0.2.184
[INFO] [stderr]    Compiling typenum v1.19.0
[INFO] [stderr]    Compiling tree-sitter-language v0.1.7
[INFO] [stderr]     Checking const-oid v0.9.6
[INFO] [stderr]    Compiling generic-array v0.14.7
[INFO] [stderr]    Compiling siphasher v1.0.2
[INFO] [stderr]     Checking base64ct v1.8.3
[INFO] [stderr]     Checking stable_deref_trait v1.2.1
[INFO] [stderr]     Checking zeroize v1.8.2
[INFO] [stderr]     Checking serde v1.0.228
[INFO] [stderr]     Checking zerofrom v0.1.7
[INFO] [stderr]    Compiling fastrand v2.4.1
[INFO] [stderr]    Compiling serde_core v1.0.228
[INFO] [stderr]     Checking futures-util v0.3.32
[INFO] [stderr]    Compiling serde_json v1.0.149
[INFO] [stderr]     Checking yoke v0.8.2
[INFO] [stderr]    Compiling aws-lc-rs v1.16.2
[INFO] [stderr]     Checking rustls-pki-types v1.14.0
[INFO] [stderr]    Compiling indexmap v2.13.1
[INFO] [stderr]     Checking regex-automata v0.4.14
[INFO] [stderr]    Compiling phf_shared v0.13.1
[INFO] [stderr]     Checking pem-rfc7468 v0.7.0
[INFO] [stderr]     Checking zerovec v0.11.6
[INFO] [stderr]     Checking zerotrie v0.2.4
[INFO] [stderr]     Checking base16ct v0.2.0
[INFO] [stderr]    Compiling phf_shared v0.11.3
[INFO] [stderr]     Checking concurrent-queue v2.5.0
[INFO] [stderr]     Checking spin v0.9.8
[INFO] [stderr]    Compiling phf_generator v0.13.1
[INFO] [stderr]     Checking der v0.7.10
[INFO] [stderr]    Compiling rustls v0.23.37
[INFO] [stderr]    Compiling rustix v1.1.4
[INFO] [stderr]    Compiling phf_generator v0.11.3
[INFO] [stderr]    Compiling phf_codegen v0.13.1
[INFO] [stderr]     Checking lazy_static v1.5.0
[INFO] [stderr]     Checking linux-raw-sys v0.12.1
[INFO] [stderr]     Checking tendril v0.4.3
[INFO] [stderr]    Compiling aho-corasick v1.1.4
[INFO] [stderr]     Checking num-integer v0.1.46
[INFO] [stderr]    Compiling curve25519-dalek v4.1.3
[INFO] [stderr]    Compiling phf_codegen v0.11.3
[INFO] [stderr]    Compiling string_cache_codegen v0.5.4
[INFO] [stderr]    Compiling phf_macros v0.13.1
[INFO] [stderr]     Checking tinystr v0.8.3
[INFO] [stderr]     Checking potential_utf v0.1.5
[INFO] [stderr]    Compiling syn v1.0.109
[INFO] [stderr]     Checking icu_locale_core v2.1.1
[INFO] [stderr]    Compiling jobserver v0.1.34
[INFO] [stderr]     Checking icu_collections v2.1.1
[INFO] [stderr]    Compiling unicode-segmentation v1.13.2
[INFO] [stderr]    Compiling num-bigint-dig v0.8.6
[INFO] [stderr]     Checking chrono v0.4.44
[INFO] [stderr]    Compiling markup5ever v0.12.1
[INFO] [stderr]     Checking num-iter v0.1.45
[INFO] [stderr]     Checking block-buffer v0.10.4
[INFO] [stderr]     Checking block-padding v0.3.3
[INFO] [stderr]    Compiling cc v1.2.59
[INFO] [stderr]    Compiling convert_case v0.10.0
[INFO] [stderr]     Checking inout v0.1.4
[INFO] [stderr]    Compiling string_cache_codegen v0.6.1
[INFO] [stderr]     Checking event-listener v5.4.1
[INFO] [stderr]     Checking spki v0.7.3
[INFO] [stderr]     Checking futures-lite v2.6.1
[INFO] [stderr]    Compiling curve25519-dalek-derive v0.1.1
[INFO] [stderr]    Compiling num-conv v0.2.1
[INFO] [stderr]     Checking phf v0.13.1
[INFO] [stderr]    Compiling prettyplease v0.2.37
[INFO] [stderr]    Compiling derive_more-impl v2.1.1
[INFO] [stderr]    Compiling web_atoms v0.2.3
[INFO] [stderr]     Checking event-listener-strategy v0.5.4
[INFO] [stderr]    Compiling time-macros v0.2.27
[INFO] [stderr]    Compiling darling_core v0.21.3
[INFO] [stderr]     Checking icu_provider v2.1.1
[INFO] [stderr]    Compiling uriparse v0.6.4
[INFO] [stderr]     Checking icu_properties v2.1.2
[INFO] [stderr]     Checking icu_normalizer v2.1.1
[INFO] [stderr]     Checking getrandom v0.2.17
[INFO] [stderr]     Checking parking_lot_core v0.9.12
[INFO] [stderr]     Checking rand_core v0.6.4
[INFO] [stderr]     Checking errno v0.3.14
[INFO] [stderr]     Checking mio v1.2.0
[INFO] [stderr]     Checking parking_lot v0.12.5
[INFO] [stderr]     Checking crypto-common v0.1.7
[INFO] [stderr]     Checking socket2 v0.6.3
[INFO] [stderr]     Checking signal-hook-registry v1.4.8
[INFO] [stderr]     Checking digest v0.10.7
[INFO] [stderr]     Checking cipher v0.4.4
[INFO] [stderr]    Compiling cmake v0.1.58
[INFO] [stderr]     Checking ff v0.13.1
[INFO] [stderr]     Checking sha2 v0.10.9
[INFO] [stderr]     Checking hmac v0.12.1
[INFO] [stderr]     Checking tokio v1.51.0
[INFO] [stderr]     Checking signature v2.2.0
[INFO] [stderr]     Checking group v0.13.0
[INFO] [stderr]     Checking pbkdf2 v0.12.2
[INFO] [stderr]     Checking hkdf v0.12.4
[INFO] [stderr]     Checking crypto-bigint v0.5.5
[INFO] [stderr]     Checking aes v0.8.4
[INFO] [stderr]     Checking salsa20 v0.10.2
[INFO] [stderr]     Checking cbc v0.1.2
[INFO] [stderr]     Checking scrypt v0.11.0
[INFO] [stderr]     Checking universal-hash v0.5.1
[INFO] [stderr]     Checking rfc6979 v0.4.0
[INFO] [stderr]     Checking sha1 v0.10.6
[INFO] [stderr]     Checking rand_chacha v0.3.1
[INFO] [stderr]     Checking getrandom v0.4.2
[INFO] [stderr]     Checking polyval v0.6.2
[INFO] [stderr]     Checking ssh-encoding v0.2.0
[INFO] [stderr]     Checking idna_adapter v1.2.1
[INFO] [stderr]     Checking getrandom v0.3.4
[INFO] [stderr]     Checking rand v0.8.5
[INFO] [stderr]     Checking pkcs5 v0.7.1
[INFO] [stderr]     Checking idna v1.1.0
[INFO] [stderr]     Checking ghash v0.5.1
[INFO] [stderr]     Checking rand_core v0.9.5
[INFO] [stderr]    Compiling aws-lc-sys v0.39.1
[INFO] [stderr]    Compiling zstd-sys v2.0.16+zstd.1.5.7
[INFO] [stderr]     Checking ctr v0.9.2
[INFO] [stderr]     Checking pkcs8 v0.10.2
[INFO] [stderr]     Checking futures-executor v0.3.32
[INFO] [stderr]     Checking regex v1.12.3
[INFO] [stderr]     Checking aead v0.5.2
[INFO] [stderr]    Compiling openssl-src v300.5.5+3.5.5
[INFO] [stderr]     Checking sec1 v0.7.3
[INFO] [stderr]     Checking url v2.5.8
[INFO] [stderr]     Checking aes-gcm v0.10.3
[INFO] [stderr]    Compiling openssl-sys v0.9.112
[INFO] [stderr]     Checking ed25519 v2.2.3
[INFO] [stderr]     Checking pkcs1 v0.7.5
[INFO] [stderr]     Checking rand_chacha v0.9.0
[INFO] [stderr]     Checking futures v0.3.32
[INFO] [stderr]    Compiling libsqlite3-sys v0.35.0
[INFO] [stderr]     Checking poly1305 v0.8.0
[INFO] [stderr]     Checking chacha20 v0.9.1
[INFO] [stderr]    Compiling schemafy_core v0.6.0
[INFO] [stderr]     Checking blowfish v0.9.1
[INFO] [stderr]     Checking string_cache v0.8.9
[INFO] [stderr]     Checking phf v0.11.3
[INFO] [stderr]     Checking hybrid-array v0.4.10
[INFO] [stderr]    Compiling cfg_aliases v0.2.1
[INFO] [stderr]    Compiling typeid v1.0.3
[INFO] [stderr]    Compiling tree-sitter v0.26.9
[INFO] [stderr]     Checking time v0.3.47
[INFO] [stderr]    Compiling nix v0.29.0
[INFO] [stderr]     Checking rustls-native-certs v0.8.3
[INFO] [stderr]     Checking rsa v0.9.10
[INFO] [stderr]     Checking hashbrown v0.15.5
[INFO] [stderr]     Checking ssh-cipher v0.2.0
[INFO] [stderr]     Checking bcrypt-pbkdf v0.10.0
[INFO] [stderr]    Compiling darling_macro v0.21.3
[INFO] [stderr]     Checking derive_more v2.1.1
[INFO] [stderr]     Checking rand v0.9.2
[INFO] [stderr]     Checking string_cache v0.9.0
[INFO] [stderr]     Checking elliptic-curve v0.13.8
[INFO] [stderr]    Compiling anyhow v1.0.102
[INFO] [stderr]    Compiling async-trait v0.1.89
[INFO] [stderr]     Checking ecdsa v0.16.9
[INFO] [stderr]     Checking primeorder v0.13.6
[INFO] [stderr]    Compiling html5ever v0.27.0
[INFO] [stderr]     Checking ed25519-dalek v2.2.0
[INFO] [stderr]    Compiling async-io v2.6.0
[INFO] [stderr]     Checking csv-core v0.1.13
[INFO] [stderr]     Checking async-task v4.7.1
[INFO] [stderr]    Compiling erased-serde v0.4.10
[INFO] [stderr]     Checking iri-string v0.7.12
[INFO] [stderr]    Compiling zstd-safe v7.2.4
[INFO] [stderr]     Checking dtoa v1.0.11
[INFO] [stderr]     Checking csv v1.4.0
[INFO] [stderr]     Checking dtoa-short v0.3.5
[INFO] [stderr]     Checking dirs-sys v0.5.0
[INFO] [stderr]    Compiling mime_guess v2.0.5
[INFO] [stderr]     Checking p256 v0.13.2
[INFO] [stderr]     Checking p521 v0.13.3
[INFO] [stderr]     Checking p384 v0.13.1
[INFO] [stderr]     Checking polling v3.11.0
[INFO] [stderr]    Compiling darling v0.21.3
[INFO] [stderr]     Checking hashlink v0.10.0
[INFO] [stderr]     Checking crypto-common v0.2.1
[INFO] [stderr]     Checking block-buffer v0.12.0
[INFO] [stderr]    Compiling tree-sitter-bash v0.25.1
[INFO] [stderr]    Compiling tree-sitter-c v0.24.2
[INFO] [stderr]    Compiling tree-sitter-c-sharp v0.23.5
[INFO] [stderr]    Compiling tree-sitter-cpp v0.23.4
[INFO] [stderr]    Compiling tree-sitter-css v0.25.0
[INFO] [stderr]    Compiling tree-sitter-dart v0.2.0
[INFO] [stderr]    Compiling Inflector v0.11.4
[INFO] [stderr]    Compiling tree-sitter-elixir v0.3.5
[INFO] [stderr]    Compiling schemafy_lib v0.6.0
[INFO] [stderr]    Compiling tree-sitter-go v0.25.0
[INFO] [stderr]    Compiling tree-sitter-haskell v0.23.1
[INFO] [stderr]    Compiling tree-sitter-hcl v1.1.0
[INFO] [stderr]    Compiling tree-sitter-html v0.23.2
[INFO] [stderr]    Compiling tree-sitter-java v0.23.5
[INFO] [stderr]    Compiling tree-sitter-javascript v0.25.0
[INFO] [stderr]    Compiling tree-sitter-json v0.23.0
[INFO] [stderr]    Compiling tree-sitter-kotlin-sg v0.4.1
[INFO] [stderr]    Compiling tree-sitter-lua v0.5.0
[INFO] [stderr]    Compiling tree-sitter-nix v0.3.0
[INFO] [stderr]    Compiling tree-sitter-php v0.24.2
[INFO] [stderr]    Compiling tree-sitter-python v0.25.0
[INFO] [stderr]    Compiling tree-sitter-ruby v0.23.1
[INFO] [stderr]    Compiling tree-sitter-rust v0.24.2
[INFO] [stderr]    Compiling tree-sitter-scala v0.26.0
[INFO] [stderr]    Compiling tree-sitter-solidity v1.2.13
[INFO] [stderr]    Compiling tree-sitter-swift v0.7.2
[INFO] [stderr]    Compiling tree-sitter-typescript v0.23.2
[INFO] [stderr]    Compiling tree-sitter-yaml v0.7.2
[INFO] [stderr]     Checking uuid v1.23.0
[INFO] [stderr]     Checking blake2 v0.10.6
[INFO] [stderr]     Checking password-hash v0.5.0
[INFO] [stderr]     Checking async-channel v2.5.0
[INFO] [stderr]     Checking serde_urlencoded v0.7.1
[INFO] [stderr]    Compiling selectors v0.33.0
[INFO] [stderr]     Checking webpki-roots v1.0.6
[INFO] [stderr]    Compiling cssparser-macros v0.6.1
[INFO] [stderr]    Compiling thiserror-impl v1.0.69
[INFO] [stderr]    Compiling typed-builder-macro v0.21.2
[INFO] [stderr]     Checking zlib-rs v0.6.3
[INFO] [stderr]     Checking jiff v0.2.24
[INFO] [stderr]    Compiling pulldown-cmark v0.13.3
[INFO] [stderr]     Checking winnow v1.0.1
[INFO] [stderr]    Compiling typetag v0.2.21
[INFO] [stderr]    Compiling portable-atomic v1.13.1
[INFO] [stderr]    Compiling openssl v0.10.76
[INFO] [stderr]     Checking bit-vec v0.9.1
[INFO] [stderr]     Checking streaming-iterator v0.1.9
[INFO] [stderr]     Checking digest v0.11.2
[INFO] [stderr]     Checking bit-set v0.10.0
[INFO] [stderr]     Checking cssparser v0.36.0
[INFO] [stderr]     Checking toml_parser v1.1.2+spec-1.1.0
[INFO] [stderr]     Checking nom v7.1.3
[INFO] [stderr]     Checking globset v0.4.18
[INFO] [stderr]    Compiling serde-sarif v0.8.0
[INFO] [stderr]     Checking argon2 v0.5.3
[INFO] [stderr]     Checking webpki-roots v0.26.11
[INFO] [stderr]     Checking flate2 v1.1.9
[INFO] [stderr]     Checking thiserror v1.0.69
[INFO] [stderr]     Checking tokio-util v0.7.18
[INFO] [stderr]     Checking tower v0.5.3
[INFO] [stderr]     Checking typed-builder v0.21.2
[INFO] [stderr]     Checking tower-http v0.6.8
[INFO] [stderr]     Checking h2 v0.4.13
[INFO] [stderr]     Checking tokio-stream v0.1.18
[INFO] [stderr]     Checking markup5ever v0.36.1
[INFO] [stderr] warning: libsqlite3-sys@0.35.0: cc: fatal error: Killed signal terminated program cc1
[INFO] [stderr] warning: libsqlite3-sys@0.35.0: compilation terminated.
[INFO] [stderr] error: failed to run custom build command for `libsqlite3-sys v0.35.0`
[INFO] [stderr] note: To improve backtraces for build dependencies, set the CARGO_PROFILE_DEV_BUILD_OVERRIDE_DEBUG=true environment variable to enable debug information generation.
[INFO] [stderr] 
[INFO] [stderr] Caused by:
[INFO] [stderr]   process didn't exit successfully: `/opt/rustwide/target/debug/build/libsqlite3-sys/4c6c29b3cc94971e/out/build_script_build` (exit status: 1)
[INFO] [stderr]   --- stdout
[INFO] [stderr]   cargo:rerun-if-env-changed=LIBSQLITE3_SYS_USE_PKG_CONFIG
[INFO] [stderr]   cargo:include=/opt/rustwide/cargo-home/registry/src/index.crates.io-1949cf8c6b5b557f/libsqlite3-sys-0.35.0/sqlite3
[INFO] [stderr]   cargo:rerun-if-changed=sqlite3/sqlite3.c
[INFO] [stderr]   cargo:rerun-if-changed=sqlite3/wasm32-wasi-vfs.c
[INFO] [stderr]   cargo:rerun-if-env-changed=SQLITE_MAX_VARIABLE_NUMBER
[INFO] [stderr]   cargo:rerun-if-env-changed=SQLITE_MAX_EXPR_DEPTH
[INFO] [stderr]   cargo:rerun-if-env-changed=SQLITE_MAX_COLUMN
[INFO] [stderr]   cargo:rerun-if-env-changed=LIBSQLITE3_FLAGS
[INFO] [stderr]   cargo:rerun-if-env-changed=CC_FORCE_DISABLE
[INFO] [stderr]   CC_FORCE_DISABLE = None
[INFO] [stderr]   cargo:rerun-if-env-changed=CC_x86_64-unknown-linux-gnu
[INFO] [stderr]   CC_x86_64-unknown-linux-gnu = None
[INFO] [stderr]   cargo:rerun-if-env-changed=CC_x86_64_unknown_linux_gnu
[INFO] [stderr]   CC_x86_64_unknown_linux_gnu = None
[INFO] [stderr]   cargo:rerun-if-env-changed=HOST_CC
[INFO] [stderr]   HOST_CC = None
[INFO] [stderr]   cargo:rerun-if-env-changed=CC
[INFO] [stderr]   CC = None
[INFO] [stderr]   cargo:rerun-if-env-changed=CC_ENABLE_DEBUG_OUTPUT
[INFO] [stderr]   cargo:rerun-if-env-changed=CRATE_CC_NO_DEFAULTS
[INFO] [stderr]   CRATE_CC_NO_DEFAULTS = None
[INFO] [stderr]   cargo:rerun-if-env-changed=CFLAGS
[INFO] [stderr]   CFLAGS = None
[INFO] [stderr]   cargo:rerun-if-env-changed=HOST_CFLAGS
[INFO] [stderr]   HOST_CFLAGS = None
[INFO] [stderr]   cargo:rerun-if-env-changed=CFLAGS_x86_64_unknown_linux_gnu
[INFO] [stderr]   CFLAGS_x86_64_unknown_linux_gnu = None
[INFO] [stderr]   cargo:rerun-if-env-changed=CFLAGS_x86_64-unknown-linux-gnu
[INFO] [stderr]   CFLAGS_x86_64-unknown-linux-gnu = None
[INFO] [stderr]   cargo:warning=cc: fatal error: Killed signal terminated program cc1
[INFO] [stderr]   cargo:warning=compilation terminated.
[INFO] [stderr] 
[INFO] [stderr]   --- stderr
[INFO] [stderr] 
[INFO] [stderr] 
[INFO] [stderr]   error occurred in cc-rs: command did not execute successfully (status code exit status: 1): LC_ALL="C" "cc" "-O0" "-ffunction-sections" "-fdata-sections" "-fPIC" "-g" "-gdwarf-4" "-fno-omit-frame-pointer" "-m64" "-w" "-DSQLITE_CORE" "-DSQLITE_DEFAULT_FOREIGN_KEYS=1" "-DSQLITE_ENABLE_API_ARMOR" "-DSQLITE_ENABLE_COLUMN_METADATA" "-DSQLITE_ENABLE_DBSTAT_VTAB" "-DSQLITE_ENABLE_FTS3" "-DSQLITE_ENABLE_FTS3_PARENTHESIS" "-DSQLITE_ENABLE_FTS5" "-DSQLITE_ENABLE_JSON1" "-DSQLITE_ENABLE_LOAD_EXTENSION=1" "-DSQLITE_ENABLE_MEMORY_MANAGEMENT" "-DSQLITE_ENABLE_RTREE" "-DSQLITE_ENABLE_STAT4" "-DSQLITE_SOUNDEX" "-DSQLITE_THREADSAFE=1" "-DSQLITE_USE_URI" "-DHAVE_USLEEP=1" "-DHAVE_ISNAN" "-D_POSIX_THREAD_SAFE_FUNCTIONS" "-DHAVE_LOCALTIME_R" "-DSQLITE_ENABLE_UNLOCK_NOTIFY" "-DSQLITE_ENABLE_COLUMN_METADATA" "-o" "/opt/rustwide/target/debug/build/libsqlite3-sys/da9aa8c81d893be3/out/c877a2978823c39d-sqlite3.o" "-c" "sqlite3/sqlite3.c"
[INFO] [stderr] 
[INFO] [stderr] 
[INFO] [stderr] warning: build failed, waiting for other jobs to finish...
[INFO] [stderr] error: could not compile `h2` (lib)
[INFO] [stderr] 
[INFO] [stderr] Caused by:
[INFO] [stderr]   process didn't exit successfully: `/opt/rustwide/rustup-home/toolchains/a7c37f9f0ee5e93396106e9de20f4a86b4154e63/bin/rustc --crate-name h2 --edition=2021 /opt/rustwide/cargo-home/registry/src/index.crates.io-1949cf8c6b5b557f/h2-0.4.13/src/lib.rs --error-format=json --json=diagnostic-rendered-ansi,artifacts,future-incompat,unused-externs-silent --crate-type lib --emit=dep-info,metadata -C embed-bitcode=no -C debuginfo=2 --check-cfg 'cfg(docsrs,test)' --check-cfg 'cfg(feature, values("stream", "unstable"))' -C metadata=4628b338888e5351 -C extra-filename=-9b618ffc269cba81 --out-dir /opt/rustwide/target/debug/build/h2/9b618ffc269cba81/out -L dependency=/opt/rustwide/target/debug/build/bytes/c3c82aecfaa31497/out -L dependency=/opt/rustwide/target/debug/build/cfg-if/190c9021fd162845/out -L dependency=/opt/rustwide/target/debug/build/equivalent/d23b026399a51038/out -L dependency=/opt/rustwide/target/debug/build/errno/c33a90b40ae513d1/out -L dependency=/opt/rustwide/target/debug/build/futures-core/1cd512d543215c04/out -L dependency=/opt/rustwide/target/debug/build/futures-sink/80687936758fa695/out -L dependency=/opt/rustwide/target/debug/build/hashbrown/d6527847c19413e5/out -L dependency=/opt/rustwide/target/debug/build/itoa/488dcf4f13423b18/out -L dependency=/opt/rustwide/target/debug/build/libc/c746263dbbbb441f/out -L dependency=/opt/rustwide/target/debug/build/lock_api/b47e4fe57039b3cf/out -L dependency=/opt/rustwide/target/debug/build/log/243a4081f8655140/out -L dependency=/opt/rustwide/target/debug/build/mio/1e21abad3581a4dc/out -L dependency=/opt/rustwide/target/debug/build/once_cell/6f8123b0c2eed634/out -L dependency=/opt/rustwide/target/debug/build/parking_lot/12ff543a83ab59bf/out -L dependency=/opt/rustwide/target/debug/build/parking_lot_core/93f11d802f75070b/out -L dependency=/opt/rustwide/target/debug/build/pin-project-lite/7176d3be2b7ee2e1/out -L dependency=/opt/rustwide/target/debug/build/scopeguard/e7d227cb308b3799/out -L dependency=/opt/rustwide/target/debug/build/signal-hook-registry/87a729101664fdb7/out -L dependency=/opt/rustwide/target/debug/build/smallvec/dd4339173f24a482/out -L dependency=/opt/rustwide/target/debug/build/socket2/ce38b3c81e33d4df/out -L dependency=/opt/rustwide/target/debug/build/tokio-macros/08b96a339cb6ecf1/out -L dependency=/opt/rustwide/target/debug/build/tokio/92b3479896523cfd/out -L dependency=/opt/rustwide/target/debug/build/tracing-attributes/44e0a9075c9092e4/out -L dependency=/opt/rustwide/target/debug/build/tracing-core/924ceb6a991dbdfe/out --extern atomic_waker=/opt/rustwide/target/debug/build/atomic-waker/d2edf130acb84086/out/libatomic_waker-d2edf130acb84086.rmeta --extern bytes=/opt/rustwide/target/debug/build/bytes/c3c82aecfaa31497/out/libbytes-c3c82aecfaa31497.rmeta --extern fnv=/opt/rustwide/target/debug/build/fnv/bf9ae889bab8acee/out/libfnv-bf9ae889bab8acee.rmeta --extern futures_core=/opt/rustwide/target/debug/build/futures-core/1cd512d543215c04/out/libfutures_core-1cd512d543215c04.rmeta --extern futures_sink=/opt/rustwide/target/debug/build/futures-sink/80687936758fa695/out/libfutures_sink-80687936758fa695.rmeta --extern http=/opt/rustwide/target/debug/build/http/9a59864e400893c6/out/libhttp-9a59864e400893c6.rmeta --extern indexmap=/opt/rustwide/target/debug/build/indexmap/abc0d7d1c01ab2c3/out/libindexmap-abc0d7d1c01ab2c3.rmeta --extern slab=/opt/rustwide/target/debug/build/slab/101f873bca723251/out/libslab-101f873bca723251.rmeta --extern tokio=/opt/rustwide/target/debug/build/tokio/92b3479896523cfd/out/libtokio-92b3479896523cfd.rmeta --extern tokio_util=/opt/rustwide/target/debug/build/tokio-util/96096c94ef82a74e/out/libtokio_util-96096c94ef82a74e.rmeta --extern tracing=/opt/rustwide/target/debug/build/tracing/ab8c73fd8b8736b9/out/libtracing-ab8c73fd8b8736b9.rmeta --cap-lints allow --cap-lints=forbid --force-warn=unused_crate_dependencies` (signal: 9, SIGKILL: kill)
[INFO] [stderr] warning: tree-sitter-swift@0.7.2: cc: fatal error: Killed signal terminated program cc1
[INFO] [stderr] warning: tree-sitter-swift@0.7.2: compilation terminated.
[INFO] [stderr] warning: tree-sitter-swift@0.7.2: ToolExecError: command did not execute successfully (status code exit status: 1): LC_ALL="C" "cc" "-O0" "-ffunction-sections" "-fdata-sections" "-fPIC" "-g" "-gdwarf-4" "-fno-omit-frame-pointer" "-m64" "-std=c11" "-I" "src" "-Wall" "-Wextra" "-o" "/opt/rustwide/target/debug/build/tree-sitter-swift/a2b5503948faf628/out/ea708c7824d36062-parser.o" "-c" "src/parser.c"cargo:warning=src/scanner.c: In function 'eat_comment':
[INFO] [stderr] warning: tree-sitter-swift@0.7.2: src/scanner.c:541:17: warning: unused parameter 'valid_symbols' [-Wunused-parameter]
[INFO] [stderr] warning: tree-sitter-swift@0.7.2:   541 |     const bool *valid_symbols,
[INFO] [stderr] warning: tree-sitter-swift@0.7.2:       |     ~~~~~~~~~~~~^~~~~~~~~~~~~
[INFO] [stderr] error: failed to run custom build command for `tree-sitter-swift v0.7.2`
[INFO] [stderr] note: To improve backtraces for build dependencies, set the CARGO_PROFILE_DEV_BUILD_OVERRIDE_DEBUG=true environment variable to enable debug information generation.
[INFO] [stderr] 
[INFO] [stderr] Caused by:
[INFO] [stderr]   process didn't exit successfully: `/opt/rustwide/target/debug/build/tree-sitter-swift/d7dd35cf63f0498b/out/build_script_build` (exit status: 1)
[INFO] [stderr]   --- stdout
[INFO] [stderr]   cargo:rerun-if-changed=src/parser.c
[INFO] [stderr]   cargo:rerun-if-changed=src/scanner.c
[INFO] [stderr]   cargo:rerun-if-env-changed=CC_FORCE_DISABLE
[INFO] [stderr]   CC_FORCE_DISABLE = None
[INFO] [stderr]   cargo:rerun-if-env-changed=CC_x86_64-unknown-linux-gnu
[INFO] [stderr]   CC_x86_64-unknown-linux-gnu = None
[INFO] [stderr]   cargo:rerun-if-env-changed=CC_x86_64_unknown_linux_gnu
[INFO] [stderr]   CC_x86_64_unknown_linux_gnu = None
[INFO] [stderr]   cargo:rerun-if-env-changed=HOST_CC
[INFO] [stderr]   HOST_CC = None
[INFO] [stderr]   cargo:rerun-if-env-changed=CC
[INFO] [stderr]   CC = None
[INFO] [stderr]   cargo:rerun-if-env-changed=CC_ENABLE_DEBUG_OUTPUT
[INFO] [stderr]   cargo:rerun-if-env-changed=CRATE_CC_NO_DEFAULTS
[INFO] [stderr]   CRATE_CC_NO_DEFAULTS = None
[INFO] [stderr]   cargo:rerun-if-env-changed=CFLAGS
[INFO] [stderr]   CFLAGS = None
[INFO] [stderr]   cargo:rerun-if-env-changed=HOST_CFLAGS
[INFO] [stderr]   HOST_CFLAGS = None
[INFO] [stderr]   cargo:rerun-if-env-changed=CFLAGS_x86_64_unknown_linux_gnu
[INFO] [stderr]   CFLAGS_x86_64_unknown_linux_gnu = None
[INFO] [stderr]   cargo:rerun-if-env-changed=CFLAGS_x86_64-unknown-linux-gnu
[INFO] [stderr]   CFLAGS_x86_64-unknown-linux-gnu = None
[INFO] [stderr]   cargo:rerun-if-env-changed=CC_x86_64-unknown-linux-gnu
[INFO] [stderr]   CC_x86_64-unknown-linux-gnu = None
[INFO] [stderr]   cargo:rerun-if-env-changed=CC_x86_64_unknown_linux_gnu
[INFO] [stderr]   CC_x86_64_unknown_linux_gnu = None
[INFO] [stderr]   cargo:rerun-if-env-changed=HOST_CC
[INFO] [stderr]   HOST_CC = None
[INFO] [stderr]   cargo:rerun-if-env-changed=CC
[INFO] [stderr]   CC = None
[INFO] [stderr]   cargo:rerun-if-env-changed=CRATE_CC_NO_DEFAULTS
[INFO] [stderr]   CRATE_CC_NO_DEFAULTS = None
[INFO] [stderr]   cargo:rerun-if-env-changed=CFLAGS
[INFO] [stderr]   CFLAGS = None
[INFO] [stderr]   cargo:rerun-if-env-changed=HOST_CFLAGS
[INFO] [stderr]   HOST_CFLAGS = None
[INFO] [stderr]   cargo:rerun-if-env-changed=CFLAGS_x86_64_unknown_linux_gnu
[INFO] [stderr]   CFLAGS_x86_64_unknown_linux_gnu = None
[INFO] [stderr]   cargo:rerun-if-env-changed=CFLAGS_x86_64-unknown-linux-gnu
[INFO] [stderr]   CFLAGS_x86_64-unknown-linux-gnu = None
[INFO] [stderr]   cargo:warning=cc: fatal error: Killed signal terminated program cc1
[INFO] [stderr]   cargo:warning=compilation terminated.
[INFO] [stderr]   exit status: 1
[INFO] [stderr]   cargo:warning=ToolExecError: command did not execute successfully (status code exit status: 1): LC_ALL="C" "cc" "-O0" "-ffunction-sections" "-fdata-sections" "-fPIC" "-g" "-gdwarf-4" "-fno-omit-frame-pointer" "-m64" "-std=c11" "-I" "src" "-Wall" "-Wextra" "-o" "/opt/rustwide/target/debug/build/tree-sitter-swift/a2b5503948faf628/out/ea708c7824d36062-parser.o" "-c" "src/parser.c"cargo:warning=src/scanner.c: In function 'eat_comment':
[INFO] [stderr]   cargo:warning=src/scanner.c:541:17: warning: unused parameter 'valid_symbols' [-Wunused-parameter]
[INFO] [stderr]   cargo:warning=  541 |     const bool *valid_symbols,
[INFO] [stderr]   cargo:warning=      |     ~~~~~~~~~~~~^~~~~~~~~~~~~
[INFO] [stderr] 
[INFO] [stderr]   exit status: 0
[INFO] [stderr] 
[INFO] [stderr]   --- stderr
[INFO] [stderr] 
[INFO] [stderr] 
[INFO] [stderr]   error occurred in cc-rs: command did not execute successfully (status code exit status: 1): LC_ALL="C" "cc" "-O0" "-ffunction-sections" "-fdata-sections" "-fPIC" "-g" "-gdwarf-4" "-fno-omit-frame-pointer" "-m64" "-std=c11" "-I" "src" "-Wall" "-Wextra" "-o" "/opt/rustwide/target/debug/build/tree-sitter-swift/a2b5503948faf628/out/ea708c7824d36062-parser.o" "-c" "src/parser.c"
[INFO] [stderr] 
[INFO] [stderr] 
[INFO] running `Command { std: "docker" "inspect" "99870d68083b3f9ac9b0ab6480eb90fda7ea101c453cdb1baaff853d3e417f9f", kill_on_drop: false }`
[INFO] running `Command { std: "docker" "rm" "-f" "99870d68083b3f9ac9b0ab6480eb90fda7ea101c453cdb1baaff853d3e417f9f", kill_on_drop: false }`
[INFO] [stdout] 99870d68083b3f9ac9b0ab6480eb90fda7ea101c453cdb1baaff853d3e417f9f
