[INFO] fetching crate monoio-quiche 0.0.2...
[INFO] checking monoio-quiche-0.0.2 against a7c37f9f0ee5e93396106e9de20f4a86b4154e63 for pr-129249-4
[INFO] extracting crate monoio-quiche 0.0.2 into /workspace/builds/worker-0-tc1/source
[INFO] removed /workspace/builds/worker-0-tc1/source/rust-toolchain
[INFO] started tweaking crates.io crate monoio-quiche 0.0.2
[INFO] removed 0 missing examples
[INFO] finished tweaking crates.io crate monoio-quiche 0.0.2
[INFO] tweaked toml for crates.io crate monoio-quiche 0.0.2 written to /workspace/builds/worker-0-tc1/source/Cargo.toml
[INFO] validating manifest of crates.io crate monoio-quiche 0.0.2 on toolchain a7c37f9f0ee5e93396106e9de20f4a86b4154e63
[INFO] running `Command { std: CARGO_HOME="/workspace/cargo-home" RUSTUP_HOME="/workspace/rustup-home" "/workspace/cargo-home/bin/cargo" "+a7c37f9f0ee5e93396106e9de20f4a86b4154e63" "metadata" "--manifest-path" "Cargo.toml" "--no-deps", kill_on_drop: false }`
[INFO] crate crates.io crate monoio-quiche 0.0.2 already has a lockfile, it will not be regenerated
[INFO] running `Command { std: CARGO_HOME="/workspace/cargo-home" RUSTUP_HOME="/workspace/rustup-home" "/workspace/cargo-home/bin/cargo" "+a7c37f9f0ee5e93396106e9de20f4a86b4154e63" "fetch" "--manifest-path" "Cargo.toml", kill_on_drop: false }`
[INFO] [stderr] warning: `package.homepage` is redundant with `package.repository`
[INFO] [stderr]   --> Cargo.toml:39:12
[INFO] [stderr]    |
[INFO] [stderr] 39 | homepage = "https://github.com/monoio-rs/monoio-quiche"
[INFO] [stderr]    |            ^^^^^^^^^^^^^^^^^^^^^^^^^^^^^^^^^^^^^^^^^^^^
[INFO] [stderr] ...
[INFO] [stderr] 43 | repository = "https://github.com/monoio-rs/monoio-quiche"
[INFO] [stderr]    |              --------------------------------------------
[INFO] [stderr]    |
[INFO] [stderr]    = note: `cargo::redundant_homepage` is set to `warn` by default
[INFO] [stderr] help: consider removing `package.homepage`
[INFO] [stderr] warning: `monoio-quiche` (manifest) generated 1 warning
[INFO] [stderr]     Updating crates.io index
[INFO] [stderr]  Downloading crates ...
[INFO] [stderr]   Downloaded log v0.4.27
[INFO] [stderr]   Downloaded smallvec v1.15.0
[INFO] [stderr]   Downloaded octets v0.3.0
[INFO] [stderr]   Downloaded auto-const-array v0.2.2
[INFO] [stderr]   Downloaded monoio-macros v0.1.0
[INFO] [stderr]   Downloaded local-sync v0.1.1
[INFO] [stderr]   Downloaded cmake v0.1.54
[INFO] [stderr]   Downloaded io-uring v0.6.4
[INFO] [stderr]   Downloaded getrandom v0.2.16
[INFO] [stderr]   Downloaded intrusive-collections v0.9.7
[INFO] [stderr]   Downloaded socket2 v0.5.9
[INFO] [stderr]   Downloaded cc v1.2.20
[INFO] [stderr]   Downloaded libm v0.2.13
[INFO] [stderr]   Downloaded monoio v0.2.4
[INFO] [stderr]   Downloaded syn v2.0.101
[INFO] [stderr]   Downloaded libc v0.2.172
[INFO] [stderr]   Downloaded quiche v0.22.0
[INFO] running `Command { std: "docker" "create" "-v" "/var/lib/crater-agent-workspace/builds/worker-0-tc1/source:/opt/rustwide/workdir:ro,Z" "-v" "/var/lib/crater-agent-workspace/builds/worker-0-tc1/target:/opt/rustwide/target:rw,Z" "-v" "/var/lib/crater-agent-workspace/cargo-home:/opt/rustwide/cargo-home:ro,Z" "-v" "/var/lib/crater-agent-workspace/rustup-home:/opt/rustwide/rustup-home:ro,Z" "-m" "1610612736" "--network" "none" "ghcr.io/rust-lang/crates-build-env/linux@sha256:c0af3998e971868164375a7dfb646c9933ddd1a3bdb00fa2041266763dc1eeab" "sleep" "infinity", kill_on_drop: false }`
[INFO] [stdout] af65b208d224aa2143d0ab020ac036e3a5fcfeaa2568c8b3c60629b2ba8b3355
[INFO] running `Command { std: "docker" "start" "af65b208d224aa2143d0ab020ac036e3a5fcfeaa2568c8b3c60629b2ba8b3355", kill_on_drop: false }`
[INFO] running `Command { std: "docker" "inspect" "af65b208d224aa2143d0ab020ac036e3a5fcfeaa2568c8b3c60629b2ba8b3355", kill_on_drop: false }`
[INFO] running `Command { std: "docker" "exec" "-e" "SOURCE_DIR=/opt/rustwide/workdir" "-e" "CARGO_HOME=/opt/rustwide/cargo-home" "-e" "RUSTUP_HOME=/opt/rustwide/rustup-home" "-e" "CARGO_TARGET_DIR=/opt/rustwide/target" "-w" "/opt/rustwide/workdir" "--user" "0:0" "af65b208d224aa2143d0ab020ac036e3a5fcfeaa2568c8b3c60629b2ba8b3355" "/opt/rustwide/cargo-home/bin/cargo" "+a7c37f9f0ee5e93396106e9de20f4a86b4154e63" "metadata" "--no-deps" "--format-version=1", kill_on_drop: false }`
[INFO] running `Command { std: "docker" "inspect" "af65b208d224aa2143d0ab020ac036e3a5fcfeaa2568c8b3c60629b2ba8b3355", kill_on_drop: false }`
[INFO] running `Command { std: "docker" "exec" "-e" "SOURCE_DIR=/opt/rustwide/workdir" "-e" "CARGO_HOME=/opt/rustwide/cargo-home" "-e" "RUSTUP_HOME=/opt/rustwide/rustup-home" "-e" "CARGO_TARGET_DIR=/opt/rustwide/target" "-e" "CARGO_INCREMENTAL=0" "-e" "RUST_BACKTRACE=full" "-e" "RUSTFLAGS=--cap-lints=forbid" "-e" "RUSTDOCFLAGS=--cap-lints=forbid" "-w" "/opt/rustwide/workdir" "--user" "0:0" "af65b208d224aa2143d0ab020ac036e3a5fcfeaa2568c8b3c60629b2ba8b3355" "/opt/rustwide/cargo-home/bin/cargo" "+a7c37f9f0ee5e93396106e9de20f4a86b4154e63" "check" "--frozen" "--all" "--all-targets" "--message-format=json", kill_on_drop: false }`
[INFO] [stderr] warning: `package.homepage` is redundant with `package.repository`
[INFO] [stderr]   --> Cargo.toml:39:12
[INFO] [stderr]    |
[INFO] [stderr] 39 | homepage = "https://github.com/monoio-rs/monoio-quiche"
[INFO] [stderr]    |            ^^^^^^^^^^^^^^^^^^^^^^^^^^^^^^^^^^^^^^^^^^^^
[INFO] [stderr] ...
[INFO] [stderr] 43 | repository = "https://github.com/monoio-rs/monoio-quiche"
[INFO] [stderr]    |              --------------------------------------------
[INFO] [stderr]    |
[INFO] [stderr]    = note: `cargo::redundant_homepage` is set to `warn` by default
[INFO] [stderr] help: consider removing `package.homepage`
[INFO] [stderr] warning: `monoio-quiche` (manifest) generated 1 warning
[INFO] [stderr]    Compiling autocfg v1.4.0
[INFO] [stderr]    Compiling proc-macro2 v1.0.95
[INFO] [stderr]    Compiling unicode-ident v1.0.18
[INFO] [stderr]    Compiling libc v0.2.172
[INFO] [stderr]     Checking cfg-if v1.0.0
[INFO] [stderr]     Checking once_cell v1.21.3
[INFO] [stderr]     Checking log v0.4.27
[INFO] [stderr]     Checking pin-project-lite v0.2.16
[INFO] [stderr]    Compiling serde v1.0.219
[INFO] [stderr]     Checking pin-utils v0.1.0
[INFO] [stderr]    Compiling io-uring v0.6.4
[INFO] [stderr]    Compiling libm v0.2.13
[INFO] [stderr]     Checking bitflags v1.3.2
[INFO] [stderr]    Compiling cc v1.2.20
[INFO] [stderr]     Checking regex-syntax v0.6.29
[INFO] [stderr]     Checking futures-core v0.3.31
[INFO] [stderr]     Checking futures-task v0.3.31
[INFO] [stderr]     Checking regex-syntax v0.8.5
[INFO] [stderr]    Compiling thiserror v1.0.69
[INFO] [stderr]     Checking fxhash v0.2.1
[INFO] [stderr]     Checking futures-sink v0.3.31
[INFO] [stderr]     Checking octets v0.3.0
[INFO] [stderr]     Checking futures-util v0.3.31
[INFO] [stderr]     Checking bytes v1.10.1
[INFO] [stderr]     Checking either v1.15.0
[INFO] [stderr]     Checking overload v0.1.1
[INFO] [stderr]     Checking memchr v2.7.4
[INFO] [stderr]     Checking tracing-core v0.1.33
[INFO] [stderr]     Checking thread_local v1.1.8
[INFO] [stderr]     Checking nu-ansi-term v0.46.0
[INFO] [stderr]    Compiling memoffset v0.9.1
[INFO] [stderr]    Compiling memoffset v0.7.1
[INFO] [stderr]    Compiling slab v0.4.9
[INFO] [stderr]     Checking intrusive-collections v0.9.7
[INFO] [stderr]     Checking tracing-log v0.2.0
[INFO] [stderr]    Compiling quote v1.0.40
[INFO] [stderr]    Compiling cmake v0.1.54
[INFO] [stderr]    Compiling syn v2.0.101
[INFO] [stderr]    Compiling ring v0.17.14
[INFO] [stderr]    Compiling quiche v0.22.0
[INFO] [stderr]     Checking regex-automata v0.4.9
[INFO] [stderr]     Checking local-sync v0.1.1
[INFO] [stderr]     Checking regex-automata v0.1.10
[INFO] [stderr]     Checking getrandom v0.2.16
[INFO] [stderr]     Checking nix v0.26.4
[INFO] [stderr]     Checking socket2 v0.5.9
[INFO] [stderr]     Checking mio v0.8.11
[INFO] [stderr]     Checking smallvec v1.15.0
[INFO] [stderr]     Checking matchers v0.1.0
[INFO] [stderr]     Checking regex v1.11.1
[INFO] [stderr] error: could not compile `syn` (lib)
[INFO] [stderr] 
[INFO] [stderr] Caused by:
[INFO] [stderr]   process didn't exit successfully: `/opt/rustwide/rustup-home/toolchains/a7c37f9f0ee5e93396106e9de20f4a86b4154e63/bin/rustc --crate-name syn --edition=2021 /opt/rustwide/cargo-home/registry/src/index.crates.io-1949cf8c6b5b557f/syn-2.0.101/src/lib.rs --error-format=json --json=diagnostic-rendered-ansi,artifacts,future-incompat,unused-externs-silent --crate-type lib --emit=dep-info,metadata,link -Z embed-metadata=no -C embed-bitcode=no --cfg 'feature="clone-impls"' --cfg 'feature="default"' --cfg 'feature="derive"' --cfg 'feature="extra-traits"' --cfg 'feature="full"' --cfg 'feature="parsing"' --cfg 'feature="printing"' --cfg 'feature="proc-macro"' --cfg 'feature="visit-mut"' --check-cfg 'cfg(docsrs,test)' --check-cfg 'cfg(feature, values("clone-impls", "default", "derive", "extra-traits", "fold", "full", "parsing", "printing", "proc-macro", "test", "visit", "visit-mut"))' -C metadata=47b7b82498a27c4f -C extra-filename=-c8468e2093bd847f --out-dir /opt/rustwide/target/debug/build/syn/c8468e2093bd847f/out -L dependency=/opt/rustwide/target/debug/build/proc-macro2/d8665169c487d19b/out -L dependency=/opt/rustwide/target/debug/build/unicode-ident/b3925cc8f83e9ac1/out --extern proc_macro2=/opt/rustwide/target/debug/build/proc-macro2/d8665169c487d19b/out/libproc_macro2-d8665169c487d19b.rmeta --extern quote=/opt/rustwide/target/debug/build/quote/60c6fa93c90874f2/out/libquote-60c6fa93c90874f2.rmeta --extern unicode_ident=/opt/rustwide/target/debug/build/unicode-ident/b3925cc8f83e9ac1/out/libunicode_ident-b3925cc8f83e9ac1.rmeta --cap-lints allow --cap-lints=forbid --force-warn=unused_crate_dependencies` (signal: 9, SIGKILL: kill)
[INFO] [stderr] warning: build failed, waiting for other jobs to finish...
[INFO] [stderr] error: could not compile `nix` (lib)
[INFO] [stderr] 
[INFO] [stderr] Caused by:
[INFO] [stderr]   process didn't exit successfully: `/opt/rustwide/rustup-home/toolchains/a7c37f9f0ee5e93396106e9de20f4a86b4154e63/bin/rustc --crate-name nix --edition=2018 /opt/rustwide/cargo-home/registry/src/index.crates.io-1949cf8c6b5b557f/nix-0.26.4/src/lib.rs --error-format=json --json=diagnostic-rendered-ansi,artifacts,future-incompat,unused-externs-silent --crate-type lib --emit=dep-info,metadata -C embed-bitcode=no -C debuginfo=2 --cfg 'feature="acct"' --cfg 'feature="aio"' --cfg 'feature="default"' --cfg 'feature="dir"' --cfg 'feature="env"' --cfg 'feature="event"' --cfg 'feature="feature"' --cfg 'feature="fs"' --cfg 'feature="hostname"' --cfg 'feature="inotify"' --cfg 'feature="ioctl"' --cfg 'feature="kmod"' --cfg 'feature="memoffset"' --cfg 'feature="mman"' --cfg 'feature="mount"' --cfg 'feature="mqueue"' --cfg 'feature="net"' --cfg 'feature="personality"' --cfg 'feature="pin-utils"' --cfg 'feature="poll"' --cfg 'feature="process"' --cfg 'feature="pthread"' --cfg 'feature="ptrace"' --cfg 'feature="quota"' --cfg 'feature="reboot"' --cfg 'feature="resource"' --cfg 'feature="sched"' --cfg 'feature="signal"' --cfg 'feature="socket"' --cfg 'feature="term"' --cfg 'feature="time"' --cfg 'feature="ucontext"' --cfg 'feature="uio"' --cfg 'feature="user"' --cfg 'feature="zerocopy"' --check-cfg 'cfg(docsrs,test)' --check-cfg 'cfg(feature, values("acct", "aio", "default", "dir", "env", "event", "feature", "fs", "hostname", "inotify", "ioctl", "kmod", "memoffset", "mman", "mount", "mqueue", "net", "personality", "pin-utils", "poll", "process", "pthread", "ptrace", "quota", "reboot", "resource", "sched", "signal", "socket", "term", "time", "ucontext", "uio", "user", "zerocopy"))' -C metadata=bd1641312dd7aea1 -C extra-filename=-7ec9e73f06746f5a --out-dir /opt/rustwide/target/debug/build/nix/7ec9e73f06746f5a/out --extern bitflags=/opt/rustwide/target/debug/build/bitflags/6dcfbc6bad33d8b2/out/libbitflags-6dcfbc6bad33d8b2.rmeta --extern cfg_if=/opt/rustwide/target/debug/build/cfg-if/d541ac7a75168aa5/out/libcfg_if-d541ac7a75168aa5.rmeta --extern libc=/opt/rustwide/target/debug/build/libc/1dde62594acc39cd/out/liblibc-1dde62594acc39cd.rmeta --extern memoffset=/opt/rustwide/target/debug/build/memoffset/33c4ea11744c37b0/out/libmemoffset-33c4ea11744c37b0.rmeta --extern pin_utils=/opt/rustwide/target/debug/build/pin-utils/db1de871cd8706a6/out/libpin_utils-db1de871cd8706a6.rmeta --cap-lints allow --cap-lints=forbid --force-warn=unused_crate_dependencies` (signal: 9, SIGKILL: kill)
[INFO] [stderr] error: failed to run custom build command for `quiche v0.22.0`
[INFO] [stderr] note: To improve backtraces for build dependencies, set the CARGO_PROFILE_DEV_BUILD_OVERRIDE_DEBUG=true environment variable to enable debug information generation.
[INFO] [stderr] 
[INFO] [stderr] Caused by:
[INFO] [stderr]   process didn't exit successfully: `/opt/rustwide/target/debug/build/quiche/2c9cad2a8eaf25f7/out/build_script_build` (exit status: 101)
[INFO] [stderr]   --- stdout
[INFO] [stderr]   CMAKE_TOOLCHAIN_FILE_x86_64-unknown-linux-gnu = None
[INFO] [stderr]   CMAKE_TOOLCHAIN_FILE_x86_64_unknown_linux_gnu = None
[INFO] [stderr]   HOST_CMAKE_TOOLCHAIN_FILE = None
[INFO] [stderr]   CMAKE_TOOLCHAIN_FILE = None
[INFO] [stderr]   CMAKE_GENERATOR_x86_64-unknown-linux-gnu = None
[INFO] [stderr]   CMAKE_GENERATOR_x86_64_unknown_linux_gnu = None
[INFO] [stderr]   HOST_CMAKE_GENERATOR = None
[INFO] [stderr]   CMAKE_GENERATOR = None
[INFO] [stderr]   CMAKE_PREFIX_PATH_x86_64-unknown-linux-gnu = None
[INFO] [stderr]   CMAKE_PREFIX_PATH_x86_64_unknown_linux_gnu = None
[INFO] [stderr]   HOST_CMAKE_PREFIX_PATH = None
[INFO] [stderr]   CMAKE_PREFIX_PATH = None
[INFO] [stderr]   CMAKE_x86_64-unknown-linux-gnu = None
[INFO] [stderr]   CMAKE_x86_64_unknown_linux_gnu = None
[INFO] [stderr]   HOST_CMAKE = None
[INFO] [stderr]   CMAKE = None
[INFO] [stderr]   running: cd "/opt/rustwide/target/debug/build/quiche/ec29b95c8fb53ad2/out/build" && CMAKE_PREFIX_PATH="" LC_ALL="C" "cmake" "/opt/rustwide/cargo-home/registry/src/index.crates.io-1949cf8c6b5b557f/quiche-0.22.0/deps/boringssl" "-DCMAKE_INSTALL_PREFIX=/opt/rustwide/target/debug/build/quiche/ec29b95c8fb53ad2/out" "-DCMAKE_C_FLAGS= -ffunction-sections -fdata-sections -fPIC -m64" "-DCMAKE_C_COMPILER=/usr/bin/cc" "-DCMAKE_CXX_FLAGS= -ffunction-sections -fdata-sections -fPIC -m64" "-DCMAKE_CXX_COMPILER=/usr/bin/c++" "-DCMAKE_ASM_FLAGS= -ffunction-sections -fdata-sections -fPIC -m64" "-DCMAKE_ASM_COMPILER=/usr/bin/cc" "-DCMAKE_BUILD_TYPE=Debug"
[INFO] [stderr]   -- The C compiler identification is GNU 15.2.0
[INFO] [stderr]   -- The CXX compiler identification is GNU 15.2.0
[INFO] [stderr]   -- Detecting C compiler ABI info
[INFO] [stderr]   -- Detecting C compiler ABI info - done
[INFO] [stderr]   -- Check for working C compiler: /usr/bin/cc - skipped
[INFO] [stderr]   -- Detecting C compile features
[INFO] [stderr]   -- Detecting C compile features - done
[INFO] [stderr]   -- Detecting CXX compiler ABI info
[INFO] [stderr]   -- Detecting CXX compiler ABI info - done
[INFO] [stderr]   -- Check for working CXX compiler: /usr/bin/c++ - skipped
[INFO] [stderr]   -- Detecting CXX compile features
[INFO] [stderr]   -- Detecting CXX compile features - done
[INFO] [stderr]   -- The ASM compiler identification is GNU
[INFO] [stderr]   -- Found assembler: /usr/bin/cc
[INFO] [stderr]   -- Configuring done (1.8s)
[INFO] [stderr]   -- Generating done (0.2s)
[INFO] [stderr]   -- Build files have been written to: /opt/rustwide/target/debug/build/quiche/ec29b95c8fb53ad2/out/build
[INFO] [stderr]   running: cd "/opt/rustwide/target/debug/build/quiche/ec29b95c8fb53ad2/out/build" && LC_ALL="C" MAKEFLAGS="-j --jobserver-fds=4,5 --jobserver-auth=4,5" "cmake" "--build" "/opt/rustwide/target/debug/build/quiche/ec29b95c8fb53ad2/out/build" "--target" "ssl" "--config" "Debug"
[INFO] [stderr]   [  0%] Building CXX object CMakeFiles/ssl.dir/src/ssl/d1_lib.cc.o
[INFO] [stderr]   [  0%] Building CXX object CMakeFiles/ssl.dir/src/ssl/bio_ssl.cc.o
[INFO] [stderr]   [  0%] Building CXX object CMakeFiles/ssl.dir/src/ssl/d1_pkt.cc.o
[INFO] [stderr]   [  7%] Building CXX object CMakeFiles/ssl.dir/src/ssl/d1_both.cc.o
[INFO] [stderr]   [ 15%] Building CXX object CMakeFiles/ssl.dir/src/ssl/d1_srtp.cc.o
[INFO] [stderr]   [ 15%] Building CXX object CMakeFiles/ssl.dir/src/ssl/extensions.cc.o
[INFO] [stderr]   [ 15%] Building CXX object CMakeFiles/ssl.dir/src/ssl/handoff.cc.o
[INFO] [stderr]   [ 15%] Building CXX object CMakeFiles/ssl.dir/src/ssl/handshake_client.cc.o
[INFO] [stderr]   [ 23%] Building CXX object CMakeFiles/ssl.dir/src/ssl/handshake.cc.o
[INFO] [stderr]   [ 23%] Building CXX object CMakeFiles/ssl.dir/src/ssl/dtls_record.cc.o
[INFO] [stderr]   [ 23%] Building CXX object CMakeFiles/ssl.dir/src/ssl/handshake_server.cc.o
[INFO] [stderr]   [ 30%] Building CXX object CMakeFiles/ssl.dir/src/ssl/encrypted_client_hello.cc.o
[INFO] [stderr]   [ 30%] Building CXX object CMakeFiles/ssl.dir/src/ssl/dtls_method.cc.o
[INFO] [stderr]   [ 38%] Building CXX object CMakeFiles/ssl.dir/src/ssl/s3_both.cc.o
[INFO] [stderr] 
[INFO] [stderr]   --- stderr
[INFO] [stderr]   CMake Deprecation Warning at CMakeLists.txt:7 (cmake_minimum_required):
[INFO] [stderr]     Compatibility with CMake < 3.10 will be removed from a future version of
[INFO] [stderr]     CMake.
[INFO] [stderr] 
[INFO] [stderr]     Update the VERSION argument <min> value.  Or, use the <min>...<max> syntax
[INFO] [stderr]     to tell CMake that the project requires at least <min> but has been updated
[INFO] [stderr]     to work with policies introduced by <max> or earlier.
[INFO] [stderr] 
[INFO] [stderr] 
[INFO] [stderr]   c++: fatal error: Killed signal terminated program cc1plus
[INFO] [stderr]   compilation terminated.
[INFO] [stderr]   gmake[3]: *** [CMakeFiles/ssl.dir/build.make:247: CMakeFiles/ssl.dir/src/ssl/handshake_server.cc.o] Error 1
[INFO] [stderr]   gmake[3]: *** Waiting for unfinished jobs....
[INFO] [stderr]   gmake[2]: *** [CMakeFiles/Makefile2:125: CMakeFiles/ssl.dir/all] Error 2
[INFO] [stderr]   gmake[1]: *** [CMakeFiles/Makefile2:132: CMakeFiles/ssl.dir/rule] Error 2
[INFO] [stderr]   gmake: *** [Makefile:137: ssl] Error 2
[INFO] [stderr] 
[INFO] [stderr]   thread 'main' (727) panicked at /opt/rustwide/cargo-home/registry/src/index.crates.io-1949cf8c6b5b557f/cmake-0.1.54/src/lib.rs:1119:5:
[INFO] [stderr] 
[INFO] [stderr]   command did not execute successfully, got: exit status: 2
[INFO] [stderr] 
[INFO] [stderr]   build script failed, must exit now
[INFO] [stderr]   stack backtrace:
[INFO] [stderr]      0:     0x61f7954c49b1 - std[fcf2236bba0c9df5]::backtrace_rs::backtrace::libunwind::trace
[INFO] [stderr]                                  at /rustc/a7c37f9f0ee5e93396106e9de20f4a86b4154e63/library/std/src/../../backtrace/src/backtrace/libunwind.rs:117:9
[INFO] [stderr]      1:     0x61f7954c49b1 - std[fcf2236bba0c9df5]::backtrace_rs::backtrace::trace_unsynchronized::<std[fcf2236bba0c9df5]::sys::backtrace::_print_fmt::{closure#1}>
[INFO] [stderr]                                  at /rustc/a7c37f9f0ee5e93396106e9de20f4a86b4154e63/library/std/src/../../backtrace/src/backtrace/mod.rs:66:14
[INFO] [stderr]      2:     0x61f7954c49b1 - std[fcf2236bba0c9df5]::sys::backtrace::_print_fmt
[INFO] [stderr]                                  at /rustc/a7c37f9f0ee5e93396106e9de20f4a86b4154e63/library/std/src/sys/backtrace.rs:74:9
[INFO] [stderr]      3:     0x61f7954c49b1 - <<std[fcf2236bba0c9df5]::sys::backtrace::BacktraceLock>::print::DisplayBacktrace as core[e33c4c92224be1d5]::fmt::Display>::fmt
[INFO] [stderr]                                  at /rustc/a7c37f9f0ee5e93396106e9de20f4a86b4154e63/library/std/src/sys/backtrace.rs:44:26
[INFO] [stderr]      4:     0x61f7954d873a - <core[e33c4c92224be1d5]::fmt::rt::Argument>::fmt
[INFO] [stderr]                                  at /rustc/a7c37f9f0ee5e93396106e9de20f4a86b4154e63/library/core/src/fmt/rt.rs:152:76
[INFO] [stderr]      5:     0x61f7954d873a - core[e33c4c92224be1d5]::fmt::write
[INFO] [stderr]      6:     0x61f7954ca4ec - core[e33c4c92224be1d5]::io::write::default_write_fmt::<std[fcf2236bba0c9df5]::sys::stdio::unix::Stderr>
[INFO] [stderr]                                  at /rustc/a7c37f9f0ee5e93396106e9de20f4a86b4154e63/library/core/src/io/write.rs:402:11
[INFO] [stderr]      7:     0x61f7954ca4ec - <std[fcf2236bba0c9df5]::sys::stdio::unix::Stderr as core[e33c4c92224be1d5]::io::write::Write>::write_fmt
[INFO] [stderr]                                  at /rustc/a7c37f9f0ee5e93396106e9de20f4a86b4154e63/library/core/src/io/write.rs:335:13
[INFO] [stderr]      8:     0x61f7954a43f6 - <std[fcf2236bba0c9df5]::sys::backtrace::BacktraceLock>::print
[INFO] [stderr]                                  at /rustc/a7c37f9f0ee5e93396106e9de20f4a86b4154e63/library/std/src/sys/backtrace.rs:47:9
[INFO] [stderr]      9:     0x61f7954a43f6 - std[fcf2236bba0c9df5]::panicking::default_hook::{closure#0}
[INFO] [stderr]                                  at /rustc/a7c37f9f0ee5e93396106e9de20f4a86b4154e63/library/std/src/panicking.rs:289:27
[INFO] [stderr]     10:     0x61f7954bf6c1 - std[fcf2236bba0c9df5]::panicking::default_hook
[INFO] [stderr]                                  at /rustc/a7c37f9f0ee5e93396106e9de20f4a86b4154e63/library/std/src/panicking.rs:316:9
[INFO] [stderr]     11:     0x61f7954bf87b - std[fcf2236bba0c9df5]::panicking::panic_with_hook
[INFO] [stderr]                                  at /rustc/a7c37f9f0ee5e93396106e9de20f4a86b4154e63/library/std/src/panicking.rs:811:13
[INFO] [stderr]     12:     0x61f7954a44a2 - std[fcf2236bba0c9df5]::panicking::panic_handler::{closure#0}
[INFO] [stderr]                                  at /rustc/a7c37f9f0ee5e93396106e9de20f4a86b4154e63/library/std/src/panicking.rs:685:13
[INFO] [stderr]     13:     0x61f79549df49 - std[fcf2236bba0c9df5]::sys::backtrace::__rust_end_short_backtrace::<std[fcf2236bba0c9df5]::panicking::panic_handler::{closure#0}, !>
[INFO] [stderr]                                  at /rustc/a7c37f9f0ee5e93396106e9de20f4a86b4154e63/library/std/src/sys/backtrace.rs:182:18
[INFO] [stderr]     14:     0x61f7954a4c8d - __rustc[d9179db25e6d0020]::rust_begin_unwind
[INFO] [stderr]                                  at /rustc/a7c37f9f0ee5e93396106e9de20f4a86b4154e63/library/std/src/panicking.rs:676:5
[INFO] [stderr]     15:     0x61f7954d8ecc - core[e33c4c92224be1d5]::panicking::panic_fmt
[INFO] [stderr]                                  at /rustc/a7c37f9f0ee5e93396106e9de20f4a86b4154e63/library/core/src/panicking.rs:80:14
[INFO] [stderr]     16:     0x61f795436577 - cmake[124779e7588bd839]::fail
[INFO] [stderr]     17:     0x61f795436203 - cmake[124779e7588bd839]::run
[INFO] [stderr]     18:     0x61f79543c085 - <cmake[124779e7588bd839]::Config>::build
[INFO] [stderr]     19:     0x61f795426d84 - build_script_build[1b7534aece17f8c7]::main::{closure#0}
[INFO] [stderr]     20:     0x61f795426457 - <core[e33c4c92224be1d5]::result::Result<alloc[fb4dce3eb8089b88]::string::String, std[fcf2236bba0c9df5]::env::VarError>>::unwrap_or_else::<build_script_build[1b7534aece17f8c7]::main::{closure#0}>
[INFO] [stderr]     21:     0x61f795428020 - build_script_build[1b7534aece17f8c7]::main
[INFO] [stderr]     22:     0x61f7954297bb - <fn() as core[e33c4c92224be1d5]::ops::function::FnOnce<()>>::call_once
[INFO] [stderr]     23:     0x61f795426cbe - std[fcf2236bba0c9df5]::sys::backtrace::__rust_begin_short_backtrace::<fn(), ()>
[INFO] [stderr]     24:     0x61f795426cc9 - std[fcf2236bba0c9df5]::rt::lang_start::<()>::{closure#0}
[INFO] [stderr]     25:     0x61f7954be9c8 - <&dyn core[e33c4c92224be1d5]::ops::function::Fn<(), Output = i32> + core[e33c4c92224be1d5]::panic::unwind_safe::RefUnwindSafe + core[e33c4c92224be1d5]::marker::Sync as core[e33c4c92224be1d5]::ops::function::FnOnce<()>>::call_once
[INFO] [stderr]                                  at /rustc/a7c37f9f0ee5e93396106e9de20f4a86b4154e63/library/core/src/ops/function.rs:287:21
[INFO] [stderr]     26:     0x61f7954be9c8 - std[fcf2236bba0c9df5]::panicking::catch_unwind::do_call::<&dyn core[e33c4c92224be1d5]::ops::function::Fn<(), Output = i32> + core[e33c4c92224be1d5]::panic::unwind_safe::RefUnwindSafe + core[e33c4c92224be1d5]::marker::Sync, i32>
[INFO] [stderr]                                  at /rustc/a7c37f9f0ee5e93396106e9de20f4a86b4154e63/library/std/src/panicking.rs:573:43
[INFO] [stderr]     27:     0x61f7954be9c8 - std[fcf2236bba0c9df5]::panicking::catch_unwind::<i32, &dyn core[e33c4c92224be1d5]::ops::function::Fn<(), Output = i32> + core[e33c4c92224be1d5]::panic::unwind_safe::RefUnwindSafe + core[e33c4c92224be1d5]::marker::Sync>
[INFO] [stderr]                                  at /rustc/a7c37f9f0ee5e93396106e9de20f4a86b4154e63/library/std/src/panicking.rs:541:19
[INFO] [stderr]     28:     0x61f7954be9c8 - std[fcf2236bba0c9df5]::panic::catch_unwind::<&dyn core[e33c4c92224be1d5]::ops::function::Fn<(), Output = i32> + core[e33c4c92224be1d5]::panic::unwind_safe::RefUnwindSafe + core[e33c4c92224be1d5]::marker::Sync, i32>
[INFO] [stderr]                                  at /rustc/a7c37f9f0ee5e93396106e9de20f4a86b4154e63/library/std/src/panic.rs:359:14
[INFO] [stderr]     29:     0x61f7954be9c8 - std[fcf2236bba0c9df5]::rt::lang_start_internal::{closure#0}
[INFO] [stderr]                                  at /rustc/a7c37f9f0ee5e93396106e9de20f4a86b4154e63/library/std/src/rt.rs:175:24
[INFO] [stderr]     30:     0x61f7954be9c8 - std[fcf2236bba0c9df5]::panicking::catch_unwind::do_call::<std[fcf2236bba0c9df5]::rt::lang_start_internal::{closure#0}, isize>
[INFO] [stderr]                                  at /rustc/a7c37f9f0ee5e93396106e9de20f4a86b4154e63/library/std/src/panicking.rs:573:43
[INFO] [stderr]     31:     0x61f7954be9c8 - std[fcf2236bba0c9df5]::panicking::catch_unwind::<isize, std[fcf2236bba0c9df5]::rt::lang_start_internal::{closure#0}>
[INFO] [stderr]                                  at /rustc/a7c37f9f0ee5e93396106e9de20f4a86b4154e63/library/std/src/panicking.rs:541:19
[INFO] [stderr]     32:     0x61f7954be9c8 - std[fcf2236bba0c9df5]::panic::catch_unwind::<std[fcf2236bba0c9df5]::rt::lang_start_internal::{closure#0}, isize>
[INFO] [stderr]                                  at /rustc/a7c37f9f0ee5e93396106e9de20f4a86b4154e63/library/std/src/panic.rs:359:14
[INFO] [stderr]     33:     0x61f7954be9c8 - std[fcf2236bba0c9df5]::rt::lang_start_internal
[INFO] [stderr]                                  at /rustc/a7c37f9f0ee5e93396106e9de20f4a86b4154e63/library/std/src/rt.rs:171:5
[INFO] [stderr]     34:     0x61f795426cb1 - std[fcf2236bba0c9df5]::rt::lang_start::<()>
[INFO] [stderr]     35:     0x61f795429835 - main
[INFO] [stderr]     36:     0x7d3570af4601 - <unknown>
[INFO] [stderr]     37:     0x7d3570af4718 - __libc_start_main
[INFO] [stderr]     38:     0x61f795425765 - _start
[INFO] [stderr]     39:                0x0 - <unknown>
[INFO] running `Command { std: "docker" "inspect" "af65b208d224aa2143d0ab020ac036e3a5fcfeaa2568c8b3c60629b2ba8b3355", kill_on_drop: false }`
[INFO] running `Command { std: "docker" "rm" "-f" "af65b208d224aa2143d0ab020ac036e3a5fcfeaa2568c8b3c60629b2ba8b3355", kill_on_drop: false }`
[INFO] [stdout] af65b208d224aa2143d0ab020ac036e3a5fcfeaa2568c8b3c60629b2ba8b3355
